-- Table structure for table `EmployeeBranches`
--

CREATE TABLE `EmployeeBranches` (
  `Id` int NOT NULL AUTO_INCREMENT,
  `EmployeeId` int NOT NULL,
  `BranchId` int NOT NULL,
  `IsActive` bit(1) NOT NULL,
  `CreatedBy` bit(1) NOT NULL,
  `CreatedDate` varchar(19) COLLATE utf8mb4_general_ci NOT NULL,
  PRIMARY KEY (`Id`)
) ENGINE=InnoDB AUTO_INCREMENT=101 DEFAULT CHARSET=utf8mb4 COLLATE=utf8mb4_general_ci;

--
-- Dumping data for table `EmployeeBranches`
--

INSERT INTO `EmployeeBranches` VALUES (1,109,51,_binary '',_binary '','2015-07-22 14:09:00'),(2,110,57,_binary '',_binary '','2015-07-22 14:31:00'),(3,111,56,_binary '',_binary '','2015-07-22 15:33:00'),(4,112,54,_binary '',_binary '','2015-07-22 16:23:00'),(5,113,52,_binary '',_binary '','2015-07-22 16:29:00'),(6,114,53,_binary '',_binary '','2015-07-22 16:44:00'),(7,115,59,_binary '',_binary '','2015-07-22 17:15:00'),(8,116,54,_binary '',_binary '','2015-07-22 17:27:00'),(9,117,60,_binary '',_binary '','2015-07-22 17:37:00'),(10,118,54,_binary '',_binary '','2015-07-22 17:44:00'),(11,119,54,_binary '',_binary '','2015-07-22 17:49:00'),(12,120,54,_binary '',_binary '','2015-07-22 17:56:00'),(13,121,52,_binary '',_binary '','2015-07-22 17:57:00'),(14,122,55,_binary '',_binary '','2015-07-22 17:59:00'),(15,123,54,_binary '',_binary '','2015-07-22 18:01:00'),(16,124,52,_binary '',_binary '','2015-07-22 18:07:00'),(17,125,52,_binary '',_binary '','2015-07-22 18:14:00'),(18,126,52,_binary '',_binary '','2015-07-22 18:15:00'),(19,127,54,_binary '',_binary '','2015-07-22 18:19:00'),(20,128,54,_binary '',_binary '','2015-07-22 18:19:00'),(21,129,54,_binary '',_binary '','2015-07-22 18:19:00'),(22,130,52,_binary '',_binary '','2015-07-22 18:20:00'),(23,131,52,_binary '',_binary '','2015-07-22 18:21:00'),(24,132,52,_binary '',_binary '','2015-07-22 18:26:00'),(25,133,52,_binary '',_binary '','2015-07-22 18:27:00'),(26,134,52,_binary '',_binary '','2015-07-22 18:34:00'),(27,135,52,_binary '',_binary '','2015-07-22 18:38:00'),(28,136,52,_binary '',_binary '','2015-07-22 18:44:00'),(29,137,52,_binary '',_binary '','2015-07-22 18:44:00'),(30,138,54,_binary '',_binary '','2015-07-22 18:46:00'),(31,139,54,_binary '',_binary '','2015-07-22 18:48:00'),(32,140,54,_binary '',_binary '','2015-07-22 18:48:00'),(33,141,57,_binary '',_binary '','2015-07-23 11:29:00'),(34,142,57,_binary '',_binary '','2015-07-23 11:37:00'),(35,143,57,_binary '',_binary '','2015-07-23 11:41:00'),(36,144,57,_binary '',_binary '','2015-07-23 12:02:00'),(37,145,57,_binary '',_binary '','2015-07-23 12:16:00'),(38,146,57,_binary '',_binary '','2015-07-23 12:24:00'),(39,147,55,_binary '',_binary '','2015-07-23 12:30:00'),(40,148,57,_binary '',_binary '','2015-07-23 12:33:00'),(41,149,55,_binary '',_binary '','2015-07-23 12:42:00'),(42,150,57,_binary '',_binary '','2015-07-23 12:51:00'),(43,151,55,_binary '',_binary '','2015-07-23 12:54:00'),(44,152,55,_binary '',_binary '','2015-07-23 13:00:00'),(45,153,59,_binary '',_binary '','2015-07-23 13:02:00'),(46,154,55,_binary '',_binary '','2015-07-23 13:04:00'),(47,155,57,_binary '',_binary '','2015-07-23 13:06:00'),(48,156,55,_binary '',_binary '','2015-07-23 13:09:00'),(49,157,55,_binary '',_binary '','2015-07-23 13:14:00'),(50,158,55,_binary '',_binary '','2015-07-23 13:21:00'),(51,159,57,_binary '',_binary '','2015-07-23 14:20:00'),(52,160,55,_binary '',_binary '','2015-07-23 14:23:00'),(53,161,57,_binary '',_binary '','2015-07-23 14:27:00'),(54,162,55,_binary '',_binary '','2015-07-23 14:27:00'),(55,163,55,_binary '',_binary '','2015-07-23 14:45:00'),(56,164,57,_binary '',_binary '','2015-07-23 14:49:00'),(57,165,55,_binary '',_binary '','2015-07-23 14:53:00'),(58,166,51,_binary '',_binary '','2015-07-23 15:14:00'),(59,167,55,_binary '',_binary '','2015-07-23 15:26:00'),(60,168,55,_binary '',_binary '','2015-07-23 15:32:00'),(61,169,51,_binary '',_binary '','2015-07-23 15:33:00'),(62,170,55,_binary '',_binary '','2015-07-23 15:36:00'),(63,171,51,_binary '',_binary '','2015-07-23 15:39:00'),(64,172,57,_binary '',_binary '','2015-07-23 15:41:00'),(65,173,51,_binary '',_binary '','2015-07-23 15:42:00'),(66,174,55,_binary '',_binary '','2015-07-23 15:49:00'),(67,175,60,_binary '',_binary '','2015-07-23 16:15:00'),(68,176,51,_binary '',_binary '','2015-07-23 16:22:00'),(69,177,60,_binary '',_binary '','2015-07-23 16:23:00'),(70,178,51,_binary '',_binary '','2015-07-23 16:25:00'),(71,179,51,_binary '',_binary '','2015-07-23 16:29:00'),(72,180,51,_binary '',_binary '','2015-07-23 16:32:00'),(73,181,60,_binary '',_binary '','2015-07-23 16:43:00'),(74,182,60,_binary '',_binary '','2015-07-23 16:46:00'),(75,183,60,_binary '',_binary '','2015-07-23 16:48:00'),(76,184,51,_binary '',_binary '','2015-07-23 16:48:00'),(77,185,53,_binary '',_binary '','2015-07-23 16:49:00'),(78,186,51,_binary '',_binary '','2015-07-23 16:54:00'),(79,187,51,_binary '',_binary '','2015-07-23 16:59:00'),(80,188,51,_binary '',_binary '','2015-07-23 17:02:00'),(81,189,60,_binary '',_binary '','2015-07-23 17:16:00'),(82,190,52,_binary '',_binary '','2015-07-23 17:18:00'),(83,191,60,_binary '',_binary '','2015-07-23 17:20:00'),(84,192,60,_binary '',_binary '','2015-07-23 17:23:00'),(85,193,52,_binary '',_binary '','2015-07-23 17:27:00'),(86,194,52,_binary '',_binary '','2015-07-23 17:35:00'),(87,195,53,_binary '',_binary '','2015-07-23 17:51:00'),(88,196,53,_binary '',_binary '','2015-07-23 17:52:00'),(89,197,53,_binary '',_binary '','2015-07-23 17:57:00'),(90,198,53,_binary '',_binary '','2015-07-23 17:58:00'),(91,199,60,_binary '',_binary '','2015-07-23 18:02:00'),(92,200,60,_binary '',_binary '','2015-07-23 18:05:00'),(93,201,53,_binary '',_binary '','2015-07-23 18:07:00'),(94,202,53,_binary '',_binary '','2015-07-23 18:11:00'),(95,203,60,_binary '',_binary '','2015-07-23 18:12:00'),(96,204,60,_binary '',_binary '','2015-07-23 18:14:00'),(97,205,60,_binary '',_binary '','2015-07-23 18:17:00'),(98,206,53,_binary '',_binary '','2015-07-23 18:27:00'),(99,207,56,_binary '',_binary '','2015-07-23 18:42:00'),(100,208,56,_binary '',_binary '','2015-07-23 18:54:00');

--
-- Table structure for table `EmployeeRoles`
--

CREATE TABLE `EmployeeRoles` (
  `Id` int NOT NULL AUTO_INCREMENT,
  `EmployeeId` int NOT NULL,
  `EmployeeRoleId` int NOT NULL,
  `IsActive` bit(1) NOT NULL,
  PRIMARY KEY (`Id`)
) ENGINE=InnoDB AUTO_INCREMENT=39527 DEFAULT CHARSET=utf8mb4 COLLATE=utf8mb4_general_ci;

--
-- Dumping data for table `EmployeeRoles`
--

INSERT INTO `EmployeeRoles` VALUES (39427,30878,78,_binary '\0'),(39428,30878,13,_binary '\0'),(39429,30878,14,_binary '\0'),(39430,30878,15,_binary ''),(39431,30878,16,_binary ''),(39432,30878,17,_binary '\0'),(39433,30878,18,_binary '\0'),(39434,30878,19,_binary ''),(39435,30878,56,_binary ''),(39436,30878,57,_binary '\0'),(39437,30878,76,_binary '\0'),(39438,30878,77,_binary '\0'),(39439,30879,13,_binary '\0'),(39440,30879,14,_binary '\0'),(39441,30879,15,_binary '\0'),(39442,30879,16,_binary '\0'),(39443,30879,17,_binary '\0'),(39444,30879,18,_binary '\0'),(39445,30879,19,_binary ''),(39446,30879,56,_binary ''),(39447,30879,57,_binary '\0'),(39448,30879,76,_binary ''),(39449,30879,77,_binary ''),(39450,30879,78,_binary ''),(39451,30880,13,_binary ''),(39452,30880,14,_binary '\0'),(39453,30880,15,_binary '\0'),(39454,30880,16,_binary '\0'),(39455,30880,17,_binary '\0'),(39456,30880,18,_binary '\0'),(39457,30880,19,_binary ''),(39458,30880,56,_binary ''),(39459,30880,57,_binary '\0'),(39460,30880,76,_binary '\0'),(39461,30880,77,_binary '\0'),(39462,30880,78,_binary '\0'),(39463,30881,13,_binary '\0'),(39464,30881,14,_binary ''),(39465,30881,15,_binary '\0'),(39466,30881,16,_binary ''),(39467,30881,17,_binary ''),(39468,30881,18,_binary '\0'),(39469,30881,19,_binary ''),(39470,30881,56,_binary ''),(39471,30881,57,_binary ''),(39472,30881,76,_binary '\0'),(39473,30881,77,_binary '\0'),(39474,30881,78,_binary '\0'),(39475,30882,13,_binary '\0'),(39476,30882,14,_binary '\0'),(39477,30882,15,_binary '\0'),(39478,30882,16,_binary '\0'),(39479,30882,17,_binary '\0'),(39480,30882,18,_binary ''),(39481,30882,19,_binary ''),(39482,30882,56,_binary ''),(39483,30882,57,_binary '\0'),(39484,30882,76,_binary '\0'),(39485,30882,77,_binary '\0'),(39486,30882,78,_binary '\0'),(39487,30883,13,_binary '\0'),(39488,30883,14,_binary '\0'),(39489,30883,15,_binary '\0'),(39490,30883,16,_binary '\0'),(39491,30883,17,_binary '\0'),(39492,30883,18,_binary ''),(39493,30883,19,_binary ''),(39494,30883,56,_binary ''),(39495,30883,57,_binary '\0'),(39496,30883,76,_binary '\0'),(39497,30883,77,_binary '\0'),(39498,30883,78,_binary '\0'),(39499,30884,13,_binary '\0'),(39500,30884,14,_binary ''),(39501,30884,15,_binary '\0'),(39502,30884,16,_binary ''),(39503,30884,17,_binary ''),(39504,30884,18,_binary '\0'),(39505,30884,19,_binary ''),(39506,30884,56,_binary ''),(39507,30884,57,_binary ''),(39508,30884,76,_binary '\0'),(39509,30884,77,_binary '\0'),(39510,30884,78,_binary '\0'),(39511,30885,13,_binary '\0'),(39512,30885,14,_binary '\0'),(39513,30885,15,_binary '\0'),(39514,30885,16,_binary '\0'),(39515,30885,17,_binary '\0'),(39516,30885,18,_binary '\0'),(39517,30885,19,_binary ''),(39518,30885,56,_binary ''),(39519,30885,57,_binary '\0'),(39520,30885,76,_binary '\0'),(39521,30885,77,_binary ''),(39522,30885,78,_binary '\0'),(39523,30886,13,_binary '\0'),(39524,30886,14,_binary '\0'),(39525,30886,15,_binary '\0'),(39526,30886,16,_binary '\0');

--
-- Table structure for table `EmployeeShifts`
--

CREATE TABLE `EmployeeShifts` (
  `Id` int NOT NULL AUTO_INCREMENT,
  `EmployeeId` int NOT NULL,
  `DayId` int NOT NULL,
  `FromTime` varchar(50) CHARACTER SET utf8mb4 COLLATE utf8mb4_general_ci DEFAULT NULL,
  `ToTime` varchar(50) CHARACTER SET utf8mb4 COLLATE utf8mb4_general_ci DEFAULT NULL,
  `IsActive` int NOT NULL DEFAULT '1',
  `CreatedBy` int DEFAULT '0',
  `CreatedDate` varchar(50) CHARACTER SET utf8mb4 COLLATE utf8mb4_general_ci DEFAULT NULL,
  `ModifiedBy` int DEFAULT '0',
  `ModifiedDate` varchar(50) CHARACTER SET utf8mb4 COLLATE utf8mb4_general_ci DEFAULT NULL,
  `IPAddress` varchar(30) COLLATE utf8mb4_general_ci DEFAULT NULL,
  `BranchId` varchar(30) COLLATE utf8mb4_general_ci DEFAULT NULL,
  `IsWeekDay` int NOT NULL DEFAULT '0',
  PRIMARY KEY (`Id`)
) ENGINE=InnoDB AUTO_INCREMENT=397 DEFAULT CHARSET=utf8mb4 COLLATE=utf8mb4_general_ci;

--
-- Dumping data for table `EmployeeShifts`
--

INSERT INTO `EmployeeShifts` VALUES (1,60972,42,'10:00:00','16:00:00',1,0,NULL,0,NULL,NULL,NULL,1),(2,60972,43,'10:00:00','16:00:00',1,0,NULL,0,NULL,NULL,NULL,1),(3,60972,44,'10:00:00','16:00:00',1,0,NULL,0,NULL,NULL,NULL,1),(4,60976,43,'2023:09:10','2024:09:10',1,0,NULL,0,NULL,NULL,NULL,1),(5,60977,43,'2023:09:10','2024:09:10',1,0,NULL,0,NULL,NULL,NULL,1),(6,60978,43,'2023:09:10','2024:09:10',1,0,NULL,0,NULL,NULL,NULL,1),(7,60979,43,'2023:09:10','2024:09:10',1,0,NULL,0,NULL,NULL,NULL,1),(8,60979,43,'2023:09:11','2024:09:11',1,0,NULL,0,NULL,NULL,NULL,1),(9,60980,43,'2023:09:10','2024:09:10',1,0,NULL,0,NULL,NULL,NULL,1),(10,60980,43,'2023:09:11','2024:09:11',1,0,NULL,0,NULL,NULL,NULL,1),(11,60981,43,'2023:09:10','2024:09:10',1,0,NULL,0,NULL,NULL,NULL,1),(12,60981,43,'2023:09:11','2024:09:11',1,0,NULL,0,NULL,NULL,NULL,1),(13,60982,43,'2023:09:10','2024:09:10',1,0,NULL,0,NULL,NULL,NULL,1),(14,60982,43,'2023:09:11','2024:09:11',1,0,NULL,0,NULL,NULL,NULL,1),(15,60983,43,'2023:09:10','2024:09:10',1,0,NULL,0,NULL,NULL,NULL,1),(16,60983,43,'2023:09:11','2024:09:11',1,0,NULL,0,NULL,NULL,NULL,1),(17,60984,43,'2023:09:10','2024:09:10',1,0,NULL,0,NULL,NULL,NULL,1),(18,60984,43,'2023:09:11','2024:09:11',1,0,NULL,0,NULL,NULL,NULL,1),(19,60980,43,'2023:09:10','2024:09:10',1,0,NULL,0,NULL,NULL,NULL,1),(20,60980,43,'2023:09:11','2024:09:11',1,0,NULL,0,NULL,NULL,NULL,1),(21,60984,43,'2023:09:10','2024:09:10',1,0,NULL,0,NULL,NULL,NULL,1),(22,60984,43,'2023:09:11','2024:09:11',1,0,NULL,0,NULL,NULL,NULL,1),(23,60989,1,'13:56','14:57',1,0,NULL,0,NULL,NULL,NULL,1),(24,60989,2,'13:58','15:59',1,0,NULL,0,NULL,NULL,NULL,0),(25,60989,3,'16:58','17:00',1,0,NULL,0,NULL,NULL,NULL,0),(26,60989,4,'18:00','19:01',1,0,NULL,0,NULL,NULL,NULL,0),(27,60989,5,'20:00','21:01',1,0,NULL,0,NULL,NULL,NULL,0),(28,60989,6,'04:00','05:01',1,0,NULL,0,NULL,NULL,NULL,0),(29,60989,7,'03:58','05:00',1,0,NULL,0,NULL,NULL,NULL,0),(30,60984,43,'2023:09:10','2024:09:10',1,0,NULL,0,NULL,NULL,NULL,1),(31,60984,43,'2023:09:11','2024:09:11',1,0,NULL,0,NULL,NULL,NULL,1),(32,60984,43,'2023:09:10','2024:09:10',1,0,NULL,0,NULL,NULL,NULL,1),(33,60984,43,'2023:09:11','2024:09:11',1,0,NULL,0,NULL,NULL,NULL,1),(34,61069,2,'15:28','05:28',1,0,NULL,0,NULL,NULL,NULL,0),(35,61069,3,'01:25','03:26',1,0,NULL,0,NULL,NULL,NULL,0),(36,61069,1,'03:23','16:27',1,0,NULL,0,NULL,NULL,NULL,1),(37,61069,5,'undefined','undefined',1,0,NULL,0,NULL,NULL,NULL,0),(38,61069,6,'undefined','undefined',1,0,NULL,0,NULL,NULL,NULL,0),(39,61069,4,'undefined','undefined',1,0,NULL,0,NULL,NULL,NULL,0),(40,61069,7,'undefined','undefined',1,0,NULL,0,NULL,NULL,NULL,0),(41,61070,1,'03:23','16:27',1,0,NULL,0,NULL,NULL,NULL,1),(42,61070,2,'15:28','05:28',1,0,NULL,0,NULL,NULL,NULL,0),(43,61070,3,'01:25','03:26',1,0,NULL,0,NULL,NULL,NULL,0),(44,61070,4,'undefined','undefined',1,0,NULL,0,NULL,NULL,NULL,0),(45,61070,5,'undefined','undefined',1,0,NULL,0,NULL,NULL,NULL,0),(46,61070,6,'undefined','undefined',1,0,NULL,0,NULL,NULL,NULL,0),(47,61070,7,'undefined','undefined',1,0,NULL,0,NULL,NULL,NULL,0),(48,61071,1,'03:23','16:27',1,0,NULL,0,NULL,NULL,NULL,1),(49,61071,2,'15:28','05:28',1,0,NULL,0,NULL,NULL,NULL,0),(50,61071,3,'01:25','03:26',1,0,NULL,0,NULL,NULL,NULL,0),(51,61071,4,'undefined','undefined',1,0,NULL,0,NULL,NULL,NULL,0),(52,61071,5,'undefined','undefined',1,0,NULL,0,NULL,NULL,NULL,0),(53,61071,6,'undefined','undefined',1,0,NULL,0,NULL,NULL,NULL,0),(54,61071,7,'undefined','undefined',1,0,NULL,0,NULL,NULL,NULL,0),(55,61072,1,'15:13','13:15',1,0,NULL,0,NULL,NULL,NULL,1),(56,61072,2,'17:16','18:16',1,0,NULL,0,NULL,NULL,NULL,0),(57,61072,3,'01:11','04:14',1,0,NULL,0,NULL,NULL,NULL,0),(58,61072,4,'17:16','07:17',1,0,NULL,0,NULL,NULL,NULL,0),(59,61072,5,'15:15','18:17',1,0,NULL,0,NULL,NULL,NULL,0),(60,61072,6,'19:17','17:18',1,0,NULL,0,NULL,NULL,NULL,0),(61,61072,7,'12:16','18:18',1,0,NULL,0,NULL,NULL,NULL,0),(62,61073,1,'04:17','05:20',1,0,NULL,0,NULL,NULL,NULL,1),(63,61073,2,'05:20','06:22',1,0,NULL,0,NULL,NULL,NULL,0),(64,61073,3,'undefined','undefined',1,0,NULL,0,NULL,NULL,NULL,0),(65,61073,4,'undefined','undefined',1,0,NULL,0,NULL,NULL,NULL,0),(66,61073,5,'undefined','undefined',1,0,NULL,0,NULL,NULL,NULL,0),(67,61073,6,'undefined','undefined',1,0,NULL,0,NULL,NULL,NULL,0),(68,61073,7,'undefined','undefined',1,0,NULL,0,NULL,NULL,NULL,0),(69,61074,1,'undefined','undefined',1,0,NULL,0,NULL,NULL,NULL,0),(70,61074,2,'undefined','undefined',1,0,NULL,0,NULL,NULL,NULL,0),(71,61074,3,'undefined','undefined',1,0,NULL,0,NULL,NULL,NULL,0),(72,61074,4,'undefined','undefined',1,0,NULL,0,NULL,NULL,NULL,0),(73,61074,5,'undefined','undefined',1,0,NULL,0,NULL,NULL,NULL,0),(74,61074,6,'undefined','undefined',1,0,NULL,0,NULL,NULL,NULL,0),(75,61074,7,'undefined','undefined',1,0,NULL,0,NULL,NULL,NULL,0),(76,61075,1,'13:37','15:36',1,0,NULL,0,NULL,NULL,NULL,1),(77,61075,2,'04:40','06:38',1,0,NULL,0,NULL,NULL,NULL,0),(78,61075,3,'05:39','16:38',1,0,NULL,0,NULL,NULL,NULL,0),(79,61075,4,'undefined','undefined',1,0,NULL,0,NULL,NULL,NULL,0),(80,61075,5,'undefined','undefined',1,0,NULL,0,NULL,NULL,NULL,0),(81,61075,6,'undefined','undefined',1,0,NULL,0,NULL,NULL,NULL,0),(82,61075,7,'undefined','undefined',1,0,NULL,0,NULL,NULL,NULL,0),(83,61076,1,'07:15','08:16',1,0,NULL,0,NULL,NULL,NULL,1),(84,61076,2,'08:15','21:17',1,0,NULL,0,NULL,NULL,NULL,0),(85,61076,3,'10:15','11:16',1,0,NULL,0,NULL,NULL,NULL,0),(86,61076,4,'11:20','12:18',1,0,NULL,0,NULL,NULL,NULL,0),(87,61076,5,'10:20','11:21',1,0,NULL,0,NULL,NULL,NULL,0),(88,61076,6,'02:20','11:17',1,0,NULL,0,NULL,NULL,NULL,0),(89,61076,7,'11:20','12:25',1,0,NULL,0,NULL,NULL,NULL,0),(90,61077,1,'12:32','14:34',1,0,NULL,0,NULL,NULL,NULL,1),(91,61077,2,'02:35','03:36',1,0,NULL,0,NULL,NULL,NULL,0),(92,61077,3,'12:33','14:34',1,0,NULL,0,NULL,NULL,NULL,0),(93,61077,4,'03:30','04:40',1,0,NULL,0,NULL,NULL,NULL,0),(94,61077,5,'02:36','04:37',1,0,NULL,0,NULL,NULL,NULL,0),(95,61077,7,'05:38','07:38',1,0,NULL,0,NULL,NULL,NULL,0),(96,61077,6,'05:35','06:36',1,0,NULL,0,NULL,NULL,NULL,0),(97,61078,1,'13:38','15:41',1,0,NULL,0,NULL,NULL,NULL,1),(98,61078,2,'14:41','15:42',1,0,NULL,0,NULL,NULL,NULL,0),(99,61078,3,'14:45','18:42',1,0,NULL,0,NULL,NULL,NULL,0),(100,61078,4,'01:39','00:42',1,0,NULL,0,NULL,NULL,NULL,0),(101,61078,5,'15:43','17:44',1,0,NULL,0,NULL,NULL,NULL,0),(102,61078,6,'06:45','19:45',1,0,NULL,0,NULL,NULL,NULL,0),(103,61078,7,'16:44','17:45',1,0,NULL,0,NULL,NULL,NULL,0),(104,61079,43,'2023:09:10','2024:09:10',1,0,NULL,0,NULL,NULL,NULL,1),(105,61079,43,'2023:09:11','2024:09:11',1,0,NULL,0,NULL,NULL,NULL,1),(106,61080,1,'17:00','18:01',1,0,NULL,0,NULL,NULL,NULL,1),(107,61080,2,'16:02','20:02',1,0,NULL,0,NULL,NULL,NULL,0),(108,61080,3,'17:00','18:02',1,0,NULL,0,NULL,NULL,NULL,0),(109,61080,4,'15:04','18:04',1,0,NULL,0,NULL,NULL,NULL,0),(110,61080,5,'16:05','18:06',1,0,NULL,0,NULL,NULL,NULL,0),(111,61080,6,'20:03','19:04',1,0,NULL,0,NULL,NULL,NULL,0),(112,61080,7,'18:07','20:07',1,0,NULL,0,NULL,NULL,NULL,0),(113,61081,1,'14:57','17:58',1,0,NULL,0,NULL,NULL,NULL,1),(114,61081,2,'undefined','undefined',1,0,NULL,0,NULL,NULL,NULL,0),(115,61081,3,'undefined','undefined',1,0,NULL,0,NULL,NULL,NULL,0),(116,61081,4,'undefined','undefined',1,0,NULL,0,NULL,NULL,NULL,0),(117,61081,5,'undefined','undefined',1,0,NULL,0,NULL,NULL,NULL,0),(118,61081,6,'undefined','undefined',1,0,NULL,0,NULL,NULL,NULL,0),(119,61081,7,'undefined','undefined',1,0,NULL,0,NULL,NULL,NULL,0),(120,61082,1,'undefined','undefined',1,0,NULL,0,NULL,NULL,NULL,0),(121,61082,2,'undefined','undefined',1,0,NULL,0,NULL,NULL,NULL,0),(122,61082,3,'undefined','undefined',1,0,NULL,0,NULL,NULL,NULL,0),(123,61082,4,'undefined','undefined',1,0,NULL,0,NULL,NULL,NULL,0),(124,61082,5,'undefined','undefined',1,0,NULL,0,NULL,NULL,NULL,0),(125,61082,6,'undefined','undefined',1,0,NULL,0,NULL,NULL,NULL,0),(126,61082,7,'undefined','undefined',1,0,NULL,0,NULL,NULL,NULL,0),(127,61083,1,'17:02','19:05',1,0,NULL,0,NULL,NULL,NULL,1),(128,61083,2,'18:07','20:06',1,0,NULL,0,NULL,NULL,NULL,0),(129,61083,3,'04:02','08:02',1,0,NULL,0,NULL,NULL,NULL,0),(130,61083,4,'17:05','19:06',1,0,NULL,0,NULL,NULL,NULL,0),(131,61083,5,'04:06','07:06',1,0,NULL,0,NULL,NULL,NULL,0),(132,61083,6,'10:02','11:02',1,0,NULL,0,NULL,NULL,NULL,0),(133,61083,7,'09:04','22:08',1,0,NULL,0,NULL,NULL,NULL,0),(134,61084,1,'undefined','undefined',1,0,NULL,0,NULL,NULL,NULL,0),(135,61084,2,'undefined','undefined',1,0,NULL,0,NULL,NULL,NULL,0),(136,61084,3,'undefined','undefined',1,0,NULL,0,NULL,NULL,NULL,0),(137,61084,4,'undefined','undefined',1,0,NULL,0,NULL,NULL,NULL,0),(138,61084,5,'undefined','undefined',1,0,NULL,0,NULL,NULL,NULL,0),(139,61084,6,'undefined','undefined',1,0,NULL,0,NULL,NULL,NULL,0),(140,61084,7,'undefined','undefined',1,0,NULL,0,NULL,NULL,NULL,0),(141,61085,2,'undefined','undefined',1,0,NULL,0,NULL,NULL,NULL,0),(142,61085,3,'undefined','undefined',1,0,NULL,0,NULL,NULL,NULL,0),(143,61085,4,'undefined','undefined',1,0,NULL,0,NULL,NULL,NULL,0),(144,61085,5,'undefined','undefined',1,0,NULL,0,NULL,NULL,NULL,0),(145,61085,6,'undefined','undefined',1,0,NULL,0,NULL,NULL,NULL,0),(146,61085,7,'undefined','undefined',1,0,NULL,0,NULL,NULL,NULL,0),(147,61085,1,'undefined','undefined',1,0,NULL,0,NULL,NULL,NULL,0),(148,61086,1,'undefined','undefined',1,0,NULL,0,NULL,NULL,NULL,0),(149,61086,2,'undefined','undefined',1,0,NULL,0,NULL,NULL,NULL,0),(150,61086,3,'undefined','undefined',1,0,NULL,0,NULL,NULL,NULL,0),(151,61086,4,'undefined','undefined',1,0,NULL,0,NULL,NULL,NULL,0),(152,61086,5,'undefined','undefined',1,0,NULL,0,NULL,NULL,NULL,0),(153,61086,6,'undefined','undefined',1,0,NULL,0,NULL,NULL,NULL,0),(154,61086,7,'undefined','undefined',1,0,NULL,0,NULL,NULL,NULL,0),(155,61087,1,'undefined','undefined',1,0,NULL,0,NULL,NULL,NULL,0),(156,61087,2,'undefined','undefined',1,0,NULL,0,NULL,NULL,NULL,0),(157,61087,3,'undefined','undefined',1,0,NULL,0,NULL,NULL,NULL,0),(158,61087,4,'undefined','undefined',1,0,NULL,0,NULL,NULL,NULL,0),(159,61087,5,'undefined','undefined',1,0,NULL,0,NULL,NULL,NULL,0),(160,61087,6,'undefined','undefined',1,0,NULL,0,NULL,NULL,NULL,0),(161,61087,7,'undefined','undefined',1,0,NULL,0,NULL,NULL,NULL,0),(162,61088,1,'04:15','06:15',1,0,NULL,0,NULL,NULL,NULL,1),(163,61088,2,'06:15','03:15',1,0,NULL,0,NULL,NULL,NULL,0),(164,61088,3,'06:15','19:15',1,0,NULL,0,NULL,NULL,NULL,0),(165,61088,4,'08:20','09:20',1,0,NULL,0,NULL,NULL,NULL,0),(166,61088,5,'04:20','06:20',1,0,NULL,0,NULL,NULL,NULL,0),(167,61088,6,'09:15','10:20',1,0,NULL,0,NULL,NULL,NULL,0),(168,61088,7,'05:20','09:20',1,0,NULL,0,NULL,NULL,NULL,0),(169,61089,2,'undefined','undefined',1,0,NULL,0,NULL,NULL,NULL,0),(170,61089,3,'undefined','undefined',1,0,NULL,0,NULL,NULL,NULL,0),(171,61089,4,'undefined','undefined',1,0,NULL,0,NULL,NULL,NULL,0),(172,61089,5,'undefined','undefined',1,0,NULL,0,NULL,NULL,NULL,0),(173,61089,6,'undefined','undefined',1,0,NULL,0,NULL,NULL,NULL,0),(174,61089,7,'undefined','undefined',1,0,NULL,0,NULL,NULL,NULL,0),(175,61089,1,'undefined','undefined',1,0,NULL,0,NULL,NULL,NULL,0),(176,61090,2,'undefined','undefined',1,0,NULL,0,NULL,NULL,NULL,0),(177,61090,3,'undefined','undefined',1,0,NULL,0,NULL,NULL,NULL,0),(178,61090,4,'undefined','undefined',1,0,NULL,0,NULL,NULL,NULL,0),(179,61090,5,'undefined','undefined',1,0,NULL,0,NULL,NULL,NULL,0),(180,61090,6,'undefined','undefined',1,0,NULL,0,NULL,NULL,NULL,0),(181,61090,7,'undefined','undefined',1,0,NULL,0,NULL,NULL,NULL,0),(182,61090,1,'undefined','undefined',1,0,NULL,0,NULL,NULL,NULL,0),(183,61091,2,'undefined','undefined',1,0,NULL,0,NULL,NULL,NULL,0),(184,61091,3,'undefined','undefined',1,0,NULL,0,NULL,NULL,NULL,0),(185,61091,4,'undefined','undefined',1,0,NULL,0,NULL,NULL,NULL,0),(186,61091,5,'undefined','undefined',1,0,NULL,0,NULL,NULL,NULL,0),(187,61091,6,'undefined','undefined',1,0,NULL,0,NULL,NULL,NULL,0),(188,61091,7,'undefined','undefined',1,0,NULL,0,NULL,NULL,NULL,0),(189,61091,1,'undefined','undefined',1,0,NULL,0,NULL,NULL,NULL,0),(190,61092,43,'2023:09:10','2024:09:10',1,0,NULL,0,NULL,NULL,NULL,1),(191,61092,43,'2023:09:11','2024:09:11',1,0,NULL,0,NULL,NULL,NULL,1),(192,61093,1,'01:15','02:18',1,0,NULL,0,NULL,NULL,NULL,1),(193,61093,2,'02:15','03:16',1,0,NULL,0,NULL,NULL,NULL,0),(194,61093,3,'03:18','04:17',1,0,NULL,0,NULL,NULL,NULL,0),(195,61093,4,'04:16','05:20',1,0,NULL,0,NULL,NULL,NULL,0),(196,61093,5,'11:20','03:17',1,0,NULL,0,NULL,NULL,NULL,0),(197,61093,6,'04:20','05:19',1,0,NULL,0,NULL,NULL,NULL,0),(198,61093,7,'05:20','06:21',1,0,NULL,0,NULL,NULL,NULL,0),(199,61094,1,'01:30','02:30',1,0,NULL,0,NULL,NULL,NULL,1),(200,61094,2,'02:30','03:30',1,0,NULL,0,NULL,NULL,NULL,0),(201,61094,3,'11:30','02:30',1,0,NULL,0,NULL,NULL,NULL,0),(202,61094,4,'05:30','06:30',1,0,NULL,0,NULL,NULL,NULL,0),(203,61094,5,'00:30','01:30',1,0,NULL,0,NULL,NULL,NULL,0),(204,61094,7,'07:30','08:30',1,0,NULL,0,NULL,NULL,NULL,0),(205,61094,6,'05:30','06:30',1,0,NULL,0,NULL,NULL,NULL,0),(206,61095,1,'01:40','11:41',1,0,NULL,0,NULL,NULL,NULL,1),(207,61095,2,'03:40','04:40',1,0,NULL,0,NULL,NULL,NULL,0),(208,61095,3,'04:40','11:40',1,0,NULL,0,NULL,NULL,NULL,0),(209,61095,4,'03:40','11:40',1,0,NULL,0,NULL,NULL,NULL,0),(210,61095,5,'01:40','02:40',1,0,NULL,0,NULL,NULL,NULL,0),(211,61095,6,'05:40','06:40',1,0,NULL,0,NULL,NULL,NULL,0),(212,61095,7,'02:40','03:40',1,0,NULL,0,NULL,NULL,NULL,0),(213,61096,1,'16:56','17:59',1,0,NULL,0,NULL,NULL,NULL,1),(214,61096,2,'16:00','17:01',1,0,NULL,0,NULL,NULL,NULL,0),(215,61096,3,'03:00','16:00',1,0,NULL,0,NULL,NULL,NULL,0),(216,61096,4,'12:00','15:59',1,0,NULL,0,NULL,NULL,NULL,0),(217,61096,5,'16:00','17:02',1,0,NULL,0,NULL,NULL,NULL,0),(218,61096,6,'06:57','19:00',1,0,NULL,0,NULL,NULL,NULL,0),(219,61096,7,'05:00','06:00',1,0,NULL,0,NULL,NULL,NULL,0),(220,61097,1,'04:03','17:02',1,0,NULL,0,NULL,NULL,NULL,1),(221,61097,2,'15:01','04:02',1,0,NULL,0,NULL,NULL,NULL,0),(222,61097,3,'03:01','01:02',1,0,NULL,0,NULL,NULL,NULL,0),(223,61097,4,'15:05','13:05',1,0,NULL,0,NULL,NULL,NULL,0),(224,61097,5,'05:01','06:01',1,0,NULL,0,NULL,NULL,NULL,0),(225,61097,6,'07:01','08:03',1,0,NULL,0,NULL,NULL,NULL,0),(226,61097,7,'06:02','07:03',1,0,NULL,0,NULL,NULL,NULL,0),(227,61098,1,'04:35','05:35',1,0,NULL,0,NULL,NULL,NULL,1),(228,61098,2,'05:35','06:35',1,0,NULL,0,NULL,NULL,NULL,0),(229,61098,3,'06:35','07:32',1,0,NULL,0,NULL,NULL,NULL,0),(230,61098,4,'04:35','19:35',1,0,NULL,0,NULL,NULL,NULL,0),(231,61098,5,'04:35','20:35',1,0,NULL,0,NULL,NULL,NULL,0),(232,61098,6,'09:35','11:37',1,0,NULL,0,NULL,NULL,NULL,0),(233,61098,7,'10:35','23:35',1,0,NULL,0,NULL,NULL,NULL,0),(234,61099,1,'undefined','undefined',1,0,NULL,0,NULL,NULL,NULL,0),(235,61099,2,'undefined','undefined',1,0,NULL,0,NULL,NULL,NULL,0),(236,61099,3,'undefined','undefined',1,0,NULL,0,NULL,NULL,NULL,0),(237,61099,4,'undefined','undefined',1,0,NULL,0,NULL,NULL,NULL,0),(238,61099,5,'undefined','undefined',1,0,NULL,0,NULL,NULL,NULL,0),(239,61099,6,'undefined','undefined',1,0,NULL,0,NULL,NULL,NULL,0),(240,61099,7,'undefined','undefined',1,0,NULL,0,NULL,NULL,NULL,0),(241,61100,1,'18:51','20:53',1,0,NULL,0,NULL,NULL,NULL,1),(242,61100,2,'18:51','23:58',1,0,NULL,0,NULL,NULL,NULL,0),(243,61100,3,'07:55','08:56',1,0,NULL,0,NULL,NULL,NULL,0),(244,61100,4,'17:54','19:54',1,0,NULL,0,NULL,NULL,NULL,0),(245,61100,5,'18:55','17:54',1,0,NULL,0,NULL,NULL,NULL,0),(246,61100,6,'20:55','21:55',1,0,NULL,0,NULL,NULL,NULL,0),(247,61100,7,'17:55','20:54',1,0,NULL,0,NULL,NULL,NULL,0),(248,61101,1,'19:01','21:04',1,0,NULL,0,NULL,NULL,NULL,1),(249,61101,2,'19:05','20:05',1,0,NULL,0,NULL,NULL,NULL,0),(250,61101,3,'undefined','undefined',1,0,NULL,0,NULL,NULL,NULL,0),(251,61101,4,'undefined','undefined',1,0,NULL,0,NULL,NULL,NULL,0),(252,61101,5,'undefined','undefined',1,0,NULL,0,NULL,NULL,NULL,0),(253,61101,6,'undefined','undefined',1,0,NULL,0,NULL,NULL,NULL,0),(254,61101,7,'undefined','undefined',1,0,NULL,0,NULL,NULL,NULL,0),(255,61102,1,'16:17','22:16',1,0,NULL,0,NULL,NULL,NULL,1),(256,61102,2,'undefined','undefined',1,0,NULL,0,NULL,NULL,NULL,0),(257,61102,3,'undefined','undefined',1,0,NULL,0,NULL,NULL,NULL,0),(258,61102,4,'undefined','undefined',1,0,NULL,0,NULL,NULL,NULL,0),(259,61102,5,'undefined','undefined',1,0,NULL,0,NULL,NULL,NULL,0),(260,61102,6,'undefined','undefined',1,0,NULL,0,NULL,NULL,NULL,0),(261,61102,7,'undefined','undefined',1,0,NULL,0,NULL,NULL,NULL,0),(262,61103,1,'17:13','19:16',1,0,NULL,0,NULL,NULL,NULL,1),(263,61103,2,'undefined','undefined',1,0,NULL,0,NULL,NULL,NULL,0),(264,61103,3,'undefined','undefined',1,0,NULL,0,NULL,NULL,NULL,0),(265,61103,4,'undefined','undefined',1,0,NULL,0,NULL,NULL,NULL,0),(266,61103,5,'undefined','undefined',1,0,NULL,0,NULL,NULL,NULL,0),(267,61103,6,'undefined','undefined',1,0,NULL,0,NULL,NULL,NULL,0),(268,61103,7,'undefined','undefined',1,0,NULL,0,NULL,NULL,NULL,0),(269,61104,1,'16:33','21:34',1,0,NULL,0,NULL,NULL,NULL,1),(270,61104,2,'undefined','undefined',1,0,NULL,0,NULL,NULL,NULL,0),(271,61104,3,'undefined','undefined',1,0,NULL,0,NULL,NULL,NULL,0),(272,61104,4,'undefined','undefined',1,0,NULL,0,NULL,NULL,NULL,0),(273,61104,5,'undefined','undefined',1,0,NULL,0,NULL,NULL,NULL,0),(274,61104,6,'undefined','undefined',1,0,NULL,0,NULL,NULL,NULL,0),(275,61104,7,'undefined','undefined',1,0,NULL,0,NULL,NULL,NULL,0),(276,61105,1,'19:47','19:47',1,0,NULL,0,NULL,NULL,NULL,0),(277,61105,2,'undefined','undefined',1,0,NULL,0,NULL,NULL,NULL,0),(278,61105,3,'undefined','undefined',1,0,NULL,0,NULL,NULL,NULL,0),(279,61105,4,'undefined','undefined',1,0,NULL,0,NULL,NULL,NULL,0),(280,61105,5,'undefined','undefined',1,0,NULL,0,NULL,NULL,NULL,0),(281,61105,6,'undefined','undefined',1,0,NULL,0,NULL,NULL,NULL,0),(282,61105,7,'undefined','undefined',1,0,NULL,0,NULL,NULL,NULL,0),(283,61106,1,'18:47','17:49',1,0,NULL,0,NULL,NULL,NULL,1),(284,61106,2,'undefined','undefined',1,0,NULL,0,NULL,NULL,NULL,0),(285,61106,3,'undefined','undefined',1,0,NULL,0,NULL,NULL,NULL,0),(286,61106,4,'undefined','undefined',1,0,NULL,0,NULL,NULL,NULL,0),(287,61106,5,'undefined','undefined',1,0,NULL,0,NULL,NULL,NULL,0),(288,61106,6,'undefined','undefined',1,0,NULL,0,NULL,NULL,NULL,0),(289,61106,7,'undefined','undefined',1,0,NULL,0,NULL,NULL,NULL,0),(290,61107,2,'undefined','undefined',1,0,NULL,0,NULL,NULL,NULL,0),(291,61107,3,'undefined','undefined',1,0,NULL,0,NULL,NULL,NULL,0),(292,61107,4,'undefined','undefined',1,0,NULL,0,NULL,NULL,NULL,0),(293,61107,5,'undefined','undefined',1,0,NULL,0,NULL,NULL,NULL,0),(294,61107,6,'undefined','undefined',1,0,NULL,0,NULL,NULL,NULL,0),(295,61107,7,'undefined','undefined',1,0,NULL,0,NULL,NULL,NULL,0),(296,61107,1,'19:53','18:56',1,0,NULL,0,NULL,NULL,NULL,0),(297,61108,1,'19:10','20:12',1,0,NULL,0,NULL,NULL,NULL,1),(298,61108,2,'undefined','undefined',1,0,NULL,0,NULL,NULL,NULL,0),(299,61108,3,'undefined','undefined',1,0,NULL,0,NULL,NULL,NULL,0),(300,61108,4,'undefined','undefined',1,0,NULL,0,NULL,NULL,NULL,0),(301,61108,5,'undefined','undefined',1,0,NULL,0,NULL,NULL,NULL,0),(302,61108,6,'undefined','undefined',1,0,NULL,0,NULL,NULL,NULL,0),(303,61108,7,'undefined','undefined',1,0,NULL,0,NULL,NULL,NULL,0),(304,61109,1,'18:12','19:13',1,0,NULL,0,NULL,NULL,NULL,1),(305,61109,2,'undefined','undefined',1,0,NULL,0,NULL,NULL,NULL,0),(306,61109,3,'undefined','undefined',1,0,NULL,0,NULL,NULL,NULL,0),(307,61109,4,'undefined','undefined',1,0,NULL,0,NULL,NULL,NULL,0),(308,61109,5,'undefined','undefined',1,0,NULL,0,NULL,NULL,NULL,0),(309,61109,6,'undefined','undefined',1,0,NULL,0,NULL,NULL,NULL,0),(310,61109,7,'undefined','undefined',1,0,NULL,0,NULL,NULL,NULL,0),(311,61110,1,'06:20','08:20',1,0,NULL,0,NULL,NULL,NULL,1),(312,61110,2,'undefined','undefined',1,0,NULL,0,NULL,NULL,NULL,0),(313,61110,3,'undefined','undefined',1,0,NULL,0,NULL,NULL,NULL,0),(314,61110,4,'undefined','undefined',1,0,NULL,0,NULL,NULL,NULL,0),(315,61110,5,'undefined','undefined',1,0,NULL,0,NULL,NULL,NULL,0),(316,61110,6,'undefined','undefined',1,0,NULL,0,NULL,NULL,NULL,0),(317,61110,7,'undefined','undefined',1,0,NULL,0,NULL,NULL,NULL,0),(318,61111,1,'06:25','07:25',1,0,NULL,0,NULL,NULL,NULL,1),(319,61111,2,'07:25','08:25',1,0,NULL,0,NULL,NULL,NULL,0),(320,61111,3,'05:28','20:26',1,0,NULL,0,NULL,NULL,NULL,0),(321,61111,4,'05:25','09:25',1,0,NULL,0,NULL,NULL,NULL,0),(322,61111,5,'05:25','09:25',1,0,NULL,0,NULL,NULL,NULL,0),(323,61111,6,'23:25','00:25',1,0,NULL,0,NULL,NULL,NULL,0),(324,61111,7,'07:25','08:25',1,0,NULL,0,NULL,NULL,NULL,0),(325,61112,1,'07:41','20:44',1,0,NULL,0,NULL,NULL,NULL,1),(326,61112,2,'07:40','08:40',1,0,NULL,0,NULL,NULL,NULL,0),(327,61112,3,'20:45','21:45',1,0,NULL,0,NULL,NULL,NULL,0),(328,61112,4,'10:45','11:45',1,0,NULL,0,NULL,NULL,NULL,0),(329,61112,5,'11:45','12:45',1,0,NULL,0,NULL,NULL,NULL,0),(330,61112,6,'10:45','12:45',1,0,NULL,0,NULL,NULL,NULL,0),(331,61112,7,'06:45','11:45',1,0,NULL,0,NULL,NULL,NULL,0),(332,60984,43,'2023:09:10','2024:09:10',1,0,NULL,0,NULL,NULL,NULL,1),(333,60984,43,'2023:09:11','2024:09:11',1,0,NULL,0,NULL,NULL,NULL,1),(334,61113,1,'08:15','12:20',1,0,NULL,0,NULL,NULL,NULL,0),(335,61113,2,'10:15','21:15',1,0,NULL,0,NULL,NULL,NULL,0),(336,61113,3,'09:20','20:00',1,0,NULL,0,NULL,NULL,NULL,0),(337,61113,4,'10:00','18:00',1,0,NULL,0,NULL,NULL,NULL,1),(338,61113,5,'10:17','22:17',1,0,NULL,0,NULL,NULL,NULL,0),(339,61113,6,'11:20','16:20',1,0,NULL,0,NULL,NULL,NULL,0),(340,61113,7,'10:20','22:20',1,0,NULL,0,NULL,NULL,NULL,0),(341,61114,1,'02:55','03:55',1,0,NULL,0,NULL,NULL,NULL,1),(342,61114,2,'undefined','undefined',1,0,NULL,0,NULL,NULL,NULL,0),(343,61114,3,'undefined','undefined',1,0,NULL,0,NULL,NULL,NULL,0),(344,61114,4,'undefined','undefined',1,0,NULL,0,NULL,NULL,NULL,0),(345,61114,5,'undefined','undefined',1,0,NULL,0,NULL,NULL,NULL,0),(346,61114,6,'undefined','undefined',1,0,NULL,0,NULL,NULL,NULL,0),(347,61114,7,'undefined','undefined',1,0,NULL,0,NULL,NULL,NULL,0),(348,61115,1,'13:15','16:17',1,0,NULL,0,NULL,NULL,NULL,1),(349,61115,2,'undefined','undefined',1,0,NULL,0,NULL,NULL,NULL,0),(350,61115,3,'undefined','undefined',1,0,NULL,0,NULL,NULL,NULL,0),(351,61115,4,'undefined','undefined',1,0,NULL,0,NULL,NULL,NULL,0),(352,61115,5,'undefined','undefined',1,0,NULL,0,NULL,NULL,NULL,0),(353,61115,6,'undefined','undefined',1,0,NULL,0,NULL,NULL,NULL,0),(354,61115,7,'undefined','undefined',1,0,NULL,0,NULL,NULL,NULL,0),(355,61116,1,'13:52','14:50',1,0,NULL,0,NULL,NULL,NULL,1),(356,61116,2,'05:50','15:50',1,0,NULL,0,NULL,NULL,NULL,0),(357,61116,3,'undefined','undefined',1,0,NULL,0,NULL,NULL,NULL,0),(358,61116,4,'undefined','undefined',1,0,NULL,0,NULL,NULL,NULL,0),(359,61116,5,'undefined','undefined',1,0,NULL,0,NULL,NULL,NULL,0),(360,61116,6,'undefined','undefined',1,0,NULL,0,NULL,NULL,NULL,0),(361,61116,7,'undefined','undefined',1,0,NULL,0,NULL,NULL,NULL,0),(362,61117,1,'03:52','04:52',1,0,NULL,0,NULL,NULL,NULL,1),(363,61117,2,'05:55','06:55',1,0,NULL,0,NULL,NULL,NULL,1),(364,61117,3,'18:00','19:00',1,0,NULL,0,NULL,NULL,NULL,0),(365,61117,4,'undefined','undefined',1,0,NULL,0,NULL,NULL,NULL,0),(366,61117,5,'undefined','undefined',1,0,NULL,0,NULL,NULL,NULL,0),(367,61117,6,'undefined','undefined',1,0,NULL,0,NULL,NULL,NULL,0),(368,61117,7,'undefined','undefined',1,0,NULL,0,NULL,NULL,NULL,0),(369,61118,1,'15:42','16:43',1,0,NULL,0,NULL,NULL,NULL,1),(370,61118,2,'01:45','02:46',1,0,NULL,0,NULL,NULL,NULL,0),(371,61118,3,'23:40','14:46',1,0,NULL,0,NULL,NULL,NULL,0),(372,61118,4,'01:49','02:49',1,0,NULL,0,NULL,NULL,NULL,0),(373,61118,5,'18:50','22:51',1,0,NULL,0,NULL,NULL,NULL,0),(374,61118,6,'14:47','03:49',1,0,NULL,0,NULL,NULL,NULL,0),(375,61118,7,'07:50','09:50',1,0,NULL,0,NULL,NULL,NULL,0),(376,61119,1,'03:20','16:18',1,0,NULL,0,NULL,NULL,NULL,1),(377,61119,2,'04:20','17:20',1,0,NULL,0,NULL,NULL,NULL,0),(378,61119,3,'16:20','17:21',1,0,NULL,0,NULL,NULL,NULL,1),(379,61119,4,'05:25','06:25',1,0,NULL,0,NULL,NULL,NULL,1),(380,61119,5,'02:25','03:22',1,0,NULL,0,NULL,NULL,NULL,1),(381,61119,6,'18:00','20:01',1,0,NULL,0,NULL,NULL,NULL,0),(382,61119,7,'18:25','19:26',1,0,NULL,0,NULL,NULL,NULL,0),(383,61120,1,'21:10','19:13',1,0,NULL,0,NULL,NULL,NULL,1),(384,61120,2,'23:10','12:12',1,0,NULL,0,NULL,NULL,NULL,0),(385,61120,3,'undefined','undefined',1,0,NULL,0,NULL,NULL,NULL,0),(386,61120,4,'undefined','undefined',1,0,NULL,0,NULL,NULL,NULL,0),(387,61120,5,'undefined','undefined',1,0,NULL,0,NULL,NULL,NULL,0),(388,61120,6,'undefined','undefined',1,0,NULL,0,NULL,NULL,NULL,0),(389,61120,7,'undefined','undefined',1,0,NULL,0,NULL,NULL,NULL,0),(390,61121,1,'undefined','undefined',1,0,NULL,0,NULL,NULL,NULL,0),(391,61121,2,'undefined','undefined',1,0,NULL,0,NULL,NULL,NULL,0),(392,61121,3,'undefined','undefined',1,0,NULL,0,NULL,NULL,NULL,0),(393,61121,4,'undefined','undefined',1,0,NULL,0,NULL,NULL,NULL,0),(394,61121,7,'undefined','undefined',1,0,NULL,0,NULL,NULL,NULL,0),(395,61121,5,'undefined','undefined',1,0,NULL,0,NULL,NULL,NULL,0),(396,61121,6,'undefined','undefined',1,0,NULL,0,NULL,NULL,NULL,0);

--
-- Table structure for table `Employee_Attendance`
--

CREATE TABLE `Employee_Attendance` (
  `Id` int NOT NULL AUTO_INCREMENT,
  `BranchId` varchar(10) COLLATE utf8mb4_general_ci DEFAULT NULL,
  `EmpId` varchar(10) COLLATE utf8mb4_general_ci DEFAULT NULL,
  `LogDate` varchar(10) COLLATE utf8mb4_general_ci DEFAULT NULL,
  `LogInTime` varchar(10) COLLATE utf8mb4_general_ci DEFAULT NULL,
  `LogOutTime` varchar(10) COLLATE utf8mb4_general_ci DEFAULT NULL,
  `LateMinutes` varchar(10) COLLATE utf8mb4_general_ci DEFAULT NULL,
  `WorkingHours` varchar(10) COLLATE utf8mb4_general_ci DEFAULT NULL,
  `OutHours` varchar(10) COLLATE utf8mb4_general_ci DEFAULT NULL,
  `LogStatus` varchar(10) COLLATE utf8mb4_general_ci DEFAULT NULL,
  `ManualEntry` varchar(10) COLLATE utf8mb4_general_ci DEFAULT NULL,
  `IsActive` varchar(10) COLLATE utf8mb4_general_ci DEFAULT NULL,
  `Remarks` varchar(10) COLLATE utf8mb4_general_ci DEFAULT NULL,
  `CreatedBy` varchar(10) COLLATE utf8mb4_general_ci DEFAULT NULL,
  `CreatedDate` varchar(50) COLLATE utf8mb4_general_ci DEFAULT NULL,
  `ModifiedBy` varchar(10) COLLATE utf8mb4_general_ci DEFAULT NULL,
  `ModifiedDate` varchar(50) COLLATE utf8mb4_general_ci DEFAULT NULL,
  PRIMARY KEY (`Id`)
) ENGINE=InnoDB DEFAULT CHARSET=utf8mb4 COLLATE=utf8mb4_general_ci;

--
-- Dumping data for table `Employee_Attendance`
--


--
-- Table structure for table `Enquiry`
--

CREATE TABLE `Enquiry` (
  `Id` int NOT NULL AUTO_INCREMENT,
  `Name` varchar(255) COLLATE utf8mb4_general_ci DEFAULT NULL,
  `Gender` varchar(10) COLLATE utf8mb4_general_ci DEFAULT NULL,
  `MobileNo` double DEFAULT NULL,
  `EnquiryType` double DEFAULT NULL,
  `EnquiryFor` double DEFAULT NULL,
  `Details` varchar(255) COLLATE utf8mb4_general_ci DEFAULT NULL,
  `EnquiryStatus` double DEFAULT NULL,
  `FollowUpDate` varchar(50) COLLATE utf8mb4_general_ci DEFAULT NULL,
  `BranchId` double DEFAULT NULL,
  `IsActive` double DEFAULT NULL,
  `CreatedBy` double DEFAULT NULL,
  `CreatedDate` varchar(50) COLLATE utf8mb4_general_ci DEFAULT NULL,
  `ModifiedBy` double DEFAULT NULL,
  `ModifiedDate` varchar(50) COLLATE utf8mb4_general_ci DEFAULT NULL,
  `Remarks` text COLLATE utf8mb4_general_ci,
  `IPAddress` varchar(20) COLLATE utf8mb4_general_ci DEFAULT NULL,
  `MediaId` double DEFAULT NULL,
  `Consultant` double DEFAULT NULL,
  `FormNumber` double DEFAULT NULL,
  `Area` varchar(100) COLLATE utf8mb4_general_ci DEFAULT NULL,
  `FromBranch` double DEFAULT NULL,
  `PreviousBranchId` double DEFAULT NULL,
  `JoinedStatus` double DEFAULT NULL,
  `CallTypeId` double DEFAULT NULL,
  `phoneEnquirydate` varchar(50) COLLATE utf8mb4_general_ci DEFAULT NULL,
  PRIMARY KEY (`Id`)
) ENGINE=InnoDB AUTO_INCREMENT=524 DEFAULT CHARSET=utf8mb4 COLLATE=utf8mb4_general_ci;

--
-- Dumping data for table `Enquiry`
--

INSERT INTO `Enquiry` VALUES (343,'PARUL MODI','F',8056005201,1,42,'NULL',1,'2018-09-08 17:04:36',66,1,159,'2018-09-08 17:04:36',0,'','NULL','NULL',0,30878,23,'NULL',0,0,1,112,''),(344,'T SEENUVASAN','M',8940299310,1,44,'NULL',1,'2018-09-09 17:04:36',66,1,159,'2018-09-09 17:04:36',0,'','NULL','NULL',0,30878,24,'NULL',0,0,0,112,''),(345,'A M VISHNU KUMAR','M',9440443201,1,1,'NULL',1,'2018-09-09 17:04:36',66,1,159,'2018-09-09 17:04:36',0,'','NULL','NULL',0,30878,25,'NULL',0,0,1,112,''),(346,'DIVYA RAJESH','F',9962565075,1,0,'NULL',1,'2018-09-09 17:04:36',66,1,159,'2018-09-09 17:04:36',0,'','NULL','NULL',0,30878,26,'NULL',0,0,1,112,''),(347,'R VAISHNAVI ALIAS ASHWINI','F',9445423798,1,1,'NULL',1,'2018-09-10 17:04:36',66,1,159,'2018-09-10 17:04:36',0,'','NULL','NULL',0,30880,27,'NULL',0,0,1,112,''),(348,'S K IMRAN','M',7358368043,1,44,'NULL',1,'2018-09-11 17:04:36',66,1,159,'2018-09-11 17:04:36',0,'','NULL','NULL',0,30880,28,'NULL',0,0,0,112,''),(349,'VENKATESH A','M',9790119950,1,42,'NULL',1,'2018-09-11 17:04:36',66,1,159,'2018-09-11 17:04:36',0,'','NULL','NULL',0,30878,29,'NULL',0,0,0,112,''),(350,'M KANDAN','M',8939960690,1,44,'NULL',1,'2018-09-14 17:04:36',66,1,159,'2018-09-14 17:04:36',0,'','NULL','NULL',0,30878,30,'NULL',0,0,0,112,''),(351,'SHILPA PATWA','F',9840522345,1,1,'NULL',1,'2018-09-14 17:04:36',66,1,159,'2018-09-14 17:04:36',0,'','NULL','NULL',0,30880,31,'NULL',0,0,0,112,''),(352,'BALAJI PVS','M',9790808682,1,1,'NULL',1,'2018-09-15 17:04:36',66,1,159,'2018-09-15 17:04:36',0,'','NULL','NULL',0,30880,32,'NULL',0,0,1,112,''),(353,'M MOHAN KUMAR','M',9884826016,1,1,'NULL',1,'2018-09-15 17:04:36',66,1,159,'2018-09-15 17:04:36',0,'','NULL','NULL',0,30880,33,'NULL',0,0,0,112,''),(354,'AMIRTHARAJ  BENJAMIN','M',9444733227,1,44,'NULL',1,'2018-09-15 17:04:36',66,1,159,'2018-09-15 17:04:36',0,'','NULL','NULL',0,30878,34,'NULL',0,0,0,112,''),(355,'R SRIVATCHAN','M',9884923294,1,44,'NULL',1,'2018-09-15 17:04:36',66,1,159,'2018-09-15 17:04:36',0,'','NULL','NULL',0,30880,35,'NULL',0,0,0,112,''),(356,'S MAHALAKSHMI','F',7810999999,1,1,'NULL',1,'2018-09-16 17:04:36',66,1,159,'2018-09-16 17:04:36',0,'','NULL','NULL',0,30880,36,'NULL',0,0,1,112,''),(357,'R KALANGIAN','M',9894040761,1,44,'NULL',1,'2018-09-17 17:04:36',66,1,159,'2018-09-17 17:04:36',0,'','NULL','NULL',0,30878,37,'NULL',0,0,0,112,''),(358,'HANIEL','M',9677138120,1,42,'NULL',1,'2018-09-18 17:04:36',66,1,159,'2018-09-18 17:04:36',0,'','NULL','NULL',0,30878,38,'NULL',0,0,0,112,''),(359,'S N SENTHIL KUMARAN','M',9445960442,1,0,'NULL',1,'2018-09-18 17:04:36',66,1,159,'2018-09-18 17:04:36',0,'','NULL','NULL',0,30878,39,'NULL',0,0,0,112,''),(360,'YESHANTH','M',8778654034,1,42,'NULL',1,'2018-09-18 17:04:36',66,1,159,'2018-09-18 17:04:36',0,'','NULL','NULL',0,30878,40,'NULL',0,0,0,112,''),(361,'A GNANA SURESH','M',9943133433,1,1,'NULL',1,'2018-09-18 17:04:36',66,1,159,'2018-09-18 17:04:36',0,'','NULL','NULL',0,30878,41,'NULL',0,0,0,112,''),(362,'SAHIL HUSSIAN','M',9677214860,1,1,'NULL',1,'2018-09-19 17:04:36',66,1,159,'2018-09-19 17:04:36',0,'','NULL','NULL',0,30880,42,'NULL',0,0,0,112,''),(363,'BALA KRISHNA','M',9840996999,1,42,'NULL',1,'2018-09-19 17:04:36',66,1,159,'2018-09-19 17:04:36',0,'','NULL','NULL',0,30880,43,'NULL',0,0,0,112,''),(364,'RAJESH KUMAR','M',9566157801,1,0,'NULL',1,'2018-09-21 17:04:36',66,1,159,'2018-09-21 17:04:36',0,'','NULL','NULL',0,30878,44,'NULL',0,0,0,112,''),(365,'S.M.SHAJAKHAN','M',9176699999,1,44,'NULL',1,'2018-09-21 17:04:36',66,1,159,'2018-09-21 17:04:36',0,'','NULL','NULL',0,30878,45,'NULL',0,0,1,112,''),(366,'RAMESH E','M',9176547181,1,42,'NULL',1,'2018-09-21 17:04:36',66,1,159,'2018-09-21 17:04:36',0,'','NULL','NULL',0,30878,46,'NULL',0,0,1,112,''),(367,'K.JAYAKUMAR','M',9841109238,1,1,'NULL',1,'2018-09-22 17:04:36',66,1,159,'2018-09-22 17:04:36',0,'','NULL','NULL',0,30880,47,'NULL',0,0,0,112,''),(368,'PRABUN.V.ZAQURIAH','M',7904265337,1,44,'NULL',1,'2018-09-22 17:04:36',66,1,159,'2018-09-22 17:04:36',0,'','NULL','NULL',0,30878,48,'NULL',0,0,1,112,''),(369,'MANU/MAHESH','M',9500113980,1,1,'NULL',1,'2018-09-23 17:04:36',66,1,159,'2018-09-23 17:04:36',0,'','NULL','NULL',0,30878,49,'NULL',0,0,0,112,''),(370,'DINAKAR','M',9578888886,1,42,'NULL',1,'2018-09-23 17:04:36',66,1,159,'2018-09-23 17:04:36',0,'','NULL','NULL',0,30878,50,'NULL',0,0,1,112,''),(371,'V.PRABAKARAN','M',9962331332,1,44,'NULL',1,'2018-09-24 17:04:36',66,1,159,'2018-09-24 17:04:36',0,'','NULL','NULL',0,30878,51,'NULL',0,0,0,112,''),(372,'N.T.GANESH','M',9841288838,1,44,'NULL',1,'2018-09-24 17:04:36',66,1,159,'2018-09-24 17:04:36',0,'','NULL','NULL',0,30878,52,'NULL',0,0,1,112,''),(373,'POORNIMA/H.SANGAVI','F',9380417488,1,44,'NULL',1,'2018-09-24 17:04:36',66,1,159,'2018-09-24 17:04:36',0,'','NULL','NULL',0,30878,53,'NULL',0,0,0,112,''),(374,'DR.REKHA.A.P','F',9840450047,1,1,'NULL',1,'2018-09-24 17:04:36',66,1,159,'2018-09-24 17:04:36',0,'','NULL','NULL',0,30878,54,'NULL',0,0,1,112,''),(375,'MARIA','F',9632365584,1,42,'NULL',1,'2018-09-25 17:04:36',66,1,159,'2018-09-25 17:04:36',0,'','NULL','NULL',0,30880,55,'NULL',0,0,0,112,''),(376,'A.MOHAMMED IBRAHIM','M',9710117251,1,1,'NULL',1,'2018-09-25 17:04:36',66,1,159,'2018-09-25 17:04:36',0,'','NULL','NULL',0,30880,56,'NULL',0,0,0,112,''),(377,'LIVINGSTON','M',9841073088,1,42,'NULL',1,'2018-09-25 17:04:36',66,1,159,'2018-09-25 17:04:36',0,'','NULL','NULL',0,0,57,'NULL',0,0,0,112,''),(378,'REVATHI MARGABANTHU','F',9444577887,1,42,'NULL',1,'2018-09-25 17:04:36',66,1,159,'2018-09-25 17:04:36',0,'','NULL','NULL',0,30880,58,'NULL',0,0,0,112,''),(379,'CHODEN FONING','M',9940040191,1,1,'NULL',1,'2018-09-26 17:04:36',66,1,159,'2018-09-26 17:04:36',0,'','NULL','NULL',0,30880,59,'NULL',0,0,1,112,''),(380,'RAJA','M',9894450785,1,1,'NULL',1,'2018-09-26 17:04:36',66,1,159,'2018-09-26 17:04:36',0,'','NULL','NULL',0,30880,60,'NULL',0,0,1,112,''),(381,'SOURAV JAIN','M',9791134451,1,42,'NULL',1,'2018-09-27 17:04:36',66,1,159,'2018-09-27 17:04:36',0,'','NULL','NULL',0,0,61,'NULL',0,0,0,112,''),(382,'G.K.SURYA','M',9176362111,1,42,'NULL',1,'2018-09-27 17:04:36',66,1,159,'2018-09-27 17:04:36',0,'','NULL','NULL',0,30878,62,'NULL',0,0,0,112,''),(383,'JOY JERCY J','F',9962139087,1,42,'NULL',1,'2018-09-27 17:04:36',66,1,159,'2018-09-27 17:04:36',0,'','NULL','NULL',0,0,63,'NULL',0,0,1,112,''),(384,'G.GIRESH KUMAR','M',9884094049,1,1,'NULL',1,'2018-09-27 17:04:36',66,1,159,'2018-09-27 17:04:36',0,'','NULL','NULL',0,30878,64,'NULL',0,0,1,112,''),(385,'MAYANK GANERIWAL','M',9176756591,1,42,'NULL',1,'2018-09-27 17:04:36',66,1,159,'2018-09-27 17:04:36',0,'','NULL','NULL',0,0,65,'NULL',0,0,0,112,''),(386,'L.SARAVANAN','M',9841171112,1,1,'NULL',1,'2018-09-28 17:04:36',66,1,159,'2018-09-28 17:04:36',0,'','NULL','NULL',0,30880,66,'NULL',0,0,0,112,''),(387,'HARSHITA VYAS','M',9094564003,1,42,'NULL',1,'2018-09-28 17:04:36',66,1,159,'2018-09-28 17:04:36',0,'','NULL','NULL',0,30880,67,'NULL',0,0,0,112,''),(388,'MAHENDRA KUMAR','M',9043938218,1,42,'NULL',1,'2018-09-28 17:04:36',66,1,159,'2018-09-28 17:04:36',0,'','NULL','NULL',0,30878,68,'NULL',0,0,0,112,''),(389,'GANESH KUMAR.D','M',9486979987,1,42,'NULL',1,'2018-09-28 17:04:36',66,1,159,'2018-09-28 17:04:36',0,'','NULL','NULL',0,30878,69,'NULL',0,0,0,112,''),(390,'R.PRASANTH','M',8610951188,1,42,'NULL',1,'2018-09-29 17:04:36',66,1,159,'2018-09-29 17:04:36',0,'','NULL','NULL',0,30878,70,'NULL',0,0,0,112,''),(391,'SABARIRAJAN.M','M',9941875354,1,42,'NULL',1,'2018-09-29 17:04:36',66,1,159,'2018-09-29 17:04:36',0,'','NULL','NULL',0,0,71,'NULL',0,0,0,112,''),(392,'ANIL KUMAR','M',9618866680,1,42,'NULL',1,'2018-09-29 17:04:36',66,1,159,'2018-09-29 17:04:36',0,'','NULL','NULL',0,0,72,'NULL',0,0,0,112,''),(393,'SRIRAJA.N.T','M',9962070097,1,44,'NULL',1,'2018-09-29 17:04:36',66,1,159,'2018-09-29 17:04:36',0,'','NULL','NULL',0,30880,73,'NULL',0,0,1,112,''),(394,'AKILA','F',9962070098,1,1,'NULL',1,'2018-09-29 17:04:36',66,1,159,'2018-09-29 17:04:36',0,'','NULL','NULL',0,30880,74,'NULL',0,0,1,112,''),(395,'BENLA','F',9487987890,1,44,'NULL',1,'2018-09-29 17:04:36',66,1,159,'2018-09-29 17:04:36',0,'','NULL','NULL',0,30878,75,'NULL',0,0,0,112,''),(396,'G.VASANTHI','F',9087848401,1,44,'NULL',1,'2018-09-29 17:04:36',66,1,159,'2018-09-29 17:04:36',0,'','NULL','NULL',0,30878,76,'NULL',0,0,0,112,''),(397,'A.SATHEESH','M',8125596664,1,44,'NULL',1,'2018-09-30 17:04:36',66,1,159,'2018-09-30 17:04:36',0,'','NULL','NULL',0,30880,77,'NULL',0,0,1,112,''),(398,'DR.DEEPIKA','F',9500890661,1,0,'NULL',1,'2018-09-28 17:04:36',66,1,159,'2018-09-28 17:04:36',0,'','NULL','NULL',0,30878,78,'NULL',0,0,1,112,''),(399,'R.SAISURESH','M',9500921220,1,1,'NULL',1,'2018-09-30 17:04:36',66,1,159,'2018-09-30 17:04:36',0,'','NULL','NULL',0,30880,79,'NULL',0,0,0,112,''),(400,'NITISH KUMAR','M',9600079167,1,44,'NULL',1,'2018-09-30 17:04:36',66,1,159,'2018-09-30 17:04:36',0,'','NULL','NULL',0,30878,80,'NULL',0,0,0,112,''),(401,'GIRIJA MENON','F',9176261641,1,42,'NULL',1,'2018-10-01 17:04:36',66,1,159,'2018-10-01 17:04:36',0,'','NULL','NULL',0,30880,81,'NULL',0,0,0,112,''),(402,'MANIKANDAN','M',9442956380,1,44,'NULL',1,'2018-10-01 17:04:36',66,1,159,'2018-10-01 17:04:36',0,'','NULL','NULL',0,30878,82,'NULL',0,0,1,112,''),(403,'CANDY','F',9840782572,1,1,'NULL',1,'2018-10-01 17:04:36',66,1,159,'2018-10-01 17:04:36',0,'','NULL','NULL',0,30878,83,'NULL',0,0,0,112,''),(404,'DURAI BABU','M',9962925227,1,44,'NULL',1,'2018-10-01 17:04:36',66,1,159,'2018-10-01 17:04:36',0,'','NULL','NULL',0,30878,84,'NULL',0,0,0,112,''),(405,'AISHWARYA GRANDHE','F',7200361436,1,44,'NULL',1,'2018-10-02 17:04:36',66,1,159,'2018-10-02 17:04:36',0,'','NULL','NULL',0,30878,85,'NULL',0,0,0,112,''),(406,'NANDHINEE','F',9791379958,1,44,'NULL',1,'2018-10-02 17:04:36',66,1,159,'2018-10-02 17:04:36',0,'','NULL','NULL',0,30878,86,'NULL',0,0,0,112,''),(407,'SUBASHREE','F',9940507657,1,42,'NULL',1,'2018-10-02 17:04:36',66,1,159,'2018-10-02 17:04:36',0,'','NULL','NULL',0,30878,87,'NULL',0,0,0,112,''),(408,'NAFEESA','F',9840706665,1,1,'NULL',1,'2018-10-02 17:04:36',66,1,159,'2018-10-02 17:04:36',0,'','NULL','NULL',0,30878,88,'NULL',0,0,0,112,''),(409,'JAYASARATHI','F',7904402788,1,44,'NULL',1,'2018-10-02 17:04:36',66,1,159,'2018-10-02 17:04:36',0,'','NULL','NULL',0,30880,89,'NULL',0,0,0,112,''),(410,'DELRIN FITTER & KALPANA FITTER','F',9176166050,1,42,'NULL',1,'2018-10-04 17:04:36',66,1,159,'2018-10-04 17:04:36',0,'','NULL','NULL',0,30878,90,'NULL',0,0,0,112,''),(411,'JESTIN','F',8610261896,1,44,'NULL',1,'2018-10-04 17:04:36',66,1,159,'2018-10-04 17:04:36',0,'','NULL','NULL',0,30878,91,'NULL',0,0,0,112,''),(412,'ANIL','M',8309090389,1,42,'NULL',1,'2018-10-05 17:04:36',66,1,159,'2018-10-05 17:04:36',0,'','NULL','NULL',0,30880,92,'NULL',0,0,0,112,''),(413,'SATHISH.M','M',9791910445,1,42,'NULL',1,'2018-10-06 17:04:36',66,1,159,'2018-10-06 17:04:36',0,'','NULL','NULL',0,30880,93,'NULL',0,0,1,112,''),(414,'ANURADHA','F',9840555269,1,42,'NULL',1,'2018-10-06 17:04:36',66,1,159,'2018-10-06 17:04:36',0,'','NULL','NULL',0,30878,94,'NULL',0,0,0,112,''),(415,'JOHN','M',9884324400,1,42,'NULL',1,'2018-10-06 17:04:36',66,1,159,'2018-10-06 17:04:36',0,'','NULL','NULL',0,30878,95,'NULL',0,0,1,112,''),(416,'KOMAL MARDIA','F',9940473717,1,44,'NULL',1,'2018-10-06 17:04:36',66,1,159,'2018-10-06 17:04:36',0,'','NULL','NULL',0,30878,96,'NULL',0,0,0,112,''),(417,'JOSEPH RAJA KUMAR','M',9000000000,1,44,'NULL',1,'2018-10-06 17:04:36',66,1,159,'2018-10-06 17:04:36',0,'','NULL','NULL',0,30878,97,'NULL',0,0,0,112,''),(418,'NITHYA.T','F',8680089670,1,44,'NULL',1,'2018-10-06 17:04:36',66,1,159,'2018-10-06 17:04:36',0,'','NULL','NULL',0,30880,98,'NULL',0,0,1,112,''),(419,'P.K.SAI PRASAD','M',9840995548,1,42,'NULL',1,'2018-10-07 17:04:36',66,1,159,'2018-10-07 17:04:36',0,'','NULL','NULL',0,30880,99,'NULL',0,0,0,112,''),(420,'ALI ABBAS','M',7550257795,1,44,'NULL',1,'2018-10-07 17:04:36',66,1,159,'2018-10-07 17:04:36',0,'','NULL','NULL',0,30880,100,'NULL',0,0,0,112,''),(421,'DR.GOWTHAM','M',7338862717,1,1,'NULL',1,'2018-10-07 17:04:36',66,1,159,'2018-10-07 17:04:36',0,'','NULL','NULL',0,30880,101,'NULL',0,0,0,112,''),(422,'RAJASEKAR','M',9094389694,1,1,'NULL',1,'2018-10-07 17:04:36',66,1,159,'2018-10-07 17:04:36',0,'','NULL','NULL',0,30880,102,'NULL',0,0,0,112,''),(423,'DR.S.THAMIL ARASI','F',9840374209,1,1,'NULL',1,'2018-10-08 17:04:36',66,1,159,'2018-10-08 17:04:36',0,'','NULL','NULL',0,30878,103,'NULL',0,0,0,112,''),(424,'S.G.SIRISHA','F',9052560909,1,42,'NULL',1,'2018-10-09 17:04:36',66,1,159,'2018-10-09 17:04:36',0,'','NULL','NULL',0,30878,150,'NULL',0,0,1,112,''),(425,'ANU KUMARI','M',9600925519,1,42,'NULL',1,'2018-10-10 17:04:36',66,1,159,'2018-10-10 17:04:36',0,'','NULL','NULL',0,30878,104,'NULL',0,0,0,112,''),(426,'DR.ANEESA','F',9788260095,1,42,'NULL',1,'2018-10-10 17:04:36',66,1,159,'2018-10-10 17:04:36',0,'','NULL','NULL',0,0,105,'NULL',0,0,0,112,''),(427,'NEHA CHASLIMMINGA','F',9884054854,1,42,'NULL',1,'2018-10-12 17:04:36',66,1,159,'2018-10-12 17:04:36',0,'','NULL','NULL',0,30878,152,'NULL',0,0,1,112,''),(428,'M.MURALIDHARAN','M',9962090013,1,42,'NULL',1,'2018-10-12 17:04:36',66,1,159,'2018-10-12 17:04:36',0,'','NULL','NULL',0,30880,107,'NULL',0,0,0,112,''),(429,'MANJULA CHAKRAVATHI','F',8072705200,1,42,'NULL',1,'2018-10-13 17:04:36',66,1,159,'2018-10-13 17:04:36',0,'','NULL','NULL',0,30880,108,'NULL',0,0,1,112,''),(430,'SIVASANKAR.K','M',7401292152,1,44,'NULL',1,'2018-10-13 17:04:36',66,1,159,'2018-10-13 17:04:36',0,'','NULL','NULL',0,30880,153,'NULL',0,0,0,112,''),(431,'PRAVEEN KUMAR.E','M',9710241140,1,44,'NULL',1,'2018-10-13 17:04:36',66,1,159,'2018-10-13 17:04:36',0,'','NULL','NULL',0,30878,109,'NULL',0,0,0,112,''),(432,'DAKSHA R JAIN','F',9940462996,1,1,'NULL',1,'2018-10-14 17:04:36',66,1,159,'2018-10-14 17:04:36',0,'','NULL','NULL',0,30878,154,'NULL',0,0,0,112,''),(433,'RUBY.V','F',9962739322,1,42,'NULL',1,'2018-10-14 17:04:36',66,1,159,'2018-10-14 17:04:36',0,'','NULL','NULL',0,30880,156,'NULL',0,0,0,112,''),(434,'FAZIL BASHAM ARSHAD','M',9092274674,1,42,'NULL',1,'2018-10-14 17:04:36',66,1,159,'2018-10-14 17:04:36',0,'','NULL','NULL',0,30880,155,'NULL',0,0,0,112,''),(435,'ABHINANDU KARTHEEK','M',8143335739,1,42,'NULL',1,'2018-10-14 17:04:36',66,1,159,'2018-10-14 17:04:36',0,'','NULL','NULL',0,30878,110,'NULL',0,0,0,112,''),(436,'UMA','F',9962893899,1,1,'NULL',1,'2018-10-15 17:04:36',66,1,159,'2018-10-15 17:04:36',0,'','NULL','NULL',0,30880,111,'NULL',0,0,0,112,''),(437,'M.S.RABIYATHUL MUBASSAVA','F',9585634850,1,1,'NULL',1,'2018-10-15 17:04:36',66,1,159,'2018-10-15 17:04:36',0,'','NULL','NULL',0,30880,112,'NULL',0,0,0,112,''),(438,'TANVI JAIN','F',9884511067,1,42,'NULL',1,'2018-10-15 17:04:36',66,1,159,'2018-10-15 17:04:36',0,'','NULL','NULL',0,30880,113,'NULL',0,0,0,112,''),(439,'NAZURUDDIN','M',9566174520,1,44,'NULL',1,'2018-10-16 17:04:36',66,1,159,'2018-10-16 17:04:36',0,'','NULL','NULL',0,30878,157,'NULL',0,0,0,112,''),(440,'SILVIA JAYANTHI','F',9551464399,1,1,'NULL',1,'2018-10-16 17:04:36',66,1,159,'2018-10-16 17:04:36',0,'','NULL','NULL',0,30880,114,'NULL',0,0,0,112,''),(441,'DIVYA VEERARAGHAVAN','F',8610015039,1,1,'NULL',1,'2018-10-17 17:04:36',66,1,159,'2018-10-17 17:04:36',0,'','NULL','NULL',0,30880,115,'NULL',0,0,1,112,''),(442,'VIKASH','M',9941671927,1,42,'NULL',1,'2018-10-17 17:04:36',66,1,159,'2018-10-17 17:04:36',0,'','NULL','NULL',0,30878,158,'NULL',0,0,1,112,''),(443,'null','null',9100368979,1,11,NULL,1,NULL,34,1,1,'2024-01-22 14:12:29',NULL,NULL,NULL,'171.61.106.129',NULL,NULL,NULL,NULL,NULL,NULL,NULL,NULL,NULL),(444,'null','null',9100368979,1,11,NULL,1,NULL,34,1,1,'2024-01-22 14:12:29',NULL,NULL,NULL,'171.61.106.129',NULL,NULL,NULL,NULL,NULL,NULL,NULL,NULL,NULL),(445,'null','null',9100368979,1,11,NULL,1,NULL,34,1,1,'2024-01-22 14:26:46',NULL,NULL,NULL,'171.61.106.129',NULL,NULL,NULL,NULL,NULL,NULL,NULL,NULL,NULL),(446,'null','null',9100368979,1,11,NULL,1,NULL,34,1,1,'2024-01-22 14:26:46',NULL,NULL,NULL,'171.61.106.129',NULL,NULL,NULL,NULL,NULL,NULL,NULL,NULL,NULL),(447,'null','null',9100368979,1,11,NULL,1,NULL,34,1,1,'2024-01-22 14:26:46',NULL,NULL,NULL,'171.61.106.129',NULL,NULL,NULL,NULL,NULL,NULL,NULL,NULL,NULL),(448,'null','null',9100368979,1,11,NULL,1,NULL,34,1,1,'2024-01-22 14:34:20',NULL,NULL,NULL,'171.61.106.129',NULL,NULL,NULL,NULL,NULL,NULL,NULL,NULL,NULL),(449,'null','null',9100368979,1,11,NULL,1,NULL,34,1,1,'2024-01-22 14:41:31',NULL,NULL,NULL,'171.61.106.129',NULL,NULL,NULL,NULL,NULL,NULL,NULL,NULL,NULL),(450,'null','null',9100368979,1,11,NULL,1,NULL,34,1,1,'2024-01-22 14:54:59',NULL,NULL,NULL,'171.61.106.129',NULL,NULL,NULL,NULL,NULL,NULL,NULL,NULL,NULL),(451,'null','null',9100368979,1,11,NULL,1,NULL,34,1,1,'2024-01-22 14:54:59',NULL,NULL,NULL,'171.61.106.129',NULL,NULL,NULL,NULL,NULL,NULL,NULL,NULL,NULL),(452,'null','null',9100368979,1,11,NULL,1,NULL,34,1,1,'2024-01-22 14:54:59',NULL,NULL,NULL,'171.61.106.129',NULL,NULL,NULL,NULL,NULL,NULL,NULL,NULL,NULL),(453,'null','null',9100368979,1,11,NULL,1,NULL,34,1,1,'2024-01-23 04:37:28',NULL,NULL,NULL,'171.61.106.129',NULL,NULL,NULL,NULL,NULL,NULL,NULL,NULL,NULL),(454,'null','null',9100368979,1,14,NULL,1,NULL,95,1,1,'2024-01-23 04:37:28',NULL,NULL,NULL,'171.61.106.129',NULL,NULL,NULL,NULL,NULL,NULL,NULL,NULL,NULL),(455,'null','null',9100368979,1,11,NULL,1,NULL,34,1,1,'2024-01-23 04:37:28',NULL,NULL,NULL,'171.61.106.129',NULL,NULL,NULL,NULL,NULL,NULL,NULL,NULL,NULL),(456,'null','null',9100368979,1,11,NULL,1,NULL,34,1,1,'2024-01-23 04:37:28',NULL,NULL,NULL,'171.61.106.129',NULL,NULL,NULL,NULL,NULL,NULL,NULL,NULL,NULL),(457,'null','null',9100368979,1,11,NULL,1,NULL,34,1,1,'2024-01-23 04:37:28',NULL,NULL,NULL,'171.61.106.129',NULL,NULL,NULL,NULL,NULL,NULL,NULL,NULL,NULL),(458,'null','null',9100368979,1,11,NULL,1,NULL,34,1,1,'2024-01-23 04:37:28',NULL,NULL,NULL,'171.61.106.129',NULL,NULL,NULL,NULL,NULL,NULL,NULL,NULL,NULL),(459,'null','null',9100368979,1,14,NULL,1,NULL,95,1,1,'2024-01-23 04:37:28',NULL,NULL,NULL,'171.61.106.129',NULL,NULL,NULL,NULL,NULL,NULL,NULL,NULL,NULL),(460,'sudheer','female',9100368979,1,42,NULL,1,NULL,95,1,1,'2024-01-23 14:13:29',NULL,NULL,NULL,'171.61.106.129',NULL,NULL,NULL,NULL,NULL,NULL,NULL,NULL,NULL),(461,'sudheer','female',9100368979,1,42,NULL,1,NULL,95,1,1,'2024-01-23 14:29:17',NULL,NULL,NULL,'171.61.106.129',NULL,NULL,NULL,NULL,NULL,NULL,NULL,NULL,NULL),(462,'sudheer','female',9100368979,1,42,NULL,1,NULL,95,1,1,'2024-01-23 14:29:17',NULL,NULL,NULL,'171.61.106.129',NULL,NULL,NULL,NULL,NULL,NULL,NULL,NULL,NULL),(463,'sudheer','female',9100368979,1,42,NULL,1,NULL,95,1,1,'2024-01-23 14:29:17',NULL,NULL,NULL,'171.61.106.129',NULL,NULL,NULL,NULL,NULL,NULL,NULL,NULL,NULL),(464,'sudheer','female',9100368979,1,42,NULL,1,NULL,95,1,1,'2024-01-23 14:41:34',NULL,NULL,NULL,'171.61.106.129',NULL,NULL,NULL,NULL,NULL,NULL,NULL,NULL,NULL),(465,'sudheer','female',9100368979,1,42,NULL,1,NULL,95,1,1,'2024-01-23 14:41:34',NULL,NULL,NULL,'171.61.106.129',NULL,NULL,NULL,NULL,NULL,NULL,NULL,NULL,NULL),(466,'sudheer','female',9100368979,1,44,NULL,1,NULL,95,1,1,'2024-01-24 05:17:05',NULL,NULL,NULL,'157.47.91.212',NULL,NULL,NULL,NULL,NULL,NULL,NULL,NULL,NULL),(467,'sudheer','female',9100368979,1,42,NULL,1,NULL,95,1,1,'2024-01-24 07:10:22',NULL,NULL,NULL,'117.98.217.69',NULL,NULL,NULL,NULL,NULL,NULL,NULL,NULL,NULL),(468,'sudheer','female',9100368979,1,44,NULL,1,NULL,95,1,1,'2024-01-24 07:10:22',NULL,NULL,NULL,'117.98.217.69',NULL,NULL,NULL,NULL,NULL,NULL,NULL,NULL,NULL),(469,'sudheer','female',9100368979,1,44,NULL,1,NULL,95,1,1,'2024-01-24 07:10:22',NULL,NULL,NULL,'117.98.217.69',NULL,NULL,NULL,NULL,NULL,NULL,NULL,NULL,NULL),(470,'sudheer','female',9100368979,1,44,NULL,1,NULL,95,1,1,'2024-01-24 07:10:22',NULL,NULL,NULL,'117.98.217.69',NULL,NULL,NULL,NULL,NULL,NULL,NULL,NULL,NULL),(471,'sudheer','female',9100368979,1,43,NULL,1,NULL,95,1,1,'2024-01-24 10:16:12',NULL,NULL,NULL,'117.98.217.69',NULL,NULL,NULL,NULL,NULL,NULL,NULL,NULL,NULL),(472,'sudheer','female',9100368979,1,43,NULL,1,NULL,95,1,1,'2024-01-24 10:16:12',NULL,NULL,NULL,'117.98.217.69',NULL,NULL,NULL,NULL,NULL,NULL,NULL,NULL,NULL),(473,'sudheer','female',9100368979,1,43,NULL,1,NULL,95,1,1,'2024-01-24 10:16:12',NULL,NULL,NULL,'117.98.217.69',NULL,NULL,NULL,NULL,NULL,NULL,NULL,NULL,NULL),(474,'sudheer','female',9100368979,1,42,NULL,1,NULL,95,1,1,'2024-01-24 11:47:28',NULL,NULL,NULL,'117.98.217.69',NULL,NULL,NULL,NULL,NULL,NULL,NULL,NULL,NULL),(475,'sudheer','female',9100368979,1,44,NULL,1,NULL,95,1,1,'2024-01-24 11:47:28',NULL,NULL,NULL,'117.98.217.69',NULL,NULL,NULL,NULL,NULL,NULL,NULL,NULL,NULL),(476,'sudheer','female',9100368979,1,42,NULL,1,NULL,95,1,1,'2024-01-24 11:47:28',NULL,NULL,NULL,'117.98.217.69',NULL,NULL,NULL,NULL,NULL,NULL,NULL,NULL,NULL),(477,'sudheer','female',9100368979,1,42,NULL,1,NULL,95,1,1,'2024-01-24 11:47:28',NULL,NULL,NULL,'117.98.217.69',NULL,NULL,NULL,NULL,NULL,NULL,NULL,NULL,NULL),(478,'sudheer','male',9100368979,1,42,NULL,1,NULL,95,1,1,'2024-01-26 05:25:44',NULL,NULL,NULL,'117.98.217.69',NULL,NULL,NULL,NULL,NULL,NULL,NULL,NULL,NULL),(479,'sudheer','male',9100368979,1,42,NULL,1,NULL,95,1,1,'2024-01-26 05:25:44',NULL,NULL,NULL,'117.98.217.69',NULL,NULL,NULL,NULL,NULL,NULL,NULL,NULL,NULL),(480,'sudheer','male',9100368979,1,42,NULL,1,NULL,95,1,1,'2024-01-26 10:28:41',NULL,NULL,NULL,'117.98.217.69',NULL,NULL,NULL,NULL,NULL,NULL,NULL,NULL,NULL),(481,'sudheer','male',9100368979,1,42,NULL,1,NULL,95,1,1,'2024-01-26 10:33:00',NULL,NULL,NULL,'117.98.217.69',NULL,NULL,NULL,NULL,NULL,NULL,NULL,NULL,NULL),(482,'sudheer','male',9100368979,1,42,NULL,1,NULL,67,1,1,'2024-01-26 11:24:08',NULL,NULL,NULL,'117.98.217.69',NULL,NULL,NULL,NULL,NULL,NULL,NULL,NULL,NULL),(483,'sudheer','male',9100368979,1,42,NULL,1,NULL,67,1,1,'2024-01-26 11:26:18',NULL,NULL,NULL,'117.98.217.69',NULL,NULL,NULL,NULL,NULL,NULL,NULL,NULL,NULL),(484,'sudheer','male',9100368979,1,42,NULL,1,NULL,67,1,1,'2024-01-26 11:31:57',NULL,NULL,NULL,'117.98.217.69',NULL,NULL,NULL,NULL,NULL,NULL,NULL,NULL,NULL),(485,'sudheer','male',9100368979,1,42,NULL,1,NULL,67,1,1,'2024-01-26 11:31:57',NULL,NULL,NULL,'117.98.217.69',NULL,NULL,NULL,NULL,NULL,NULL,NULL,NULL,NULL),(486,'sudheer','male',9100368979,1,42,NULL,1,NULL,67,1,1,'2024-01-26 11:33:24',NULL,NULL,NULL,'117.98.217.69',NULL,NULL,NULL,NULL,NULL,NULL,NULL,NULL,NULL),(487,'sudheer','male',9100368979,1,42,NULL,1,NULL,67,1,1,'2024-01-26 11:33:24',NULL,NULL,NULL,'117.98.217.69',NULL,NULL,NULL,NULL,NULL,NULL,NULL,NULL,NULL),(488,'sudheer','male',9100368979,1,42,NULL,1,NULL,67,1,1,'2024-01-26 12:05:57',NULL,NULL,NULL,'117.98.217.69',NULL,NULL,NULL,NULL,NULL,NULL,NULL,NULL,NULL),(489,'sudheer','male',9100368979,1,42,NULL,1,NULL,67,1,1,'2024-01-26 12:11:22',NULL,NULL,NULL,'117.98.217.69',NULL,NULL,NULL,NULL,NULL,NULL,NULL,NULL,NULL),(490,'sudheer','male',9100368979,1,42,NULL,1,NULL,67,1,1,'2024-01-26 12:17:29',NULL,NULL,NULL,'117.98.217.69',NULL,NULL,NULL,NULL,NULL,NULL,NULL,NULL,NULL),(491,'sudheer','male',9100368979,1,42,NULL,1,NULL,67,1,1,'2024-01-26 12:21:49',NULL,NULL,NULL,'117.98.217.69',NULL,NULL,NULL,NULL,NULL,NULL,NULL,NULL,NULL),(492,'null','null',8861656026,1,44,NULL,1,NULL,95,1,1,'2024-02-04 10:52:56',NULL,NULL,NULL,'122.171.116.25',NULL,NULL,NULL,NULL,NULL,NULL,NULL,NULL,NULL),(493,'null','null',8861656026,1,42,NULL,1,NULL,95,1,1,'2024-02-04 10:52:56',NULL,NULL,NULL,'122.171.116.25',NULL,NULL,NULL,NULL,NULL,NULL,NULL,NULL,NULL),(494,'null','null',7744966820,1,42,NULL,1,NULL,95,1,4,'2024-02-05 03:09:21',NULL,NULL,NULL,'152.59.196.77',NULL,NULL,NULL,NULL,NULL,NULL,NULL,NULL,NULL),(495,'null','null',7993761797,1,42,NULL,1,NULL,82,1,5,'2024-02-05 03:09:21',NULL,NULL,NULL,'122.175.99.147',NULL,NULL,NULL,NULL,NULL,NULL,NULL,NULL,NULL),(496,'null','null',8861656026,1,14,NULL,1,NULL,95,1,1,'2024-03-06 13:01:32',NULL,NULL,NULL,'136.185.70.239',NULL,NULL,NULL,NULL,NULL,NULL,NULL,NULL,NULL),(497,'null','null',7639533010,1,42,NULL,1,NULL,110,1,26,'2024-03-06 14:02:11',NULL,NULL,NULL,'136.185.70.239',NULL,NULL,NULL,NULL,NULL,NULL,NULL,NULL,NULL),(498,'null','null',7639533010,1,42,NULL,1,NULL,110,1,26,'2024-03-06 14:02:11',NULL,NULL,NULL,'136.185.70.239',NULL,NULL,NULL,NULL,NULL,NULL,NULL,NULL,NULL),(499,'PREETHI','Female',8925410480,1,42,NULL,1,NULL,110,1,21,'2024-03-13 08:06:42',NULL,NULL,NULL,'49.37.159.254',NULL,NULL,NULL,NULL,NULL,NULL,NULL,NULL,NULL),(500,'PREETHI','Female',8925410480,1,42,NULL,1,NULL,110,1,21,'2024-03-13 08:06:42',NULL,NULL,NULL,'49.37.159.254',NULL,NULL,NULL,NULL,NULL,NULL,NULL,NULL,NULL),(501,'PREETHI','Female',8925410480,1,42,NULL,1,NULL,110,1,21,'2024-03-13 08:06:42',NULL,NULL,NULL,'49.37.159.254',NULL,NULL,NULL,NULL,NULL,NULL,NULL,NULL,NULL),(502,'PREETHI','Female',8925410480,1,42,NULL,1,NULL,110,1,21,'2024-03-13 08:06:42',NULL,NULL,NULL,'49.37.159.254',NULL,NULL,NULL,NULL,NULL,NULL,NULL,NULL,NULL),(503,'PREETHI','Female',8925410480,1,42,NULL,1,NULL,110,1,21,'2024-03-13 08:06:42',NULL,NULL,NULL,'49.37.159.254',NULL,NULL,NULL,NULL,NULL,NULL,NULL,NULL,NULL),(504,'null','null',7639533010,1,42,NULL,1,NULL,110,1,26,'2024-03-13 11:17:35',NULL,NULL,NULL,'223.230.51.97',NULL,NULL,NULL,NULL,NULL,NULL,NULL,NULL,NULL),(505,'null','null',7639533010,1,42,NULL,1,NULL,110,1,26,'2024-03-13 11:23:11',NULL,NULL,NULL,'223.230.51.97',NULL,NULL,NULL,NULL,NULL,NULL,NULL,NULL,NULL),(506,'null','null',7639533010,1,42,NULL,1,NULL,110,1,26,'2024-03-13 11:23:11',NULL,NULL,NULL,'223.230.51.97',NULL,NULL,NULL,NULL,NULL,NULL,NULL,NULL,NULL),(507,'null','null',7639533010,1,42,NULL,1,NULL,110,1,26,'2024-03-13 13:35:02',NULL,NULL,NULL,'223.230.51.97',NULL,NULL,NULL,NULL,NULL,NULL,NULL,NULL,NULL),(508,'null','null',7639533010,1,42,NULL,1,NULL,110,1,26,'2024-03-13 13:35:02',NULL,NULL,NULL,'223.230.51.97',NULL,NULL,NULL,NULL,NULL,NULL,NULL,NULL,NULL),(509,'null','null',7639533010,1,42,NULL,1,NULL,110,1,26,'2024-03-13 13:35:02',NULL,NULL,NULL,'223.230.51.97',NULL,NULL,NULL,NULL,NULL,NULL,NULL,NULL,NULL),(510,'null','null',7639533010,1,42,NULL,1,NULL,110,1,26,'2024-03-13 13:35:02',NULL,NULL,NULL,'223.230.51.97',NULL,NULL,NULL,NULL,NULL,NULL,NULL,NULL,NULL),(511,'null','null',7639533010,1,42,NULL,1,NULL,110,1,26,'2024-03-13 13:35:02',NULL,NULL,NULL,'223.230.51.97',NULL,NULL,NULL,NULL,NULL,NULL,NULL,NULL,NULL),(512,'null','null',7639533010,1,42,NULL,1,NULL,110,1,26,'2024-03-13 13:35:02',NULL,NULL,NULL,'223.230.51.97',NULL,NULL,NULL,NULL,NULL,NULL,NULL,NULL,NULL),(513,'null','null',7639533010,1,42,NULL,1,NULL,110,1,26,'2024-03-13 13:35:02',NULL,NULL,NULL,'223.230.51.97',NULL,NULL,NULL,NULL,NULL,NULL,NULL,NULL,NULL),(514,'Ganesh Yemekar','Male',7744966820,1,42,NULL,1,NULL,110,1,4,'2024-03-13 18:30:37',NULL,NULL,NULL,'152.59.194.15',NULL,NULL,NULL,NULL,NULL,NULL,NULL,NULL,NULL),(515,'Ganesh Yemekar','Male',7744966820,1,42,NULL,1,NULL,110,1,4,'2024-03-13 18:30:37',NULL,NULL,NULL,'152.59.194.15',NULL,NULL,NULL,NULL,NULL,NULL,NULL,NULL,NULL),(516,'Ganesh Yemekar','Male',7744966820,1,42,NULL,1,NULL,110,1,4,'2024-03-13 20:24:58',NULL,NULL,NULL,'152.59.194.15',NULL,NULL,NULL,NULL,NULL,NULL,NULL,NULL,NULL),(517,'Ganesh Yemekar','Male',7744966820,1,42,NULL,1,NULL,110,1,4,'2024-03-13 20:24:58',NULL,NULL,NULL,'152.59.194.15',NULL,NULL,NULL,NULL,NULL,NULL,NULL,NULL,NULL),(518,'Ganesh Yemekar','Male',7744966820,1,46,NULL,1,NULL,110,1,4,'2024-03-13 20:24:58',NULL,NULL,NULL,'152.59.194.15',NULL,NULL,NULL,NULL,NULL,NULL,NULL,NULL,NULL),(519,'null','null',8861656026,1,42,NULL,1,NULL,117,1,1,'2024-04-29 06:41:05',NULL,NULL,NULL,'104.133.219.36',NULL,NULL,NULL,NULL,NULL,NULL,NULL,NULL,NULL),(520,'null','null',8861656026,1,42,NULL,1,NULL,117,1,1,'2024-04-29 06:41:05',NULL,NULL,NULL,'104.133.219.36',NULL,NULL,NULL,NULL,NULL,NULL,NULL,NULL,NULL),(521,'null','null',8861656026,1,42,NULL,1,NULL,117,1,1,'2024-04-29 06:41:05',NULL,NULL,NULL,'104.133.219.36',NULL,NULL,NULL,NULL,NULL,NULL,NULL,NULL,NULL),(522,'null','null',8861656026,1,42,NULL,1,NULL,117,1,1,'2024-04-29 06:41:05',NULL,NULL,NULL,'104.133.219.36',NULL,NULL,NULL,NULL,NULL,NULL,NULL,NULL,NULL),(523,'null','null',8861656026,1,42,NULL,1,NULL,117,1,1,'2024-04-29 06:41:05',NULL,NULL,NULL,'104.133.219.36',NULL,NULL,NULL,NULL,NULL,NULL,NULL,NULL,NULL);

--
-- Table structure for table `EnquiryFollowUp`
--

CREATE TABLE `EnquiryFollowUp` (
  `Id` int NOT NULL AUTO_INCREMENT,
  `EnquiryId` double DEFAULT NULL,
  `FollowUpBy` double DEFAULT NULL,
  `NextFollowUpDate` varchar(50) COLLATE utf8mb4_general_ci DEFAULT NULL,
  `Details` varchar(250) COLLATE utf8mb4_general_ci DEFAULT NULL,
  `IsActive` double DEFAULT NULL,
  `CreatedBy` double DEFAULT NULL,
  `CreatedDate` varchar(50) COLLATE utf8mb4_general_ci DEFAULT NULL,
  `ModifiedBy` double DEFAULT NULL,
  `ModifiedDate` varchar(50) COLLATE utf8mb4_general_ci DEFAULT NULL,
  `Remarks` text COLLATE utf8mb4_general_ci,
  `IPAddress` varchar(20) COLLATE utf8mb4_general_ci DEFAULT NULL,
  `FollowupStatus` double DEFAULT NULL,
  `BranchId` double DEFAULT NULL,
  `Enquirycame` double DEFAULT NULL,
  `CallTypeId` varchar(100) COLLATE utf8mb4_general_ci DEFAULT NULL,
  PRIMARY KEY (`Id`)
) ENGINE=InnoDB AUTO_INCREMENT=121 DEFAULT CHARSET=utf8mb4 COLLATE=utf8mb4_general_ci;

--
-- Dumping data for table `EnquiryFollowUp`
--

INSERT INTO `EnquiryFollowUp` VALUES (7,5,90,'2015-08-20 00:00:00','',0,90,'2015-08-20 12:44:57',0,'2016-05-26 18:33:08','','',2,55,0,''),(8,6,90,'2015-08-20 00:00:00','',0,90,'2015-08-20 13:22:41',0,'2016-05-22 15:14:07','','',2,55,0,''),(9,7,90,'2015-08-20 00:00:00','',0,90,'2015-08-20 13:47:42',0,'2016-08-11 11:27:08','','',2,55,0,''),(10,8,88,'2015-08-20 00:00:00','',0,88,'2015-08-20 15:23:11',0,'2016-07-19 13:24:37','','',2,53,0,''),(11,9,88,'2015-08-20 00:00:00','',0,88,'2015-08-20 16:27:49',0,'2016-07-19 13:27:38','','',2,53,0,''),(12,10,88,'2015-08-20 00:00:00','',0,88,'2015-08-20 16:54:44',0,'2016-07-19 13:28:25','','',2,53,0,''),(14,12,89,'2015-08-21 00:00:00','',0,89,'2015-08-21 12:00:17',0,'2015-08-21 12:00:17','','',1,54,0,''),(15,13,89,'2015-08-21 00:00:00','',0,89,'2015-08-21 12:00:17',0,'2015-08-21 12:00:17','','',1,54,0,''),(16,14,89,'2015-08-21 00:00:00','',0,89,'2015-08-21 12:15:09',0,'2015-08-21 12:15:09','','',1,54,0,''),(17,15,89,'2015-08-21 00:00:00','',0,89,'2015-08-21 12:56:41',0,'2015-08-21 12:56:41','','',1,54,0,''),(18,16,89,'2015-08-21 00:00:00','',0,89,'2015-08-21 13:56:39',0,'2015-08-21 13:56:39','','',1,54,0,''),(19,17,89,'2015-08-22 00:00:00','',0,89,'2015-08-22 13:46:47',0,'2015-08-22 13:46:47','','',1,54,0,''),(21,19,85,'2015-08-22 00:00:00','',0,85,'2015-08-22 19:18:20',0,'2015-08-22 19:18:20','','',1,56,0,''),(22,20,89,'2015-08-22 00:00:00','',0,89,'2015-08-22 19:33:13',0,'2015-08-22 19:33:13','','',1,54,0,''),(23,21,85,'2015-08-22 00:00:00','',0,85,'2015-08-22 19:37:56',0,'2016-10-24 16:18:37','','',2,56,0,''),(24,22,89,'2015-08-23 00:00:00','',0,89,'2015-08-23 13:10:14',0,'2015-08-23 13:10:14','','',1,54,0,''),(25,23,89,'2015-08-23 00:00:00','',0,89,'2015-08-23 13:55:01',0,'2015-08-23 13:55:01','','',1,54,0,''),(26,24,89,'2015-08-24 00:00:00','',0,89,'2015-08-24 09:52:12',0,'2015-08-24 09:52:12','','',1,54,0,''),(27,25,89,'2015-08-24 00:00:00','',0,89,'2015-08-24 11:32:44',0,'2015-08-24 11:32:44','','',1,54,0,''),(28,26,89,'2015-08-24 00:00:00','',0,89,'2015-08-24 13:48:41',0,'2015-08-24 13:48:41','','',1,54,0,''),(29,27,89,'2015-08-24 00:00:00','',0,89,'2015-08-24 17:33:04',0,'2015-08-24 17:33:04','','',1,54,0,''),(31,29,86,'2015-08-24 00:00:00','',0,86,'2015-08-24 18:24:46',0,'2015-08-24 18:24:46','','',1,60,0,''),(32,30,85,'2015-08-26 00:00:00','',0,85,'2015-08-26 14:17:08',0,'2015-08-26 14:17:08','','',1,56,0,''),(33,31,89,'2015-08-26 00:00:00','',0,89,'2015-08-26 16:22:09',0,'2015-08-26 16:22:09','','',1,54,0,''),(34,32,84,'2015-08-26 00:00:00','',0,84,'2015-08-26 17:56:10',0,'2015-08-26 17:56:10','','',1,57,0,''),(35,33,84,'2015-08-26 00:00:00','',0,84,'2015-08-26 18:00:03',0,'2015-08-26 18:00:03','','',1,57,0,''),(36,34,92,'2015-08-26 00:00:00','',0,92,'2015-08-26 19:15:01',0,'2015-08-26 19:15:01','','',1,59,0,''),(37,35,92,'2015-08-26 00:00:00','',0,92,'2015-08-26 19:22:03',0,'2015-08-26 19:22:03','','',1,59,0,''),(38,36,84,'2015-08-27 00:00:00','',0,84,'2015-08-27 11:55:43',0,'2015-08-27 11:55:43','','',1,57,0,''),(39,37,89,'2015-08-30 00:00:00','',0,89,'2015-08-30 10:12:34',0,'2015-08-30 10:12:34','','',1,54,0,''),(43,41,84,'2015-09-01 00:00:00','',0,84,'2015-09-01 18:51:24',0,'2015-09-01 18:51:24','','',1,57,0,''),(46,44,89,'2015-09-02 00:00:00','',0,89,'2015-09-02 10:07:33',0,'2015-09-02 10:07:33','','',1,54,0,''),(47,45,89,'2015-09-03 00:00:00','',0,89,'2015-09-03 10:45:08',0,'2015-09-03 10:45:08','','',1,54,0,''),(48,46,89,'2015-09-03 00:00:00','',0,89,'2015-09-03 15:16:00',0,'2015-09-03 15:16:00','','',1,54,0,''),(51,49,84,'2015-09-03 00:00:00','',0,84,'2015-09-03 17:05:26',0,'2015-09-03 17:05:26','','',1,57,0,''),(52,50,84,'2015-09-03 00:00:00','',0,84,'2015-09-03 18:35:00',0,'2015-09-03 18:35:00','','',1,57,0,''),(53,51,84,'2015-09-04 00:00:00','',0,84,'2015-09-04 12:59:30',0,'2015-09-04 12:59:30','','',1,57,0,''),(54,52,84,'2015-09-04 00:00:00','',0,84,'2015-09-04 13:24:36',0,'2015-09-04 13:24:36','','',1,57,0,''),(55,53,89,'2015-09-04 00:00:00','',0,89,'2015-09-04 17:27:33',0,'2015-09-04 17:27:33','','',1,54,0,''),(56,54,84,'2015-09-04 00:00:00','',0,84,'2015-09-04 17:51:31',0,'2015-09-04 17:51:31','','',1,57,0,''),(57,55,89,'2015-09-04 00:00:00','',0,89,'2015-09-04 20:10:09',0,'2015-09-04 20:10:09','','',1,54,0,''),(58,56,89,'2015-09-05 00:00:00','',0,89,'2015-09-05 11:55:19',0,'2015-09-05 11:55:19','','',1,54,0,''),(59,57,89,'2015-09-05 00:00:00','',0,89,'2015-09-05 12:21:59',0,'2015-09-05 12:21:59','','',1,54,0,''),(60,58,89,'2015-09-05 00:00:00','',0,89,'2015-09-05 13:12:23',0,'2015-09-05 13:12:23','','',1,54,0,''),(61,59,89,'2015-09-05 00:00:00','',0,89,'2015-09-05 13:39:26',0,'2015-09-05 13:39:26','','',1,54,0,''),(62,60,84,'2015-09-06 00:00:00','',0,84,'2015-09-06 12:36:24',0,'2015-09-06 12:36:24','','',1,57,0,''),(63,61,84,'2015-09-06 00:00:00','',0,84,'2015-09-06 13:18:17',0,'2015-09-06 13:18:17','','',1,57,0,''),(66,64,89,'2015-09-06 00:00:00','',0,89,'2015-09-06 19:07:07',0,'2015-09-06 19:07:07','','',1,54,0,''),(67,65,89,'2015-09-07 00:00:00','',0,89,'2015-09-07 17:16:13',0,'2015-09-07 17:16:13','','',1,54,0,''),(68,66,84,'2015-09-07 00:00:00','',0,84,'2015-09-07 18:07:18',0,'2015-09-07 18:07:18','','',1,57,0,''),(69,67,84,'2015-09-07 00:00:00','',0,84,'2015-09-07 18:19:37',0,'2015-09-07 18:19:37','','',1,57,0,''),(70,68,89,'2015-09-13 00:00:00','',0,89,'2015-09-13 13:06:26',0,'2015-09-13 13:06:26','','',1,54,0,''),(72,70,89,'2015-09-17 00:00:00','',0,89,'2015-09-17 18:31:20',0,'2015-09-17 18:31:20','','',1,54,0,''),(74,72,89,'2015-09-25 00:00:00','',0,89,'2015-09-25 14:40:44',0,'2015-09-25 14:40:44','','',1,54,0,''),(75,73,89,'2015-09-25 00:00:00','',0,89,'2015-09-25 14:40:44',0,'2015-09-25 14:40:44','','',1,54,0,''),(76,74,89,'2015-10-01 00:00:00','',0,89,'2015-10-01 14:03:16',0,'2015-10-01 14:03:16','','',1,54,0,''),(77,75,84,'2015-10-03 00:00:00','',0,84,'2015-10-03 12:50:45',0,'2015-10-03 12:50:45','','',1,57,0,''),(78,76,84,'2015-10-04 00:00:00','',0,84,'2015-10-04 14:27:46',0,'2015-10-04 14:27:46','','',1,57,0,''),(79,77,89,'2015-10-04 00:00:00','',0,89,'2015-10-04 18:49:32',0,'2015-10-04 18:49:32','','',1,54,0,''),(80,78,89,'2015-10-04 00:00:00','',0,89,'2015-10-04 19:05:52',0,'2015-10-04 19:05:52','','',1,54,0,''),(81,79,89,'2015-10-04 00:00:00','',0,89,'2015-10-04 19:06:50',0,'2016-01-08 13:31:00','','',2,54,0,''),(82,80,89,'2015-10-04 00:00:00','',0,89,'2015-10-04 19:07:44',0,'2015-10-04 19:07:44','','',1,54,0,''),(83,81,89,'2015-10-04 00:00:00','',0,89,'2015-10-04 19:08:31',0,'2015-10-04 19:08:31','','',1,54,0,''),(84,82,89,'2015-10-04 00:00:00','',0,89,'2015-10-04 19:09:52',0,'2015-10-04 19:09:52','','',1,54,0,''),(85,83,89,'2015-10-04 00:00:00','',0,89,'2015-10-04 19:11:11',0,'2015-10-04 19:11:11','','',1,54,0,''),(86,84,89,'2015-10-04 00:00:00','',0,89,'2015-10-04 19:12:51',0,'2015-10-04 19:12:51','','',1,54,0,''),(87,85,89,'2015-10-04 00:00:00','',0,89,'2015-10-04 19:13:52',0,'2015-10-04 19:13:52','','',1,54,0,''),(88,86,89,'2015-10-04 00:00:00','',0,89,'2015-10-04 19:14:39',0,'2015-10-04 19:14:39','','',1,54,0,''),(89,87,89,'2015-10-04 00:00:00','',0,89,'2015-10-04 19:15:51',0,'2015-10-04 19:15:51','','',1,54,0,''),(90,88,89,'2015-10-04 00:00:00','',0,89,'2015-10-04 19:17:48',0,'2015-10-04 19:17:48','','',1,54,0,''),(91,89,89,'2015-10-04 00:00:00','',0,89,'2015-10-04 19:21:31',0,'2015-10-04 19:21:31','','',1,54,0,''),(92,90,89,'2015-10-04 00:00:00','',0,89,'2015-10-04 19:23:10',0,'2015-10-04 19:23:10','','',1,54,0,''),(93,91,89,'2015-10-04 00:00:00','',0,89,'2015-10-04 19:24:30',0,'2015-10-04 19:24:30','','',1,54,0,''),(94,92,89,'2015-10-04 00:00:00','',0,89,'2015-10-04 19:26:56',0,'2015-10-04 19:26:56','','',1,54,0,''),(95,93,89,'2015-10-04 00:00:00','',0,89,'2015-10-04 19:28:02',0,'2015-10-04 19:28:02','','',1,54,0,''),(96,94,89,'2015-10-04 00:00:00','',0,89,'2015-10-04 19:29:19',0,'2015-10-04 19:29:19','','',1,54,0,''),(97,95,89,'2015-10-04 00:00:00','',0,89,'2015-10-04 19:32:33',0,'2015-10-04 19:32:33','','',1,54,0,''),(98,96,89,'2015-10-04 00:00:00','',0,89,'2015-10-04 19:33:25',0,'2015-10-04 19:33:25','','',1,54,0,''),(99,97,89,'2015-10-04 00:00:00','',0,89,'2015-10-04 19:34:08',0,'2015-10-04 19:34:08','','',1,54,0,''),(100,98,89,'2015-10-04 00:00:00','',0,89,'2015-10-04 19:35:03',0,'2015-10-04 19:35:03','','',1,54,0,''),(101,99,89,'2015-10-04 00:00:00','',0,89,'2015-10-04 19:36:10',0,'2015-10-04 19:36:10','','',1,54,0,''),(102,100,89,'2015-10-04 00:00:00','',0,89,'2015-10-04 19:39:57',0,'2015-10-04 19:39:57','','',1,54,0,''),(103,101,89,'2015-10-04 00:00:00','',0,89,'2015-10-04 19:41:19',0,'2015-10-04 19:41:19','','',1,54,0,''),(104,102,89,'2015-10-04 00:00:00','',0,89,'2015-10-04 19:45:25',0,'2015-12-28 15:02:52','','',2,54,0,''),(105,103,84,'2015-10-05 00:00:00','',0,84,'2015-10-05 11:10:27',0,'2015-10-05 11:10:27','','',1,57,0,''),(106,104,84,'2015-10-05 00:00:00','',0,84,'2015-10-05 11:33:58',0,'2015-10-05 11:33:58','','',1,57,0,''),(107,105,84,'2015-10-06 00:00:00','',0,84,'2015-10-06 12:28:22',0,'2015-10-06 12:28:22','','',1,57,0,''),(108,106,84,'2015-10-06 00:00:00','',0,84,'2015-10-06 13:24:31',0,'2015-10-06 13:24:31','','',1,57,0,''),(109,107,84,'2015-10-06 00:00:00','',0,84,'2015-10-06 13:31:25',0,'2015-10-06 13:31:25','','',1,57,0,''),(110,108,84,'2015-10-07 00:00:00','',0,84,'2015-10-07 16:59:09',0,'2015-10-07 16:59:09','','',1,57,0,''),(111,109,89,'2015-10-09 00:00:00','',0,89,'2015-10-09 12:40:38',0,'2015-10-09 12:40:38','','',1,54,0,''),(112,110,89,'2015-10-10 00:00:00','',0,89,'2015-10-10 12:47:24',0,'2015-10-10 12:47:24','','',1,54,0,''),(113,111,89,'2015-10-10 00:00:00','',0,89,'2015-10-10 12:56:48',0,'2015-10-10 12:56:48','','',1,54,0,''),(114,112,84,'2015-10-12 00:00:00','',0,84,'2015-10-12 11:35:10',0,'2015-10-12 11:35:10','','',1,57,0,''),(115,113,89,'2015-10-12 00:00:00','',0,89,'2015-10-12 20:01:29',0,'2015-10-12 20:01:29','','',1,54,0,''),(116,114,91,'2015-10-13 00:00:00','',0,91,'2015-10-13 12:10:49',0,'2015-10-13 12:10:49','','',1,51,0,''),(117,115,84,'2015-10-13 00:00:00','',0,84,'2015-10-13 15:34:05',0,'2015-10-13 15:34:05','','',1,57,0,''),(118,116,84,'2015-10-14 00:00:00','',0,84,'2015-10-14 15:12:59',0,'2015-10-14 15:12:59','','',1,57,0,''),(119,117,89,'2015-10-14 00:00:00','',0,89,'2015-10-14 19:59:33',0,'2015-10-14 19:59:33','','',1,54,0,''),(120,118,89,'2015-10-15 00:00:00','',0,89,'2015-10-15 17:16:15',0,'2015-10-15 17:16:15','','',1,54,0,'');

--
-- Table structure for table `EnquiryTypeMaster`
--

CREATE TABLE `EnquiryTypeMaster` (
  `Id` int NOT NULL AUTO_INCREMENT,
  `TypeOfEnquiry` varchar(255) COLLATE utf8mb4_general_ci DEFAULT NULL,
  `Remarks` text COLLATE utf8mb4_general_ci,
  `CreatedBy` double DEFAULT NULL,
  `CreatedDate` varchar(50) COLLATE utf8mb4_general_ci DEFAULT NULL,
  `ModifiedBy` double DEFAULT NULL,
  `ModifiedDate` varchar(50) COLLATE utf8mb4_general_ci DEFAULT NULL,
  `Status` double DEFAULT NULL,
  `ISACTIVE` varchar(10) COLLATE utf8mb4_general_ci DEFAULT NULL,
  `IPAddress` varchar(20) COLLATE utf8mb4_general_ci DEFAULT NULL,
  PRIMARY KEY (`Id`)
) ENGINE=InnoDB AUTO_INCREMENT=10 DEFAULT CHARSET=utf8mb4 COLLATE=utf8mb4_general_ci;

--
-- Dumping data for table `EnquiryTypeMaster`
--

INSERT INTO `EnquiryTypeMaster` VALUES (1,'Phone','new',1,'2014-07-17 07:40:26',1,'2014-07-17 09:29:23',1,'NotActive','183.82.3.252'),(2,'Walk-in','grg',1,'2014-07-17 09:31:12',1,'2014-07-17 10:47:32',1,'NotActive','183.82.3.252'),(9,'LEAD','LEAD',1,'',1,'',0,'','');

--
-- Table structure for table `FunctionalMaster`
--

CREATE TABLE `FunctionalMaster` (
  `Id` int NOT NULL AUTO_INCREMENT,
  `FunctionalName` varchar(255) COLLATE utf8mb4_general_ci DEFAULT NULL,
  `ParentId` varchar(100) COLLATE utf8mb4_general_ci DEFAULT NULL,
  `MenuUrl` varchar(255) COLLATE utf8mb4_general_ci DEFAULT NULL,
  `IsActive` double DEFAULT NULL,
  `Remarks` text COLLATE utf8mb4_general_ci,
  `CreatedBy` varchar(10) COLLATE utf8mb4_general_ci DEFAULT NULL,
  `CreatedDate` varchar(50) COLLATE utf8mb4_general_ci DEFAULT NULL,
  `ModifiedBy` varchar(10) COLLATE utf8mb4_general_ci DEFAULT NULL,
  `ModifiedDate` varchar(50) COLLATE utf8mb4_general_ci DEFAULT NULL,
  `classname` varchar(100) COLLATE utf8mb4_general_ci DEFAULT NULL,
  PRIMARY KEY (`Id`)
) ENGINE=InnoDB AUTO_INCREMENT=5 DEFAULT CHARSET=utf8mb4 COLLATE=utf8mb4_general_ci;

--
-- Dumping data for table `FunctionalMaster`
--

INSERT INTO `FunctionalMaster` VALUES (1,'Customer Management','','',1,'is a system for managing a company’s interactions with current and future customer','','','','','fa fa-user'),(2,'Enquiry Management','','',1,'The Enquiry Management System is designed to provide specialised and individualised follow-up to enquiries generated by all online activities. All student and parent interactions through the Enquiry Management System are tracked, stored and utilised at key points in the recruitment process.','','','','','fa fa-book'),(3,'Role Management','','',1,'','1','','','','fa fa-lock'),(4,'Billing','','',1,'Billing....','1','','','','fa fa-file-text-o');

--
-- Table structure for table `GCM`
--

CREATE TABLE `GCM` (
  `Id` int NOT NULL AUTO_INCREMENT,
  `KeyName` varchar(100) COLLATE utf8mb4_general_ci DEFAULT NULL,
  `KeyValue` text COLLATE utf8mb4_general_ci,
  `FromName` varchar(100) COLLATE utf8mb4_general_ci DEFAULT NULL,
  `IsActive` double DEFAULT NULL,
  `KeyId` varchar(100) COLLATE utf8mb4_general_ci DEFAULT NULL,
  `OrderNo` varchar(100) COLLATE utf8mb4_general_ci DEFAULT NULL,
  PRIMARY KEY (`Id`)
) ENGINE=InnoDB AUTO_INCREMENT=116 DEFAULT CHARSET=utf8mb4 COLLATE=utf8mb4_general_ci;

--
-- Dumping data for table `GCM`
--

INSERT INTO `GCM` VALUES (1,'Open','1','Enquiry',1,'1',''),(2,'Close','2','Enquiry',1,'2',''),(3,'D','3','Enquiry',1,'3',''),(4,'Cash','4','PayMode',1,'4',''),(5,'DD','5','PayMode',1,'5',''),(6,'Credit Card','6','PayMode',1,'6',''),(7,'Sodexo Coupons','7','PayMode',1,'7',''),(8,'Credit Note','8','PayMode',1,'8',''),(9,'Bank','9','PayMode',1,'9',''),(10,'Cheque','10','PayMode',1,'10',''),(11,'SendSMS','TRUE','Admin',1,'11',''),(12,'','This is Not a Final Receipt','Terms',1,'12',''),(13,'Doctor','Doctor','EmpRoleType',1,'13',''),(14,'AssDoctor','DoctorAsst','EmpRoleType',1,'14',''),(15,'Dietitian','Dietitian','EmpRoleType',1,'15',''),(16,'Therapist','Therapist','EmpRoleType',1,'16',''),(17,'ServiceBy','ServiceBy','EmpRoleType',1,'17',''),(18,'TeleCaller','TeleCaller','EmpRoleType',1,'18',''),(19,'Consultant','Consultant','EmpRoleType',1,'19',''),(20,'Before Weight','Before Weight','SlimSessionProperties',1,'20',''),(21,'After Weight','After Weight','SlimSessionProperties',1,'21',''),(22,'2000','x','Denomination',1,'22',''),(23,'1000','x','Denomination',1,'23',''),(24,'500','x','Denomination',1,'24',''),(25,'200','x','Denomination',1,'25',''),(26,'100','x','Denomination',1,'26',''),(27,'50','x','Denomination',1,'27',''),(28,'20','x','Denomination',1,'28',''),(29,'10','x','Denomination',1,'29',''),(30,'5','x','Denomination',1,'30',''),(31,'Successful','Successful','SlimSuccessStatus',1,'31',''),(32,'UnSuccessful','UnSuccessful','SlimSuccessStatus',1,'32',''),(53,'1','10','BCAMRange',1,'33',''),(54,'SessionImage','SessionImage','SessionImage',1,'34',''),(55,'Early morning\r\n','0.25','DietChart',1,'35',''),(56,'Breakfast','0.3541666666666667','DietChart',1,'36',''),(57,'Mid Morning\r\n','0.4583333333333333','DietChart',1,'37',''),(58,'Lunch\r\n','0.5625','DietChart',1,'38',''),(59,'Supper','0.5833333333333334','DietChart',1,'39',''),(60,'Evening','0.7083333333333334','DietChart',1,'40',''),(61,'Dinner','0.8541666666666666','DietChart',1,'41',''),(62,'Sunday','Sunday','Days',1,'42',''),(63,'Monday','Monday','Days',1,'43',''),(64,'Tuesday','Tuesday','Days',1,'44',''),(65,'Wednesday','Wednesday','Days',1,'45',''),(66,'Thursday','Thursday','Days',1,'46',''),(67,'Friday','Friday','Days',1,'47',''),(68,'Saturday','Saturday','Days',1,'48',''),(69,'Opening','Opening','CheckList',1,'49',''),(70,'Closing','Closing','CheckList',1,'50',''),(71,'AllDay','AllDay','CheckList',1,'51',''),(72,'Active','Active','CancelStatus',1,'52',''),(73,'Requested','Requested','CancelStatus',1,'53',''),(74,'Canceled','Canceled','CancelStatus',1,'54',''),(75,'Rejected','Rejected','CancelStatus',1,'55',''),(76,'Share Incentive','ShareIncentive','EmpRoleType',1,'56',''),(77,'Rebooking','Rebooking','EmpRoleType',1,'57',''),(78,'Todays Sales Report','Todays Sales Report','JobScheduler',1,'58',''),(79,'This Month Sales Report','This Month Sales Report','JobScheduler',1,'59',''),(80,'Todays Followup Report','Todays Followup Report','JobScheduler',1,'60',''),(81,'Todays Treatment Report','Todays Treatment Report','JobScheduler',1,'61',''),(82,'This Month Treatment Report','This Month Treatment Report','JobScheduler',1,'62',''),(83,'ReportLogo','~/Images/Welonalogo.png','ReportLogo',1,'63',''),(84,'CompanyName','W E L O N A','CompanyName',1,'64',''),(85,'OrganizationName','Welona Health Care Pvt Ltd','OrganizationName',1,'65',''),(86,'CompanyLogo','../../Images/Welonalogo.png','CompanyLogo',1,'66',''),(87,'Other Paymode','Other Paymode','PayMode ',1,'67',''),(88,'Copyright','Copyright 2015 © M/S Welona Health Care Pvt Ltd. All rights reserved.','Copyright',1,'68',''),(94,'Breaked','Breaked','BreakPackage',1,'69',''),(97,'BreakLetter','THIS IS TO INFORM THAT MR.S./ MR / MS   [CustomerName] HAS BEEN GIVEN A BREAK FROM THE WEIGHT LOSS  PROGRAMME FROM  [BreakDate]  TO [RenewalDate] (DATES INCLUDES), SHE / HE JOINED US FOR KGS. [BeforeWT] WEIGHT LOSS PROGRAMME AND SHE / HE HAS LOST  KGS. [ReducedWeight] AND FINISHED . AND WILL JOIN US BACK FOR THE  REMAINNING AFTER THE BREAK PERIOD.','BreakLetter',1,'70',''),(101,'Terms&Condtions','Terms And Conditions  *********************************  (1)THIS PAYMENT IS NON REFUNDABLE AND NON TRANSFERABLE.  (2)THIS RECEIPT IS VALID ONLY FOR SIX MONTHS.  (3)SUBJECT To Chennai JURISDICTION ONLY E.&O.E.  (4)For Any Feedback/Suggestions/Complaints.  welona1234@gmail.com.','Terms&Condtions',1,'71',''),(102,'CompanySignature','Sign For Welona','CompanySignature',1,'72',''),(103,'Intersted ','Intersted ','FeedBackStatus',1,'73',''),(104,'NotIntersted ','NotIntersted ','FeedBackStatus',1,'74',''),(105,'NotAnswered','NotAnswered','FeedBackStatus',1,'75',''),(106,'HR','HR','EmpRoleType',1,'76',''),(107,'ADMIN','Admin','EmpRoleType',1,'77',''),(108,'Physio','Physio','EmpRoleType',1,'78',''),(109,'Good','Good','SessionResult',1,'79',''),(110,'Average','Average','SessionResult',1,'80',''),(111,'Excellent','Excellent','SessionResult',1,'81',''),(112,'InBond','InBond','SaleType',1,'82',''),(113,'OutBond','OutBond','SaleType',1,'83',''),(114,'2','x','Denomination',1,'84',''),(115,'1','x','Denomination',1,'85','');

--
-- Table structure for table `Incentives`
--

CREATE TABLE `Incentives` (
  `Id` int NOT NULL AUTO_INCREMENT,
  `TypeOfIncentive` varchar(100) COLLATE utf8mb4_general_ci DEFAULT NULL,
  `Percentage` double DEFAULT NULL,
  `TargetAmount` double DEFAULT NULL,
  `Remarks` text COLLATE utf8mb4_general_ci,
  `Status` double DEFAULT NULL,
  `CreatedBy` double DEFAULT NULL,
  `CreatedDate` varchar(50) COLLATE utf8mb4_general_ci DEFAULT NULL,
  `ModifiedBy` varchar(10) COLLATE utf8mb4_general_ci DEFAULT NULL,
  `ModifiedDate` varchar(50) COLLATE utf8mb4_general_ci DEFAULT NULL,
  `ISACTIVE` varchar(10) COLLATE utf8mb4_general_ci DEFAULT NULL,
  `IPAddress` varchar(20) COLLATE utf8mb4_general_ci DEFAULT NULL,
  PRIMARY KEY (`Id`)
) ENGINE=InnoDB AUTO_INCREMENT=3 DEFAULT CHARSET=utf8mb4 COLLATE=utf8mb4_general_ci;

--
-- Dumping data for table `Incentives`
--

INSERT INTO `Incentives` VALUES (1,'special',10,20000,'Special',1,1,'2015-02-11 06:41:51','','','NotActive','122.169.131.209'),(2,'overtime',5,25000,'Overtime',1,1,'2015-02-11 06:43:08','','','NotActive','122.169.131.209');

--
-- Table structure for table `IndentProducts`
--

CREATE TABLE `IndentProducts` (
  `Id` int NOT NULL AUTO_INCREMENT,
  `IndentId_Fk` double DEFAULT NULL,
  `ProductCategoryId_Fk` double DEFAULT NULL,
  `ProdcutId_Fk` double DEFAULT NULL,
  `UnitsId_Fk` double DEFAULT NULL,
  `Quantity` double DEFAULT NULL,
  `Price` double DEFAULT NULL,
  `Amount` double DEFAULT NULL,
  `Status` double DEFAULT NULL,
  `IsActive` varchar(10) COLLATE utf8mb4_general_ci DEFAULT NULL,
  `IPAddress` varchar(20) COLLATE utf8mb4_general_ci DEFAULT NULL,
  PRIMARY KEY (`Id`)
) ENGINE=InnoDB AUTO_INCREMENT=14 DEFAULT CHARSET=utf8mb4 COLLATE=utf8mb4_general_ci;

--
-- Dumping data for table `IndentProducts`
--

INSERT INTO `IndentProducts` VALUES (1,1,1,1,1,1,2500,2500,0,'Temp','122.169.170.247'),(2,1,1,1,1,2,2500,5000,0,'Temp','122.169.170.247'),(3,1,1,1,1,2,2500,5000,0,'Temp','122.169.170.247'),(4,1,1,1,1,3,2500,7500,0,'Temp','122.169.170.247'),(5,1,1,1,1,2,2500,5000,0,'Temp','122.169.170.247'),(6,1,1,1,1,3,2500,7500,0,'Temp','122.169.170.247'),(7,2,2,2,1,1,4444,4444,0,'Temp','122.169.170.247'),(8,2,2,2,1,2,4444,8888,0,'Temp','122.169.170.247'),(9,3,1,1,1,2,2500,5000,1,'Temp','122.169.170.247'),(10,1,1,1,1,1,2500,2500,0,'Temp','122.169.170.247'),(11,1,1,1,1,12,2500,30000,0,'Temp','122.169.170.247'),(12,2,2,2,1,1,4444,4444,1,'Temp','122.169.170.247'),(13,1,1,1,1,2,2500,5000,1,'Temp','122.169.170.247');

--
-- Table structure for table `Indents`
--

CREATE TABLE `Indents` (
  `Id` int NOT NULL AUTO_INCREMENT,
  `IndentID` double DEFAULT NULL,
  `IndentDate` varchar(50) COLLATE utf8mb4_general_ci DEFAULT NULL,
  `BranchId` double DEFAULT NULL,
  `TotalAmount` double DEFAULT NULL,
  `CreatedBy` double DEFAULT NULL,
  `CreatedDate` varchar(50) COLLATE utf8mb4_general_ci DEFAULT NULL,
  `ModifiedBy` double DEFAULT NULL,
  `ModifiedDate` varchar(50) COLLATE utf8mb4_general_ci DEFAULT NULL,
  `Status` double DEFAULT NULL,
  `IsActive` varchar(10) COLLATE utf8mb4_general_ci DEFAULT NULL,
  `IPAddress` varchar(20) COLLATE utf8mb4_general_ci DEFAULT NULL,
  PRIMARY KEY (`Id`)
) ENGINE=InnoDB AUTO_INCREMENT=4 DEFAULT CHARSET=utf8mb4 COLLATE=utf8mb4_general_ci;

--
-- Dumping data for table `Indents`
--

INSERT INTO `Indents` VALUES (1,300,'2015-02-19 00:00:00',1,5000,1,'2015-02-19 15:37:13',1,'2015-02-19 16:13:06',1,'Temp','122.169.170.247'),(2,301,'2015-02-19 00:00:00',1,4444,1,'2015-02-19 16:03:01',1,'2015-02-19 16:11:43',1,'Temp','122.169.170.247'),(3,302,'2015-02-19 00:00:00',1,5000,1,'2015-02-19 16:03:27',0,'',1,'Temp','122.169.170.247');

--
-- Table structure for table `JobScheduler`
--

CREATE TABLE `JobScheduler` (
  `Id` int NOT NULL AUTO_INCREMENT,
  `EmployeeId` double DEFAULT NULL,
  `MobileNumber` double DEFAULT NULL,
  `EmailAddress` varchar(100) COLLATE utf8mb4_general_ci DEFAULT NULL,
  `ReportType` double DEFAULT NULL,
  `Mobile` double DEFAULT NULL,
  `Email` double DEFAULT NULL,
  `CreatedBy` double DEFAULT NULL,
  `CreatedDate` varchar(50) COLLATE utf8mb4_general_ci DEFAULT NULL,
  `ModifiedBy` double DEFAULT NULL,
  `ModifiedDate` varchar(50) COLLATE utf8mb4_general_ci DEFAULT NULL,
  `IsActive` double DEFAULT NULL,
  PRIMARY KEY (`Id`)
) ENGINE=InnoDB AUTO_INCREMENT=10 DEFAULT CHARSET=utf8mb4 COLLATE=utf8mb4_general_ci;

--
-- Dumping data for table `JobScheduler`
--

INSERT INTO `JobScheduler` VALUES (3,24,9999999999,'venu',0,1,0,0,'2015-06-30 15:51:37',0,'2015-06-30 15:51:37',1),(4,42,9639639632,'ramya@gmail.com',0,0,1,0,'2015-06-30 15:52:11',0,'2015-06-30 15:52:24',0),(5,37,9959121987,'charan.cherry2@gmail.com',0,0,1,0,'2015-06-30 15:52:44',0,'2015-06-30 16:29:09',0),(6,42,9639639632,'ramya@gmail.com',0,0,1,0,'2015-06-30 16:11:12',0,'2015-06-30 16:11:12',1),(7,0,0,'xcx',0,0,0,0,'2015-07-06 17:23:07',0,'2015-07-06 17:23:07',1),(8,0,0,'',0,0,0,0,'2015-07-06 17:23:25',0,'2015-07-06 17:23:25',1),(9,0,0,'',0,0,0,0,'2015-07-06 17:23:30',0,'2015-07-06 17:23:30',1);

--
-- Table structure for table `JobSchedulerDetails`
--

CREATE TABLE `JobSchedulerDetails` (
  `Id` int NOT NULL AUTO_INCREMENT,
  `JobId` double DEFAULT NULL,
  `BranchId` double DEFAULT NULL,
  `CreatedBy` double DEFAULT NULL,
  `CreatedDate` varchar(50) COLLATE utf8mb4_general_ci DEFAULT NULL,
  `ModifiedBy` double DEFAULT NULL,
  `ModifiedDate` varchar(50) COLLATE utf8mb4_general_ci DEFAULT NULL,
  `IsActive` double DEFAULT NULL,
  PRIMARY KEY (`Id`)
) ENGINE=InnoDB AUTO_INCREMENT=134 DEFAULT CHARSET=utf8mb4 COLLATE=utf8mb4_general_ci;

--
-- Dumping data for table `JobSchedulerDetails`
--

INSERT INTO `JobSchedulerDetails` VALUES (34,3,39,0,'2015-06-30 15:18:31',0,'2015-06-30 15:18:31',1),(35,3,34,0,'2015-06-30 15:18:31',0,'2015-06-30 15:18:31',0),(36,3,32,0,'2015-06-30 15:18:31',0,'2015-06-30 15:18:31',0),(37,3,31,0,'2015-06-30 15:18:31',0,'2015-06-30 15:18:31',0),(38,3,30,0,'2015-06-30 15:18:31',0,'2015-06-30 15:18:31',0),(39,3,29,0,'2015-06-30 15:18:31',0,'2015-06-30 15:18:31',0),(40,3,27,0,'2015-06-30 15:18:32',0,'2015-06-30 15:18:32',0),(41,3,24,0,'2015-06-30 15:18:32',0,'2015-06-30 15:18:32',0),(42,3,20,0,'2015-06-30 15:18:32',0,'2015-06-30 15:18:32',0),(43,3,19,0,'2015-06-30 15:18:32',0,'2015-06-30 15:18:32',0),(44,3,13,0,'2015-06-30 15:18:32',0,'2015-06-30 15:18:32',0),(45,3,8,0,'2015-06-30 15:18:32',0,'2015-06-30 15:18:32',0),(46,3,6,0,'2015-06-30 15:18:33',0,'2015-06-30 15:18:33',0),(47,3,5,0,'2015-06-30 15:18:33',0,'2015-06-30 15:18:33',0),(48,3,4,0,'2015-06-30 15:18:33',0,'2015-06-30 15:18:33',0),(49,3,2,0,'2015-06-30 15:18:33',0,'2015-06-30 15:18:33',0),(50,3,1,0,'2015-06-30 15:18:33',0,'2015-06-30 15:18:33',0),(51,4,39,0,'2015-06-30 15:52:12',0,'2015-06-30 15:52:12',0),(52,4,34,0,'2015-06-30 15:52:12',0,'2015-06-30 15:52:12',0),(53,4,32,0,'2015-06-30 15:52:12',0,'2015-06-30 15:52:12',0),(54,4,31,0,'2015-06-30 15:52:12',0,'2015-06-30 15:52:12',0),(55,4,30,0,'2015-06-30 15:52:12',0,'2015-06-30 15:52:12',0),(56,4,29,0,'2015-06-30 15:52:12',0,'2015-06-30 15:52:12',0),(57,4,27,0,'2015-06-30 15:52:13',0,'2015-06-30 15:52:13',0),(58,4,24,0,'2015-06-30 15:52:13',0,'2015-06-30 15:52:13',0),(59,4,20,0,'2015-06-30 15:52:13',0,'2015-06-30 15:52:13',0),(60,4,19,0,'2015-06-30 15:52:13',0,'2015-06-30 15:52:13',0),(61,4,13,0,'2015-06-30 15:52:13',0,'2015-06-30 15:52:13',0),(62,4,8,0,'2015-06-30 15:52:13',0,'2015-06-30 15:52:13',0),(63,4,6,0,'2015-06-30 15:52:14',0,'2015-06-30 15:52:14',0),(64,4,5,0,'2015-06-30 15:52:14',0,'2015-06-30 15:52:14',0),(65,4,4,0,'2015-06-30 15:52:14',0,'2015-06-30 15:52:14',0),(66,4,2,0,'2015-06-30 15:52:14',0,'2015-06-30 15:52:14',0),(67,4,1,0,'2015-06-30 15:52:14',0,'2015-06-30 15:52:14',1),(68,5,39,0,'2015-06-30 15:52:45',0,'2015-06-30 15:52:45',0),(69,5,34,0,'2015-06-30 15:52:45',0,'2015-06-30 15:52:45',0),(70,5,32,0,'2015-06-30 15:52:45',0,'2015-06-30 15:52:45',0),(71,5,31,0,'2015-06-30 15:52:45',0,'2015-06-30 15:52:45',0),(72,5,30,0,'2015-06-30 15:52:45',0,'2015-06-30 15:52:45',0),(73,5,29,0,'2015-06-30 15:52:45',0,'2015-06-30 15:52:45',0),(74,5,27,0,'2015-06-30 15:52:46',0,'2015-06-30 15:52:46',0),(75,5,24,0,'2015-06-30 15:52:46',0,'2015-06-30 15:52:46',0),(76,5,20,0,'2015-06-30 15:52:46',0,'2015-06-30 15:52:46',0),(77,5,19,0,'2015-06-30 15:52:46',0,'2015-06-30 15:52:46',0),(78,5,13,0,'2015-06-30 15:52:46',0,'2015-06-30 15:52:46',0),(79,5,8,0,'2015-06-30 15:52:46',0,'2015-06-30 15:52:46',0),(80,5,6,0,'2015-06-30 15:52:47',0,'2015-06-30 15:52:47',0),(81,5,5,0,'2015-06-30 15:52:47',0,'2015-06-30 15:52:47',0),(82,5,4,0,'2015-06-30 15:52:47',0,'2015-06-30 15:52:47',0),(83,5,2,0,'2015-06-30 15:52:47',0,'2015-06-30 15:52:47',0),(84,5,1,0,'2015-06-30 15:52:47',0,'2015-06-30 15:52:47',1),(85,6,39,0,'2015-06-30 16:10:50',0,'2015-06-30 16:10:50',0),(86,6,34,0,'2015-06-30 16:10:51',0,'2015-06-30 16:10:51',1),(87,6,32,0,'2015-06-30 16:10:51',0,'2015-06-30 16:10:51',1),(88,6,31,0,'2015-06-30 16:10:51',0,'2015-06-30 16:10:51',0),(89,6,30,0,'2015-06-30 16:10:51',0,'2015-06-30 16:10:51',0),(90,6,29,0,'2015-06-30 16:10:51',0,'2015-06-30 16:10:51',0),(91,6,27,0,'2015-06-30 16:10:51',0,'2015-06-30 16:10:51',0),(92,6,24,0,'2015-06-30 16:10:52',0,'2015-06-30 16:10:52',0),(93,6,20,0,'2015-06-30 16:10:52',0,'2015-06-30 16:10:52',0),(94,6,19,0,'2015-06-30 16:10:52',0,'2015-06-30 16:10:52',0),(95,6,13,0,'2015-06-30 16:10:52',0,'2015-06-30 16:10:52',0),(96,6,8,0,'2015-06-30 16:10:52',0,'2015-06-30 16:10:52',0),(97,6,6,0,'2015-06-30 16:10:53',0,'2015-06-30 16:10:53',0),(98,6,5,0,'2015-06-30 16:10:53',0,'2015-06-30 16:10:53',0),(99,6,4,0,'2015-06-30 16:10:53',0,'2015-06-30 16:10:53',0),(100,6,2,0,'2015-06-30 16:10:53',0,'2015-06-30 16:10:53',0),(101,6,1,0,'2015-06-30 16:10:53',0,'2015-06-30 16:10:53',0),(102,7,46,0,'2015-07-06 17:23:07',0,'2015-07-06 17:23:07',0),(103,7,39,0,'2015-07-06 17:23:08',0,'2015-07-06 17:23:08',0),(104,7,34,0,'2015-07-06 17:23:08',0,'2015-07-06 17:23:08',0),(105,7,32,0,'2015-07-06 17:23:08',0,'2015-07-06 17:23:08',0),(106,7,31,0,'2015-07-06 17:23:08',0,'2015-07-06 17:23:08',0),(107,7,30,0,'2015-07-06 17:23:08',0,'2015-07-06 17:23:08',0),(108,7,29,0,'2015-07-06 17:23:09',0,'2015-07-06 17:23:09',0),(109,7,27,0,'2015-07-06 17:23:09',0,'2015-07-06 17:23:09',0),(110,7,24,0,'2015-07-06 17:23:09',0,'2015-07-06 17:23:09',0),(111,7,20,0,'2015-07-06 17:23:09',0,'2015-07-06 17:23:09',0),(112,7,19,0,'2015-07-06 17:23:09',0,'2015-07-06 17:23:09',0),(113,7,13,0,'2015-07-06 17:23:09',0,'2015-07-06 17:23:09',0),(114,7,8,0,'2015-07-06 17:23:10',0,'2015-07-06 17:23:10',0),(115,7,6,0,'2015-07-06 17:23:10',0,'2015-07-06 17:23:10',0),(116,7,5,0,'2015-07-06 17:23:10',0,'2015-07-06 17:23:10',0),(117,7,4,0,'2015-07-06 17:23:10',0,'2015-07-06 17:23:10',0),(118,7,2,0,'2015-07-06 17:23:10',0,'2015-07-06 17:23:10',0),(119,7,1,0,'2015-07-06 17:23:11',0,'2015-07-06 17:23:11',0),(120,8,46,0,'2015-07-06 17:23:25',0,'2015-07-06 17:23:25',0),(121,8,39,0,'2015-07-06 17:23:25',0,'2015-07-06 17:23:25',0),(122,8,34,0,'2015-07-06 17:23:26',0,'2015-07-06 17:23:26',0),(123,8,32,0,'2015-07-06 17:23:26',0,'2015-07-06 17:23:26',0),(124,8,31,0,'2015-07-06 17:23:26',0,'2015-07-06 17:23:26',0),(125,8,30,0,'2015-07-06 17:23:26',0,'2015-07-06 17:23:26',0),(126,8,29,0,'2015-07-06 17:23:26',0,'2015-07-06 17:23:26',0),(127,8,27,0,'2015-07-06 17:23:27',0,'2015-07-06 17:23:27',0),(128,8,24,0,'2015-07-06 17:23:27',0,'2015-07-06 17:23:27',0),(129,8,20,0,'2015-07-06 17:23:27',0,'2015-07-06 17:23:27',0),(130,8,19,0,'2015-07-06 17:23:27',0,'2015-07-06 17:23:27',0),(131,8,13,0,'2015-07-06 17:23:27',0,'2015-07-06 17:23:27',0),(132,8,8,0,'2015-07-06 17:23:27',0,'2015-07-06 17:23:27',0),(133,8,6,0,'2015-07-06 17:23:28',0,'2015-07-06 17:23:28',0);

--
-- Table structure for table `JobSchedulerReport`
--

CREATE TABLE `JobSchedulerReport` (
  `Id` int NOT NULL AUTO_INCREMENT,
  `JobId` double DEFAULT NULL,
  `ReportType` double DEFAULT NULL,
  `IsActive` double DEFAULT NULL,
  PRIMARY KEY (`Id`)
) ENGINE=InnoDB AUTO_INCREMENT=36 DEFAULT CHARSET=utf8mb4 COLLATE=utf8mb4_general_ci;

--
-- Dumping data for table `JobSchedulerReport`
--

INSERT INTO `JobSchedulerReport` VALUES (1,3,62,1),(2,3,61,0),(3,3,60,1),(4,3,59,0),(5,3,58,0),(6,4,62,0),(7,4,61,0),(8,4,60,0),(9,4,59,0),(10,4,58,1),(11,5,62,0),(12,5,61,0),(13,5,60,0),(14,5,59,0),(15,5,58,1),(16,6,62,0),(17,6,61,1),(18,6,60,1),(19,6,59,0),(20,6,58,0),(21,7,62,0),(22,7,61,0),(23,7,60,0),(24,7,59,0),(25,7,58,0),(26,8,62,0),(27,8,61,0),(28,8,60,0),(29,8,59,0),(30,8,58,0),(31,9,62,0),(32,9,61,0),(33,9,60,0),(34,9,59,0),(35,9,58,0);

--
-- Table structure for table `Ledger`
--

CREATE TABLE `Ledger` (
  `Id` int NOT NULL AUTO_INCREMENT,
  `LedgerName` varchar(255) COLLATE utf8mb4_general_ci DEFAULT NULL,
  `AccountType` varchar(100) COLLATE utf8mb4_general_ci DEFAULT NULL,
  `LedgerType` varchar(100) COLLATE utf8mb4_general_ci DEFAULT NULL,
  `IsActive` double DEFAULT NULL,
  `CreatedBy` double DEFAULT NULL,
  `CreatedDate` varchar(50) COLLATE utf8mb4_general_ci DEFAULT NULL,
  `ModifiedBy` double DEFAULT NULL,
  `ModifiedDate` varchar(50) COLLATE utf8mb4_general_ci DEFAULT NULL,
  `Remarks` text COLLATE utf8mb4_general_ci,
  `IPAddress` varchar(20) COLLATE utf8mb4_general_ci DEFAULT NULL,
  PRIMARY KEY (`Id`)
) ENGINE=InnoDB AUTO_INCREMENT=10155 DEFAULT CHARSET=utf8mb4 COLLATE=utf8mb4_general_ci;

--
-- Dumping data for table `Ledger`
--

INSERT INTO `Ledger` VALUES (26,'Diesel','Expenses','Debit',1,1,'2015-03-23 19:56:27',0,'2015-03-23 19:56:27','',''),(27,'Milk','Expenses','Debit',1,1,'2015-03-23 19:58:57',1,'2015-03-27 12:46:54','for milk',''),(28,'milk','expense1','',0,1,'2015-03-27 11:37:10',0,'2015-03-27 11:37:10','',''),(29,'Watter','Expenses','',0,1,'2015-03-27 11:53:01',0,'2015-03-27 11:53:02','',''),(30,'ICICI','Banks','',1,1,'2015-03-27 11:54:20',1,'2015-03-27 13:00:35','fsdf',''),(31,'ICICI','Banks','',0,1,'2015-03-27 12:22:30',0,'2015-03-27 12:22:31','',''),(32,'fgdfg','Expanses','',0,1,'2015-03-27 12:32:57',0,'2015-03-27 12:32:58','gdfdhdgh',''),(33,'lemon','Expenses','',1,1,'2015-03-27 18:47:55',0,'2015-03-27 18:47:55','lemon',''),(34,'pooja','Expenses','',1,1,'2015-03-27 18:48:13',0,'2015-03-27 18:48:13','pooja',''),(35,'conveyance','Expenses','',1,1,'2015-03-27 18:48:26',0,'2015-03-27 18:48:26','conveyance',''),(36,'training','Expenses','',1,1,'2015-03-27 18:48:38',0,'2015-03-27 18:48:38','training',''),(37,'Staff Birthday','Expenses','',1,1,'2015-03-27 18:48:53',1,'2017-04-02 00:57:25','birthday',''),(38,'HDFC BANK','Banks','',1,1,'2015-03-30 10:07:33',0,'2015-03-30 10:07:33','GH',''),(39,'SBI','Banks','',1,1,'2015-04-01 17:37:35',0,'2015-04-01 17:37:35','FDF',''),(40,'SBH','Banks','',1,1,'2015-04-01 17:37:53',0,'2015-04-01 17:37:53','DGH',''),(41,'nhh','Banks','',0,1,'2015-07-17 15:00:39',0,'2015-07-17 15:00:39','hh',''),(42,'rt','Expenses','',0,1,'2015-07-17 17:04:35',0,'2015-07-17 17:04:38','v',''),(43,'sdsd','Expenses','',0,1,'2015-07-17 17:15:13',0,'2015-07-17 17:15:13','n',''),(44,'zzzzz','Expenses','',0,1,'2015-07-20 17:36:39',0,'2015-07-20 17:36:39','z',''),(45,'GROCERIES','Expenses','',1,1,'2015-07-23 14:03:52',0,'2015-07-23 14:03:52','GRO',''),(46,'LAUNDARY','Expenses','',1,1,'2015-07-23 14:08:04',0,'2015-07-23 14:08:04','TOWELS',''),(47,'FRIEGHT','Expenses','',1,1,'2015-07-23 15:01:52',0,'2015-07-23 15:01:52','null',''),(48,'TRAVELLING ALLOWANCES','Expenses','',1,1,'2015-07-23 15:04:16',0,'2015-07-23 15:04:16','null',''),(49,'STAFF WELFARE','Expenses','',1,1,'2015-07-23 15:04:39',0,'2015-07-23 15:04:39','null',''),(50,'PRINTING AND STATIONERY','Expenses','',1,1,'2015-07-23 15:05:06',0,'2015-07-23 15:05:06','null',''),(51,'Branch CONSUMABLES','Expenses','',1,1,'2015-07-23 15:05:27',1,'2017-04-02 00:58:39','null',''),(52,'PRODUCTS','Expenses','',1,1,'2015-07-23 15:06:11',0,'2015-07-23 15:06:11','null',''),(53,'Building MAINTAINANCE','Expenses','',0,1,'2015-07-23 15:06:32',1,'2017-04-02 00:58:19','null',''),(54,'COURIER CHARGES','Expenses','',1,1,'2015-07-23 15:07:05',0,'2015-07-23 15:07:05','null',''),(55,'XEROX','Expenses','',1,1,'2015-07-23 15:07:29',0,'2015-07-23 15:07:29','null',''),(56,'TELEPHONE BILL','Expenses','',1,1,'2015-07-23 15:08:03',1,'2017-04-02 00:56:05','null',''),(57,'ELECTRICITY BILL','Expenses','',1,1,'2015-07-23 15:08:27',1,'2017-04-02 00:55:50','null',''),(58,'NEWSPAPER AND PERIODICALS','Expenses','',1,1,'2015-07-23 15:08:54',0,'2015-07-23 15:08:54','null',''),(59,'BUILDING MAINTAINANCE','Expenses','',1,1,'2015-07-23 15:09:22',0,'2015-07-23 15:09:22','null',''),(60,'WATER CHARGES','Expenses','',1,1,'2015-07-23 15:09:44',0,'2015-07-23 15:09:44','null',''),(61,'CABLE CHARGES','Expenses','',1,1,'2015-07-23 15:10:13',0,'2015-07-23 15:10:13','null',''),(62,'OVER TIME','Expenses','',1,1,'2015-07-23 15:10:31',0,'2015-07-23 15:10:31','null',''),(63,'INCENTIVES','Expenses','',1,1,'2015-07-23 15:10:54',0,'2015-07-23 15:10:54','null',''),(64,'INTERNET BILL','Expenses','',1,1,'2015-07-23 15:11:13',1,'2017-04-02 00:55:17','null',''),(65,'SALES PROMOTIONS ACTIVITIES','Expenses','',1,1,'2015-07-23 15:11:41',0,'2015-07-23 15:11:41','null',''),(66,'SALARY ADVANCE','Expenses','',1,1,'2015-07-23 15:12:02',0,'2015-07-23 15:12:02','null',''),(67,'SALARIES','Expenses','',1,1,'2015-07-23 15:12:22',0,'2015-07-23 15:12:22','null',''),(68,'REPAIRS AND MAINTENANCE MACHINERY','Expenses','',1,1,'2015-07-23 15:13:49',0,'2015-07-23 15:13:49','null',''),(69,'REPAIRS AND MAINTENANCE COMPUTER','Expenses','',1,1,'2015-07-23 15:14:21',0,'2015-07-23 15:14:21','null',''),(70,'REPAIRS AND MAINTENANCE PRINTER','Expenses','',1,1,'2015-07-23 15:14:58',1,'2015-07-23 15:18:30','null',''),(71,'REPAIRS AND MAINTENANCE BUILDING','Expenses','',1,1,'2015-07-23 15:15:59',0,'2015-07-23 15:15:59','null',''),(72,'USER CHARGES FOR ELECTRICITY','Expenses','',1,1,'2015-07-24 17:48:42',0,'2015-07-24 17:48:42','NULL',''),(73,'CIVIL AND SANITORY MAINTENANCE','Expenses','',1,1,'2015-07-24 17:49:06',0,'2015-07-24 17:49:06','NULL',''),(74,'ELECTRICAL MAINTANANCE','Expenses','',1,1,'2015-07-24 17:49:55',0,'2015-07-24 17:49:55','NULL',''),(75,'Building RENT Payment ','Expenses','',1,1,'2015-07-24 17:50:14',1,'2018-03-21 14:52:32','building rent or lease amount payments ',''),(76,'CORPORATE','Expenses','',0,1,'2015-07-24 17:50:30',0,'2015-07-24 17:50:30','NULL',''),(77,'Cash','Expenses','',0,1,'2016-02-06 12:58:19',1,'2016-05-07 15:15:09','null',''),(78,'expensive','bank','',0,1,'2016-02-06 13:00:38',67,'2024-01-24 05:17:05','MISC',''),(79,'CASH HAND OVER ','Expenses','',0,1,'2016-04-26 17:44:55',1,'2016-05-07 15:15:20','NULL',''),(80,'GARBAGE CLEANING','Expenses','',1,1,'2016-05-08 14:18:24',0,'2016-05-08 14:18:24','NULL',''),(81,'DTH RECHARGE','Expenses','',1,1,'2016-05-21 18:39:54',1,'2017-03-30 13:39:53','NULL',''),(82,'MARKETING expenditure','Expenses','',1,1,'2016-09-29 05:49:23',1,'2018-03-21 14:50:54','marketing related expenditure will come in this ',''),(799,'expensive','bank',NULL,NULL,24,'2024-01-23 11:13:38',67,'2024-01-29 08:05:06','MISC','::ffff:127.0.0.1'),(10082,'Cash Handover to CP AC','Expenses','',1,1,'2017-04-04 14:04:48',1,'2018-03-21 14:49:49','when you giving cash to corporate accounts  ',''),(10083,'MAINTANANCE','Expenses','',1,1,'2017-12-19 10:55:48',0,'2017-12-19 10:55:48','',''),(10084,'confidential','Expenses','',0,1,'2018-02-27 15:09:07',0,'2018-02-27 15:09:07','',''),(10085,'cash','Banks','',0,1,'2018-02-27 15:09:26',0,'2018-02-27 15:09:26','',''),(10086,'CAB ( cab booking )','Expenses','',1,1,'2018-03-21 14:56:51',0,'2018-03-21 14:56:51','cab booking for ',''),(10087,'jhgjg','Expenses','',0,1,'2024-01-03 12:07:12',67,'2024-01-26 07:38:12','ujgyjh',''),(10088,'Expenses','BANK',NULL,NULL,24,'2024-01-26 07:28:37',NULL,NULL,'miscillineous','::ffff:127.0.0.1'),(10089,'cost','BANK',NULL,NULL,24,'2024-01-26 07:40:41',NULL,NULL,'services','::ffff:127.0.0.1'),(10090,'cost','BANK',NULL,1,24,'2024-01-26 08:09:46',NULL,NULL,'services','::ffff:127.0.0.1'),(10091,'','Banks',NULL,0,1,'2024-01-26 12:21:49',1,'2024-03-04 07:47:54','tttt','::ffff:127.0.0.1'),(10092,'','Banks',NULL,1,1,'2024-01-26 12:21:49',NULL,NULL,'tttt','::ffff:127.0.0.1'),(10093,'','Expenses',NULL,0,1,'2024-01-26 12:27:46',1,'2024-01-31 12:45:59','yyyy','::ffff:127.0.0.1'),(10094,'','Bank',NULL,1,1,'2024-01-26 12:27:46',NULL,NULL,'yyyy','::ffff:127.0.0.1'),(10095,'','Bank',NULL,1,1,'2024-01-26 12:27:46',NULL,NULL,'yyyy','::ffff:127.0.0.1'),(10096,'','',NULL,1,1,'2024-01-26 12:27:46',NULL,NULL,'yyyy','::ffff:127.0.0.1'),(10097,'','Expenses',NULL,1,1,'2024-01-26 12:27:46',NULL,NULL,'yyyy','::ffff:127.0.0.1'),(10098,'','Bank',NULL,1,1,'2024-01-26 12:27:46',NULL,NULL,'yyyy','::ffff:127.0.0.1'),(10099,'','Bank',NULL,1,1,'2024-01-26 12:27:46',NULL,NULL,'yyyy','::ffff:127.0.0.1'),(10100,'','Bank',NULL,1,1,'2024-01-26 12:27:46',NULL,NULL,'yyyy','::ffff:127.0.0.1'),(10101,'','Bank',NULL,1,1,'2024-01-26 13:35:10',NULL,NULL,'yyyy','::ffff:127.0.0.1'),(10102,'','Bank',NULL,1,1,'2024-01-26 13:35:55',NULL,NULL,'yyyy','::ffff:127.0.0.1'),(10103,'','Bank',NULL,1,1,'2024-01-26 13:53:46',NULL,NULL,'yyyy','122.171.117.147'),(10104,'','Expenses',NULL,1,1,'2024-01-26 13:54:37',NULL,NULL,'yyyy','122.171.117.147'),(10105,'','Expenses',NULL,1,1,'2024-01-26 13:58:41',NULL,NULL,'yyyy','122.171.117.147'),(10106,'','Bank',NULL,1,1,'2024-01-26 14:09:05',NULL,NULL,'gfdgdffdfg','122.171.117.147'),(10107,'','Bank',NULL,1,1,'2024-01-26 15:39:45',NULL,NULL,'gfdgdffdfg','103.160.27.3'),(10108,'','Expenses',NULL,1,1,'2024-01-26 15:39:45',NULL,NULL,'gfdgdffdfg','122.171.117.147'),(10109,'','Bank',NULL,1,1,'2024-01-29 05:31:23',NULL,NULL,'krishna','122.171.117.147'),(10110,'','Bank',NULL,0,1,'2024-01-29 05:31:23',1,'2024-03-04 07:47:54','test 2','122.171.117.147'),(10111,'undefined','Bank',NULL,1,1,'2024-01-29 05:31:23',NULL,NULL,'test 2','122.171.117.147'),(10112,'undefined','Bank',NULL,1,1,'2024-01-29 05:31:23',NULL,NULL,'test 2','122.171.117.147'),(10113,'cost cutting','BANK',NULL,1,25,'2024-01-29 05:31:23',NULL,NULL,'services','122.171.117.147'),(10114,'undefined','Expenses',NULL,1,1,'2024-01-29 05:31:23',NULL,NULL,'test 2','122.171.117.147'),(10115,'expensive cutting','BANK',NULL,1,25,'2024-01-29 05:31:23',NULL,NULL,'services','122.171.117.147'),(10116,'undefined','Expenses',NULL,1,1,'2024-01-29 06:31:15',NULL,NULL,'test 2','122.171.117.147'),(10117,'undefined','Bank',NULL,0,1,'2024-01-29 06:31:15',1,'2024-01-29 08:42:26','test 2','122.171.117.147'),(10118,'krishna','Bank',NULL,0,1,'2024-01-29 06:31:15',1,'2024-01-29 08:42:26','test','122.171.117.147'),(10119,'expensive cuttingssssssss','BANKingggftftft',NULL,0,25,'2024-01-29 07:38:11',1,'2024-01-29 08:42:26','services','122.171.117.147'),(10120,'krishna123','Bank',NULL,1,1,'2024-01-29 08:42:26',NULL,NULL,'test111','122.171.117.147'),(10121,'krishna1236','',NULL,1,1,'2024-01-30 06:26:23',NULL,NULL,'test111','223.181.144.51'),(10122,'krishna123','',NULL,1,1,'2024-01-30 11:18:44',NULL,NULL,'gfdgdffdfg','117.98.199.149'),(10123,'krishna1236','Bank',NULL,1,1,'2024-01-30 11:18:44',NULL,'2024-01-30 12:09:22','5555','117.98.199.149'),(10124,'krishna1236','chinni',NULL,0,1,'2024-01-30 12:09:22',1,'2024-02-14 10:31:13','999999','117.98.199.149'),(10125,'ranirajveer','Bank',NULL,0,1,'2024-01-31 08:17:56',1,'2024-02-14 10:31:13','11','117.98.199.149'),(10126,'krishna1236','',NULL,1,1,'2024-01-31 10:29:05',1,'2024-02-19 13:07:07','11','27.58.232.208'),(10127,'krishna1236','Bank',NULL,1,1,'2024-01-31 10:58:47',1,'2024-02-19 13:07:07','11','27.58.232.208'),(10128,'krishna','Expenses',NULL,1,1,'2024-02-01 05:48:27',NULL,'2024-03-04 07:47:54','11','27.58.232.208'),(10129,'category','Bank',NULL,1,1,'2024-02-02 10:59:03',1,'2024-03-04 07:47:54','11','122.171.73.24'),(10130,'Aswin','Expenses',NULL,1,0,'2024-03-04 07:47:38',NULL,NULL,'Bank','171.49.250.133'),(10131,'tt','Expenses',NULL,1,1,'2024-03-04 08:23:25',NULL,NULL,'weddxd','171.49.250.133'),(10132,'undefined','undefined',NULL,0,1,'2024-03-04 09:52:54',1,'2024-03-04 10:21:15','undefined','171.49.250.133'),(10133,'undefined','undefined',NULL,0,1,'2024-03-04 09:55:14',1,'2024-03-04 10:21:15','undefined','171.49.250.133'),(10134,'undefined','undefined',NULL,0,1,'2024-03-04 10:21:15',1,'2024-03-04 10:21:15','undefined','171.49.250.133'),(10135,'Andeep','Bank',NULL,1,1,'2024-03-04 10:29:45',NULL,NULL,'Bank','171.49.250.133'),(10136,'Lokesh','Bank',NULL,1,1,'2024-03-04 10:42:44',NULL,NULL,'Lokesh','171.49.250.133'),(10137,'','',NULL,0,1,'2024-03-04 10:44:58',1,'2024-03-04 10:44:58','','171.49.250.133'),(10138,'Lokesh','Bank',NULL,1,1,'2024-03-04 10:49:06',NULL,NULL,'Lokesh','171.49.250.133'),(10139,'Tiru','Bank',NULL,1,1,'2024-03-04 11:08:53',NULL,NULL,'Tiru','171.49.250.133'),(10140,'','',NULL,1,1,'2024-03-04 11:10:09',NULL,NULL,'','171.49.250.133'),(10141,'vamsi','Bank',NULL,1,1,'2024-03-04 11:37:33',NULL,NULL,'vamsi','171.49.250.133'),(10142,'','',NULL,0,1,'2024-03-04 12:28:36',1,'2024-03-04 12:36:06','','171.49.250.133'),(10143,'','',NULL,1,1,'2024-03-04 12:29:52',NULL,NULL,'','171.49.250.133'),(10144,'','',NULL,1,1,'2024-03-04 12:36:06',NULL,NULL,'','171.49.250.133'),(10145,'','',NULL,1,1,'2024-03-04 12:36:06',NULL,NULL,'','171.49.250.133'),(10146,'','',NULL,1,1,'2024-03-04 12:36:06',NULL,NULL,'','171.49.250.133'),(10147,'','',NULL,1,1,'2024-03-04 12:36:06',NULL,NULL,'','171.49.250.133'),(10148,'','',NULL,1,1,'2024-03-04 12:36:06',NULL,NULL,'','171.49.250.133'),(10149,'sumanth','Ban',NULL,1,1,'2024-03-04 12:36:06',NULL,'2024-03-14 07:07:40','sumanth','171.49.250.133'),(10150,'','',NULL,1,1,'2024-03-04 12:36:06',NULL,NULL,'','171.49.250.133'),(10151,'ttrr','Bank',NULL,1,1,'2024-03-14 07:13:14',NULL,'2024-03-14 09:04:14','weddxd','223.230.51.97'),(10152,'sai kumar','Name',NULL,0,1,'2024-03-14 13:08:36',1,'2024-03-14 13:08:36','good','223.230.51.97'),(10153,'Ganesh','Bank',NULL,1,1,'2024-04-17 07:40:27',1,'2024-04-17 07:40:27','Ganesh','122.162.23.123'),(10154,'junior','Bank',NULL,1,1,'2024-04-26 08:20:55',NULL,'2024-05-02 11:19:45','hekko','103.167.126.27');

--
-- Table structure for table `Log`
--

CREATE TABLE `Log` (
  `Id` int NOT NULL AUTO_INCREMENT,
  `Date` varchar(10) COLLATE utf8mb4_general_ci DEFAULT NULL,
  `Thread` varchar(10) COLLATE utf8mb4_general_ci DEFAULT NULL,
  `Level` varchar(10) COLLATE utf8mb4_general_ci DEFAULT NULL,
  `Logger` varchar(10) COLLATE utf8mb4_general_ci DEFAULT NULL,
  `Message` varchar(10) COLLATE utf8mb4_general_ci DEFAULT NULL,
  `Exception` varchar(10) COLLATE utf8mb4_general_ci DEFAULT NULL,
  PRIMARY KEY (`Id`)
) ENGINE=InnoDB DEFAULT CHARSET=utf8mb4 COLLATE=utf8mb4_general_ci;

--
-- Dumping data for table `Log`
--


--
-- Table structure for table `MaxId`
--

CREATE TABLE `MaxId` (
  `Id` int NOT NULL AUTO_INCREMENT,
  `WorkingID` double DEFAULT NULL,
  `Type` varchar(100) COLLATE utf8mb4_general_ci DEFAULT NULL,
  PRIMARY KEY (`Id`)
) ENGINE=InnoDB AUTO_INCREMENT=3 DEFAULT CHARSET=utf8mb4 COLLATE=utf8mb4_general_ci;

--
-- Dumping data for table `MaxId`
--

INSERT INTO `MaxId` VALUES (1,270,'HOIndent'),(2,303,'HOIndent');

--
-- Table structure for table `Measurement_type`
--

CREATE TABLE `Measurement_type` (
  `Id` int NOT NULL AUTO_INCREMENT,
  `MeasurementType` varchar(50) COLLATE utf8mb4_general_ci DEFAULT NULL,
  `Status` double DEFAULT NULL,
  PRIMARY KEY (`Id`)
) ENGINE=InnoDB AUTO_INCREMENT=9 DEFAULT CHARSET=utf8mb4 COLLATE=utf8mb4_general_ci;

--
-- Dumping data for table `Measurement_type`
--

INSERT INTO `Measurement_type` VALUES (1,'TUMMY',1),(2,'ARM',1),(3,'THIGH',1),(4,'HPS',1),(5,'CHEST',1),(6,'FACE',1),(7,'ARM(RIGHT)',1),(8,'THIGH(RIGHT)',1);

--
-- Table structure for table `MedicalHistory`
--

CREATE TABLE `MedicalHistory` (
  `Id` int NOT NULL AUTO_INCREMENT,
  `BranchId` double DEFAULT NULL,
  `CustomerId` double DEFAULT NULL,
  `HeartDisease` double DEFAULT NULL,
  `Hypertension` double DEFAULT NULL,
  `Diabetes` double DEFAULT NULL,
  `BronchialAsthma` double DEFAULT NULL,
  `MetalImplants` double DEFAULT NULL,
  `Epilepsy` double DEFAULT NULL,
  `jointPains` double DEFAULT NULL,
  `Allergy` double DEFAULT NULL,
  `Cancer` double DEFAULT NULL,
  `Hypothyroid` double DEFAULT NULL,
  `PCOD` double DEFAULT NULL,
  `WaterRetention` double DEFAULT NULL,
  `Hernia` double DEFAULT NULL,
  `Surgery` double DEFAULT NULL,
  `kidneyProblem` double DEFAULT NULL,
  `ConstaientFormNo` varchar(100) COLLATE utf8mb4_general_ci DEFAULT NULL,
  `Sincewhen` varchar(255) COLLATE utf8mb4_general_ci DEFAULT NULL,
  `Reason` varchar(255) COLLATE utf8mb4_general_ci DEFAULT NULL,
  `Grade` varchar(100) COLLATE utf8mb4_general_ci DEFAULT NULL,
  `Remarks` text COLLATE utf8mb4_general_ci,
  `Type` varchar(100) COLLATE utf8mb4_general_ci DEFAULT NULL,
  `IsActive` double DEFAULT NULL,
  `CreatedDate` varchar(50) COLLATE utf8mb4_general_ci DEFAULT NULL,
  `CreatedBy` double DEFAULT NULL,
  `ModifiedBy` double DEFAULT NULL,
  `ModifiedDate` varchar(50) COLLATE utf8mb4_general_ci DEFAULT NULL,
  PRIMARY KEY (`Id`)
) ENGINE=InnoDB AUTO_INCREMENT=102 DEFAULT CHARSET=utf8mb4 COLLATE=utf8mb4_general_ci;

--
-- Dumping data for table `MedicalHistory`
--

INSERT INTO `MedicalHistory` VALUES (1,2,420,0,1,1,1,0,1,1,1,1,1,1,1,1,1,1,'','since 2012',' for obesity','Obese','','Perpheral',1,'2015-04-03 17:51:53',6,6,'2015-04-08 11:23:41'),(3,2,423,0,0,0,0,1,1,0,1,1,1,0,0,0,0,1,'','hjghj','hjh','Obese','','Centra',1,'2015-04-04 14:37:25',6,6,'2015-04-04 15:41:33'),(4,2,424,0,1,0,0,0,0,1,0,0,0,0,0,0,0,0,'','since last one month','fd','Overweight','','Centra',1,'2015-04-06 11:24:30',6,0,'2015-04-06 11:24:30'),(5,2,430,0,0,0,1,0,1,1,1,0,1,1,1,0,0,0,'','bhfgh','hg','Overweight','','Centra',1,'2015-04-07 14:52:24',6,0,'2015-04-07 14:52:24'),(6,5,412,1,1,0,0,0,1,0,0,0,1,0,0,0,0,0,'','','','Obese','','Perpheral',1,'2015-04-08 23:28:02',5,0,'2015-04-08 23:28:02'),(7,2,437,1,1,1,0,1,1,1,0,0,0,0,0,0,0,0,'','gfdg','gdfg','Overweight','utyhujtyutyuitu tu uty tyu tyu tuy ty tytyty y yutyuitui tyui yt tui ui','Centra',1,'2015-04-15 16:20:40',6,6,'2015-04-15 16:40:50'),(8,2,438,0,0,1,0,1,1,1,0,0,0,1,0,0,0,1,'','fgdfg','dfgdfg','Overweight','sfsdfsdfsdf','Centra',1,'2015-04-15 16:45:25',6,0,'2015-04-15 16:45:25'),(9,2,436,1,0,0,0,1,1,0,0,0,1,0,0,0,0,0,'','hfjh','jh','Overweight','test','Centra',1,'2015-04-16 17:07:36',6,6,'2015-04-16 15:11:01'),(10,6,462,0,0,0,0,0,0,0,0,0,0,0,0,0,0,0,'','','','Overweight','','Centra',1,'2015-06-26 11:30:59',76,0,'2015-06-26 11:30:59'),(11,2,456,0,0,0,0,0,0,0,0,0,0,0,0,0,0,0,'','','','Overweight','','Centra',1,'2015-07-02 07:59:07',80,0,'2015-07-02 07:59:07'),(12,54,484,0,0,0,0,0,0,0,0,0,0,0,1,0,0,0,'','1 year','environmental changes','Obese','','Centra',1,'2015-08-21 12:43:34',89,0,'2015-08-21 12:43:34'),(13,54,643,0,0,0,0,0,0,0,0,0,0,0,0,0,0,0,'','5YRS','LACK OF DIET AND ACTIVITY','Overweight','BACK PAIN','Centra',1,'2015-09-13 13:08:15',89,97,'2016-02-19 18:28:57'),(14,54,664,0,0,0,0,0,0,0,0,0,1,0,0,0,0,0,'','4 YEARS','OBESITY','Obese','','Centra',1,'2015-09-17 18:32:29',89,89,'2016-02-25 17:30:48'),(15,54,741,0,0,0,0,0,0,0,0,0,1,0,0,0,0,0,'','4','HERIDITORY','Morbid','','Centra',1,'2015-10-01 14:04:34',89,0,'2015-10-01 14:04:34'),(16,54,12313,0,1,0,0,0,0,0,0,0,0,0,1,1,0,0,'12313','12YS','HEALTH ISSUE','Obese','UMBLICAL,HERINA,ULCER,HAYPER TENSION, ','Perpheral',1,'2016-02-17 15:39:41',89,108,'2018-02-10 12:23:16'),(17,54,12282,0,0,0,0,0,0,0,0,0,1,0,0,0,1,0,'','SINCE 10YEARS','SURGERY TKR','Morbid','','Perpheral',1,'2016-02-17 17:01:54',89,89,'2016-02-17 17:02:28'),(18,54,12293,0,0,0,0,0,0,0,0,0,0,1,0,0,0,0,'12293','LAST 2 YEARS','LACK OF ACTIVITY','Obese','','Centra',1,'2016-02-17 17:18:18',89,108,'2018-02-09 17:59:56'),(19,54,12431,0,1,1,0,0,0,1,0,0,0,0,0,0,0,0,'','SINCE 10YEARS','GRADUAL INCREASE IN AGE FACTOR','Morbid','UMBILICAL PROTRUSION','Perpheral',1,'2016-02-17 17:28:32',89,89,'2016-02-17 18:59:45'),(20,54,1924,0,0,0,0,0,0,0,0,0,0,0,0,0,0,0,'','6 MONTHS','NO DIET','Overweight','','Centra',1,'2016-02-17 17:44:08',89,97,'2016-02-19 18:06:43'),(21,55,12267,0,0,0,0,0,0,0,0,0,0,0,0,0,0,0,'','1 year','Due to Night Sh','Obese','no health issues','Centra',1,'2016-02-17 18:24:53',90,0,'2016-02-17 18:24:53'),(22,54,508,0,0,0,0,0,0,0,0,0,1,0,0,0,0,0,'','5YRS','THYROID','Obese','BACK PAIN,ANAEMIA','Perpheral',1,'2016-02-17 18:29:36',97,97,'2016-02-17 18:29:43'),(23,54,1990,0,0,0,0,0,0,0,0,0,0,0,0,0,0,0,'','7yrs','lack of acivity and diet','Obese','sinusitis','Centra',1,'2016-02-17 18:46:40',89,0,'2016-02-17 18:46:40'),(24,55,1946,0,0,1,0,0,0,0,0,0,1,0,0,0,0,0,'','6 years','Genetic','Obese','','Centra',1,'2016-02-17 19:26:49',90,0,'2016-02-17 19:26:49'),(25,56,1961,0,0,0,0,0,0,0,0,0,0,0,0,0,0,0,'','2 years','sedentory life style','Obese','','Centra',1,'2016-02-18 13:53:37',85,85,'2016-02-18 13:53:53'),(26,54,927,0,0,0,0,0,0,0,0,0,0,0,0,0,0,0,'','20yrs','lack of diet and activity','Obese','osteo arthrities of both knees','Perpheral',1,'2016-02-19 15:41:45',89,0,'2016-02-19 15:41:45'),(27,54,1027,0,0,0,0,0,0,0,1,0,0,0,0,0,1,0,'','10yrs','health issue','Obese','anaemia,renal problem','Centra',1,'2016-02-19 16:12:06',89,0,'2016-02-19 16:12:06'),(28,54,1422,0,0,0,0,0,0,0,0,0,0,0,0,0,0,0,'','15YRS','HEALTH ISSUE','Obese','HARMONAL IMBALENCE','Perpheral',1,'2016-02-19 17:20:06',97,0,'2016-02-19 17:20:06'),(29,54,1807,0,0,0,0,0,0,0,0,0,1,0,0,0,1,0,'','7 YEARS','HEALTH ISSUE','Overweight','','Centra',1,'2016-02-19 17:38:24',97,0,'2016-02-19 17:38:24'),(30,54,1870,0,0,0,0,0,0,0,1,0,0,0,0,0,0,0,'','5YEARS','HEALTH ISSUE','Overweight','ASTHMA','Centra',1,'2016-02-19 17:45:49',97,0,'2016-02-19 17:45:49'),(31,54,12465,0,0,0,0,0,0,0,1,0,0,1,0,0,1,0,'','5YEARS','HEALTH ISSUE','Overweight','hormonal imbalance,BACK PAIN,ASTHMA','Centra',1,'2016-02-19 18:01:27',97,0,'2016-02-19 18:01:27'),(32,54,967,0,0,0,0,0,0,1,0,0,0,0,0,0,0,0,'','5YEARS','LACK OF DIET','Overweight','CERVICAL SPONDILYSIS','Centra',1,'2016-02-19 18:21:21',97,0,'2016-02-19 18:21:21'),(33,52,12493,0,0,0,0,0,0,0,0,0,0,0,0,0,0,0,'','no medical issues','','Overweight','','Centra',1,'2016-02-21 15:22:42',86,86,'2016-02-21 15:25:49'),(34,54,2178,0,0,0,0,0,0,0,0,0,0,0,0,0,0,0,'','2YRS','LACK OF DIET AND ACTIVITY','Obese','','Centra',1,'2016-02-21 15:40:59',97,0,'2016-02-21 15:40:59'),(35,54,1401,0,0,0,0,0,0,0,0,0,0,0,0,0,1,0,'','1YEAR','CESSARIAN','Overweight','','Centra',1,'2016-02-21 15:59:14',97,0,'2016-02-21 15:59:14'),(36,54,491,0,0,0,0,0,0,0,0,0,0,1,0,0,0,0,'','2YRS','HEALTH ISSUE','Overweight','','Centra',1,'2016-02-21 16:16:41',97,0,'2016-02-21 16:16:41'),(37,54,2097,0,0,0,0,0,0,0,0,0,0,0,0,0,0,0,'','1 YEAR','LACK OF DIET AND ACTIVITY','Overweight','','Centra',1,'2016-02-21 16:18:11',97,0,'2016-02-21 16:18:11'),(38,54,869,0,0,0,0,0,0,0,0,0,1,0,0,0,0,0,'','8YRS','','Obese','','Perpheral',1,'2016-02-22 18:40:36',97,0,'2016-02-22 18:40:36'),(39,54,1563,0,0,0,0,0,0,0,1,0,0,0,0,0,0,0,'','1YEAR','LACK OF DIET AND ACTIVITY','Overweight','','Centra',1,'2016-02-22 19:19:21',97,0,'2016-02-22 19:19:21'),(40,55,1398,0,0,0,0,0,0,0,0,0,0,0,0,0,0,0,'','','','Overweight','','Centra',1,'2016-02-24 14:02:33',90,0,'2016-02-24 14:02:33'),(41,54,1173,0,0,1,0,0,0,0,0,0,0,0,0,0,1,0,'','10YRS','HEALH ISSUE','Obese','','Perpheral',1,'2016-02-25 16:57:07',89,0,'2016-02-25 16:57:07'),(42,54,682,0,0,0,0,0,0,0,0,0,0,0,0,0,0,0,'','1YEAR','lack of acivity and diet','Overweight','','Centra',1,'2016-02-25 17:13:55',89,0,'2016-02-25 17:13:55'),(43,54,1007,0,0,0,0,0,0,0,0,0,0,0,0,0,0,0,'','1 YEAR','LACK OF DIET AND ACTIVITY','Obese','','Centra',1,'2016-02-26 17:39:50',97,0,'2016-02-26 17:39:50'),(44,54,850,0,1,0,0,0,0,0,0,0,0,0,0,0,0,0,'','2YRS','LACK OF DIET AND ACTIVITY','Overweight','','Centra',1,'2016-02-26 17:47:13',97,0,'2016-02-26 17:47:13'),(45,54,1908,0,0,0,0,0,0,0,0,0,0,1,0,0,0,0,'','5YRS','LACK OF DIET AND ACTIVITY','Obese','','Perpheral',1,'2016-03-02 18:15:31',97,0,'2016-03-02 18:15:31'),(46,54,1450,0,0,1,0,0,0,0,1,0,0,1,0,0,0,0,'1450','5YRS','LACK OF DIET AND ACTIVITY','Obese','','Centra',1,'2016-03-02 18:42:24',97,108,'2018-02-09 18:05:39'),(47,52,12452,0,0,0,0,0,0,0,0,0,0,0,0,0,0,0,'12462','6','LACK OF PA','Obese','','Centra',1,'2016-03-08 16:19:59',86,0,'2016-03-08 16:19:59'),(48,54,12729,0,0,0,0,0,0,0,0,0,1,0,0,0,0,0,'12729','5 YEARS','HEALTH ISSUE','Overweight','','Centra',1,'2016-03-08 16:47:37',89,97,'2016-04-16 15:15:10'),(49,57,12756,0,0,0,0,0,0,0,0,0,0,0,0,0,0,0,'407','','','Overweight','Gastrices','Centra',1,'2016-03-09 18:54:49',84,84,'2016-03-09 18:55:00'),(50,54,12625,0,0,0,0,0,0,0,0,0,0,0,0,0,0,0,'12625','1YEAR','HEALTH ISSUE','Overweight','POLY CYSTIC SYNDROME(RENAL),GASTRITIS,HARMONAL IMBALANCE,ANAEMIA','Centra',1,'2016-03-12 16:51:22',97,97,'2016-04-23 14:36:24'),(51,54,490,0,0,0,0,0,0,0,0,0,0,0,0,0,0,0,'490','4YRS','HEALTH ISSUE','Obese','OSTEO ARTHRITIS,LUMBAGO,HARMONAL IMBALANCE','Centra',1,'2016-03-12 16:54:18',97,0,'2016-03-12 16:54:18'),(52,54,540,0,0,0,0,0,0,0,0,0,0,1,0,0,0,0,'540','3YRS','HEALTH ISSUE','Obese','','Centra',1,'2016-03-12 17:41:43',97,0,'2016-03-12 17:41:43'),(53,56,12574,0,0,0,0,0,0,1,0,0,0,0,0,0,0,0,'12574','since 15 yrs','','Obese','lactating mother','Centra',1,'2016-03-17 12:02:14',85,0,'2016-03-17 12:02:14'),(54,56,1652,0,0,0,0,0,0,0,0,0,0,1,0,0,1,0,'1652','','','Overweight','','Centra',1,'2016-03-19 10:45:16',85,0,'2016-03-19 10:45:16'),(55,56,12441,0,0,0,0,0,0,0,0,0,0,0,0,0,0,0,'389','','','Overweight','','Centra',1,'2016-03-19 13:07:42',85,0,'2016-03-19 13:07:42'),(56,56,1927,0,0,0,1,0,0,0,0,0,0,0,0,0,0,0,'1155','','','Overweight','','Centra',1,'2016-03-21 07:52:28',85,0,'2016-03-21 07:52:28'),(57,56,12932,0,1,0,0,0,0,0,0,0,0,0,0,0,0,0,'12932','','','Overweight','','Centra',1,'2016-03-26 09:03:42',85,0,'2016-03-26 09:03:42'),(58,54,12678,0,0,0,0,0,0,0,0,0,0,0,0,0,0,0,'12678','4YRS','LACK OF DIET AND ACTIVITY','Obese','','Centra',1,'2016-03-26 14:16:13',97,0,'2016-03-26 14:16:13'),(59,56,12867,0,0,0,0,0,0,0,0,0,0,0,0,0,0,0,'12867','','','Overweight','migraine','Centra',1,'2016-03-28 08:02:46',85,85,'2016-03-28 08:03:11'),(60,54,12588,0,0,0,0,0,0,0,0,0,0,0,0,0,0,0,'12588','6YRS','DUE TO LACK OF DIET AND ACTIVITY','Obese','OSTEO ARTHRITIS OF BOTH KNEES,ARTHRALGIA','Perpheral',1,'2016-04-04 17:17:57',97,0,'2016-04-04 17:17:57'),(61,54,1692,0,0,0,0,0,0,0,0,0,0,0,0,0,1,0,'1692','4YRS','LACK OF DIET AND ACTIVITY','Obese','','Centra',1,'2016-04-04 17:29:43',97,0,'2016-04-04 17:29:43'),(62,54,12192,0,0,0,0,0,0,0,0,0,0,0,0,0,0,0,'12192','4YRS','LACK OF DIET AND ACTIVITY','Obese','','Centra',1,'2016-04-04 17:38:08',97,0,'2016-04-04 17:38:08'),(63,54,12736,0,1,0,0,0,0,0,0,0,1,0,0,0,0,0,'12736','6YRS','','Obese','','Perpheral',1,'2016-04-05 09:11:23',89,0,'2016-04-05 09:11:23'),(64,54,12414,1,1,1,1,1,1,1,1,1,1,1,1,1,1,1,'123456781','2 years','','Obese','this is test data given by bhuvan sir ','Perpheral',1,'2016-04-18 14:22:49',97,0,'2016-04-18 14:22:49'),(65,51,12999,0,1,0,0,0,0,0,0,0,0,0,0,0,0,0,'B730','6years','Lack of activites','Obese','Knee pains','Perpheral',1,'2016-04-19 11:42:48',100,0,'2016-04-19 11:42:48'),(66,54,2063,0,0,0,0,0,0,0,0,0,0,0,0,0,0,0,'2063','3yrs','lack of diet and activity','Obese','sinusitis','Centra',1,'2016-04-19 15:21:13',89,0,'2016-04-19 15:21:13'),(67,52,23200,0,0,0,0,0,0,0,0,0,1,0,0,0,0,0,'115','childhood','hypothyroid','Overweight','','Centra',1,'2016-04-19 15:24:39',86,0,'2016-04-19 15:24:39'),(68,54,12591,0,0,0,0,0,0,0,0,0,0,1,0,0,0,0,'12591','2yrs','health issue','Obese','','Centra',1,'2016-04-19 15:29:46',89,0,'2016-04-19 15:29:46'),(69,56,13070,0,0,0,0,0,0,0,0,0,0,0,0,0,0,0,'13070','','','Obese','HAD FRACTURE IN LEG','Centra',1,'2016-04-21 12:11:44',85,0,'2016-04-21 12:11:44'),(70,56,12511,0,0,0,0,0,0,0,0,0,0,0,0,0,0,0,'12511','3yrs','','Obese','','Centra',1,'2016-04-21 17:10:42',85,0,'2016-04-21 17:10:42'),(71,56,1904,0,1,1,0,0,0,0,0,0,0,0,0,0,0,0,'1904','4yrs','','Obese','','Centra',1,'2016-04-21 17:12:01',85,0,'2016-04-21 17:12:01'),(72,56,12657,0,0,0,0,0,0,0,0,0,0,0,0,0,1,0,'12657','','3 years','Obese','','Centra',1,'2016-04-21 17:16:13',85,0,'2016-04-21 17:16:13'),(73,56,1965,0,1,0,0,0,0,0,0,0,0,0,0,0,0,0,'83942','10years','','Obese','','Centra',1,'2016-04-21 17:19:27',85,115,'2017-06-17 10:57:31'),(74,56,13133,0,0,0,0,0,0,0,0,0,0,0,0,0,1,0,'13133','6years','','Overweight','','Centra',1,'2016-04-21 17:20:27',85,0,'2016-04-21 17:20:27'),(75,56,12614,0,0,0,0,0,0,0,0,0,0,0,0,0,1,0,'12614','2years','','Overweight','','Centra',1,'2016-04-21 17:22:11',85,0,'2016-04-21 17:22:11'),(76,56,12935,0,0,0,0,0,0,0,0,0,0,0,0,0,0,0,'12935','','','Overweight','orthopedic nd having cosntipation','Perpheral',1,'2016-04-21 17:23:27',85,115,'2016-08-29 13:19:24'),(77,56,2152,0,0,0,0,0,0,0,0,0,0,0,0,0,1,0,'2152','5 years','','Overweight','gastric problem','Centra',1,'2016-04-21 17:24:20',85,0,'2016-04-21 17:24:20'),(78,56,12434,0,1,0,0,0,0,0,0,0,0,0,0,0,0,0,'12434','2 years','','Overweight','','Centra',1,'2016-04-21 17:26:25',85,0,'2016-04-21 17:26:25'),(79,56,12959,0,0,1,0,0,0,0,0,0,0,0,0,0,0,0,'12959','10 years','sedentry life stylen eating habits','Obese','orthopedic nd harmonal imbalance','Centra',1,'2016-04-21 17:27:56',85,115,'2018-06-03 10:10:40'),(80,56,13017,0,0,0,0,0,0,0,1,0,0,0,0,0,0,0,'13017','2 years','','Overweight','','Centra',1,'2016-04-21 17:28:48',85,0,'2016-04-21 17:28:48'),(81,56,1802,0,0,0,0,0,0,0,0,0,0,0,0,0,1,0,'1802','5years','','Overweight','','Centra',1,'2016-04-21 17:29:38',85,0,'2016-04-21 17:29:38'),(82,56,2031,0,1,0,0,0,0,0,0,0,0,0,0,0,0,0,'2031','5 years','','Overweight','orthopedic','Centra',1,'2016-04-21 17:30:43',85,0,'2016-04-21 17:30:43'),(83,51,23198,0,0,0,0,0,0,0,0,0,1,0,0,0,0,0,'B738','6-7 years','After pregnancy','Obese','Abdominal Pains, Lactating Mother','Perpheral',1,'2016-04-22 11:27:53',100,0,'2016-04-22 11:27:53'),(84,51,13145,0,1,0,0,0,0,0,0,0,0,0,0,0,1,0,'B737','7-8years','after pregnancy and lack of activities','Morbid','Laproscopy','Centra',1,'2016-04-22 11:39:47',100,0,'2016-04-22 11:39:47'),(85,51,12531,0,1,0,0,0,0,0,0,0,1,0,0,0,0,0,'B716','5-6 years','health issues ','Overweight','Bulky Uterus, knee Pains , cysts in ovaries','Centra',1,'2016-04-22 12:05:12',100,100,'2016-04-22 15:34:23'),(86,56,12576,0,0,0,0,0,0,0,0,0,0,0,0,0,0,0,'12576','','','Overweight','','Centra',1,'2016-04-22 12:46:04',85,0,'2016-04-22 12:46:04'),(87,56,2044,0,1,0,0,0,0,0,0,0,0,0,0,0,0,0,'0568','SINCE 4 YEARS','','Obese','','Centra',1,'2016-04-22 13:05:00',85,0,'2016-04-22 13:05:00'),(88,56,12937,0,0,0,0,0,0,0,0,0,0,0,0,0,0,0,'12937','6 YEARS','','Overweight','SINISITUS','Centra',1,'2016-04-22 13:21:24',85,0,'2016-04-22 13:21:24'),(89,51,12842,0,0,0,0,0,0,0,0,0,0,0,0,0,0,0,'B725','2-3 years','lack of activity','Overweight','','Centra',1,'2016-04-22 13:26:52',100,0,'2016-04-22 13:26:52'),(90,56,12797,0,0,0,0,0,0,0,0,0,0,0,0,0,0,0,'12797','','','Overweight','','Centra',1,'2016-04-22 13:35:01',85,0,'2016-04-22 13:35:01'),(91,51,13074,0,0,0,0,0,0,0,0,0,0,0,0,0,0,0,'B735','1year','after pregnancy','Obese','Irregular Periods, Lactating mother, Back Pain','Centra',1,'2016-04-22 13:36:09',100,100,'2016-05-03 16:53:12'),(92,56,12708,0,0,0,0,0,0,0,0,0,0,0,0,0,0,0,'12708','','','Overweight','','Centra',1,'2016-04-22 13:36:44',85,0,'2016-04-22 13:36:44'),(93,56,12259,0,0,0,0,0,0,0,0,0,0,0,0,0,0,0,'12259','3 YEARS','LIFESTYLE','Morbid','ASTHMA SINCE 3 YEARS','Centra',1,'2016-04-22 14:25:41',85,0,'2016-04-22 14:25:41'),(94,56,12638,1,0,1,0,0,0,0,0,0,0,0,0,0,0,0,'0615','10 YEARS','OLD AGE','Overweight','','Centra',1,'2016-04-22 14:48:38',85,0,'2016-04-22 14:48:38'),(95,56,12215,0,0,0,0,0,0,0,0,0,0,0,0,0,0,0,'1182','5 YEARS','','Overweight','orthopedic','Centra',1,'2016-04-22 15:08:44',85,115,'2017-06-17 10:51:21'),(96,54,12890,0,0,0,0,0,0,0,0,0,0,0,0,1,1,0,'12890','2 YEARS','','Overweight','','Centra',1,'2016-04-22 15:13:24',85,0,'2016-04-22 15:13:24'),(97,56,2147,0,1,1,0,0,0,0,0,0,0,0,0,0,0,0,'2147','8 YEARS','','Overweight','','Centra',1,'2016-04-22 15:15:04',85,0,'2016-04-22 15:15:04'),(98,56,1650,0,1,1,0,0,0,0,0,0,0,0,0,0,0,0,'1650','8 YEARS','','Overweight','','Centra',1,'2016-04-22 15:23:54',85,115,'2018-06-03 16:14:56'),(99,56,12949,0,1,0,0,0,0,0,0,0,0,0,0,0,0,0,'12949','10 YEARS','','Overweight','ORTHOPEDIC TAKING AYURVEDIC RX FOR LUMBAR PAIN SINCE LAST 6 MONTHS ','Centra',1,'2016-04-22 15:33:17',85,0,'2016-04-22 15:33:17'),(100,56,1544,0,1,0,0,0,0,0,0,0,0,0,0,0,0,0,'1295','5 YEARS','','Morbid','','Centra',1,'2016-04-22 15:35:39',85,0,'2016-04-22 15:35:39'),(101,56,12784,0,0,0,0,0,0,0,0,0,0,0,0,0,1,0,'12784','15 YEARS','','Morbid','APPENDIX OPERATION ','Centra',1,'2016-04-22 15:36:49',85,0,'2016-04-22 15:36:49');

--
-- Table structure for table `Menu`
--

CREATE TABLE `Menu` (
  `Id` int NOT NULL AUTO_INCREMENT,
  `MenuName` varchar(255) COLLATE utf8mb4_general_ci DEFAULT NULL,
  `IsParent` double DEFAULT NULL,
  `ParentId` double DEFAULT NULL,
  `IsActive` double DEFAULT NULL,
  `Remarks` text COLLATE utf8mb4_general_ci,
  `CreatedBy` varchar(10) COLLATE utf8mb4_general_ci DEFAULT NULL,
  `CreatedDate` varchar(50) COLLATE utf8mb4_general_ci DEFAULT NULL,
  `ModifiedBy` varchar(10) COLLATE utf8mb4_general_ci DEFAULT NULL,
  `ModifiedDate` varchar(50) COLLATE utf8mb4_general_ci DEFAULT NULL,
  `MenuType` varchar(100) COLLATE utf8mb4_general_ci DEFAULT NULL,
  `ClassName` varchar(100) COLLATE utf8mb4_general_ci DEFAULT NULL,
  `MenuUrl` varchar(255) COLLATE utf8mb4_general_ci DEFAULT NULL,
  `OrderNumber` double DEFAULT NULL,
  `MenuIcon` varchar(100) COLLATE utf8mb4_general_ci DEFAULT NULL,
  `CommonForAll` double DEFAULT NULL,
  `DisplayInAdmin` double DEFAULT NULL,
  PRIMARY KEY (`Id`)
) ENGINE=InnoDB AUTO_INCREMENT=20063 DEFAULT CHARSET=utf8mb4 COLLATE=utf8mb4_general_ci;

--
-- Dumping data for table `Menu`
--

INSERT INTO `Menu` VALUES (1,'Dashboard',1,0,1,'Dashboard','','','','','Branch','','',1,'glyphicon glyphicon-home',1,1),(2,'Customer & History',1,0,1,'Manage Customers','','','','','Branch','','/Client/Customer/CustomersList',2,'fa fa-user',0,1),(3,'Enquiry & Followup',1,0,1,'Manage Enquiries','','','','','Branch','','/Client/Enquiry/Manage',5,'fa fa-book',0,1),(4,'Reconciliation',1,0,0,'Reconciliation','','','','','Branch','','/Client/Reconciliation/',47,'fa fa-recycle',0,1),(5,'Change Paymode',1,0,0,'Change Paymode','','','','','Branch','','/Client/Reconciliation/PaidList',48,'fa fa-pencil',0,1),(6,'Pending Payments',1,0,1,'Pending Payments','','','','','Branch','','/Client/Reconciliation/PendingBills',6,'fa fa-check-square-o',0,1),(7,'Voucher Entry',1,0,1,'Voucher Entry','','','','','Branch','','/Client/VoucherEntry/Manage',46,'fa fa-book',0,1),(8,'Cash Denomination',1,0,1,'Cash Denomination','','','','','Branch','','/Client/CashDenomination/Manage',49,'fa fa-money',0,1),(9,'Duplicate Receipt',1,0,1,'Duplicate Receipt','','','','','Branch','','/Client/Reconciliation/DuplicateReceipt',7,'fa fa-copy',0,1),(10,'Branch Transfer',1,0,1,'Branch Transfer','','','','','Branch','','/Client/BranchTransfer/BranchTransfer',8,'fa fa-copy',0,1),(11,'Report',1,0,1,'','','','','','Branch','','',9,'glyphicon  glyphicon-print carbon',0,0),(12,'Employee Details',1,0,1,'Employee Details','','','','','Branch','','/Client/Report/EmployeeDetailsReport',10,'fa fa-user',0,1),(13,'Service',0,11,1,'Service','','','','','Branch','','',18,'fa fa-cog',0,0),(14,'Media & Calls ',0,20069,1,'Media & Calls','','','','','Branch','','/Client/Report/MediaCalls',37,'fa fa-phone',0,1),(15,'Pkg Completion',0,13,1,'Pkg Completion','','','','','Branch','','/Client/Report/PackageCompletion',6,'fa fa-copy',0,1),(16,'Monthly Results Track Report',0,13,1,'Monthly Track Record  ','','','','','Branch','','/Client/Report/MonthlyTracks',5,'fa fa-copy',0,1),(17,'Enrollment Record',0,13,1,'Joined Client','','','','','Branch','','/Client/Report/EnrolementReport',1,'fa fa-adjust',0,1),(18,'Client Regularity ',0,13,1,'Client Regularity ','','','','','Branch','','/Client/Report/ClientRegularityandirregularityReport',10,'fa fa-sort-amount-asc',0,1),(19,'Branch Transfer',0,13,0,'Branch Transfer','','','','','Branch','','/Client/Report/BranchTransferreport',19,'fa fa-copy',0,1),(20,'Lead Transfer',0,13,0,'Lead Transfer','','','','','Branch','','/Client/Report/LeadTransferReport',20,'fa fa-copy',0,1),(21,'Break Package ',0,13,1,'Break Package ','','','','','Branch','','/Client/Report/BreakPackage',11,'fa fa-sort-amount-asc',0,1),(22,'Daily treatment record',0,13,1,'Daily treatment record ','','','','','Branch','','/Client/Report/DailyTreatment',4,'fa fa-copy',0,1),(23,'Sales',0,11,1,'','','','','','Branch','','',11,'glyphicon  glyphicon-print carbon',0,0),(24,'Employee Wise Sales',0,23,0,'Emp. Collection','','','','','Branch','','/Client/Report/EmployeewiseCollection',13,'fa fa-copy',0,0),(25,'Media Wise Sales',0,23,1,'Media Report','','','','','Branch','','/Client/Report/MediaReport',15,'fa fa-copy',0,1),(26,'Tele Caller Report',0,20069,1,'Tele Caller Report','','','','','Branch','','/Client/Report/TeleCallerReport',34,'fa fa-phone',0,1),(27,'Combo Report',0,23,1,'Combo Report','','','','','Branch','','/Client/Report/Combo',17,'fa fa-copy',0,1),(28,'Sales Report',0,23,1,'Sales Report','','','','','Branch','','/Client/Report/SalesReport',12,'fa fa-copy',0,1),(29,'Treatment wise Sales',0,23,1,'Treatment wise Sales','','','','','Branch','','/Client/Report/TreatmentWiseReport',14,'fa fa-copy',0,1),(30,'Phone Enquiries',0,20069,1,'Phone Enquiries','','','','','Branch','','/Client/Report/PhoneEnquiry',35,'fa fa-phone',0,1),(31,'Walkin Details',0,20069,1,'Walk-in Details','','','','','Branch','','/Client/Report/WalkInDetails',36,'fa fa-phone',0,1),(32,'Revenue Report',0,23,1,'Revenue Report','','','','','Branch','','/Client/Report/Revenue',16,'fa fa-copy',0,1),(33,'Cash',0,11,1,'','','','','','Branch','','',41,'glyphicon  glyphicon-print carbon',0,0),(34,'Cash Checking',0,33,1,'Cash Checking','','','','','Branch','','/Client/Report/CashChecking',42,'fa fa-inr',0,1),(35,'Expense Report',0,33,1,'Expense Report','','','','','Branch','','/Client/Report/ExpenseReport',45,'fa fa-money',0,1),(36,'Cash Statement',0,33,1,'Cash Statement','','','','','Branch','','/Client/Report/CashStatement',44,'fa fa-inr',0,1),(37,'Forecast',0,33,1,'Forecast','','','','','Branch','','/Client/Report/CashForecast',43,'fa fa-inr',0,1),(38,'Appointment',1,0,1,'Appointment','','','','','Branch','','/Client/Appointment/Index',3,'fa fa-envelope',0,1),(39,'Doctor Scheduler',1,0,1,'Doctor Scheduler','','','','','Branch','','/Client/DoctorScheduler/Index',4,'fa fa-envelope',0,1),(10002,'BCA',0,0,0,'','','','','','Branch','','/Client/Report/BCAM',0,'',0,1),(20003,'Dashboard',1,0,1,'','','','','','Admin','','/Admin/DashBoard',1,'fa fa-dashboard',1,1),(20004,'Masters',1,0,1,'Masters','','','','','Admin','','#',2,'fa fa-folder',0,0),(20005,'Zones',0,20004,1,'','','','','','Admin','','/Admin/State/Manage',3,'fa fa-users',0,1),(20006,'Branches',0,20004,1,'','','','','','Admin','','/Admin/Branch',4,'fa fa-sitemap',0,1),(20007,'Services',0,20004,1,'','','','','','Admin','','/Admin/Service/Manage',5,'fa fa-gear',0,1),(20008,'Ledgers',0,20004,1,'','','','','','Admin','','/Admin/Ledger/Manage',6,'glyphicon glyphicon-certificate',0,1),(20009,'Payment Mode',0,20004,1,'','','','','','Admin','','/Admin/PayMode/Manage',7,'fa fa-inr',0,1),(20010,'Tax',0,20004,1,'','','','','','Admin','','/Admin/Tax/Manage',8,'fa fa-money',0,1),(20011,'Media',0,20004,1,'','','','','','Admin','','/Admin/ElectronicMedia/Manage',9,'glyphicon glyphicon-facetime-video',0,1),(20012,'Role',0,20004,1,'','','','','','Admin','','/Admin/Role/Create',10,'fa fa-gear',0,1),(20013,'HR',1,0,1,'','','','','','Admin','','#',11,'fa fa-thumb-tack',0,0),(20014,'Designations',0,20013,1,'','','','','','Admin','','/Admin/Designation/Manage',12,'fa fa-user',0,1),(20015,'Departments',0,20013,1,'','','','','','Admin','','/Admin/Department/Manage',13,'fa fa-building-o',0,1),(20016,'Employee',0,20013,1,'','','','','','Admin','','/Admin/Employee',14,'fa fa-user',0,1),(20017,'User',0,20013,1,'','','','','','Admin','','/Admin/User',15,'fa fa-users',0,1),(20018,'cancellations',1,0,1,'','','','','','Admin','','#',16,'fa fa-lock',0,0),(20019,'Customers',0,20018,1,'','','','','','Admin','','/Admin/Customer',17,'fa fa-users',0,1),(20020,'Package Cancel',0,20018,1,'','','','','','Admin','','/Admin/BillCancel',18,'fa fa-ban',0,1),(20021,'Receipt Cancel',0,20018,1,'','','','','','Admin','','/Admin/ReceiptCancel',19,'fa fa-ban',0,1),(20022,'Followup List',0,20018,0,'','','','','','Admin','','/Admin/FollowUp/FollowpList',20,'',0,1),(20023,'Admin Reports',1,0,1,'','','','','','Admin','','#',21,'fa fa-unlock-alt',0,0),(20024,'Revenue',0,20078,1,'','','','','','Admin','','/Admin/Report/Revenue',2,'menu-icon fa fa-copy',0,1),(20025,'Trial Balance',0,20023,0,'','','','','','Admin','','/Admin/Report/TrialBalance',23,'',0,1),(20026,'Branch Reports',1,0,1,'','','','','','Admin','','#',24,'fa fa-unlock-alt',0,0),(20027,'Doctor Asst. Report',0,20026,0,'','','','','','Admin','','/Admin/Report/AsstDoctor',25,'',0,1),(20028,'Branch Wise sales',0,20078,1,'','','','','','Admin','','/Admin/Report/BranchwiseCollection',3,'menu-icon fa fa-copy',0,1),(20029,'Client Transfer',0,20079,1,'','','','','','Admin','','/Admin/Report/BranchTransferReport',1,'menu-icon fa fa-copy',0,1),(20030,'Cash Statement',0,20087,1,'','','','','','Admin','','/Admin/Report/CashStatement',2,'fa fa-money',0,1),(20031,'Cash Checking',0,20087,0,'','','','','','Admin','','/Admin/Report/CashChecking',3,'fa fa-money',0,1),(20032,'Client Medical',0,20079,1,'','','','','','Admin','','/Admin/Report/CustomerMediaReport',2,'menu-icon fa fa-copy',0,1),(20033,'Sales Report',0,20078,1,'','','','','','Admin','','/Admin/Report/SalesReport',1,'menu-icon fa fa-copy',0,1),(20034,'Client Enrolments',0,20079,1,'','','','','','Admin','','/Admin/Report/CustomerReport',3,'menu-icon fa fa-copy',0,1),(20035,'Balances Report',0,20078,1,'','','','','','Admin','','/Admin/Report/PendingPayment',4,'menu-icon fa fa-copy',0,1),(20036,'Employee Sales',0,20088,0,'','','','','','Admin','','/Admin/Report/EmployeeIncentive',1,'fa fa-money',0,1),(20037,'EMP/Sales Inct %',0,20088,1,'','','','','','Admin','','/Admin/Report/EmployeewiseCollection',5,'menu-icon fa fa-copy',0,1),(20038,'Employee Details With CTC',0,20026,0,'','','','','','Admin','','/Admin/Report/EmployeeDetailsReportWithCTC',36,'menu-icon fa fa-copy',0,1),(20039,'Expense Report',0,20087,1,'','','','','','Admin','','/Admin/Report/ExpenseReport',4,'fa fa-money',0,1),(20040,'Forecast Report',0,20026,0,'','','','','','Admin','','/Admin/Report/CashForecast',38,'menu-icon fa fa-copy',0,1),(20041,'Lead Transfer',0,20086,1,'','','','','','Admin','','/Admin/Report/LeadTransferReport',2,'fa fa-copy',0,1),(20042,'Media Report',0,20086,0,'','','','','','Admin','','/Admin/Report/MediaReport',1,'fa fa-file',0,1),(20043,'Package completion',0,20079,1,'','','','','','Admin','','/Admin/Report/PackageCompletion',4,'menu-icon fa fa-copy',0,1),(20044,'Phone Enquiry',0,20086,1,'','','','','','Admin','','/Admin/Report/PhoneEnquiry',42,'menu-icon fa fa-copy',0,1),(20045,'Session Entries',0,20079,1,'','','','','','Admin','','/Admin/Report/SessionEntries',7,'menu-icon fa fa-copy',0,1),(20046,'Tele CallerReport',0,20026,1,'','','','','','Admin','','/Admin/Report/TeleCallerReport',44,'menu-icon fa fa-copy',0,1),(20047,'Therapist Report Sessions Count',0,20026,0,'','','','','','Admin','','/Admin/Report/TherapistServiceWiseSessionsCount',45,'menu-icon fa fa-copy',0,1),(20048,'Therapist Report',0,20026,0,'','','','','','Admin','','/Admin/Report/Therapist',46,'menu-icon fa fa-copy',0,1),(20049,'Treatment wise Sales',0,20078,1,'','','','','','Admin','','/Admin/Report/TreatmentWiseReport',47,'menu-icon fa fa-copy',0,1),(20050,'Walk-In Details',0,20086,1,'','','','','','Admin','','/Admin/Report/WalkInDetails',3,'menu-icon fa fa-copy',0,1),(20051,'Weight Loss',0,20079,1,'','','','','','Admin','','/Admin/Report/WeightLoss',8,'menu-icon fa fa-copy',0,1),(20052,'Production',1,0,1,'','','','','','Admin','','#',50,'fa fa-refresh',0,0),(20053,'Items/Products',0,20052,0,'','','','','','Admin','','/Admin/Item/Index',51,'',0,1),(20054,'Product-Service Mapping',0,20052,0,'','','','','','Admin','','/Admin/Item/ItemMapping',52,'',0,1),(20055,'Consumption Report',0,20052,0,'','','','','','Admin','','/Admin/Report/ConsumptionReport',53,'',0,1),(20056,'Feedback',1,20056,1,'','','','','','CustomerCare','','/CallCenter/Dashboard/Feedback?flag=Feedback',54,'',0,1),(20057,'Completed Feedback',1,20057,1,'','','','','','CustomerCare','','/CallCenter/Dashboard/Feedback?flag=Completed',55,'',0,1),(20058,'Slim Feedback',1,20058,1,'','','','','','CustomerCare','','/CallCenter/Report/CustomarcarefeedbackReport',56,'',0,1),(20059,'Skin Feedback',1,20059,1,'','','','','','CustomerCare','','/CallCenter/Report/CustomarcareSkinfeedbackReport',57,'',0,1),(20060,'Voucher Cancel',0,20018,1,'','','','','','Admin','','/Admin/ReceiptCancel/VoucherCancel',20,'fa fa-ban',0,1),(20061,'Cash Balance ',0,20087,1,'','','','','','Admin','','/Admin/Report/CashBalance',1,'fa fa-money',0,1),(20062,'Customer Report',0,13,1,'Customer Report','','','','','Branch','','/Client/Report/CustomerReport',2,'fa fa-money',0,1);

--
-- Table structure for table `OTP`
--

CREATE TABLE `OTP` (
  `Id` int NOT NULL AUTO_INCREMENT,
  `ReferenceId` varchar(30) COLLATE utf8mb4_general_ci DEFAULT NULL,
  `OTPType` varchar(30) COLLATE utf8mb4_general_ci DEFAULT NULL,
  `Code` varchar(30) COLLATE utf8mb4_general_ci DEFAULT NULL,
  `IsActive` varchar(30) COLLATE utf8mb4_general_ci DEFAULT NULL,
  `CreatedDate` varchar(30) COLLATE utf8mb4_general_ci DEFAULT NULL,
  `FromDate` varchar(30) COLLATE utf8mb4_general_ci DEFAULT NULL,
  `ToDate` varchar(30) COLLATE utf8mb4_general_ci DEFAULT NULL,
  `MobileNo` varchar(30) COLLATE utf8mb4_general_ci DEFAULT NULL,
  PRIMARY KEY (`Id`)
) ENGINE=InnoDB DEFAULT CHARSET=utf8mb4 COLLATE=utf8mb4_general_ci;

--
-- Dumping data for table `OTP`
--


--
-- Table structure for table `Offers`
--

CREATE TABLE `Offers` (
  `Id` int NOT NULL AUTO_INCREMENT,
  `OfferCategory` double DEFAULT NULL,
  `FromVoucher` double DEFAULT NULL,
  `ToVoucher` double DEFAULT NULL,
  `FromDate` varchar(50) COLLATE utf8mb4_general_ci DEFAULT NULL,
  `ToDate` varchar(50) COLLATE utf8mb4_general_ci DEFAULT NULL,
  `Amount` double DEFAULT NULL,
  `DiscPercentage` double DEFAULT NULL,
  `BranchName` double DEFAULT NULL,
  `category_id` int NOT NULL DEFAULT '0',
  `offer_image` varchar(255) COLLATE utf8mb4_general_ci NOT NULL,
  `Status` double DEFAULT NULL,
  `CreatedBy` double DEFAULT NULL,
  `CreatedDate` varchar(50) COLLATE utf8mb4_general_ci DEFAULT NULL,
  `ModifiedBy` varchar(10) COLLATE utf8mb4_general_ci DEFAULT NULL,
  `ModifiedDate` varchar(50) COLLATE utf8mb4_general_ci DEFAULT NULL,
  `ISACTIVE` varchar(10) COLLATE utf8mb4_general_ci DEFAULT NULL,
  `IPAddress` varchar(20) COLLATE utf8mb4_general_ci DEFAULT NULL,
  PRIMARY KEY (`Id`)
) ENGINE=InnoDB AUTO_INCREMENT=19 DEFAULT CHARSET=utf8mb4 COLLATE=utf8mb4_general_ci;

--
-- Dumping data for table `Offers`
--

INSERT INTO `Offers` VALUES (1,7,122,233,'2015-04-02 00:00:00','2015-11-02 00:00:00',10000,10,2,0,'',0,1,'2015-02-10 10:42:03','1','2024-03-12 06:10:32','0','122.169.136.208'),(2,3,112,222,'2024-03-01','2024-03-31',2000,12,9,43,'http://54.83.163.72/apkBanners/51FnDNjC59L._SL1000_-1713344557791.jpg',0,1,'2015-02-10 10:56:40','1','2024-04-17 08:50:39','1','122.169.136.208'),(3,3,23,34,'2014-11-12 00:00:00','2015-02-13 00:00:00',15000,12,4,0,'',0,1,'2015-02-11 10:17:39','1','2024-03-12 06:10:32','1','122.169.131.209'),(4,4,23,34,'2015-10-02 00:00:00','2015-02-14 00:00:00',15000,12,2,0,'',0,1,'2015-02-11 10:21:14','1','2024-03-12 06:10:32','1','122.169.131.209'),(5,4,23,34,'2015-02-10 00:00:00','2015-02-25 00:00:00',15000,12,2,0,'',1,1,'2015-02-11 10:38:50','1','2024-03-12 06:10:32','1','122.169.131.209'),(6,5,34,56,'2015-01-28 00:00:00','2015-04-30 00:00:00',15000,12,2,0,'',1,1,'2015-02-11 10:39:38','1','2024-03-12 06:10:32','1','122.169.131.209'),(7,5,123,123,'2015-02-10 00:00:00','2015-02-26 00:00:00',2334,12,6,0,'',1,1,'2015-02-19 09:39:03','1','2024-03-12 06:10:32','1','122.169.170.247'),(8,3,111,222,'2015-11-02 00:00:00','2015-12-02 00:00:00',1900,12,9,4,'http://54.83.163.72/path',1,2,'2024-03-05 10:06:29',NULL,NULL,'1',NULL),(9,48,111,111,'2024-03-19','2024-05-08',111,1111,111,48,'http://54.83.163.72/apkBanners/106..-1709703056858.jpg',1,1,'2024-03-06 05:30:38',NULL,NULL,'1',NULL),(10,48,2000,1111,'2024-03-26','2024-03-18',-1,-1,111,47,'http://54.83.163.72/apkBanners/104.-1709718247764.jpg',1,1,'2024-03-06 08:35:23',NULL,NULL,'1',NULL),(11,47,2000,30000,'2024-03-25','2024-03-11',0,1,111,48,'http://54.83.163.72/apkBanners/asd-1710224524170.png',1,1,'2024-03-06 09:54:01','1','2024-03-12 06:19:34','1',NULL),(12,3,111,222,'2015-11-02 00:00:00','2015-12-02 00:00:00',1900,12,9,4,'http://54.83.163.72/path',1,2,'2024-03-12 07:06:34',NULL,NULL,'1',NULL),(13,5,2000,30000,'2024-03-13','2024-03-04',2000,12,40,47,'http://54.83.163.72/apkBanners/anime-room-interior-dark-wallpaper-preview-1710227751828.jpg',1,1,'2024-03-12 07:13:12',NULL,NULL,'1',NULL),(14,3,111,222,'2015-11-02 00:00:00','2015-12-02 00:00:00',1900,12,9,4,'http://54.83.163.72/path',1,2,'2024-03-12 07:59:03',NULL,NULL,'1',NULL),(15,5,11111,1111,'2024-03-01','2024-03-31',111,121,111,47,'http://54.83.163.72/apkBanners/1328865-1710230507191.png',1,1,'2024-03-12 07:59:03',NULL,NULL,'1',NULL),(16,8,143,200,'2024-02-01','2024-04-01',100,12,123,49,'http://54.83.163.72/apkBanners/1327745-1710234501146.png',1,1,'2024-03-12 07:59:03','1','2024-03-12 07:59:03','1',NULL),(17,9,1234567,12345678,'2024-03-01','2024-03-31',123456,1234567,12345678,48,'http://54.83.163.72/apkBanners/1328865-1710240093982.png',1,1,'2024-03-12 10:15:50',NULL,NULL,'1',NULL),(18,11,555,767567,'2024-03-01','2024-03-31',7657657,663,46556,43,'http://54.83.163.72/apkBanners/asd-1710425244063.png',1,1,'2024-03-14 14:04:39','1','2024-03-14 14:04:39','1',NULL);

--
-- Table structure for table `OffersCategory`
--

CREATE TABLE `OffersCategory` (
  `Id` int NOT NULL AUTO_INCREMENT,
  `CategoryName` varchar(255) COLLATE utf8mb4_general_ci DEFAULT NULL,
  `Remarks` text COLLATE utf8mb4_general_ci,
  `Status` double DEFAULT NULL,
  `CreatedBy` double DEFAULT NULL,
  `CreatedDate` varchar(50) COLLATE utf8mb4_general_ci DEFAULT NULL,
  `ModifiedBy` double DEFAULT NULL,
  `ModifiedDate` varchar(50) COLLATE utf8mb4_general_ci DEFAULT NULL,
  `ISACTIVE` varchar(10) COLLATE utf8mb4_general_ci DEFAULT NULL,
  `IPAddress` varchar(20) COLLATE utf8mb4_general_ci DEFAULT NULL,
  PRIMARY KEY (`Id`)
) ENGINE=InnoDB AUTO_INCREMENT=13 DEFAULT CHARSET=utf8mb4 COLLATE=utf8mb4_general_ci;

--
-- Dumping data for table `OffersCategory`
--

INSERT INTO `OffersCategory` VALUES (1,'festival','sankranthi edit',0,1,'2015-02-10 06:43:52',1,'2015-02-10 06:44:05','NotActive','122.169.136.208'),(2,'festival','sankranthi',0,1,'2015-02-10 06:47:27',0,'','NotActive','122.169.136.208'),(3,'membership','Membership',1,1,'2015-02-10 06:54:07',0,'','NotActive','122.169.136.208'),(4,'AnnualDay','AnnualDay',1,1,'2015-02-10 06:55:03',0,'','NotActive','122.169.136.208'),(5,'privilegeCustomer','PrivilegeCustomeroffer',1,1,'2015-02-10 06:55:38',1,'2015-02-13 11:32:19','NotActive','122.169.177.247'),(6,'payBack','PayBack',1,1,'2015-02-10 06:56:17',0,'','NotActive','122.169.136.208'),(7,'Voucher','Voucher',1,1,'2015-02-10 10:31:36',0,'','NotActive','122.169.136.208'),(8,'membership','membership',1,1,'2024-03-12 06:19:34',NULL,NULL,NULL,NULL),(9,'Voucher','Voucher',1,1,'2024-03-12 06:19:34',NULL,NULL,NULL,NULL),(10,'Voucher','Voucher',1,1,'2024-03-12 06:19:34',NULL,NULL,NULL,NULL),(11,'Voucher','Voucher',1,1,'2024-03-12 06:19:34',NULL,NULL,NULL,NULL),(12,'Voucher','Voucher',1,1,'2024-03-12 06:19:34',NULL,NULL,NULL,NULL);

--
-- Table structure for table `Package`
--

CREATE TABLE `Package` (
  `Id` int NOT NULL AUTO_INCREMENT,
  `PackageName` varchar(38) COLLATE utf8mb4_general_ci NOT NULL,
  `Code` varchar(16) COLLATE utf8mb4_general_ci NOT NULL,
  `Amount` decimal(10,2) NOT NULL,
  `FrontImage` varchar(67) COLLATE utf8mb4_general_ci DEFAULT NULL,
  `BackImage` varchar(36) COLLATE utf8mb4_general_ci DEFAULT NULL,
  `Remarks` varchar(174) COLLATE utf8mb4_general_ci DEFAULT NULL,
  `PackageFromDate` varchar(19) COLLATE utf8mb4_general_ci NOT NULL,
  `PackageToDate` varchar(19) COLLATE utf8mb4_general_ci NOT NULL,
  `CreatedBy` bit(1) NOT NULL,
  `CreatedDate` varchar(19) COLLATE utf8mb4_general_ci NOT NULL,
  `ModifiedBy` bit(1) NOT NULL,
  `ModifiedDate` varchar(19) COLLATE utf8mb4_general_ci NOT NULL,
  `IsActive` bit(1) NOT NULL,
  `MaxAmount` int DEFAULT NULL,
  PRIMARY KEY (`Id`)
) ENGINE=InnoDB AUTO_INCREMENT=97 DEFAULT CHARSET=utf8mb4 COLLATE=utf8mb4_general_ci;

--
-- Dumping data for table `Package`
--

INSERT INTO `Package` VALUES (15,'charan.m','0045',10000.00,'/Images/PackageImages/Penguins.jpg','/Images/PackageImages/Tulips.jpg',NULL,'2015-07-17 00:00:00','2015-07-31 00:00:00',_binary '','2015-07-06 00:00:00',_binary '\0','2015-07-06 00:00:00',_binary '\0',NULL),(16,'Rajeshtest','0046',20000.00,'/Images/PackageImages/Penguins.jpg','/Images/PackageImages/Tulips.jpg','sdfsdfsdf','2015-07-06 00:00:00','2015-07-31 00:00:00',_binary '','2015-07-06 00:00:00',_binary '\0','2015-07-06 00:00:00',_binary '\0',NULL),(17,'charantest','23423',20000.00,'/Images/PackageImages/Penguins.jpg','/Images/PackageImages/Tulips.jpg',NULL,'2015-05-06 00:00:00','2015-07-31 00:00:00',_binary '','2015-07-06 00:00:00',_binary '\0','2015-07-06 00:00:00',_binary '\0',NULL),(18,'abcd1','0078',100000.00,'/Images/PackageImages/Penguins.jpg','/Images/PackageImages/Koala.jpg','fgsfgfgdf','2015-07-07 00:00:00','2015-08-30 00:00:00',_binary '','2015-07-07 00:00:00',_binary '\0','2015-07-07 00:00:00',_binary '\0',NULL),(19,'Tummy+Sclupting','0058',15000.00,'/Images/PackageImages/Chrysanthemum.jpg','/Images/PackageImages/Hydrangeas.jpg','uyuyy','2015-07-14 00:00:00','2015-08-28 00:00:00',_binary '','2015-07-14 00:00:00',_binary '\0','2015-07-14 00:00:00',_binary '\0',NULL),(20,'MDA offer','DSNR SP PKG 01',499.00,NULL,NULL,'One MDA + Cvit mask','2016-02-11 00:00:00','2016-02-11 00:00:00',_binary '','2016-02-11 00:00:00',_binary '\0','2016-02-11 00:00:00',_binary '\0',NULL),(21,'Skin and Hair Mini COMBO','15-30 feb',4999.00,NULL,NULL,'1 Face RF, 1 Hi-Frq, 1 MDA, 1 Hair HFT, 1 PBT + 1 mask 4999','2016-02-15 00:00:00','2016-02-29 00:00:00',_binary '','2016-02-15 00:00:00',_binary '\0','2016-02-15 00:00:00',_binary '\0',NULL),(22,'Combo Offer','15-29 combo',1111.00,NULL,NULL,'2 Face RF, 2 FBT, 2 HFT, 2 HI-FReq face neck, 2 PBT, 2 MDA, 2 C vit amp, 2 Masks, 1 lakme SPF, 1 Annephase shampoo','2016-02-15 00:00:00','2016-02-29 00:00:00',_binary '','2016-02-15 00:00:00',_binary '\0','2016-02-15 00:00:00',_binary '\0',NULL),(23,'SO-FBT-4999','SO-FEB-2016',4999.00,NULL,NULL,'5 FULL BODYOIL AND GEL THERAPY','2016-02-18 00:00:00','2016-02-29 00:00:00',_binary '','2016-02-18 00:00:00',_binary '\0','2016-02-18 00:00:00',_binary '\0',NULL),(24,'SO-TT-2345','SO-FEB-2016',2345.00,NULL,NULL,'5 TUMMY TUCKS GEL AND OIL','2016-02-18 00:00:00','2016-02-29 00:00:00',_binary '','2016-02-18 00:00:00',_binary '\0','2016-02-18 00:00:00',_binary '\0',NULL),(25,'SO-TRF-4999','SO-FEB-2016',4999.00,NULL,NULL,'5 EXTREME TUMMY RF','2016-02-18 00:00:00','2016-02-29 00:00:00',_binary '','2016-02-18 00:00:00',_binary '\0','2016-02-18 00:00:00',_binary '\0',NULL),(26,'SO-THRF-4999','SO-FEB-2016',4999.00,NULL,NULL,'5 EXTREME THIGH RF','2016-02-18 00:00:00','2016-02-29 00:00:00',_binary '','2016-02-18 00:00:00',_binary '\0','2016-02-18 00:00:00',_binary '\0',NULL),(27,'SO-FSTGRF-4444','SO-FEB-2016',4444.00,NULL,NULL,'5 FACE SKIN TIGHT & GLOW SKIN','2016-02-18 00:00:00','2016-02-29 00:00:00',_binary '','2016-02-18 00:00:00',_binary '\0','2016-02-18 00:00:00',_binary '\0',NULL),(28,'SO-DCR-2999','SO-FEB-2016',2999.00,NULL,NULL,'5 DOUBLE CHIN REDUCTION','2016-02-18 00:00:00','2016-02-29 00:00:00',_binary '','2016-02-18 00:00:00',_binary '\0','2016-02-18 00:00:00',_binary '\0',NULL),(29,'SO-FNAAHFT-2999','SO-FEB-2016',2999.00,NULL,NULL,'5 FACE & NECK ANTI AGING HI-FREQ','2016-02-18 00:00:00','2016-02-29 00:00:00',_binary '','2016-02-18 00:00:00',_binary '\0','2016-02-18 00:00:00',_binary '\0',NULL),(30,'SO-ANTI D HFT-2999','SO-FEB-2016',2999.00,NULL,NULL,'5 ANTI DANDRUFF HFT','2016-02-18 00:00:00','2016-02-29 00:00:00',_binary '','2016-02-18 00:00:00',_binary '\0','2016-02-18 00:00:00',_binary '\0',NULL),(31,'SO-HS&HF COMBO-9999','SO-FEB-2016',9999.00,NULL,NULL,'10 ANTI HAIR FALL+10 PBT','2016-02-18 00:00:00','2016-02-29 00:00:00',_binary '','2016-02-18 00:00:00',_binary '\0','2016-02-18 00:00:00',_binary '\0',NULL),(32,'HAIR S & HF COMBO-4999','SO-FEB-2016',4999.00,NULL,NULL,'5 ANTI HAIR FALL HFT+5PBT','2016-02-18 00:00:00','2016-02-29 00:00:00',_binary '','2016-02-18 00:00:00',_binary '\0','2016-02-18 00:00:00',_binary '\0',NULL),(33,'tewt','fgdfg',5000.00,'/Images/PackageImages/images.jpg','/Images/PackageImages/logo.png','gdf','2016-07-07 00:00:00','2016-08-31 00:00:00',_binary '','2016-07-07 00:00:00',_binary '\0','2016-07-07 00:00:00',_binary '\0',NULL),(34,'rajesh test','125863',1000000.00,NULL,NULL,'for all','2017-03-10 00:00:00','2017-12-22 00:00:00',_binary '','2017-03-10 00:00:00',_binary '\0','2017-03-10 00:00:00',_binary '\0',NULL),(35,'testing by bhuvan','LF123',100000.00,'/Images/PackageImages/MCSE+Cloud+Platform+and+Infrastructure-01.png',NULL,'test by bhuvan','2017-06-29 00:00:00','2017-06-30 00:00:00',_binary '','2017-06-29 00:00:00',_binary '\0','2017-06-29 00:00:00',_binary '\0',NULL),(36,'Testing By Bhuvan','Test for Pack',10000.00,'/Images/PackageImages/download.jpg',NULL,'Testing  03','2018-03-02 00:00:00','2018-03-02 00:00:00',_binary '','2018-03-02 00:00:00',_binary '\0','2018-03-02 00:00:00',_binary '\0',NULL),(39,'Offers','JULY!@',222.00,NULL,NULL,'no','2018-07-19 00:00:00','2018-07-20 00:00:00',_binary '','2018-07-18 00:00:00',_binary '\0','2018-07-18 00:00:00',_binary '\0',NULL),(40,'SLIMMING','1234569',25000.00,NULL,NULL,'OK','2018-07-19 00:00:00','2018-08-31 00:00:00',_binary '','2018-07-19 00:00:00',_binary '\0','2018-07-19 00:00:00',_binary '\0',NULL),(41,'SLIMMING','1234569',25000.00,'/Images/PackageImages/Desert.jpg',NULL,'OK','2018-07-19 00:00:00','2018-08-31 00:00:00',_binary '','2018-07-19 00:00:00',_binary '\0','2018-07-19 00:00:00',_binary '\0',NULL),(42,'SLIMMING','1234569',25000.00,'/Images/PackageImages/Desert.jpg',NULL,'OK','2018-07-19 00:00:00','2018-08-31 00:00:00',_binary '','2018-07-19 00:00:00',_binary '\0','2018-07-19 00:00:00',_binary '\0',NULL),(43,'SLIMMING','1234569',25000.00,'/Images/PackageImages/Desert.jpg',NULL,'OK','2018-07-19 00:00:00','2018-08-31 00:00:00',_binary '','2018-07-19 00:00:00',_binary '\0','2018-07-19 00:00:00',_binary '\0',NULL),(44,'SLIMMING','1234569',25000.00,'/Images/PackageImages/Desert.jpg',NULL,'OK','2018-07-19 00:00:00','2018-08-31 00:00:00',_binary '','2018-07-19 00:00:00',_binary '\0','2018-07-19 00:00:00',_binary '\0',NULL),(45,'RAVI','1234569',25000.00,'/Images/PackageImages/Desert.jpg',NULL,'OK','2018-07-19 00:00:00','2018-08-31 00:00:00',_binary '','2018-07-19 00:00:00',_binary '\0','2018-07-19 00:00:00',_binary '\0',NULL),(46,'RAVI','1234569',25000.00,'/Images/PackageImages/Desert.jpg',NULL,'OK','2018-07-19 00:00:00','2018-08-31 00:00:00',_binary '','2018-07-19 00:00:00',_binary '\0','2018-07-19 00:00:00',_binary '\0',NULL),(47,'RAVI','1234569',25000.00,'/Images/PackageImages/Desert.jpg',NULL,'OK','2018-07-19 00:00:00','2018-08-31 00:00:00',_binary '','2018-07-19 00:00:00',_binary '\0','2018-07-19 00:00:00',_binary '\0',NULL),(48,'SURESH','456986',26000.00,'/Images/PackageImages/Tulips.jpg',NULL,'ALL OK','2018-07-19 00:00:00','2018-07-31 00:00:00',_binary '','2018-07-19 00:00:00',_binary '\0','2018-07-19 00:00:00',_binary '\0',NULL),(49,'SURESH','456986',26000.00,'/Images/PackageImages/Tulips.jpg',NULL,'ALL OK','2018-07-19 00:00:00','2018-07-31 00:00:00',_binary '','2018-07-19 00:00:00',_binary '\0','2018-07-19 00:00:00',_binary '\0',NULL),(50,'SURESH','456986',26000.00,'/Images/PackageImages/Tulips.jpg',NULL,'ALL OK','2018-07-19 00:00:00','2018-07-31 00:00:00',_binary '','2018-07-19 00:00:00',_binary '\0','2018-07-19 00:00:00',_binary '\0',NULL),(51,'SURESH','456986',26000.00,'/Images/PackageImages/Tulips.jpg',NULL,'ALL OK','2018-07-19 00:00:00','2018-07-31 00:00:00',_binary '','2018-07-19 00:00:00',_binary '\0','2018-07-19 00:00:00',_binary '\0',NULL),(52,'RAVI','4569',18000.00,'/Images/PackageImages/Koala.jpg',NULL,'ALL','2018-07-20 00:00:00','2018-07-31 00:00:00',_binary '','2018-07-19 00:00:00',_binary '\0','2018-07-19 00:00:00',_binary '\0',NULL),(53,'bhuvan test 121','bhuvan test 121',100000.00,'/Images/PackageImages/kid 1.jpg',NULL,'1lk package including all dkmnscjklnsdcmkscnsdjkncjksdncjksdnjn','2018-07-19 00:00:00','2018-07-20 00:00:00',_binary '','2018-07-19 00:00:00',_binary '\0','2018-07-19 00:00:00',_binary '\0',NULL),(54,'Testing','AUG15',100.00,NULL,NULL,NULL,'2018-08-27 00:00:00','2018-08-27 00:00:00',_binary '','2018-08-27 00:00:00',_binary '\0','2018-08-27 00:00:00',_binary '\0',NULL),(55,'packag ename','package code',1000.00,'/Images/PackageImages/baby pic.jpg',NULL,'tesing ooooooooooooooooooooooooooooooooooooooooooooooooooooooooooooooooooooooooooooooooooooooooooooooooooooooooooooooooooooooooooooooooooooooooooooooooooooooooooooooooooooooo','2018-08-30 00:00:00','2018-08-30 00:00:00',_binary '','2018-08-30 00:00:00',_binary '\0','2018-08-30 00:00:00',_binary '\0',NULL),(56,'SEP','123',200.00,NULL,NULL,NULL,'2018-09-09 00:00:00','2018-09-10 00:00:00',_binary '','2018-09-08 00:00:00',_binary '\0','2018-09-08 00:00:00',_binary '\0',NULL),(80,'test','test',10000.00,NULL,NULL,'test','2019-11-18 00:00:00','2019-11-30 00:00:00',_binary '','2019-11-18 00:00:00',_binary '\0','2020-01-07 19:27:51',_binary '\0',NULL),(81,'test','test',10000.00,NULL,NULL,'test','2019-11-18 00:00:00','2019-11-30 00:00:00',_binary '','2019-11-18 00:00:00',_binary '\0','2019-11-18 00:00:00',_binary '\0',NULL),(82,'test','test',10000.00,NULL,NULL,'test','2019-11-18 00:00:00','2019-11-30 00:00:00',_binary '','2019-11-18 00:00:00',_binary '\0','2019-11-18 00:00:00',_binary '\0',NULL),(90,'test','test',10000.00,NULL,NULL,'test','2019-11-19 00:00:00','2019-11-30 00:00:00',_binary '','2019-11-19 00:00:00',_binary '\0','2019-11-19 00:00:00',_binary '\0',NULL),(91,'test','test',10000.00,NULL,NULL,'test','2019-11-19 00:00:00','2019-11-30 00:00:00',_binary '','2019-11-19 00:00:00',_binary '\0','2019-11-19 00:00:00',_binary '\0',NULL),(92,'LFT-UCP','LFT-UCP',40000.00,NULL,NULL,'test','2019-11-20 00:00:00','2019-11-20 00:00:00',_binary '','2019-11-20 00:00:00',_binary '\0','2019-11-20 00:00:00',_binary '\0',NULL),(93,'DERMA GLOW NEW YEAR OFFER','DG New Year Of',10000.00,NULL,NULL,'SPL FOR ALL BRANCHES for the New Year','2019-12-30 00:00:00','2020-01-05 00:00:00',_binary '','2019-12-30 00:00:00',_binary '\0','2019-12-30 00:00:00',_binary '\0',NULL),(94,'26 FEB OFFER  Hair Transplantation(HT)','26 OFF HT',127118.00,NULL,NULL,'Hair Transplantation offer 2 days only 26th and 27th feb 2020','2020-01-27 00:00:00','2020-01-27 00:00:00',_binary '','2020-01-27 00:00:00',_binary '\0','2020-01-27 13:11:10',_binary '\0',150000),(95,'26 FEB OFFER  Hair Transplantation(HT)','26 FEB 2020 HT',127000.00,NULL,NULL,NULL,'2020-01-27 00:00:00','2020-01-27 00:00:00',_binary '','2020-01-27 00:00:00',_binary '\0','2020-01-27 00:00:00',_binary '\0',150000),(96,'Papaya Gel (Therapy)','Papaya Gel',1270.00,NULL,NULL,'gel therapy on request of client selling under special offer','2020-01-28 00:00:00','2020-01-28 00:00:00',_binary '','2020-01-28 00:00:00',_binary '\0','2020-01-28 00:00:00',_binary '\0',1270);

--
-- Table structure for table `PackageBranchDetail`
--

CREATE TABLE `PackageBranchDetail` (
  `Id` int NOT NULL AUTO_INCREMENT,
  `PackageId` double DEFAULT NULL,
  `ZoneId` double DEFAULT NULL,
  `BranchId` double DEFAULT NULL,
  `CreatedDate` varchar(50) COLLATE utf8mb4_general_ci DEFAULT NULL,
  `CreatedBy` double DEFAULT NULL,
  `ModifiedDate` varchar(50) COLLATE utf8mb4_general_ci DEFAULT NULL,
  `ModifiedBy` double DEFAULT NULL,
  `IsActive` double DEFAULT NULL,
  PRIMARY KEY (`Id`)
) ENGINE=InnoDB AUTO_INCREMENT=101 DEFAULT CHARSET=utf8mb4 COLLATE=utf8mb4_general_ci;

--
-- Dumping data for table `PackageBranchDetail`
--

INSERT INTO `PackageBranchDetail` VALUES (1,15,2,2,'2015-07-06 00:00:00',1,'2015-07-06 00:00:00',0,1),(2,15,2,6,'2015-07-06 00:00:00',1,'2015-07-06 00:00:00',0,1),(3,15,2,2,'2015-07-06 14:58:45',1,'2015-07-06 14:58:45',0,0),(4,15,2,2,'2015-07-06 14:58:47',1,'2015-07-06 14:58:47',0,0),(5,16,2,2,'2015-07-06 00:00:00',1,'2015-07-06 00:00:00',0,1),(6,16,2,4,'2015-07-06 00:00:00',1,'2015-07-06 00:00:00',0,1),(7,16,2,2,'2015-07-06 15:23:40',1,'2015-07-06 15:23:40',0,0),(8,16,2,2,'2015-07-06 15:23:44',1,'2015-07-06 15:23:44',0,0),(9,16,2,5,'2015-07-06 15:25:07',1,'2015-07-06 00:00:00',0,1),(10,16,2,6,'2015-07-06 15:25:08',1,'2015-07-06 00:00:00',0,1),(11,17,2,2,'2015-07-06 00:00:00',1,'2015-07-06 00:00:00',0,1),(12,17,2,4,'2015-07-06 00:00:00',1,'2015-07-06 00:00:00',0,1),(13,18,2,5,'2015-07-07 00:00:00',1,'2015-07-07 00:00:00',0,1),(14,18,2,4,'2015-07-07 00:00:00',1,'2015-07-07 00:00:00',0,1),(15,18,2,2,'2015-07-07 00:00:00',1,'2015-07-07 00:00:00',0,1),(16,19,2,2,'2015-07-14 00:00:00',1,'2015-07-14 00:00:00',0,1),(17,20,2,54,'2016-02-11 00:00:00',1,'2016-02-11 00:00:00',0,1),(18,21,2,54,'2016-02-15 00:00:00',1,'2016-02-15 00:00:00',0,1),(19,22,2,54,'2016-02-15 00:00:00',1,'2016-02-15 00:00:00',0,1),(20,23,2,54,'2016-02-18 00:00:00',1,'2016-02-18 00:00:00',0,1),(21,24,2,54,'2016-02-18 00:00:00',1,'2016-02-18 00:00:00',0,1),(22,25,2,54,'2016-02-18 00:00:00',1,'2016-02-18 00:00:00',0,1),(23,26,2,54,'2016-02-18 00:00:00',1,'2016-02-18 00:00:00',0,1),(24,27,2,54,'2016-02-18 00:00:00',1,'2016-02-18 00:00:00',0,1),(25,28,2,54,'2016-02-18 00:00:00',1,'2016-02-18 00:00:00',0,1),(26,29,2,54,'2016-02-18 00:00:00',1,'2016-02-18 00:00:00',0,1),(27,30,2,54,'2016-02-18 00:00:00',1,'2016-02-18 00:00:00',0,1),(28,31,2,54,'2016-02-18 00:00:00',1,'2016-02-18 00:00:00',0,1),(29,32,2,54,'2016-02-18 00:00:00',1,'2016-02-18 00:00:00',0,1),(30,33,2,61,'2016-07-07 00:00:00',1,'2016-07-07 00:00:00',0,1),(31,34,2,61,'2017-03-10 00:00:00',1,'2017-03-10 00:00:00',0,1),(32,35,2,63,'2017-06-29 00:00:00',1,'2017-06-29 00:00:00',0,1),(33,35,2,61,'2017-06-29 00:00:00',1,'2017-06-29 00:00:00',0,1),(34,35,45,59,'2017-06-29 00:00:00',1,'2017-06-29 00:00:00',0,1),(35,35,45,57,'2017-06-29 00:00:00',1,'2017-06-29 00:00:00',0,1),(36,35,2,56,'2017-06-29 00:00:00',1,'2017-06-29 00:00:00',0,1),(37,35,2,55,'2017-06-29 00:00:00',1,'2017-06-29 00:00:00',0,1),(38,35,2,54,'2017-06-29 00:00:00',1,'2017-06-29 00:00:00',0,1),(39,35,2,53,'2017-06-29 00:00:00',1,'2017-06-29 00:00:00',0,1),(40,35,2,52,'2017-06-29 00:00:00',1,'2017-06-29 00:00:00',0,1),(41,35,2,51,'2017-06-29 00:00:00',1,'2017-06-29 00:00:00',0,1),(42,36,2,54,'2018-03-02 00:00:00',1,'2018-03-02 00:00:00',0,1),(43,37,45,64,'2018-07-03 00:00:00',1,'2018-07-03 00:00:00',0,1),(44,38,45,59,'2018-07-03 00:00:00',1,'2018-07-03 00:00:00',0,1),(45,39,45,57,'2018-07-18 00:00:00',1,'2018-07-18 00:00:00',0,1),(46,40,2,53,'2018-07-19 00:00:00',1,'2018-07-19 00:00:00',0,1),(47,41,2,53,'2018-07-19 00:00:00',1,'2018-07-19 00:00:00',0,1),(48,42,2,53,'2018-07-19 00:00:00',1,'2018-07-19 00:00:00',0,1),(49,43,2,53,'2018-07-19 00:00:00',1,'2018-07-19 00:00:00',0,1),(50,44,2,53,'2018-07-19 00:00:00',1,'2018-07-19 00:00:00',0,1),(51,45,2,53,'2018-07-19 00:00:00',1,'2018-07-19 00:00:00',0,1),(52,46,2,53,'2018-07-19 00:00:00',1,'2018-07-19 00:00:00',0,1),(53,47,2,53,'2018-07-19 00:00:00',1,'2018-07-19 00:00:00',0,1),(54,48,2,53,'2018-07-19 00:00:00',1,'2018-07-19 00:00:00',0,1),(55,49,2,53,'2018-07-19 00:00:00',1,'2018-07-19 00:00:00',0,1),(56,50,2,53,'2018-07-19 00:00:00',1,'2018-07-19 00:00:00',0,1),(57,51,2,53,'2018-07-19 00:00:00',1,'2018-07-19 00:00:00',0,1),(58,52,2,53,'2018-07-19 00:00:00',1,'2018-07-19 00:00:00',0,1),(59,53,2,54,'2018-07-19 00:00:00',1,'2018-07-19 00:00:00',0,1),(60,54,2,51,'2018-08-27 00:00:00',1,'2018-08-27 00:00:00',0,1),(61,55,2,51,'2018-08-30 00:00:00',1,'2018-08-30 00:00:00',0,1),(62,55,2,52,'2018-08-30 00:00:00',1,'2018-08-30 00:00:00',0,1),(63,55,2,53,'2018-08-30 00:00:00',1,'2018-08-30 00:00:00',0,1),(64,55,2,54,'2018-08-30 00:00:00',1,'2018-08-30 00:00:00',0,1),(65,55,2,55,'2018-08-30 00:00:00',1,'2018-08-30 00:00:00',0,1),(66,55,2,56,'2018-08-30 00:00:00',1,'2018-08-30 00:00:00',0,1),(67,55,2,60,'2018-08-30 00:00:00',1,'2018-08-30 00:00:00',0,1),(68,55,2,63,'2018-08-30 00:00:00',1,'2018-08-30 00:00:00',0,1),(69,56,2,51,'2018-09-08 00:00:00',1,'2018-09-08 00:00:00',0,1),(70,57,45,64,'2019-11-16 00:00:00',1,'2019-11-16 00:00:00',0,1),(71,57,2,63,'2019-11-16 00:00:00',1,'2019-11-16 00:00:00',0,1),(72,57,2,61,'2019-11-16 00:00:00',1,'2019-11-16 00:00:00',0,1),(73,57,2,60,'2019-11-16 00:00:00',1,'2019-11-16 00:00:00',0,1),(74,57,45,59,'2019-11-16 00:00:00',1,'2019-11-16 00:00:00',0,1),(75,57,45,57,'2019-11-16 00:00:00',1,'2019-11-16 00:00:00',0,1),(76,57,2,56,'2019-11-16 00:00:00',1,'2019-11-16 00:00:00',0,1),(77,57,2,55,'2019-11-16 00:00:00',1,'2019-11-16 00:00:00',0,1),(78,57,2,54,'2019-11-16 00:00:00',1,'2019-11-16 00:00:00',0,1),(79,57,2,53,'2019-11-16 00:00:00',1,'2019-11-16 00:00:00',0,1),(80,57,2,52,'2019-11-16 00:00:00',1,'2019-11-16 00:00:00',0,1),(81,57,2,51,'2019-11-16 00:00:00',1,'2019-11-16 00:00:00',0,1),(82,57,3,1,'2019-11-16 00:00:00',1,'2019-11-16 00:00:00',0,1),(83,58,45,64,'2019-11-16 00:00:00',1,'2019-11-16 00:00:00',0,1),(84,58,2,63,'2019-11-16 00:00:00',1,'2019-11-16 00:00:00',0,1),(85,58,2,61,'2019-11-16 00:00:00',1,'2019-11-16 00:00:00',0,1),(86,58,2,60,'2019-11-16 00:00:00',1,'2019-11-16 00:00:00',0,1),(87,58,45,59,'2019-11-16 00:00:00',1,'2019-11-16 00:00:00',0,1),(88,58,45,57,'2019-11-16 00:00:00',1,'2019-11-16 00:00:00',0,1),(89,58,2,56,'2019-11-16 00:00:00',1,'2019-11-16 00:00:00',0,1),(90,58,2,55,'2019-11-16 00:00:00',1,'2019-11-16 00:00:00',0,1),(91,58,2,54,'2019-11-16 00:00:00',1,'2019-11-16 00:00:00',0,1),(92,58,2,53,'2019-11-16 00:00:00',1,'2019-11-16 00:00:00',0,1),(93,58,2,52,'2019-11-16 00:00:00',1,'2019-11-16 00:00:00',0,1),(94,58,2,51,'2019-11-16 00:00:00',1,'2019-11-16 00:00:00',0,1),(95,58,3,1,'2019-11-16 00:00:00',1,'2019-11-16 00:00:00',0,1),(96,59,3,1,'2019-11-16 00:00:00',1,'2019-11-16 00:00:00',0,1),(97,59,2,51,'2019-11-16 00:00:00',1,'2019-11-16 00:00:00',0,1),(98,59,2,52,'2019-11-16 00:00:00',1,'2019-11-16 00:00:00',0,1),(99,59,2,53,'2019-11-16 00:00:00',1,'2019-11-16 00:00:00',0,1),(100,59,2,54,'2019-11-16 00:00:00',1,'2019-11-16 00:00:00',0,1);

--
-- Table structure for table `PackageDetails`
--

CREATE TABLE `PackageDetails` (
  `Id` int NOT NULL AUTO_INCREMENT,
  `PackageId` double DEFAULT NULL,
  `CategoryId` double DEFAULT NULL,
  `ServiceId` double DEFAULT NULL,
  `CreatedBy` double DEFAULT NULL,
  `CreatedDate` varchar(50) COLLATE utf8mb4_general_ci DEFAULT NULL,
  `ModifiedBy` double DEFAULT NULL,
  `ModifiedDate` varchar(50) COLLATE utf8mb4_general_ci DEFAULT NULL,
  `IsActive` double DEFAULT NULL,
  `Quantity` varchar(100) COLLATE utf8mb4_general_ci DEFAULT NULL,
  PRIMARY KEY (`Id`)
) ENGINE=InnoDB AUTO_INCREMENT=120 DEFAULT CHARSET=utf8mb4 COLLATE=utf8mb4_general_ci;

--
-- Dumping data for table `PackageDetails`
--

INSERT INTO `PackageDetails` VALUES (1,15,2,5,1,'2015-07-06 00:00:00',0,'2015-07-06 00:00:00',0,''),(2,15,1,9,1,'2015-07-06 00:00:00',0,'2015-07-06 00:00:00',0,''),(3,15,1,17,1,'2015-07-06 15:02:11',0,'2015-07-06 15:02:11',1,''),(4,16,1,9,1,'2015-07-06 00:00:00',0,'2015-07-06 00:00:00',1,''),(5,16,2,5,1,'2015-07-06 00:00:00',0,'2015-07-06 00:00:00',1,''),(6,16,2,7,1,'2015-07-06 15:15:27',0,'2015-07-06 00:00:00',1,''),(7,16,2,13,1,'2015-07-06 15:15:33',0,'2015-07-06 00:00:00',1,''),(8,17,2,5,1,'2015-07-06 00:00:00',0,'2015-07-06 00:00:00',1,''),(9,17,2,8,1,'2015-07-06 00:00:00',0,'2015-07-06 00:00:00',1,''),(10,18,1,9,1,'2015-07-07 00:00:00',0,'2015-07-07 00:00:00',1,''),(11,18,2,13,1,'2015-07-07 00:00:00',0,'2015-07-07 00:00:00',1,''),(12,19,2,5,1,'2015-07-14 00:00:00',0,'2015-07-14 00:00:00',1,''),(13,19,2,10,1,'2015-07-14 00:00:00',0,'2015-07-14 00:00:00',1,''),(14,20,2,72,1,'2016-02-11 00:00:00',0,'2016-02-11 00:00:00',1,''),(15,20,2,85,1,'2016-02-11 00:00:00',0,'2016-02-11 00:00:00',1,''),(16,21,2,193,1,'2016-02-15 00:00:00',0,'2016-02-15 00:00:00',1,''),(17,21,2,57,1,'2016-02-15 00:00:00',0,'2016-02-15 00:00:00',1,''),(18,22,1,109,1,'2016-02-15 00:00:00',0,'2016-02-15 00:00:00',1,''),(19,22,1,48,1,'2016-02-15 00:00:00',0,'2016-02-15 00:00:00',1,''),(20,22,2,57,1,'2016-02-15 00:00:00',0,'2016-02-15 00:00:00',1,''),(21,22,2,117,1,'2016-02-15 00:00:00',0,'2016-02-15 00:00:00',1,''),(22,22,2,193,1,'2016-02-15 00:00:00',0,'2016-02-15 00:00:00',1,''),(23,23,1,83,1,'2016-02-18 00:00:00',0,'2016-02-18 00:00:00',1,''),(24,24,1,2,1,'2016-02-18 00:00:00',0,'2016-02-18 00:00:00',1,''),(25,25,1,54,1,'2016-02-18 00:00:00',0,'2016-02-18 00:00:00',1,''),(26,26,1,56,1,'2016-02-18 00:00:00',0,'2016-02-18 00:00:00',1,''),(27,27,1,118,1,'2016-02-18 00:00:00',0,'2016-02-18 00:00:00',1,''),(28,28,1,118,1,'2016-02-18 00:00:00',0,'2016-02-18 00:00:00',1,''),(29,29,2,150,1,'2016-02-18 00:00:00',0,'2016-02-18 00:00:00',1,''),(30,30,2,150,1,'2016-02-18 00:00:00',0,'2016-02-18 00:00:00',1,''),(31,31,2,150,1,'2016-02-18 00:00:00',0,'2016-02-18 00:00:00',1,''),(32,31,2,149,1,'2016-02-18 00:00:00',0,'2016-02-18 00:00:00',1,''),(33,32,2,149,1,'2016-02-18 00:00:00',0,'2016-02-18 00:00:00',1,''),(34,32,2,150,1,'2016-02-18 00:00:00',0,'2016-02-18 00:00:00',1,''),(35,33,1,14,1,'2016-07-07 00:00:00',0,'2016-07-07 00:00:00',1,''),(36,33,11,211,1,'2016-07-07 00:00:00',0,'2016-07-07 00:00:00',1,''),(37,34,1,38,1,'2017-03-10 00:00:00',0,'2017-03-10 00:00:00',1,''),(38,35,11,235,1,'2017-06-29 00:00:00',0,'2017-06-29 00:00:00',1,''),(39,36,1,9,1,'2018-03-02 00:00:00',0,'2018-03-02 00:00:00',1,''),(40,39,1,9,1,'2018-07-18 00:00:00',0,'2018-07-18 00:00:00',1,''),(41,40,1,32,1,'2018-07-19 00:00:00',0,'2018-07-19 00:00:00',1,''),(42,41,1,32,1,'2018-07-19 00:00:00',0,'2018-07-19 00:00:00',1,''),(43,41,2,57,1,'2018-07-19 00:00:00',0,'2018-07-19 00:00:00',1,''),(44,42,1,32,1,'2018-07-19 00:00:00',0,'2018-07-19 00:00:00',1,''),(45,42,2,57,1,'2018-07-19 00:00:00',0,'2018-07-19 00:00:00',1,''),(46,43,1,32,1,'2018-07-19 00:00:00',0,'2018-07-19 00:00:00',1,''),(47,43,2,57,1,'2018-07-19 00:00:00',0,'2018-07-19 00:00:00',1,''),(48,44,1,32,1,'2018-07-19 00:00:00',0,'2018-07-19 00:00:00',1,''),(49,44,2,57,1,'2018-07-19 00:00:00',0,'2018-07-19 00:00:00',1,''),(50,45,1,32,1,'2018-07-19 00:00:00',0,'2018-07-19 00:00:00',1,''),(51,45,2,57,1,'2018-07-19 00:00:00',0,'2018-07-19 00:00:00',1,''),(52,46,1,32,1,'2018-07-19 00:00:00',0,'2018-07-19 00:00:00',1,''),(53,46,2,57,1,'2018-07-19 00:00:00',0,'2018-07-19 00:00:00',1,''),(54,47,1,32,1,'2018-07-19 00:00:00',0,'2018-07-19 00:00:00',1,''),(55,47,2,57,1,'2018-07-19 00:00:00',0,'2018-07-19 00:00:00',1,''),(56,48,1,32,1,'2018-07-19 00:00:00',0,'2018-07-19 00:00:00',1,''),(57,49,1,32,1,'2018-07-19 00:00:00',0,'2018-07-19 00:00:00',1,''),(58,50,1,32,1,'2018-07-19 00:00:00',0,'2018-07-19 00:00:00',1,''),(59,51,1,32,1,'2018-07-19 00:00:00',0,'2018-07-19 00:00:00',1,''),(60,52,1,33,1,'2018-07-19 00:00:00',0,'2018-07-19 00:00:00',1,''),(61,53,8,177,1,'2018-07-19 00:00:00',0,'2018-07-19 00:00:00',1,''),(62,54,1,9,1,'2018-08-27 00:00:00',0,'2018-08-27 00:00:00',1,''),(63,55,13,256,1,'2018-08-30 00:00:00',0,'2018-08-30 00:00:00',1,''),(64,56,1,32,1,'2018-09-08 00:00:00',0,'2018-09-08 00:00:00',1,''),(107,90,13,256,1,'2019-11-19 00:00:00',0,'2019-11-19 00:00:00',1,''),(108,90,13,389,1,'2019-11-19 00:00:00',0,'2019-11-19 00:00:00',1,''),(109,91,1,79,1,'2019-11-19 00:00:00',0,'2019-11-19 00:00:00',1,''),(110,91,1,58,1,'2019-11-19 00:00:00',0,'2019-11-19 00:00:00',1,''),(111,92,1,54,1,'2019-11-20 00:00:00',0,'2019-11-20 00:00:00',1,''),(112,92,1,59,1,'2019-11-20 00:00:00',0,'2019-11-20 00:00:00',1,''),(113,93,2,579,1,'2019-12-30 00:00:00',0,'2019-12-30 00:00:00',1,''),(114,94,2,285,1,'2020-01-27 00:00:00',0,'2020-01-27 00:00:00',1,'1'),(115,94,2,289,1,'2020-01-27 00:00:00',0,'2020-01-27 00:00:00',1,'0'),(116,95,2,289,1,'2020-01-27 00:00:00',0,'2020-01-27 00:00:00',1,'1'),(117,95,2,289,1,'2020-01-27 00:00:00',0,'2020-01-27 00:00:00',1,'0'),(118,95,2,289,1,'2020-01-27 00:00:00',0,'2020-01-27 00:00:00',1,'0'),(119,96,1,564,1,'2020-01-28 00:00:00',0,'2020-01-28 00:00:00',1,'1');

--
-- Table structure for table `PayMode`
--

CREATE TABLE `PayMode` (
  `ID` int NOT NULL AUTO_INCREMENT,
  `CategoryId` double DEFAULT NULL,
  `Category` varchar(100) COLLATE utf8mb4_general_ci DEFAULT NULL,
  `Remarks` text COLLATE utf8mb4_general_ci,
  `Status` double DEFAULT NULL,
  `CreatedBy` double DEFAULT NULL,
  `CreatedDate` varchar(50) COLLATE utf8mb4_general_ci DEFAULT NULL,
  `ModifiedBy` double DEFAULT NULL,
  `ModifiedDate` varchar(50) COLLATE utf8mb4_general_ci DEFAULT NULL,
  `ISACTIVE` varchar(10) COLLATE utf8mb4_general_ci DEFAULT NULL,
  `IPAddress` varchar(20) COLLATE utf8mb4_general_ci DEFAULT NULL,
  `IsDirectPayment` double DEFAULT NULL,
  `ActiveDeActive` double DEFAULT NULL,
  PRIMARY KEY (`ID`)
) ENGINE=InnoDB AUTO_INCREMENT=66 DEFAULT CHARSET=utf8mb4 COLLATE=utf8mb4_general_ci;

--
-- Dumping data for table `PayMode`
--

INSERT INTO `PayMode` VALUES (1,10,'Cheque','Cheque payment',1,1,'2015-02-10 18:05:39',1,'2024-02-13 06:48:11','0','183.83.180.12',1,1),(2,4,'Cash','Cash Payment',1,1,'2015-02-11 11:06:51',45,'2024-02-13 06:48:11','0','183.83.180.12',1,1),(4,6,'Card','card',1,1,'2015-02-20 14:51:05',1,'2015-02-20 14:51:18','ACTIVE','122.169.184.183',1,1),(22,0,'','',0,1,'',1,'2024-02-13 06:48:11','0','',1,0),(30,0,'Bajaj EMI','by Bajaj EMI ',1,1,'2017-12-21 13:10:00',1,'2024-02-19 12:31:10','undefined','104.238.80.211',1,1),(36,0,'Google pay ','Google pay ',1,1,'2020-08-15 19:55:35',0,'2020-08-15 19:55:35','ACTIVE','64.235.41.75',1,1),(39,0,'HDFC EMI ','HDFC EMI ',1,1,'2020-08-15 19:59:02',0,'2020-08-15 19:59:02','ACTIVE','64.235.41.75',1,1),(40,0,'Pay U','Pay U',1,1,'2020-08-23 19:19:56',1,'2020-11-16 16:46:16','ACTIVE','64.235.41.75',1,1),(41,0,'Hdfc bank transfer ','Hdfc bank transfer ',1,1,'2020-08-23 19:27:41',0,'2020-08-23 19:27:41','ACTIVE','127.0.0.1',1,1),(42,0,'Hdfc bank deposit ','Hdfc bank deposit ',1,1,'2020-08-23 19:28:50',1,'2024-01-29 08:42:26','0','127.0.0.1',1,1),(43,0,'HDFC CC','HDFC CC',1,1,'2020-08-23 19:30:15',1,'2024-01-29 10:20:54','0','127.0.0.1',1,1),(44,0,'UPI HDFC','UPI HDFC',1,1,'2020-08-23 19:31:24',1,'2024-01-29 08:42:26','0','127.0.0.1',1,1),(45,0,'Phonepe','Phonepe',1,1,'2020-11-16 11:14:47',2,'2024-02-13 06:48:11','0','64.235.41.75',1,1),(46,0,'Instamojo','Instamojo',1,1,'2021-01-26 13:28:46',1,'2024-01-29 08:42:26','0','64.235.41.75',0,1),(47,0,'HDFC','Axis',1,1,'2021-08-30 11:25:44',2,'2024-02-13 06:48:11','0','64.235.41.75',1,1),(49,0,'Phone pe','Phone pe',1,1,'2022-11-21 12:53:21',1,'2024-02-19 13:20:05','undefined','64.235.41.75',0,1),(50,0,'SMS PAY','SMS PAY',1,1,'2023-10-04 07:07:54',45,'2024-02-13 06:48:11','0','64.235.41.75',1,1),(51,NULL,'sms','buy',NULL,38,'2024-01-23 14:41:34',1,'2024-05-02 07:46:38','1','::ffff:127.0.0.1',NULL,NULL),(52,NULL,'sms','selling',NULL,39,'2024-01-26 15:39:45',1,'2024-01-29 10:20:54','0','122.171.117.147',NULL,NULL),(53,NULL,'ss','buy',NULL,1,'2024-01-29 10:20:54',1,'2024-02-20 09:45:21','1','122.171.117.147',NULL,NULL),(54,NULL,'dd','jj',NULL,NULL,'2024-01-31 07:36:15',1,'2024-02-19 13:20:05','1','117.98.199.149',NULL,NULL),(55,NULL,'','',NULL,NULL,'2024-01-31 12:45:59',1,'2024-03-04 07:47:54','0','27.58.232.208',NULL,NULL),(56,NULL,'HAIR','SKI',NULL,NULL,'2024-03-04 06:21:31',NULL,'2024-03-04 07:47:54','1','171.49.250.133',NULL,NULL),(57,NULL,'Head','Head',NULL,NULL,'2024-03-04 07:47:54',1,'2024-03-04 08:05:10','0','171.49.250.133',NULL,NULL),(58,NULL,'good','5666',NULL,NULL,'2024-03-14 07:13:14',1,'2024-04-26 08:20:55','1','223.230.51.97',NULL,NULL),(59,NULL,'Laser1','Laser1',NULL,NULL,'2024-03-14 13:08:36',1,'2024-03-14 13:08:36','0','223.230.51.97',NULL,NULL),(60,NULL,'HAIR1','Ganesh1',NULL,NULL,'2024-04-17 07:40:27',1,'2024-04-17 07:40:27','1','122.162.23.123',NULL,NULL),(61,NULL,'','Ganesh',NULL,NULL,'2024-05-02 06:11:10',NULL,NULL,'1','117.96.207.92',NULL,NULL),(62,NULL,'','Ganesh',NULL,NULL,'2024-05-02 06:11:10',1,'2024-05-02 06:11:10','0','117.96.207.92',NULL,NULL),(63,NULL,'','Medical',NULL,NULL,'2024-05-02 07:46:38',NULL,NULL,'1','117.96.207.92',NULL,NULL),(64,NULL,'45','Bank',NULL,NULL,'2024-05-02 07:46:38',1,'2024-05-02 11:19:45','0','117.96.207.92',NULL,NULL),(65,NULL,'IV DRIPS','IV',NULL,NULL,'2024-05-02 07:46:38',1,'2024-05-02 11:19:45','0','117.96.207.92',NULL,NULL);

--
-- Table structure for table `Payment`
--

CREATE TABLE `Payment` (
  `Id` double NOT NULL AUTO_INCREMENT,
  `BillingId` double DEFAULT NULL,
  `CustomerId` double DEFAULT NULL,
  `IsActive` double DEFAULT NULL,
  `Remarks` text COLLATE utf8mb4_general_ci,
  `CreatedBy` double DEFAULT NULL,
  `CreatedDate` varchar(50) COLLATE utf8mb4_general_ci DEFAULT NULL,
  `ModifiedBy` varchar(10) COLLATE utf8mb4_general_ci DEFAULT NULL,
  `ModifiedDate` varchar(50) COLLATE utf8mb4_general_ci DEFAULT NULL,
  `BranchId` double DEFAULT NULL,
  `PaymentStatus` double DEFAULT NULL,
  `PaymentNo` double DEFAULT NULL,
  `RcpNo` varchar(100) COLLATE utf8mb4_general_ci DEFAULT NULL,
  `PiadAmount` varchar(100) COLLATE utf8mb4_general_ci DEFAULT NULL,
  `PaymentYearCode` double DEFAULT NULL,
  `ReceiptNumber` varchar(100) COLLATE utf8mb4_general_ci DEFAULT NULL,
  PRIMARY KEY (`Id`)
) ENGINE=InnoDB AUTO_INCREMENT=184984 DEFAULT CHARSET=utf8mb4 COLLATE=utf8mb4_general_ci;

--
-- Dumping data for table `Payment`
--

INSERT INTO `Payment` VALUES (184884,175609,2406,1,'',159,'2020-11-01 09:54:41','','2020-11-01 09:54:41',66,52,5,'ADYAR/01112020/184884','',2020,'ADYAR/011120/2'),(184885,175610,2407,1,'',159,'2020-11-01 17:28:24','','2020-11-01 17:28:24',66,52,6,'ADYAR/01112020/184885','',2020,'ADYAR/011120/3'),(184886,175611,2408,1,'',159,'2020-11-01 17:33:58','','2020-11-01 17:33:58',66,52,7,'ADYAR/01112020/184886','',2020,'ADYAR/011120/4'),(184887,175612,2409,1,'',159,'2020-11-01 11:49:10','','2020-11-01 11:49:10',66,52,8,'ADYAR/01112020/184887','',2020,'ADYAR/011120/5'),(184888,175613,2410,1,'',159,'2020-11-02 11:56:13','','2020-11-02 11:56:13',66,52,9,'ADYAR/02112020/184888','',2020,'ADYAR/021120/6'),(184889,175614,2411,1,'',159,'2020-11-02 12:28:15','','2020-11-02 12:28:15',66,52,10,'ADYAR/02112020/184889','',2020,'ADYAR/021120/7'),(184890,175615,2412,1,'',159,'2020-11-02 12:28:15','','2020-11-02 12:28:15',66,52,11,'ADYAR/02112020/184890','',2020,'ADYAR/021120/8'),(184891,175616,2350,1,'',159,'2020-11-02 12:42:49','','2020-11-02 12:42:49',66,52,12,'ADYAR/02112020/184891','',2020,'ADYAR/021120/9'),(184892,175617,2413,1,'',159,'2020-11-03 13:10:04','','2020-11-03 13:10:04',66,52,13,'ADYAR/03112020/184892','',2020,'ADYAR/031120/10'),(184893,175618,2414,1,'',159,'2020-11-03 13:15:30','','2020-11-03 13:15:30',66,52,14,'ADYAR/03112020/184893','',2020,'ADYAR/031120/11'),(184894,175620,2159,1,'',159,'2020-11-03 13:29:35','','2020-11-03 13:29:35',66,52,15,'ADYAR/03112020/184894','',2020,'ADYAR/031120/12'),(184895,175621,2415,1,'',159,'2020-11-03 13:39:00','','2020-11-03 13:39:00',66,52,16,'ADYAR/03112020/184895','',2020,'ADYAR/031120/13'),(184896,175622,2367,1,'',159,'2020-11-03 13:43:59','','2020-11-03 13:43:59',66,52,17,'ADYAR/03112020/184896','',2020,'ADYAR/031120/14'),(184897,175623,2416,1,'',159,'2020-11-04 13:55:44','','2020-11-04 13:55:44',66,52,18,'ADYAR/04112020/184897','',2020,'ADYAR/041120/15'),(184898,175624,1113,1,'',159,'2020-11-05 13:59:46','','2020-11-05 13:59:46',66,52,19,'ADYAR/05112020/184898','',2020,'ADYAR/051120/16'),(184899,175625,2417,1,'',159,'2020-11-05 14:08:01','','2020-11-05 14:08:01',66,52,20,'ADYAR/05112020/184899','',2020,'ADYAR/051120/17'),(184900,175626,2418,1,'',159,'2020-11-05 14:13:45','','2020-11-05 14:13:45',66,52,21,'ADYAR/05112020/184900','',2020,'ADYAR/051120/18'),(184901,175627,2419,1,'',159,'2020-11-05 14:20:24','','2020-11-05 14:20:24',66,52,22,'ADYAR/05112020/184901','',2020,'ADYAR/051120/19'),(184902,175612,2409,1,'',159,'2020-11-05 14:21:50','','2020-11-05 14:21:50',66,52,23,'ADYAR/05112020/184902','',2020,'ADYAR/051120/20'),(184903,175628,835,1,'',159,'2020-11-05 14:30:08','','2020-11-05 14:30:08',66,52,24,'ADYAR/05112020/184903','',2020,'ADYAR/051120/21'),(184904,175629,695,1,'',159,'2020-11-05 14:35:40','','2020-11-05 14:35:40',66,52,25,'ADYAR/05112020/184904','',2020,'ADYAR/051120/22'),(184905,175630,2420,1,'',159,'2020-11-06 14:39:04','','2020-11-06 14:39:04',66,52,26,'ADYAR/06112020/184905','',2020,'ADYAR/061120/23'),(184906,175618,2414,1,'',159,'2020-11-06 14:40:21','','2020-11-06 14:40:21',66,52,27,'ADYAR/06112020/184906','',2020,'ADYAR/061120/24'),(184907,175631,2421,1,'',159,'2020-11-07 15:40:54','','2020-11-07 15:40:54',66,52,28,'ADYAR/07112020/184907','',2020,'ADYAR/071120/25'),(184908,175632,2422,1,'',159,'2020-11-07 15:57:31','','2020-11-07 15:57:31',66,52,29,'ADYAR/07112020/184908','',2020,'ADYAR/071120/26'),(184909,175633,2312,1,'',159,'2020-11-07 16:00:34','','2020-11-07 16:00:34',66,52,30,'ADYAR/07112020/184909','',2020,'ADYAR/071120/27'),(184910,175634,2423,1,'',159,'2020-11-07 16:04:22','','2020-11-07 16:04:22',66,52,31,'ADYAR/07112020/184910','',2020,'ADYAR/071120/28'),(184911,175635,2424,1,'',159,'2020-11-08 16:11:22','','2020-11-08 16:11:22',66,52,32,'ADYAR/08112020/184911','',2020,'ADYAR/081120/29'),(184912,175636,139,1,'',159,'2020-11-08 16:13:42','','2020-11-08 16:13:42',66,52,33,'ADYAR/08112020/184912','',2020,'ADYAR/081120/30'),(184913,175637,2425,1,'',159,'2020-11-09 16:16:29','','2020-11-09 16:16:29',66,52,34,'ADYAR/09112020/184913','',2020,'ADYAR/091120/31'),(184914,175638,2426,1,'',159,'2020-11-09 16:18:41','','2020-11-09 16:18:41',66,52,35,'ADYAR/09112020/184914','',2020,'ADYAR/091120/32'),(184915,175639,2427,1,'',159,'2020-11-09 16:20:31','','2020-11-09 16:20:31',66,52,36,'ADYAR/09112020/184915','',2020,'ADYAR/091120/33'),(184916,175640,2428,1,'',159,'2020-11-09 16:34:48','','2020-11-09 16:34:48',66,52,37,'ADYAR/09112020/184916','',2020,'ADYAR/091120/34'),(184917,175641,2428,1,'',159,'2020-11-11 16:35:29','','2020-11-11 16:35:29',66,52,38,'ADYAR/11112020/184917','',2020,'ADYAR/111120/35'),(184918,175623,2416,1,'',159,'2020-11-10 16:37:31','','2020-11-10 16:37:31',66,52,39,'ADYAR/10112020/184918','',2020,'ADYAR/101120/36'),(184919,175642,2233,1,'',159,'2020-11-10 16:39:58','','2020-11-10 16:39:58',66,52,40,'ADYAR/10112020/184919','',2020,'ADYAR/101120/37'),(184920,175643,2429,1,'',159,'2020-11-10 16:49:50','','2020-11-10 16:49:50',66,52,41,'ADYAR/10112020/184920','',2020,'ADYAR/101120/38'),(184921,175644,2430,1,'',159,'2020-11-10 16:59:06','','2020-11-10 16:59:06',66,52,42,'ADYAR/10112020/184921','',2020,'ADYAR/101120/39'),(184922,175645,2431,1,'',159,'2020-11-10 17:13:53','','2020-11-10 17:13:53',66,52,43,'ADYAR/10112020/184922','',2020,'ADYAR/101120/40'),(184923,175646,2432,1,'',159,'2020-11-10 17:20:06','','2020-11-10 17:20:06',66,52,44,'ADYAR/10112020/184923','',2020,'ADYAR/101120/41'),(184924,175646,2432,1,'',159,'2020-11-13 17:20:52','','2020-11-13 17:20:52',66,52,45,'ADYAR/13112020/184924','',2020,'ADYAR/131120/42'),(184925,175647,2433,1,'',159,'2020-11-10 17:41:09','','2020-11-10 17:41:09',66,52,46,'ADYAR/10112020/184925','',2020,'ADYAR/101120/43'),(184926,175648,2434,1,'',159,'2020-11-12 17:43:51','','2020-11-12 17:43:51',66,52,47,'ADYAR/12112020/184926','',2020,'ADYAR/121120/44'),(184927,175649,315,1,'',159,'2020-11-02 18:06:33','','2020-11-02 18:06:33',66,52,48,'ADYAR/02112020/184927','',2020,'ADYAR/021120/45'),(184928,175653,2435,1,'',159,'2020-11-12 18:30:41','','2020-11-12 18:30:41',66,52,49,'ADYAR/12112020/184928','',2020,'ADYAR/121120/46'),(184929,175655,2235,1,'',159,'2020-11-16 19:22:46','','2020-11-16 19:22:46',66,52,50,'ADYAR/16112020/184929','',2020,'ADYAR/161120/47'),(184930,175656,2235,1,'',159,'2020-11-16 19:44:47','','2020-11-16 19:44:47',66,52,51,'ADYAR/16112020/184930','',2020,'ADYAR/161120/48'),(184931,175657,2436,1,'',159,'2020-11-16 19:48:45','','2020-11-16 19:48:45',66,52,52,'ADYAR/16112020/184931','',2020,'ADYAR/161120/49'),(184932,175658,2437,1,'',159,'2020-11-16 19:56:38','','2020-11-16 19:56:38',66,52,53,'ADYAR/16112020/184932','',2020,'ADYAR/161120/50'),(184933,175659,215,1,'',159,'2020-11-16 19:59:09','','2020-11-16 19:59:09',66,52,54,'ADYAR/16112020/184933','',2020,'ADYAR/161120/51'),(184934,175660,2037,1,'',159,'2020-11-16 20:05:22','','2020-11-16 20:05:22',66,52,55,'ADYAR/16112020/184934','',2020,'ADYAR/161120/52'),(184935,175645,2431,1,'',159,'2020-11-17 20:06:19','','2020-11-17 20:06:19',66,52,56,'ADYAR/17112020/184935','',2020,'ADYAR/171120/53'),(184936,175654,2412,1,'',159,'2020-11-16 09:54:41','','2020-11-16 09:54:41',66,52,57,'ADYAR/16112020/184936','',2020,'ADYAR/161120/54'),(184937,175661,2438,1,'',159,'2020-11-18 12:03:04','','2020-11-18 12:03:04',66,52,58,'ADYAR/18112020/184937','',2020,'ADYAR/181120/55'),(184938,175662,2438,1,'',159,'2020-11-18 12:04:42','','2020-11-18 12:04:42',66,52,59,'ADYAR/18112020/184938','',2020,'ADYAR/181120/56'),(184939,175660,2037,1,'',159,'2020-11-18 18:59:08','','2020-11-18 18:59:08',66,52,60,'ADYAR/18112020/184939','',2020,'ADYAR/181120/57'),(184940,175663,1717,1,'',159,'2020-11-18 19:02:23','','2020-11-18 19:02:23',66,52,61,'ADYAR/18112020/184940','',2020,'ADYAR/181120/58'),(184941,175664,1728,1,'',159,'2020-11-18 19:07:00','','2020-11-18 19:07:00',66,52,62,'ADYAR/18112020/184941','',2020,'ADYAR/181120/59'),(184942,175665,2439,1,'',159,'2020-11-19 15:38:33','','2020-11-19 15:38:33',66,52,63,'ADYAR/19112020/184942','',2020,'ADYAR/191120/60'),(184943,175666,2440,1,'',159,'2020-11-19 15:43:33','','2020-11-19 15:43:33',66,52,64,'ADYAR/19112020/184943','',2020,'ADYAR/191120/61'),(184944,175642,2233,1,'',159,'2020-11-19 15:45:38','','2020-11-19 15:45:38',66,52,65,'ADYAR/19112020/184944','',2020,'ADYAR/191120/62'),(184945,175667,2441,1,'',159,'2020-11-19 18:09:17','','2020-11-19 18:09:17',66,52,66,'ADYAR/19112020/184945','',2020,'ADYAR/191120/63'),(184946,175668,835,1,'',159,'2020-11-19 18:29:03','','2020-11-19 18:29:03',66,52,67,'ADYAR/19112020/184946','',2020,'ADYAR/191120/64'),(184947,175669,2442,1,'',159,'2020-11-20 19:34:20','','2020-11-20 19:34:20',66,52,68,'ADYAR/20112020/184947','',2020,'ADYAR/201120/65'),(184948,175670,2442,1,'',159,'2020-11-20 19:36:39','','2020-11-20 19:36:39',66,52,69,'ADYAR/20112020/184948','',2020,'ADYAR/201120/66'),(184949,175671,2443,1,'',159,'2020-11-21 19:05:10','','2020-11-21 19:05:10',66,52,70,'ADYAR/21112020/184949','',2020,'ADYAR/211120/67'),(184950,175672,2444,1,'',159,'2020-11-21 19:18:10','','2020-11-21 19:18:10',66,52,71,'ADYAR/21112020/184950','',2020,'ADYAR/211120/68'),(184951,175673,2445,1,'',159,'2020-11-21 19:24:26','','2020-11-21 19:24:26',66,52,72,'ADYAR/21112020/184951','',2020,'ADYAR/211120/69'),(184952,175674,2446,1,'',159,'2020-11-21 19:30:38','','2020-11-21 19:30:38',66,52,73,'ADYAR/21112020/184952','',2020,'ADYAR/211120/70'),(184953,175675,2447,1,'',159,'2020-11-21 19:36:35','','2020-11-21 19:36:35',66,52,74,'ADYAR/21112020/184953','',2020,'ADYAR/211120/71'),(184954,175676,2448,1,'',159,'2020-11-21 19:43:15','','2020-11-21 19:43:15',66,52,75,'ADYAR/21112020/184954','',2020,'ADYAR/211120/72'),(184955,175677,2448,1,'',159,'2020-11-21 20:03:05','','2020-11-21 20:03:05',66,52,76,'ADYAR/21112020/184955','',2020,'ADYAR/211120/73'),(184956,175678,1405,1,'',159,'2020-11-21 20:08:43','','2020-11-21 20:08:43',66,52,77,'ADYAR/21112020/184956','',2020,'ADYAR/211120/74'),(184957,175671,2443,1,'',159,'2020-11-22 12:15:35','','2020-11-22 12:15:35',66,52,78,'ADYAR/22112020/184957','',2020,'ADYAR/221120/75'),(184958,175679,2418,1,'',159,'2020-11-22 13:49:15','','2020-11-22 13:49:15',66,52,79,'ADYAR/22112020/184958','',2020,'ADYAR/221120/76'),(184959,175680,2449,1,'',159,'2020-11-22 16:39:35','','2020-11-22 16:39:35',66,52,80,'ADYAR/22112020/184959','',2020,'ADYAR/221120/77'),(184960,175681,2450,1,'',159,'2020-11-22 16:45:56','','2020-11-22 16:45:56',66,52,81,'ADYAR/22112020/184960','',2020,'ADYAR/221120/78'),(184961,175682,2451,1,'',159,'2020-11-22 16:52:01','','2020-11-22 16:52:01',66,52,82,'ADYAR/22112020/184961','',2020,'ADYAR/221120/79'),(184962,175683,2452,1,'',159,'2020-11-22 17:36:47','','2020-11-22 17:36:47',66,52,83,'ADYAR/22112020/184962','',2020,'ADYAR/221120/80'),(184963,175684,2453,1,'',159,'2020-11-22 17:39:49','','2020-11-22 17:39:49',66,52,84,'ADYAR/22112020/184963','',2020,'ADYAR/221120/81'),(184964,175685,2149,1,'',159,'2020-11-22 17:52:44','','2020-11-22 17:52:44',66,52,85,'ADYAR/22112020/184964','',2020,'ADYAR/221120/82'),(184965,175686,2454,1,'',159,'2020-11-23 13:00:55','','2020-11-23 13:00:55',66,52,86,'ADYAR/23112020/184965','',2020,'ADYAR/231120/83'),(184966,175687,2317,1,'',159,'2020-11-23 19:51:48','','2020-11-23 19:51:48',66,52,87,'ADYAR/23112020/184966','',2020,'ADYAR/231120/84'),(184967,175688,2455,1,'',159,'2020-11-23 19:53:35','','2020-11-23 19:53:35',66,52,88,'ADYAR/23112020/184967','',2020,'ADYAR/231120/85'),(184968,175689,2456,1,'',159,'2020-11-26 17:36:50','','2020-11-26 17:36:50',66,52,89,'ADYAR/26112020/184968','',2020,'ADYAR/261120/86'),(184969,175690,2457,1,'',159,'2020-11-26 17:42:00','','2020-11-26 17:42:00',66,52,90,'ADYAR/26112020/184969','',2020,'ADYAR/261120/87'),(184970,175690,2457,1,'',159,'2020-11-27 19:45:34','','2020-11-27 19:45:34',66,52,91,'ADYAR/27112020/184970','',2020,'ADYAR/271120/88'),(184971,175691,2189,1,'',159,'2020-11-27 19:48:14','','2020-11-27 19:48:14',66,52,92,'ADYAR/27112020/184971','',2020,'ADYAR/271120/89'),(184972,175692,2458,1,'',159,'2020-11-28 17:53:49','','2020-11-28 17:53:49',66,52,93,'ADYAR/28112020/184972','',2020,'ADYAR/281120/90'),(184973,175693,2305,1,'',159,'2020-11-28 19:28:02','','2020-11-28 19:28:02',66,52,94,'ADYAR/28112020/184973','',2020,'ADYAR/281120/91'),(184974,175694,2459,1,'',159,'2020-11-28 19:30:22','','2020-11-28 19:30:22',66,52,95,'ADYAR/28112020/184974','',2020,'ADYAR/281120/92'),(184975,175695,2301,1,'',159,'2020-11-30 19:15:11','','2020-11-30 19:15:11',66,52,96,'ADYAR/30112020/184975','',2020,'ADYAR/301120/93'),(184976,175696,1930,1,'',159,'2020-11-30 19:20:24','','2020-11-30 19:20:24',66,52,97,'ADYAR/30112020/184976','',2020,'ADYAR/301120/94'),(184977,175697,2362,1,'',159,'2020-11-30 19:22:00','','2020-11-30 19:22:00',66,52,98,'ADYAR/30112020/184977','',2020,'ADYAR/301120/95'),(184978,175652,315,1,'',159,'2020-11-30 19:24:39','','2020-11-30 19:24:39',66,52,99,'ADYAR/30112020/184978','',2020,'ADYAR/301120/96'),(184979,175651,315,1,'',159,'2020-11-30 19:26:09','','2020-11-30 19:26:09',66,52,100,'ADYAR/30112020/184979','',2020,'ADYAR/301120/97'),(184980,175698,2379,1,'',159,'2020-11-30 19:30:50','','2020-11-30 19:30:50',66,52,101,'ADYAR/30112020/184980','',2020,'ADYAR/301120/98'),(184981,175699,2298,1,'',159,'2020-12-01 15:40:22','','2020-12-01 15:40:22',66,52,102,'ADYAR/01122020/184981','',2020,'ADYAR/011220/99'),(184982,175700,1985,1,'',159,'2020-12-01 15:46:51','','2020-12-01 15:46:51',66,52,103,'ADYAR/01122020/184982','',2020,'ADYAR/011220/100'),(184983,175701,2460,1,'',159,'2020-12-01 15:49:05','','2020-12-01 15:49:05',66,52,104,'ADYAR/01122020/184983','',2020,'ADYAR/011220/101');

--
-- Table structure for table `PaymentDetails`
--

CREATE TABLE `PaymentDetails` (
  `Id` double NOT NULL AUTO_INCREMENT,
  `PaymentId` double DEFAULT NULL,
  `PaymentMode` double DEFAULT NULL,
  `Amount` double DEFAULT NULL,
  `IsActive` double DEFAULT NULL,
  `Remarks` text COLLATE utf8mb4_general_ci,
  `CreatedBy` double DEFAULT NULL,
  `CreatedDate` varchar(50) COLLATE utf8mb4_general_ci DEFAULT NULL,
  `ModifiedBy` varchar(10) COLLATE utf8mb4_general_ci DEFAULT NULL,
  `ModifiedDate` varchar(50) COLLATE utf8mb4_general_ci DEFAULT NULL,
  `TaxPercentage` double DEFAULT NULL,
  `TaxAmount` double DEFAULT NULL,
  `TransactionId` varchar(100) COLLATE utf8mb4_general_ci DEFAULT NULL,
  `IsCleared` double DEFAULT NULL,
  `BranchId` double DEFAULT NULL,
  `SettlementNumber` varchar(100) COLLATE utf8mb4_general_ci DEFAULT NULL,
  `clearedDate` varchar(50) COLLATE utf8mb4_general_ci DEFAULT NULL,
  `AmountinWords` varchar(100) COLLATE utf8mb4_general_ci DEFAULT NULL,
  PRIMARY KEY (`Id`)
) ENGINE=InnoDB AUTO_INCREMENT=187664 DEFAULT CHARSET=utf8mb4 COLLATE=utf8mb4_general_ci;

--
-- Dumping data for table `PaymentDetails`
--

INSERT INTO `PaymentDetails` VALUES (187564,184884,45,423.73,1,'01/11/2020 ',159,'2020-11-01 16:54:05','','2020-11-01 16:54:05',18,76.27,'4a29cf3d-2c42-436d-880c-95131d0fd9de',1,66,'','','FIVE HUNDRED '),(187565,184885,2,4237.29,1,'billed on 01/11/2020',159,'2020-11-01 16:54:05','','2020-11-01 16:54:05',18,762.71,'075420ba-76d4-42d2-9b17-86be75874f37',1,66,'','','FIVE THOUSAND '),(187566,184885,45,4237.29,1,'billed on 01/11/2020',159,'2020-11-01 17:28:24','','2020-11-01 17:28:24',18,762.71,'075420ba-76d4-42d2-9b17-86be75874f37',1,66,'','','FIVE THOUSAND '),(187567,184886,45,1694.92,1,'billed on 01/11/2020',159,'2020-11-01 17:33:58','','2020-11-01 17:33:58',18,305.08,'0e52a446-7f99-41e3-8a87-afac4bc2b233',1,66,'','','TWO THOUSAND '),(187568,184887,45,4237.29,1,'billed on 01/11/2020',159,'2020-11-01 11:49:10','','2020-11-01 11:49:10',18,762.71,'9b652535-111f-4d4a-858e-f65b4e9eb388',1,66,'','','FIVE THOUSAND '),(187569,184888,4,84745.76,1,'billed on 02/11/2020',159,'2020-11-02 11:56:13','','2020-11-02 11:56:13',18,15254.24,'2f848547-0fad-4042-ad02-9eeea24bf763',1,66,'','','ONE LAKH '),(187570,184889,4,42372.92,1,'billed on 02/11/2020',159,'2020-11-02 12:28:15','','2020-11-02 12:28:15',18,7627.12,'12260860-02a9-41b6-b558-5887c92252a4',1,66,'','','FIFTY THOUSAND '),(187571,184890,2,4237.29,1,'billed on 02/11/2020',159,'2020-11-02 12:33:02','','2020-11-02 12:33:02',18,762.71,'67fed0d0-9a8d-4a48-b0b9-9b521be516e0',1,66,'','','FIVE THOUSAND '),(187572,184890,4,4237.29,1,'billed on 02/11/2020',159,'2020-11-02 12:33:02','','2020-11-02 12:33:02',18,762.71,'67fed0d0-9a8d-4a48-b0b9-9b521be516e0',1,66,'','','FIVE THOUSAND '),(187573,184891,2,4237.29,1,'billed on 02/11/2020',159,'2020-11-02 12:42:49','','2020-11-02 12:42:49',18,762.71,'674b671c-a522-4df4-b861-a4e403e68dc8',1,66,'','','FIVE THOUSAND '),(187574,184892,2,2542.37,1,'billed on 03/11/2020',159,'2020-11-03 13:10:04','','2020-11-03 13:10:04',18,457.63,'f764645e-e93c-463a-a259-263a57aed317',1,66,'','','THREE THOUSAND '),(187575,184893,2,2542.37,1,'billed on 03/11/2020',159,'2020-11-03 13:15:30','','2020-11-17 13:15:30',18,457.63,'d2c6148c-71d9-4820-9060-6610980d46e9',1,66,'','','THREE THOUSAND '),(187576,184894,36,21186.45,1,'billed on 03/11/2020',159,'2020-11-03 13:29:35','','2020-11-03 13:29:35',18,3813.56,'c5ad0fb7-ddf4-41eb-b2a1-80046ef33b7a',1,66,'','','TWENTY FIVE THOUSAND '),(187577,184895,45,4237.29,1,'billed on 03/11/2020',159,'2020-11-03 13:39:00','','2020-11-03 13:39:00',18,762.71,'14a50301-ea44-4e8c-89f8-aaf70df17817',1,66,'','','FIVE THOUSAND '),(187578,184896,2,2542.37,1,'billed on 03/11/2020',159,'2020-11-03 13:43:59','','2020-11-03 13:43:59',18,457.63,'b9b3bed3-a35f-49e3-a0dc-cbdb2e602a1d',1,66,'','','THREE THOUSAND '),(187579,184897,4,6000,1,'billed on 04/11/2020',159,'2020-11-04 13:55:44','','2020-11-04 13:55:44',18,1080,'d9b22bca-622b-461e-aca6-b7bffe1806fa',1,66,'','','SEVEN THOUSAND AND EIGHTY'),(187580,184898,4,7076.28,1,'billed on 05/11/2020',159,'2020-11-05 13:59:46','','2020-11-05 13:59:46',18,1273.73,'c21af354-6e71-4fa1-beff-41436e319612',1,66,'','','EIGHT THOUSAND THREE HUNDRED AND FIFTY'),(187581,184899,4,48000,1,'billed on 05/11/2020',159,'2020-11-05 14:08:01','','2020-11-05 14:08:01',18,8640,'7ce8b5a3-1caf-42fc-bde9-b42cee5197d2',1,66,'','','FIFTY SIX THOUSAND SIX HUNDRED AND FORTY'),(187582,184900,4,3050.85,1,'billed on 05/11/2020',159,'2020-11-05 14:13:45','','2020-11-05 14:13:45',18,549.15,'14c2e678-a831-4f38-9c7f-562f5c65e59b',1,66,'','','THREE THOUSAND SIX HUNDRED '),(187583,184901,2,2542.37,1,'billed on 05/11/2020',159,'2020-11-05 14:20:24','','2020-11-05 14:20:24',18,457.63,'7c3ff20e-4ce3-43a9-9b82-870b9b211f64',1,66,'','','THREE THOUSAND '),(187584,184902,45,4237.29,1,'billed on 05/11/2020',159,'2020-11-05 14:21:50','','2020-11-05 14:21:50',18,762.71,'f2fa0821-5aab-43ce-a4d2-3724507f3bec',1,66,'','','FIVE THOUSAND '),(187585,184903,4,7500,1,'billed on 05/11/2020',159,'2020-11-05 14:35:40','','2020-11-05 14:35:40',18,1350,'fc1df664-1e70-4187-80ce-a65dd2f10c9d',1,66,'','','EIGHT THOUSAND EIGHT HUNDRED AND FIFTY'),(187586,184904,4,5932.21,1,'billed on 05/11/2020',159,'2020-11-05 14:35:40','','2020-11-05 14:35:40',18,1067.8,'18a5f813-92f4-4988-a2c2-48addf3b23a8',1,66,'','','SEVEN THOUSAND '),(187587,184905,4,21186.45,1,'billed on 06/11/2020',159,'2020-11-06 14:39:04','','2020-11-06 14:39:04',18,3813.56,'1e7f8257-1d2f-4fe8-a16d-c4b3504f0f01',1,66,'','','TWENTY FIVE THOUSAND '),(187588,184906,36,10169.49,1,'billed on 06/11/2020',159,'2020-11-06 14:40:21','','2020-11-06 14:40:21',18,1830.51,'4458587c-2965-4c1b-857a-8b7c7aab686b',1,66,'','','TWELVE THOUSAND '),(187589,184907,2,13559.32,1,'billed on 07/11/2020',159,'2020-11-07 15:40:54','','2020-11-07 15:40:54',18,2440.68,'8aaa725c-7be6-4333-b9da-7e2d63af62ba',1,66,'','','SIXTEEN THOUSAND '),(187590,184907,4,3389.83,1,'billed on 07/11/2020',159,'2020-11-07 15:40:54','','2020-11-07 15:40:54',18,610.17,'8aaa725c-7be6-4333-b9da-7e2d63af62ba',1,66,'','','FOUR THOUSAND '),(187591,184908,36,4237.29,1,'billed on 07/11/2020',159,'2020-11-07 15:57:31','','2020-11-07 15:57:31',18,762.71,'5d8230af-b072-401f-9543-7a3baf575de6',1,66,'','','FIVE THOUSAND '),(187592,184909,4,2000,1,'billed on 07/11/2020',159,'2020-11-07 16:00:34','','2020-11-07 16:00:34',18,360,'480da187-6c40-4f26-8dd9-85c62b5cc723',1,66,'','','TWO THOUSAND THREE HUNDRED AND SIXTY'),(187593,184910,2,423.73,1,'billed on 07/11/2020',159,'2020-11-07 16:04:22','','2020-11-07 16:04:22',18,76.27,'4e9b98a5-3274-499a-8fcd-a043a3fd118b',1,66,'','','FIVE HUNDRED '),(187594,184911,4,11864.41,1,'billed on 08/11/2020',159,'2020-11-08 16:11:22','','2020-11-08 16:11:22',18,2135.59,'8afbe792-46d7-410c-b3a0-abc444a517ed',1,66,'','','FOURTEEN THOUSAND '),(187595,184911,2,3389.83,1,'billed on 08/11/2020',159,'2020-11-08 16:11:22','','2020-11-08 16:11:22',18,610.17,'8afbe792-46d7-410c-b3a0-abc444a517ed',1,66,'','','FOUR THOUSAND '),(187596,184912,2,5932.21,1,'billed on 08/11/2020',159,'2020-11-08 16:13:42','','2020-11-08 16:13:42',18,1067.8,'09f0bdae-c18e-4d56-90d2-cbdbf02e56f3',1,66,'','','SEVEN THOUSAND '),(187597,184913,2,2542.37,1,'billed on 09/11/2020',159,'2020-11-09 16:16:29','','2020-11-09 16:16:29',18,457.63,'75774ef6-d6d4-4449-a0f3-e148efbbe8df',1,66,'','','THREE THOUSAND '),(187598,184914,4,2542.37,1,'billed on 09/11/2020',159,'2020-11-09 16:18:41','','2020-11-09 16:18:41',18,457.63,'0eed3e78-d399-4b32-a881-4768592e1d81',1,66,'','','THREE THOUSAND '),(187599,184915,2,2542.37,1,'billed on 09/11/2020',159,'2020-11-09 16:20:31','','2020-11-09 16:20:31',18,457.63,'2057381c-c4f8-4cd8-b20a-63f10755adea',1,66,'','','THREE THOUSAND '),(187600,184916,2,75000,1,'billed on 09/11/2020',159,'2020-11-09 16:34:48','','2020-11-09 16:34:48',18,13500,'da9b6128-5e65-4701-b9a2-892b33638600',1,66,'','','EIGHTY EIGHT THOUSAND FIVE HUNDRED '),(187601,184917,2,35000,1,'billed on 11/11/2020',159,'2020-11-11 16:35:29','','2020-11-11 16:35:29',18,6300,'47b9b916-5b04-4013-a328-eea33586c768',1,66,'','','FORTY ONE THOUSAND THREE HUNDRED '),(187602,184918,30,24000,1,'billed on 10/11/2020',159,'2020-11-10 16:37:31','','2020-11-10 16:37:31',18,4320,'5b86869c-1492-4fde-a007-55dc6caa5652',1,66,'','','TWENTY EIGHT THOUSAND THREE HUNDRED AND TWENTY'),(187603,184919,2,4237.29,1,'billed on 10/11/2020',159,'2020-11-10 16:39:58','','2020-11-10 16:39:58',18,762.71,'e0279bab-1b6e-409d-abaf-ee5e567e7555',1,66,'','','FIVE THOUSAND '),(187604,184920,4,25423.73,1,'billed on 10/11/2020',159,'2020-11-10 16:49:50','','2020-11-10 16:49:50',18,4576.27,'abca88d6-56fc-45e1-bfe5-c31c4ec14064',1,66,'','','THIRTY THOUSAND '),(187605,184921,36,50847.46,1,'billed on 10/11/2020',159,'2020-11-10 16:59:06','','2020-11-10 16:59:06',18,9152.54,'0c7027ea-82e9-44ea-b3ac-3e699c1961f4',1,66,'','','SIXTY THOUSAND '),(187606,184922,2,8474.58,1,'billed on 10/11/2020',159,'2020-11-10 17:13:53','','2020-11-10 17:13:53',18,1525.42,'b264ac02-bba0-4f98-a430-4de81ec320d2',1,66,'','','TEN THOUSAND '),(187607,184923,45,84745.76,1,'billed on 10/11/2020',159,'2020-11-10 17:20:06','','2020-11-10 17:20:06',18,15254.24,'dc1a7d4c-ad42-4fc8-8635-78cf65a50290',1,66,'','','ONE LAKH '),(187608,184924,36,42372.88,1,'billed on 13/11/2020',159,'2020-11-13 17:20:52','','2020-11-13 17:20:52',18,7627.12,'8be960ef-eb5b-4273-a129-9231866a3fab',1,66,'','','FIFTY THOUSAND '),(187609,184925,40,38000,1,'billed on 10/11/2020',159,'2020-11-10 17:41:09','','2020-11-10 17:41:09',18,6840,'e66002f0-9ea6-4715-9690-b7d735f25667',1,66,'','','FORTY FOUR THOUSAND EIGHT HUNDRED AND FORTY'),(187610,184926,2,2542.37,1,'billed on 12/11/2020',159,'2020-11-12 17:43:51','','2020-11-12 17:43:51',18,457.63,'f7c8ef88-9c5e-4586-89d7-03d0f92b09e5',1,66,'','','THREE THOUSAND '),(187611,184927,36,42372.92,1,'billed on 02/11/2020',159,'2020-11-02 18:06:33','','2020-11-02 18:06:33',18,7627.12,'99d9fc9e-595d-41bd-86c3-95ddcadf7766',1,66,'','','FIFTY THOUSAND '),(187612,184928,2,2542.37,1,'billed on 12/11/2020',159,'2020-11-12 18:30:41','','2020-11-12 18:30:41',18,457.63,'a229f1f8-bda6-4401-8ff2-b96c26501e27',1,66,'','','THREE THOUSAND '),(187613,184929,2,12711.87,1,'billed on 16/11/2020',159,'2020-11-16 19:22:46','','2020-11-16 19:22:46',18,2288.14,'914ca849-aad5-4753-a314-8ea0126ad6b8',1,66,'','','FIFTEEN THOUSAND '),(187614,184930,2,1694.92,1,'billed on 16/11/2020',159,'2020-11-16 19:44:47','','2020-11-16 19:44:47',18,305.08,'7f8454fe-1816-4ff0-84ad-a83415756e9b',1,66,'','','TWO THOUSAND '),(187615,184931,2,847.46,1,'billed on 16/11/2020',159,'2020-11-16 19:48:45','','2020-11-16 19:48:45',18,152.54,'5b54d11c-13c1-43e8-9832-8777ce3d220e',1,66,'','','ONE THOUSAND '),(187616,184931,36,8474.58,1,'billed on 16/11/2020',159,'2020-11-16 19:48:45','','2020-11-16 19:48:45',18,1525.42,'5b54d11c-13c1-43e8-9832-8777ce3d220e',1,66,'','','TEN THOUSAND '),(187617,184932,45,13559.33,1,'billed on 16/11/2020',159,'2020-11-16 19:56:38','','2020-11-16 19:56:38',18,2440.68,'63f3f46b-d979-4269-b390-c0bb0e42fd74',1,66,'','','SIXTEEN THOUSAND '),(187618,184933,45,847.46,1,'billed on 16/11/2020',159,'2020-11-16 19:59:09','','2020-11-16 19:59:09',18,152.54,'7f0795dd-89ca-4189-a960-300872f26a54',1,66,'','','ONE THOUSAND '),(187619,184934,45,21186.44,1,'billed on 16/11/2020',159,'2020-11-16 20:05:22','','2020-11-16 20:05:22',18,3813.56,'92dec634-880e-4363-8ea6-a9e7423b5265',1,66,'','','TWENTY FIVE THOUSAND '),(187620,184935,2,8474.57,1,'billed on 17/11/2020',159,'2020-11-17 20:06:19','','2020-11-17 20:06:19',18,1525.43,'7b8e5de0-f68a-4828-9156-96eadeea4ae4',1,66,'','','TEN THOUSAND '),(187621,184936,2,2500,1,'billed on 16/11/2020',159,'2020-11-16 09:54:41','','2020-11-16 09:54:41',18,450,'acf2ae63-4993-483b-92db-195ddde0c7f7',1,66,'','','TWO THOUSAND NINE HUNDRED AND FIFTY'),(187622,184937,2,4000,1,'18/11/2020',159,'2020-11-18 12:03:04','','2020-11-18 12:03:04',18,720,'015f2bde-aa9b-485a-864d-dafcefc369a4',1,66,'','','FOUR THOUSAND SEVEN HUNDRED AND TWENTY'),(187623,184938,2,3000,1,'18/11/2020',159,'2020-11-18 12:04:42','','2020-11-18 12:04:42',18,540,'ee6f9cc4-f1ed-4319-91b3-8e6d27e8543d',1,66,'','','THREE THOUSAND FIVE HUNDRED AND FORTY'),(187624,184939,41,84745.78,1,'18/11/2020',159,'2020-11-18 18:59:08','','2020-11-18 18:59:08',18,15254.24,'82ea8d3c-5140-4c58-805d-a46caef88e99',1,66,'','','ONE LAKH '),(187625,184940,45,5000,1,'18/11/2020',159,'2020-11-18 19:02:23','','2020-11-18 19:02:23',18,900,'70702f30-9771-4802-b99d-76bc260ab6b6',1,66,'','','FIVE THOUSAND NINE HUNDRED '),(187626,184941,4,2118.64,1,'18/11/2020',159,'2020-11-18 19:07:00','','2020-11-18 19:07:00',18,381.36,'b6c0a77d-75ad-4994-b7bc-4a60cdbb43bb',1,66,'','','TWO THOUSAND FIVE HUNDRED '),(187627,184942,4,9745.77,1,'5868',159,'2020-11-19 15:38:33','','2020-11-19 15:38:33',18,1754.24,'c998ecb8-0f4c-49f8-a1ab-91d467e01dbf',1,66,'','','ELEVEN THOUSAND FIVE HUNDRED '),(187628,184943,4,5508.48,1,'5868',159,'2020-11-19 15:43:33','','2020-11-19 15:43:33',18,991.53,'331374ff-6c83-49c8-aeb0-bdec5b616291',1,66,'','','SIX THOUSAND FIVE HUNDRED '),(187629,184944,36,4237.29,1,'19/11/2020',159,'2020-11-19 15:45:38','','2020-11-19 15:45:38',18,762.71,'769026c5-92a7-4a1b-8c23-c62a59c6a890',1,66,'','','FIVE THOUSAND '),(187630,184945,4,10508.48,1,'19/11/2020',159,'2020-11-19 18:09:17','','2020-11-19 18:09:17',18,1891.53,'79f5831a-9f7a-4746-99ab-410032c93de7',1,66,'','','TWELVE THOUSAND FOUR HUNDRED '),(187631,184946,2,20000,1,'19/11/2020',159,'2020-11-19 18:29:03','','2020-11-19 18:29:03',18,3600,'da8d38ca-a2e1-4e05-8b0f-0d71f6bb3fbe',1,66,'','','TWENTY THREE THOUSAND SIX HUNDRED '),(187632,184947,4,8474.58,1,'2593',159,'2020-11-20 19:34:20','','2020-11-20 19:34:20',18,1525.42,'16a72ce5-5a68-4d86-8de5-71c2d2a1efa8',1,66,'','','TEN THOUSAND '),(187633,184948,4,500,1,'3778',159,'2020-11-20 19:36:39','','2020-11-20 19:36:39',18,90,'21ffde02-9c25-4078-bce8-334e7f08aefa',1,66,'','','FIVE HUNDRED AND NINETY'),(187634,184949,2,4237.29,1,'21/11/2020',159,'2020-11-21 19:05:10','','2020-11-21 19:05:10',18,762.71,'c38ebeae-80e3-467b-b105-e7f0a1abedfc',1,66,'','','FIVE THOUSAND '),(187635,184950,2,847.46,1,'21/11/2020',159,'2020-11-21 19:18:10','','2020-11-21 19:18:10',18,152.54,'597c97c3-cd84-497d-a049-a13cc8556dd2',1,66,'','','ONE THOUSAND '),(187636,184951,4,4237.29,1,'21/11/2020',159,'2020-11-21 19:24:26','','2020-11-21 19:24:26',18,762.71,'0eba69b5-2646-420c-a7e2-1719b1e7e7b8',1,66,'','','FIVE THOUSAND '),(187637,184952,4,11186.44,1,'21/11/2020',159,'2020-11-21 19:30:38','','2020-11-21 19:30:38',18,2013.56,'b5f6dbb2-8305-4282-a6e1-22693bd5b1e2',1,66,'','','THIRTEEN THOUSAND TWO HUNDRED '),(187638,184953,4,14288.14,1,'21/11/2020',159,'2020-11-21 19:36:35','','2020-11-21 19:36:35',18,2571.87,'368bee7b-6d48-4ca0-9d9d-dc8e59667b26',1,66,'','','SIXTEEN THOUSAND EIGHT HUNDRED AND SIXTY'),(187639,184954,4,49998.35,1,'21/11/2020',159,'2020-11-21 19:43:15','','2020-11-21 19:43:15',18,8999.7,'8e0a8494-adcd-453e-8891-cb871023b5fe',1,66,'','','FIFTY EIGHT THOUSAND NINE HUNDRED AND NINETY EIGHT'),(187640,184955,4,68645.82,1,'21/11/2020',159,'2020-11-21 20:03:05','','2020-11-21 20:03:05',18,12356.25,'fb0d56ab-6161-4270-bae6-286b40b9db2a',1,66,'','','EIGHTY ONE THOUSAND AND TWO'),(187641,184956,2,15000,1,'21/11/2020',159,'2020-11-21 20:08:43','','2020-11-21 20:08:43',18,2700,'e6ffba8f-2449-424a-8ace-c7c6e6d66860',1,66,'','','SEVENTEEN THOUSAND SEVEN HUNDRED '),(187642,184957,2,25762.71,1,'22/11/2020',159,'2020-11-22 12:15:35','','2020-11-22 12:15:35',18,4637.29,'86437be4-6cc8-4a36-bc7c-dd7ae9395a9a',1,66,'','','THIRTY THOUSAND FOUR HUNDRED '),(187643,184958,4,33898.31,1,'22/11/2020',159,'2020-11-22 13:49:15','','2020-11-22 13:49:15',18,6101.69,'f6918bff-16f0-4915-bfee-e59dc95157c9',1,66,'','','FORTY THOUSAND '),(187644,184959,4,25000,1,'22/11/2020',159,'2020-11-22 16:39:35','','2020-11-22 16:39:35',18,4500,'9cb77760-58a5-4099-b57b-5ee777b4aa5c',1,66,'','','TWENTY NINE THOUSAND FIVE HUNDRED '),(187645,184960,2,423.73,1,'22/11/2020',159,'2020-11-22 16:45:56','','2020-11-22 16:45:56',18,76.27,'b1c791fb-cc8e-42c4-8d40-653c017e8d12',1,66,'','','FIVE HUNDRED '),(187646,184961,2,2542.37,1,'22/11/2020',159,'2020-11-22 16:52:01','','2020-11-22 16:52:01',18,457.63,'0f6e263c-4bc6-498c-b8f5-5240d454b3b2',1,66,'','','THREE THOUSAND '),(187647,184962,4,847.46,1,'22/11/2020',159,'2020-11-22 17:36:47','','2020-11-22 17:36:47',18,152.54,'b9b81146-df43-4106-95ed-d994de75794d',1,66,'','','ONE THOUSAND '),(187648,184963,2,847.46,1,'22/11/2020',159,'2020-11-22 17:39:49','','2020-11-22 17:39:49',18,152.54,'36e8ecdc-19b9-4767-a1b9-a317553e10d1',1,66,'','','ONE THOUSAND '),(187649,184964,2,1694.92,1,'22/11/2020',159,'2020-11-22 17:52:44','','2020-11-22 17:52:44',18,305.08,'d6ba024f-2892-49e5-8a03-50f546d127c3',1,66,'','','TWO THOUSAND '),(187650,184965,4,20000,1,'23/11/2020',159,'2020-11-23 13:00:55','','2020-11-23 13:00:55',18,3600,'4b89f660-2490-48c9-a019-634b10be939a',1,66,'','','TWENTY THREE THOUSAND SIX HUNDRED '),(187651,184966,4,8474.58,1,'23/11/2020',159,'2020-11-23 19:51:48','','2020-11-23 19:51:48',18,1525.42,'cb22ff65-98c8-4fd5-9b6e-70332358cc18',1,66,'','','TEN THOUSAND '),(187652,184967,4,423.73,1,'23/11/2020',159,'2020-11-23 19:53:35','','2020-11-23 19:53:35',18,76.27,'d23e2a44-551f-4ed2-b393-61574cca24bf',1,66,'','','FIVE HUNDRED '),(187653,184968,41,25423.73,1,'26/11/2020',159,'2020-11-26 17:36:50','','2020-11-26 17:36:50',18,4576.27,'524ee3a4-8532-449d-ad4b-519e7243b4a6',1,66,'','','THIRTY THOUSAND '),(187654,184969,4,6400,1,'26/11/2020',159,'2020-11-26 17:42:00','','2020-11-26 17:42:00',18,1152,'682d5c29-cc27-4f68-8929-d4cd23cb9ad0',1,66,'','','SEVEN THOUSAND FIVE HUNDRED AND FIFTY TWO'),(187655,184970,30,25600,1,'27/11/2020',159,'2020-11-27 19:45:34','','2020-11-27 19:45:34',18,4608,'fcaebd93-da01-477f-8aa8-e6eab351551f',1,66,'','','THIRTY THOUSAND TWO HUNDRED AND EIGHT'),(187656,184971,4,20338.98,1,'27/11/2020',159,'2020-11-27 19:48:14','','2020-11-27 19:48:14',18,3661.02,'38fdbf79-2f5f-48ea-8c94-2227a2b560d6',1,66,'','','TWENTY FOUR THOUSAND '),(187657,184972,4,27966.11,1,'21/11/2020',159,'2020-11-28 17:53:49','','2020-11-28 17:53:49',18,5033.9,'2a2a5921-1d6e-4402-bf6b-19174e4864ad',1,66,'','','THIRTY THREE THOUSAND '),(187658,184973,45,2542.37,1,'28/11/2020',159,'2020-11-28 19:28:02','','2020-11-28 19:28:02',18,457.63,'8366a4bf-3f9a-4364-bc61-b68c5d91a709',1,66,'','','THREE THOUSAND '),(187659,184974,4,3813.56,1,'28/11/2020',159,'2020-11-28 19:30:22','','2020-11-28 19:30:22',18,686.44,'58994da5-0b04-4e54-9ed9-8692406859a5',1,66,'','','FOUR THOUSAND FIVE HUNDRED '),(187660,184974,2,423.73,1,'28/11/2020',159,'2020-11-28 19:30:22','','2020-11-28 19:30:22',18,76.27,'58994da5-0b04-4e54-9ed9-8692406859a5',1,66,'','','FIVE HUNDRED '),(187661,184975,2,8474.58,1,'29/11/2020',159,'2020-11-30 19:15:11','','2020-11-30 19:15:11',18,1525.42,'1eac7384-5aca-4faa-8e0c-5b34997e0dfd',1,66,'','','TEN THOUSAND '),(187662,184976,36,2203.39,1,'29/11/2020',159,'2020-11-30 19:20:24','','2020-11-30 19:20:24',18,396.61,'24cb24e8-ee8b-4b43-8fd4-ab96f3e9ad54',1,66,'','','TWO THOUSAND SIX HUNDRED '),(187663,184976,36,4237.29,1,'30/11/2020',159,'2020-11-30 19:20:24','','2020-11-30 19:20:24',18,762.71,'24cb24e8-ee8b-4b43-8fd4-ab96f3e9ad54',1,66,'','','FIVE THOUSAND ');

--
-- Table structure for table `PaymentTaxDetails`
--

CREATE TABLE `PaymentTaxDetails` (
  `Id` double NOT NULL AUTO_INCREMENT,
  `PaymentId` double DEFAULT NULL,
  `CustomerId` double DEFAULT NULL,
  `TaxName` varchar(255) COLLATE utf8mb4_general_ci DEFAULT NULL,
  `TaxPercentage` double DEFAULT NULL,
  `TaxValue` double DEFAULT NULL,
  `IsActive` double DEFAULT NULL,
  `CreatedDate` varchar(50) COLLATE utf8mb4_general_ci DEFAULT NULL,
  PRIMARY KEY (`Id`)
) ENGINE=InnoDB AUTO_INCREMENT=101 DEFAULT CHARSET=utf8mb4 COLLATE=utf8mb4_general_ci;

--
-- Dumping data for table `PaymentTaxDetails`
--

INSERT INTO `PaymentTaxDetails` VALUES (1,96554,56096,'SGST',9,1525.42,1,'2017-08-01 07:39:02'),(2,96554,56096,'CGST',9,1525.42,1,'2017-08-01 07:39:02'),(3,96554,56096,'IGST',0,0,1,'2017-08-01 07:39:02'),(4,96555,55838,'SGST',9,3813.56,1,'2017-08-01 07:42:52'),(5,96555,55838,'CGST',9,3813.56,1,'2017-08-01 07:42:52'),(6,96555,55838,'IGST',0,0,1,'2017-08-01 07:42:52'),(7,96556,77484,'SGST',9,430.47,1,'2017-08-01 11:14:47'),(8,96556,77484,'CGST',9,430.47,1,'2017-08-01 11:14:47'),(9,96556,77484,'IGST',0,0,1,'2017-08-01 11:14:47'),(10,96557,56080,'SGST',9,381.36,1,'2017-08-01 11:36:32'),(11,96557,56080,'CGST',9,381.36,1,'2017-08-01 11:36:32'),(12,96557,56080,'IGST',0,0,1,'2017-08-01 11:36:32'),(13,96558,55771,'SGST',9,1525.42,1,'2017-08-01 11:56:57'),(14,96558,55771,'CGST',9,1525.42,1,'2017-08-01 11:56:57'),(15,96558,55771,'IGST',0,0,1,'2017-08-01 11:56:57'),(16,96559,55771,'SGST',9,1144.07,1,'2017-08-01 12:08:23'),(17,96559,55771,'CGST',9,1144.07,1,'2017-08-01 12:08:23'),(18,96559,55771,'IGST',0,0,1,'2017-08-01 12:08:23'),(19,96560,77898,'SGST',9,38.14,1,'2017-08-01 12:22:35'),(20,96560,77898,'CGST',9,38.14,1,'2017-08-01 12:22:35'),(21,96560,77898,'IGST',0,0,1,'2017-08-01 12:22:35'),(22,96561,77685,'SGST',9,99.15,1,'2017-08-01 13:22:10'),(23,96561,77685,'CGST',9,99.15,1,'2017-08-01 13:22:10'),(24,96561,77685,'IGST',0,0,1,'2017-08-01 13:22:10'),(25,96562,67138,'SGST',9,152.54,1,'2017-08-01 13:39:37'),(26,96562,67138,'CGST',9,152.54,1,'2017-08-01 13:39:37'),(27,96562,67138,'IGST',0,0,1,'2017-08-01 13:39:37'),(28,96563,77466,'SGST',9,762.71,1,'2017-08-01 13:56:34'),(29,96563,77466,'CGST',9,762.71,1,'2017-08-01 13:56:34'),(30,96563,77466,'IGST',0,0,1,'2017-08-01 13:56:34'),(31,96564,66580,'SGST',9,900,1,'2017-08-01 14:03:48'),(32,96564,66580,'CGST',9,900,1,'2017-08-01 14:03:48'),(33,96564,66580,'IGST',0,0,1,'2017-08-01 14:03:48'),(34,96565,77899,'SGST',9,579.66,1,'2017-08-01 14:13:52'),(35,96565,77899,'CGST',9,579.66,1,'2017-08-01 14:13:52'),(36,96565,77899,'IGST',0,0,1,'2017-08-01 14:13:52'),(37,96566,66534,'SGST',9,0.23,1,'2017-08-01 14:27:51'),(38,96566,66534,'CGST',9,0.23,1,'2017-08-01 14:27:51'),(39,96566,66534,'IGST',0,0,1,'2017-08-01 14:27:51'),(40,96567,55575,'SGST',9,0.23,1,'2017-08-01 14:37:49'),(41,96567,55575,'CGST',9,0.23,1,'2017-08-01 14:37:49'),(42,96567,55575,'IGST',0,0,1,'2017-08-01 14:37:49'),(43,96568,541,'SGST',9,0.15,1,'2017-08-01 14:51:56'),(44,96568,541,'CGST',9,0.15,1,'2017-08-01 14:51:56'),(45,96568,541,'IGST',0,0,1,'2017-08-01 14:51:56'),(46,96569,77735,'SGST',9,398.14,1,'2017-08-01 15:32:57'),(47,96569,77735,'CGST',9,398.14,1,'2017-08-01 15:32:57'),(48,96569,77735,'IGST',0,0,1,'2017-08-01 15:32:57'),(49,96570,55771,'SGST',9,381.36,1,'2017-08-01 15:43:56'),(50,96570,55771,'CGST',9,381.36,1,'2017-08-01 15:43:56'),(51,96570,55771,'IGST',0,0,1,'2017-08-01 15:43:56'),(52,96571,77900,'SGST',9,1144.07,1,'2017-08-01 16:12:16'),(53,96571,77900,'CGST',9,1144.07,1,'2017-08-01 16:12:16'),(54,96571,77900,'IGST',0,0,1,'2017-08-01 16:12:16'),(55,96572,77901,'SGST',9,76.27,1,'2017-08-01 17:36:56'),(56,96572,77901,'CGST',9,76.27,1,'2017-08-01 17:36:56'),(57,96572,77901,'IGST',0,0,1,'2017-08-01 17:36:56'),(58,96573,77869,'SGST',9,137.29,1,'2017-08-01 18:00:23'),(59,96573,77869,'CGST',9,137.29,1,'2017-08-01 18:00:23'),(60,96573,77869,'IGST',0,0,1,'2017-08-01 18:00:23'),(61,96574,77685,'SGST',9,213.94,1,'2017-08-01 18:04:57'),(62,96574,77685,'CGST',9,213.94,1,'2017-08-01 18:04:57'),(63,96574,77685,'IGST',0,0,1,'2017-08-01 18:04:57'),(64,96575,77904,'SGST',9,53.01,1,'2017-08-01 18:08:27'),(65,96575,77904,'CGST',9,53.01,1,'2017-08-01 18:08:27'),(66,96575,77904,'IGST',0,0,1,'2017-08-01 18:08:27'),(67,96576,34699,'SGST',9,1525.42,1,'2017-08-01 18:36:48'),(68,96576,34699,'CGST',9,1525.42,1,'2017-08-01 18:36:48'),(69,96576,34699,'IGST',0,0,1,'2017-08-01 18:36:48'),(70,96577,1110,'SGST',9,90,1,'2017-08-01 18:58:51'),(71,96577,1110,'CGST',9,90,1,'2017-08-01 18:58:51'),(72,96577,1110,'IGST',0,0,1,'2017-08-01 18:58:51'),(73,96578,77906,'SGST',9,1144.07,1,'2017-08-01 19:09:41'),(74,96578,77906,'CGST',9,1144.07,1,'2017-08-01 19:09:41'),(75,96578,77906,'IGST',0,0,1,'2017-08-01 19:09:41'),(76,96579,77905,'SGST',9,1144.07,1,'2017-08-01 19:13:03'),(77,96579,77905,'CGST',9,1144.07,1,'2017-08-01 19:13:03'),(78,96579,77905,'IGST',0,0,1,'2017-08-01 19:13:03'),(79,96580,77659,'SGST',9,813.97,1,'2017-08-01 19:19:59'),(80,96580,77659,'CGST',9,813.97,1,'2017-08-01 19:19:59'),(81,96580,77659,'IGST',0,0,1,'2017-08-01 19:19:59'),(82,96581,77907,'SGST',9,26.69,1,'2017-08-01 19:22:11'),(83,96581,77907,'CGST',9,26.69,1,'2017-08-01 19:22:11'),(84,96581,77907,'IGST',0,0,1,'2017-08-01 19:22:11'),(85,96582,77908,'SGST',9,38.14,1,'2017-08-01 19:24:33'),(86,96582,77908,'CGST',9,38.14,1,'2017-08-01 19:24:33'),(87,96582,77908,'IGST',0,0,1,'2017-08-01 19:24:33'),(88,96583,77909,'SGST',9,228.81,1,'2017-08-01 19:30:41'),(89,96583,77909,'CGST',9,228.81,1,'2017-08-01 19:30:41'),(90,96583,77909,'IGST',0,0,1,'2017-08-01 19:30:41'),(91,96584,45186,'SGST',9,2288.14,1,'2017-08-01 19:46:58'),(92,96584,45186,'CGST',9,2288.14,1,'2017-08-01 19:46:58'),(93,96584,45186,'IGST',0,0,1,'2017-08-01 19:46:58'),(94,96585,679,'SGST',9,422.62,1,'2017-08-01 20:05:09'),(95,96585,679,'CGST',9,422.62,1,'2017-08-01 20:05:09'),(96,96585,679,'IGST',0,0,1,'2017-08-01 20:05:09'),(97,96586,77836,'SGST',9,884.75,1,'2017-08-02 12:26:40'),(98,96586,77836,'CGST',9,884.75,1,'2017-08-02 12:26:40'),(99,96586,77836,'IGST',0,0,1,'2017-08-02 12:26:40'),(100,96587,77727,'SGST',9,495.76,1,'2017-08-02 12:27:58');

--
-- Table structure for table `PettyCashAmount`
--

CREATE TABLE `PettyCashAmount` (
  `Id` int NOT NULL AUTO_INCREMENT,
  `Amount` varchar(10) COLLATE utf8mb4_general_ci DEFAULT NULL,
  `Remarks` varchar(10) COLLATE utf8mb4_general_ci DEFAULT NULL,
  `Status` varchar(10) COLLATE utf8mb4_general_ci DEFAULT NULL,
  `CreatedBy` varchar(10) COLLATE utf8mb4_general_ci DEFAULT NULL,
  `CreatedDate` varchar(10) COLLATE utf8mb4_general_ci DEFAULT NULL,
  `ModifiedBy` varchar(10) COLLATE utf8mb4_general_ci DEFAULT NULL,
  `ModifiedDate` varchar(10) COLLATE utf8mb4_general_ci DEFAULT NULL,
  PRIMARY KEY (`Id`)
) ENGINE=InnoDB DEFAULT CHARSET=utf8mb4 COLLATE=utf8mb4_general_ci;

--
-- Dumping data for table `PettyCashAmount`
--


--
-- Table structure for table `Prescription`
--

CREATE TABLE `Prescription` (
  `Id` double NOT NULL AUTO_INCREMENT,
  `CustomerId` double DEFAULT NULL,
  `Details` text COLLATE utf8mb4_general_ci,
  `IsActive` double DEFAULT NULL,
  `CreatedBy` double DEFAULT NULL,
  `CreatedDate` varchar(50) COLLATE utf8mb4_general_ci DEFAULT NULL,
  `ModifiedBy` double DEFAULT NULL,
  `ModifiedDate` varchar(50) COLLATE utf8mb4_general_ci DEFAULT NULL,
  `BranchId` double DEFAULT NULL,
  `DoctorId` double DEFAULT NULL,
  PRIMARY KEY (`Id`)
) ENGINE=InnoDB AUTO_INCREMENT=25 DEFAULT CHARSET=utf8mb4 COLLATE=utf8mb4_general_ci;

--
-- Dumping data for table `Prescription`
--

INSERT INTO `Prescription` VALUES (1,437,' safezyme pentaprazole ',1,6,'2015-05-05 16:27:15',0,'2015-05-06 12:55:25',2,49),(2,441,'ghfghfjgh',1,6,'2015-05-05 16:29:08',0,'2015-05-05 16:29:08',2,24),(3,441,'gfdsafgfdsgds\r\ngfdsggfdsgdsgdsg\r\ngdfgdsgdsgdsgdsg\r\ngdggdgdsg',1,6,'2015-05-06 02:04:26',0,'2015-05-06 02:04:26',2,49),(4,441,'fdsafs',1,6,'2015-05-06 02:04:39',0,'2015-05-06 02:04:39',2,24),(5,437,'safezyme pentaprazole bottle',1,6,'2015-05-06 11:54:41',0,'2015-05-06 12:55:37',2,24),(6,439,'rifampicin isoniazid 800mg',1,6,'2015-05-06 12:17:43',0,'2015-05-06 12:17:43',2,49),(7,437,'testing purpose',1,6,'2015-05-07 11:38:33',0,'2015-05-07 11:41:37',2,24),(8,456,'lhlkjhlkjh\r\nliuglljgh\r\nkljgljkgth\r\nfh\r\nfg\r\nhf\r\nghf\r\ngh\r\nfg',1,6,'2015-06-17 00:20:48',0,'2015-06-17 00:27:51',2,83),(9,456,'jvkjbbl\r\nlkjglkjh\r\njhgkjh\r\nkjghlkjh',1,6,'2015-06-17 00:21:21',0,'2015-06-17 00:21:21',2,5),(10,461,'dfggdf\r\ndfgdfg\r\ndfgdfg',1,76,'2015-06-25 11:42:37',0,'2015-06-25 11:42:37',6,91),(11,461,'dfgdff\r\ngf\r\ndg\r\ndfg\r\ndfg\r\ndf\r\ndfg\r\ndfg\r\ndfg\r\ndfg\r\ndfg\r\ndfg\r\ndfg\r\ndfgdfg\r\ndfg\r\ndf\r\ndfdf\r\ngdfgdfg\r\ng\r\ndfg',1,76,'2015-06-25 11:43:20',0,'2015-06-25 11:43:20',6,92),(12,438,'hghfgf\r\nfgh\r\nfgh\r\nfg\r\nfgfgfghfgh\r\nfghh\r\nfgh\r\n\r\nfghfgh\r\nfg\r\n\r\nfghfgh\r\nfg',1,76,'2015-06-25 11:49:16',0,'2015-06-25 11:49:16',6,90),(13,463,'',1,76,'2015-06-25 16:00:49',0,'2015-06-25 16:00:49',6,90),(14,461,'hgfh\r\nfg\r\nfgh\r\nfg\r\nhgh\r\n\r\nghfg\r\nhf\r\ngh\r\nfgh',1,76,'2015-06-26 11:38:13',0,'2015-06-26 11:38:13',6,90),(15,458,'hgghhfghfgh',1,6,'2015-07-14 11:52:51',0,'2015-07-14 11:52:51',2,49),(16,466,'Dont take Diet',1,91,'2015-07-31 15:36:11',0,'2015-07-31 15:43:08',51,284),(17,12414,'test test test test \r\nscvds\r\n\r\n\r\n\r\n\r\nsdvdsv\r\n\r\n\r\nsdvsdvdsvadsv 90 \r\nsdmcdskmcklsdmc-0sokdo',1,97,'2016-04-18 14:14:25',0,'2016-04-18 14:14:25',54,313),(18,688,'test \r\n\r\n\r\ntest \r\ntest \r\ntest \r\n\r\ntest ',1,97,'2016-04-20 06:49:11',0,'2016-04-20 06:49:11',54,226),(19,24453,'glianage,losar',1,109,'2016-08-16 11:05:07',0,'2016-08-16 11:05:07',53,179),(20,55331,'goood\r\nsdlfkdn\r\nas\r\nasdad',1,103,'2017-02-20 12:23:46',0,'2017-02-20 12:23:46',61,335),(21,612,'bhuvan : checking pricription printing ',1,116,'2017-04-06 14:53:05',0,'2017-04-06 14:53:05',54,179),(22,469,'test',1,110,'2020-03-29 11:26:48',0,'2020-03-29 11:26:48',51,10567),(23,469,'test123',1,110,'2020-04-05 16:49:16',0,'2020-04-05 16:49:16',51,20734),(24,12797,'DOLLO 650 X2',1,159,'2021-10-05 15:00:26',0,'2021-10-05 15:00:26',66,30888);

--
-- Table structure for table `Product`
--

CREATE TABLE `Product` (
  `Id` double NOT NULL AUTO_INCREMENT,
  `ProductCategory` double DEFAULT NULL,
  `ProductName` varchar(255) COLLATE utf8mb4_general_ci DEFAULT NULL,
  `ProductCode` varchar(100) COLLATE utf8mb4_general_ci DEFAULT NULL,
  `Units` double DEFAULT NULL,
  `PurchasePrice` double DEFAULT NULL,
  `OpeningBalance` double DEFAULT NULL,
  `MinOrderLevel` double DEFAULT NULL,
  `MfgDate` varchar(50) COLLATE utf8mb4_general_ci DEFAULT NULL,
  `ExpiryDate` varchar(50) COLLATE utf8mb4_general_ci DEFAULT NULL,
  `Status` double DEFAULT NULL,
  `CreatedBy` double DEFAULT NULL,
  `CreatedDate` varchar(50) COLLATE utf8mb4_general_ci DEFAULT NULL,
  `ModifiedBy` varchar(10) COLLATE utf8mb4_general_ci DEFAULT NULL,
  `ModifiedDate` varchar(50) COLLATE utf8mb4_general_ci DEFAULT NULL,
  `ISACTIVE` varchar(10) COLLATE utf8mb4_general_ci DEFAULT NULL,
  `IPAddress` varchar(20) COLLATE utf8mb4_general_ci DEFAULT NULL,
  `SalesPrice` double DEFAULT NULL,
  PRIMARY KEY (`Id`)
) ENGINE=InnoDB AUTO_INCREMENT=3 DEFAULT CHARSET=utf8mb4 COLLATE=utf8mb4_general_ci;

--
-- Dumping data for table `Product`
--

INSERT INTO `Product` VALUES (1,1,'router','rt',1,2000,1000,3,'2015-11-02 00:00:00','',1,1,'2015-02-12 09:15:27','','','NotActive','122.169.147.31',2500),(2,2,'modem','md',2,3333,2000,2,'2015-02-02 00:00:00','',1,1,'2015-02-12 09:16:17','1','2015-02-12 11:48:45','NotActive','122.169.147.31',4444);

--
-- Table structure for table `ProductCategory`
--

CREATE TABLE `ProductCategory` (
  `Id` double NOT NULL AUTO_INCREMENT,
  `CategoryName` varchar(255) COLLATE utf8mb4_general_ci DEFAULT NULL,
  `Remarks` text COLLATE utf8mb4_general_ci,
  `Status` double DEFAULT NULL,
  `CreatedBy` double DEFAULT NULL,
  `CreatedDate` varchar(50) COLLATE utf8mb4_general_ci DEFAULT NULL,
  `ModifiedBy` varchar(10) COLLATE utf8mb4_general_ci DEFAULT NULL,
  `ModifiedDate` varchar(50) COLLATE utf8mb4_general_ci DEFAULT NULL,
  `ISACTIVE` varchar(10) COLLATE utf8mb4_general_ci DEFAULT NULL,
  `IPAddress` varchar(20) COLLATE utf8mb4_general_ci DEFAULT NULL,
  PRIMARY KEY (`Id`)
) ENGINE=InnoDB AUTO_INCREMENT=3 DEFAULT CHARSET=utf8mb4 COLLATE=utf8mb4_general_ci;

--
-- Dumping data for table `ProductCategory`
--

INSERT INTO `ProductCategory` VALUES (1,'top rated','Top Rated',1,1,'2015-02-12 14:18:01','','','NotActive','122.169.147.31'),(2,'discountedit','Discount',1,1,'2015-02-12 14:18:18','1','2015-02-12 17:19:36','NotActive','122.169.147.31');

--
-- Table structure for table `QuestionAnswerDetails`
--

CREATE TABLE `QuestionAnswerDetails` (
  `Id` double NOT NULL AUTO_INCREMENT,
  `QuestionId` double DEFAULT NULL,
  `OptionId` double DEFAULT NULL,
  `CustomerId` double DEFAULT NULL,
  `CreatedBy` double DEFAULT NULL,
  `CreatedDate` varchar(50) COLLATE utf8mb4_general_ci DEFAULT NULL,
  `OptionValue` varchar(10) COLLATE utf8mb4_general_ci DEFAULT NULL,
  `FeedbackId` double DEFAULT NULL,
  PRIMARY KEY (`Id`)
) ENGINE=InnoDB AUTO_INCREMENT=101 DEFAULT CHARSET=utf8mb4 COLLATE=utf8mb4_general_ci;

--
-- Dumping data for table `QuestionAnswerDetails`
--

INSERT INTO `QuestionAnswerDetails` VALUES (1,11,35,438,6,'2015-04-19 00:00:00','',1),(2,12,41,438,6,'2015-04-19 00:00:00','',1),(3,13,44,438,6,'2015-04-19 00:00:00','',1),(4,14,49,438,6,'2015-04-19 00:00:00','',1),(5,16,59,438,6,'2015-04-19 00:00:00','',1),(6,18,65,438,6,'2015-04-19 00:00:00','',1),(7,20,71,438,6,'2015-04-19 00:00:00','',1),(8,22,0,438,6,'2015-04-19 00:00:00','1',1),(9,23,0,438,6,'2015-04-19 00:00:00','jhjgh',1),(10,1,4,438,6,'2015-04-19 00:00:00','',2),(11,3,7,438,6,'2015-04-19 00:00:00','',2),(12,4,13,438,6,'2015-04-19 00:00:00','',2),(13,5,17,438,6,'2015-04-19 00:00:00','',2),(14,7,26,438,6,'2015-04-19 00:00:00','',2),(15,8,28,438,6,'2015-04-19 00:00:00','',2),(16,9,33,438,6,'2015-04-19 00:00:00','',2),(17,10,0,438,6,'2015-04-19 00:00:00','14',2),(18,24,0,438,6,'2015-04-19 00:00:00','fghfgh',2),(19,12,41,438,6,'2015-04-19 00:00:00','',3),(20,13,45,438,6,'2015-04-19 00:00:00','',3),(21,14,50,438,6,'2015-04-19 00:00:00','',3),(22,15,54,438,6,'2015-04-19 00:00:00','',3),(23,18,65,438,6,'2015-04-19 00:00:00','',3),(24,20,71,438,6,'2015-04-19 00:00:00','',3),(25,22,0,438,6,'2015-04-19 00:00:00','24',3),(26,23,0,438,6,'2015-04-19 00:00:00','hfgh',3),(27,1,3,438,6,'2015-04-19 00:00:00','',4),(28,3,6,438,6,'2015-04-19 00:00:00','',4),(29,4,12,438,6,'2015-04-19 00:00:00','',4),(30,6,21,438,6,'2015-04-19 00:00:00','',4),(31,8,28,438,6,'2015-04-19 00:00:00','',4),(32,10,0,438,6,'2015-04-19 00:00:00','14',4),(33,11,37,432,8,'2015-04-21 00:00:00','',5),(34,12,41,432,8,'2015-04-21 00:00:00','',5),(35,13,45,432,8,'2015-04-21 00:00:00','',5),(36,15,54,432,8,'2015-04-21 00:00:00','',5),(37,19,68,432,8,'2015-04-21 00:00:00','',5),(38,20,71,432,8,'2015-04-21 00:00:00','',5),(39,22,0,432,8,'2015-04-21 00:00:00','35',5),(40,3,7,432,8,'2015-04-21 00:00:00','',6),(41,5,17,432,8,'2015-04-21 00:00:00','',6),(42,8,28,432,8,'2015-04-21 00:00:00','',6),(43,10,0,432,8,'2015-04-21 00:00:00','35',6),(44,11,37,437,6,'2015-04-23 00:00:00','',7),(45,13,45,437,6,'2015-04-23 00:00:00','',7),(46,15,54,437,6,'2015-04-23 00:00:00','',7),(47,17,62,437,6,'2015-04-23 00:00:00','',7),(48,3,7,439,6,'2015-04-24 00:00:00','',8),(49,5,17,439,6,'2015-04-24 00:00:00','',8),(50,6,21,439,6,'2015-04-24 00:00:00','',8),(51,9,32,439,6,'2015-04-24 00:00:00','',8),(52,10,0,439,6,'2015-04-24 00:00:00','24',8),(53,11,38,436,6,'2015-04-24 00:00:00','',9),(54,12,42,436,6,'2015-04-24 00:00:00','',9),(55,17,63,436,6,'2015-04-24 00:00:00','',9),(56,22,0,436,6,'2015-04-24 00:00:00','14',9),(57,11,39,436,6,'2015-04-24 00:00:00','',10),(58,13,46,436,6,'2015-04-24 00:00:00','',10),(59,16,60,436,6,'2015-04-24 00:00:00','',10),(60,18,66,436,6,'2015-04-24 00:00:00','',10),(61,20,71,436,6,'2015-04-24 00:00:00','',10),(62,22,0,436,6,'2015-04-24 00:00:00','9',10),(63,11,39,436,6,'2015-04-24 00:00:00','',11),(64,12,42,436,6,'2015-04-24 00:00:00','',11),(65,11,38,436,6,'2015-04-24 00:00:00','',12),(66,12,42,436,6,'2015-04-24 00:00:00','',12),(67,1,5,436,6,'2015-04-24 00:00:00','',13),(68,3,8,436,6,'2015-04-24 00:00:00','',13),(69,9,34,436,6,'2015-04-24 00:00:00','',13),(70,10,0,436,6,'2015-04-24 00:00:00','24',13),(71,4,12,436,6,'2015-04-27 00:00:00','',14),(72,5,17,436,6,'2015-04-27 00:00:00','',14),(73,6,23,436,6,'2015-04-27 00:00:00','',14),(74,7,24,436,6,'2015-04-27 00:00:00','',14),(75,8,27,436,6,'2015-04-27 00:00:00','',14),(76,9,31,436,6,'2015-04-27 00:00:00','',14),(77,10,0,436,6,'2015-04-27 00:00:00','19',14),(78,24,0,436,6,'2015-04-27 00:00:00','jhj',14),(79,1,3,438,6,'2015-05-04 00:00:00','',15),(80,3,7,438,6,'2015-05-04 00:00:00','',15),(81,4,13,438,6,'2015-05-04 00:00:00','',15),(82,5,17,438,6,'2015-05-04 00:00:00','',15),(83,6,21,438,6,'2015-05-04 00:00:00','',15),(84,7,25,438,6,'2015-05-04 00:00:00','',15),(85,8,28,438,6,'2015-05-04 00:00:00','',15),(86,9,32,438,6,'2015-05-04 00:00:00','',15),(87,10,0,438,6,'2015-05-04 00:00:00','14',15),(88,24,0,438,6,'2015-05-04 00:00:00','ttest',15),(89,11,38,13033,97,'2016-05-16 00:00:00','',16),(90,12,40,13033,97,'2016-05-16 00:00:00','',16),(91,13,47,13033,97,'2016-05-16 00:00:00','',16),(92,14,52,13033,97,'2016-05-16 00:00:00','',16),(93,15,54,13033,97,'2016-05-16 00:00:00','',16),(94,16,59,13033,97,'2016-05-16 00:00:00','',16),(95,17,61,13033,97,'2016-05-16 00:00:00','',16),(96,18,64,13033,97,'2016-05-16 00:00:00','',16),(97,19,67,13033,97,'2016-05-16 00:00:00','',16),(98,20,70,13033,97,'2016-05-16 00:00:00','',16),(99,21,76,13033,97,'2016-05-16 00:00:00','',16),(100,22,0,13033,97,'2016-05-16 00:00:00','313',16);

--
-- Table structure for table `QuestionAnswers`
--

CREATE TABLE `QuestionAnswers` (
  `Id` double NOT NULL AUTO_INCREMENT,
  `CustomerId` double DEFAULT NULL,
  `CreatedDate` varchar(50) COLLATE utf8mb4_general_ci DEFAULT NULL,
  `IsActive` double DEFAULT NULL,
  `BranchId` double DEFAULT NULL,
  PRIMARY KEY (`Id`)
) ENGINE=InnoDB AUTO_INCREMENT=61 DEFAULT CHARSET=utf8mb4 COLLATE=utf8mb4_general_ci;

--
-- Dumping data for table `QuestionAnswers`
--

INSERT INTO `QuestionAnswers` VALUES (1,438,'2015-04-19 00:00:00',1,2),(2,438,'2015-04-19 00:00:00',1,2),(3,438,'2015-04-19 00:00:00',1,2),(4,438,'2015-04-19 00:00:00',1,2),(5,432,'2015-04-21 00:00:00',1,5),(6,432,'2015-04-21 00:00:00',1,5),(7,437,'2015-04-23 00:00:00',1,2),(8,439,'2015-04-24 00:00:00',1,2),(9,436,'2015-04-24 00:00:00',1,2),(10,436,'2015-04-24 00:00:00',1,2),(11,436,'2015-04-24 00:00:00',1,2),(12,436,'2015-04-24 00:00:00',1,2),(13,436,'2015-04-24 00:00:00',1,2),(14,436,'2015-04-27 00:00:00',1,2),(15,438,'2015-05-04 00:00:00',1,2),(16,13033,'2016-05-16 00:00:00',1,54),(17,508,'2016-05-16 00:00:00',1,54),(18,1734,'2016-05-16 00:00:00',1,54),(19,828,'2016-05-16 00:00:00',1,54),(20,1870,'2016-05-16 00:00:00',1,54),(21,23239,'2016-05-16 00:00:00',1,54),(22,1007,'2016-05-16 00:00:00',1,54),(23,12381,'2016-05-16 00:00:00',1,54),(24,682,'2016-05-16 00:00:00',1,54),(25,1173,'2016-05-16 00:00:00',1,54),(26,850,'2016-05-16 00:00:00',1,54),(27,12360,'2016-05-16 00:00:00',1,54),(28,12962,'2016-05-16 00:00:00',1,54),(29,2082,'2016-05-16 00:00:00',1,54),(30,12282,'2016-05-16 00:00:00',1,54),(31,596,'2016-05-16 00:00:00',1,54),(32,1875,'2016-05-16 00:00:00',1,54),(33,1870,'2016-05-16 00:00:00',1,54),(34,12834,'2016-05-16 00:00:00',1,54),(35,2006,'2016-05-16 00:00:00',1,54),(36,12929,'2016-05-31 00:00:00',1,54),(37,12842,'2016-06-03 00:00:00',1,51),(38,523,'2016-06-13 00:00:00',1,54),(39,23548,'2016-06-19 00:00:00',1,51),(40,2041,'2016-06-20 00:00:00',1,51),(41,23195,'2016-07-08 00:00:00',1,52),(42,1472,'2016-08-08 00:00:00',1,54),(43,682,'2016-08-08 00:00:00',1,54),(44,499,'2016-08-08 00:00:00',1,54),(45,499,'2016-08-08 00:00:00',1,54),(46,1007,'2016-08-08 00:00:00',1,54),(47,23654,'2016-09-02 00:00:00',1,61),(48,1470,'2016-10-03 00:00:00',1,54),(49,24158,'2016-10-03 00:00:00',1,52),(50,2132,'2016-10-03 00:00:00',1,52),(51,23813,'2016-10-03 00:00:00',1,52),(52,24231,'2016-10-17 00:00:00',1,52),(53,13144,'2016-10-21 00:00:00',1,52),(54,34867,'2016-11-17 00:00:00',1,54),(55,55966,'2017-03-21 00:00:00',1,56),(56,79388,'2018-01-04 00:00:00',1,53),(57,34593,'2018-03-26 00:00:00',1,55),(58,77897,'2018-03-28 00:00:00',1,55),(59,78424,'2018-03-28 00:00:00',1,59),(60,55832,'2018-03-28 00:00:00',1,59);

--
-- Table structure for table `QuestionOptions`
--

CREATE TABLE `QuestionOptions` (
  `Id` double NOT NULL AUTO_INCREMENT,
  `QuestionId` double DEFAULT NULL,
  `FeedbackOption` text COLLATE utf8mb4_general_ci,
  `IsActive` double DEFAULT NULL,
  `CreatedBy` double DEFAULT NULL,
  `CreatedDate` varchar(50) COLLATE utf8mb4_general_ci DEFAULT NULL,
  `OrderNo` double DEFAULT NULL,
  `OptionRatting` varchar(50) COLLATE utf8mb4_general_ci DEFAULT NULL,
  PRIMARY KEY (`Id`)
) ENGINE=InnoDB AUTO_INCREMENT=152 DEFAULT CHARSET=utf8mb4 COLLATE=utf8mb4_general_ci;

--
-- Dumping data for table `QuestionOptions`
--

INSERT INTO `QuestionOptions` VALUES (1,1,'Specific skin concern',1,NULL,'2024-02-15 07:14:59',NULL,NULL),(2,1,'Regular skin care',1,NULL,'2024-02-15 07:14:59',NULL,NULL),(3,1,'Permanent hair reduction',1,NULL,'2024-02-15 07:14:59',NULL,NULL),(4,1,'Hair fall',1,NULL,'2024-02-15 07:14:59',NULL,NULL),(5,1,'Dandruff',1,NULL,'2024-02-15 07:14:59',NULL,NULL),(6,2,'Cleanser',1,NULL,'2024-02-15 07:14:59',NULL,NULL),(7,2,'Moisturizer',1,NULL,'2024-02-15 07:14:59',NULL,NULL),(8,2,'Toner',1,NULL,'2024-02-15 07:14:59',NULL,NULL),(9,2,'Sunscreen',1,NULL,'2024-02-15 07:14:59',NULL,NULL),(10,2,'Others(pl.Specify):',1,NULL,'2024-02-15 07:14:59',NULL,NULL),(21,3,'Facials',1,NULL,'2024-02-15 07:14:59',NULL,NULL),(22,3,'Clean ups',1,NULL,'2024-02-15 07:14:59',NULL,NULL),(23,3,'Bleaching',1,NULL,'2024-02-15 07:14:59',NULL,NULL),(24,5,'All over the face',1,NULL,'2024-02-15 07:14:59',NULL,NULL),(25,5,'Only on T zone',1,NULL,'2024-02-15 07:14:59',NULL,NULL),(26,5,'Rarely',1,NULL,'2024-02-15 07:14:59',NULL,NULL),(27,5,'Never',1,NULL,'2024-02-15 07:14:59',NULL,NULL),(28,6,'All over the face',1,NULL,'2024-02-15 07:14:59',NULL,NULL),(29,6,'Only on T zone',1,NULL,'2024-02-15 07:14:59',NULL,NULL),(30,6,'Rarely',1,NULL,'2024-02-15 07:14:59',NULL,NULL),(31,6,'Never',1,NULL,'2024-02-15 07:14:59',NULL,NULL),(32,7,'Yes',1,NULL,'2024-02-15 07:14:59',NULL,NULL),(33,7,'No',1,NULL,'2024-02-15 07:14:59',NULL,NULL),(34,8,'All over the face',1,NULL,'2024-02-15 07:14:59',NULL,NULL),(35,8,'Only on T zone',1,NULL,'2024-02-15 07:14:59',NULL,NULL),(36,8,'Rarely',1,NULL,'2024-02-15 07:14:59',NULL,NULL),(37,8,'Never',1,NULL,'2024-02-15 07:14:59',NULL,NULL),(38,9,'Breakage',1,NULL,'2024-02-15 07:14:59',NULL,NULL),(39,9,'Dryness',1,NULL,'2024-02-15 07:14:59',NULL,NULL),(40,9,'Dandruff',1,NULL,'2024-02-15 07:14:59',NULL,NULL),(41,9,'Slow Growth',1,NULL,'2024-02-15 07:14:59',NULL,NULL),(42,9,'Shedding',1,NULL,'2024-02-15 07:14:59',NULL,NULL),(43,9,'Thinning',1,NULL,'2024-02-15 07:14:59',NULL,NULL),(44,9,'Scalp Itch',1,NULL,'2024-02-15 07:14:59',NULL,NULL),(45,9,'Family history of baldness',1,NULL,'2024-02-15 07:14:59',NULL,NULL),(46,11,'1-2 times a week',1,NULL,'2024-02-15 07:14:59',NULL,NULL),(47,11,'3-4 times a week',1,NULL,'2024-02-15 07:14:59',NULL,NULL),(48,11,'5-6 times a week',1,NULL,'2024-02-15 07:14:59',NULL,NULL),(49,11,'Daily',1,NULL,'2024-02-15 07:14:59',NULL,NULL),(50,11,'1-2 times a week',1,NULL,'2024-02-15 07:14:59',NULL,NULL),(51,13,'Dye',1,NULL,'2024-02-15 07:14:59',NULL,NULL),(52,13,'Henna',1,NULL,'2024-02-15 07:14:59',NULL,NULL),(53,13,'Hair colour (specify brand)',1,NULL,'2024-02-15 07:14:59',NULL,NULL),(54,14,'Perming',1,NULL,'2024-02-15 07:14:59',NULL,NULL),(55,14,'Straightening',1,NULL,'2024-02-15 07:14:59',NULL,NULL),(56,14,'Blow dry',1,NULL,'2024-02-15 07:14:59',NULL,NULL),(57,15,'Yes',1,NULL,'2024-02-15 07:14:59',NULL,NULL),(58,15,'No',1,NULL,'2024-02-15 07:14:59',NULL,NULL),(59,16,'Yes',1,NULL,'2024-02-15 07:14:59',NULL,NULL),(60,16,'No',1,NULL,'2024-02-15 07:14:59',NULL,NULL),(61,17,'Yes',1,NULL,'2024-02-15 07:14:59',NULL,NULL),(62,17,'No',1,NULL,'2024-02-15 07:14:59',NULL,NULL),(63,18,'Salads/Sprouts',1,NULL,'2024-02-15 07:14:59',NULL,NULL),(64,18,'Fruits',1,NULL,'2024-02-15 07:14:59',NULL,NULL),(65,18,'Dairy products',1,NULL,'2024-02-15 07:14:59',NULL,NULL),(66,18,'Tea/Coffee',1,NULL,'2024-02-15 07:14:59',NULL,NULL),(67,18,'Aerated drinks',1,NULL,'2024-02-15 07:14:59',NULL,NULL),(68,18,'Cereals',1,NULL,'2024-02-15 07:14:59',NULL,NULL),(69,19,'Less than 4 glasses',1,NULL,'2024-02-15 07:14:59',NULL,NULL),(70,19,'4-8 glasses',1,NULL,'2024-02-15 07:14:59',NULL,NULL),(71,19,'10-12 glasses',1,NULL,'2024-02-15 07:14:59',NULL,NULL),(72,19,'More than 12 glasses',1,NULL,'2024-02-15 07:14:59',NULL,NULL),(73,20,'Hypertension',1,NULL,'2024-02-15 07:14:59',NULL,NULL),(74,20,'Diabetes',1,NULL,'2024-02-15 07:14:59',NULL,NULL),(75,20,'Asthama',1,NULL,'2024-02-15 07:14:59',NULL,NULL),(76,20,'Allergies',1,NULL,'2024-02-15 07:14:59',NULL,NULL),(77,20,'Keloids(raised scars)',1,NULL,'2024-02-15 07:14:59',NULL,NULL),(78,20,'Psoriasis',1,NULL,'2024-02-15 07:14:59',NULL,NULL),(79,20,'Vitiligo',1,NULL,'2024-02-15 07:14:59',NULL,NULL),(80,21,'Yes',1,NULL,'2024-02-15 07:14:59',NULL,NULL),(81,21,'No',1,NULL,'2024-02-15 07:14:59',NULL,NULL),(82,22,'Yes',1,NULL,'2024-02-15 07:14:59',NULL,NULL),(83,22,'No',1,NULL,'2024-02-15 07:14:59',NULL,NULL),(84,23,'Yes',1,NULL,'2024-02-15 07:14:59',NULL,NULL),(85,23,'No',1,NULL,'2024-02-15 07:14:59',NULL,NULL),(86,24,'Yes',1,NULL,'2024-02-15 07:14:59',NULL,NULL),(87,24,'No',1,NULL,'2024-02-15 07:14:59',NULL,NULL),(89,43,'No',1,NULL,'2024-02-15 07:14:59',NULL,NULL),(90,26,'Yes',1,NULL,'2024-02-15 07:14:59',NULL,NULL),(91,26,'No',1,NULL,'2024-02-15 07:14:59',NULL,NULL),(92,27,'Breakage',1,NULL,'2024-02-15 08:05:35',NULL,NULL),(93,27,'Shedding',1,NULL,'2024-02-15 08:05:35',NULL,NULL),(94,27,'Dryness',1,NULL,'2024-02-15 08:05:35',NULL,NULL),(95,27,'Thinning',1,NULL,'2024-02-15 08:05:35',NULL,NULL),(96,27,'Dandruff',1,NULL,'2024-02-15 08:05:35',NULL,NULL),(97,27,'Scalp Itch',1,NULL,'2024-02-15 08:05:35',NULL,NULL),(98,27,'Slow Growth',1,NULL,'2024-02-15 08:05:35',NULL,NULL),(99,27,'Family history of baldness',1,NULL,'2024-02-15 08:05:35',NULL,NULL),(100,29,'1-2 times a week',1,NULL,'2024-02-15 08:10:21',NULL,NULL),(101,29,'3-4 times a week',1,NULL,'2024-02-15 08:10:21',NULL,NULL),(102,29,'5-6 times a week',1,NULL,'2024-02-15 08:10:21',NULL,NULL),(103,29,'Daily',1,NULL,'2024-02-15 08:10:21',NULL,NULL),(104,29,'1-2 times a week',1,NULL,'2024-02-15 08:10:21',NULL,NULL),(105,31,'Dye',1,NULL,'2024-02-15 08:14:00',NULL,NULL),(106,31,'Henna',1,NULL,'2024-02-15 08:14:00',NULL,NULL),(107,31,'Hair colour (specify brand)',1,NULL,'2024-02-15 08:14:00',NULL,NULL),(108,32,'Perming',1,NULL,'2024-02-15 08:14:00',NULL,NULL),(109,32,'Straightening',1,NULL,'2024-02-15 08:14:00',NULL,NULL),(110,32,'Blow dry',1,NULL,'2024-02-15 08:14:00',NULL,NULL),(111,33,'Yes',1,NULL,'2024-02-15 08:14:00',NULL,NULL),(112,33,'No',1,NULL,'2024-02-15 08:14:00',NULL,NULL),(113,34,'Yes',1,NULL,'2024-02-15 08:14:00',NULL,NULL),(114,34,'No',1,NULL,'2024-02-15 08:14:00',NULL,NULL),(115,35,'Yes',1,NULL,'2024-02-15 08:14:00',NULL,NULL),(116,35,'No',1,NULL,'2024-02-15 08:14:00',NULL,NULL),(117,36,'Salads/Sprouts',1,NULL,'2024-02-15 08:14:00',NULL,NULL),(118,36,'Fruits',1,NULL,'2024-02-15 08:14:00',NULL,NULL),(119,36,'Dairy products',1,NULL,'2024-02-15 08:14:00',NULL,NULL),(120,36,'Tea/Coffee',1,NULL,'2024-02-15 08:14:00',NULL,NULL),(121,36,'Aerated drinks',1,NULL,'2024-02-15 08:14:00',NULL,NULL),(122,36,'Cereals',1,NULL,'2024-02-15 08:14:00',NULL,NULL),(123,37,'Less than 4 glasses',1,NULL,'2024-02-15 08:14:00',NULL,NULL),(124,37,'4-8 glasses',1,NULL,'2024-02-15 08:14:00',NULL,NULL),(125,37,'10-12 glasses',1,NULL,'2024-02-15 08:14:00',NULL,NULL),(126,37,'More than 12 glasses',1,NULL,'2024-02-15 08:14:00',NULL,NULL),(127,38,'Hypertension',1,NULL,'2024-02-15 08:14:00',NULL,NULL),(128,38,'Diabetes',1,NULL,'2024-02-15 08:14:00',NULL,NULL),(129,38,'Asthama',1,NULL,'2024-02-15 08:14:00',NULL,NULL),(130,38,'Allergies',1,NULL,'2024-02-15 08:14:00',NULL,NULL),(131,38,'Keloids(raised scars)',1,NULL,'2024-02-15 08:14:00',NULL,NULL),(132,38,'Psoriasis',1,NULL,'2024-02-15 08:14:00',NULL,NULL),(133,38,'Vitiligo',1,NULL,'2024-02-15 08:14:00',NULL,NULL),(134,39,'Yes',1,NULL,'2024-02-15 08:14:00',NULL,NULL),(135,39,'No',1,NULL,'2024-02-15 08:14:00',NULL,NULL),(136,40,'Yes',1,NULL,'2024-02-15 08:14:00',NULL,NULL),(137,40,'No',1,NULL,'2024-02-15 08:14:00',NULL,NULL),(138,41,'Yes',1,NULL,'2024-02-15 08:14:00',NULL,NULL),(139,41,'No',1,NULL,'2024-02-15 08:14:00',NULL,NULL),(140,42,'Yes',1,NULL,'2024-02-15 08:14:00',NULL,NULL),(141,42,'No',1,NULL,'2024-02-15 08:14:00',NULL,NULL),(142,43,'Yes',1,NULL,'2024-02-15 08:14:00',NULL,NULL),(144,44,'Yes',1,NULL,'2024-02-15 08:14:00',NULL,NULL),(145,44,'No',1,NULL,'2024-02-15 08:14:00',NULL,NULL),(146,25,'Yes',1,NULL,'2024-02-15 08:29:11',NULL,NULL),(147,25,'No',1,NULL,'2024-02-15 08:29:11',NULL,NULL),(148,1,'yes',1,NULL,'2024-03-04 07:32:31',NULL,NULL),(149,1,'yes',1,NULL,'2024-03-04 07:32:31',NULL,NULL),(150,45,'never',1,NULL,'2024-03-04 11:14:23',NULL,NULL),(151,40,'',1,NULL,'2024-03-14 07:21:56',NULL,NULL);

--
-- Table structure for table `Questions`
--

CREATE TABLE `Questions` (
  `Id` double NOT NULL AUTO_INCREMENT,
  `Question` text COLLATE utf8mb4_general_ci,
  `QuestionType` varchar(250) COLLATE utf8mb4_general_ci DEFAULT NULL,
  `Category` double DEFAULT NULL,
  `IsActive` double DEFAULT NULL,
  `CreatedBy` double DEFAULT NULL,
  `CreatedDate` varchar(50) COLLATE utf8mb4_general_ci DEFAULT NULL,
  `ModifiedBy` varchar(10) COLLATE utf8mb4_general_ci DEFAULT NULL,
  `ModifiedDate` varchar(50) COLLATE utf8mb4_general_ci DEFAULT NULL,
  `BranchId` double DEFAULT NULL,
  `Remarks` text COLLATE utf8mb4_general_ci,
  `HasCorrectAnswer` double DEFAULT NULL,
  `CorrectAnswer` varchar(100) COLLATE utf8mb4_general_ci DEFAULT NULL,
  `Control` varchar(100) COLLATE utf8mb4_general_ci DEFAULT NULL,
  PRIMARY KEY (`Id`)
) ENGINE=InnoDB AUTO_INCREMENT=46 DEFAULT CHARSET=utf8mb4 COLLATE=utf8mb4_general_ci;

--
-- Dumping data for table `Questions`
--

INSERT INTO `Questions` VALUES (1,'Reason for visiting Welona','Checkbox',42,1,NULL,'2024-02-15 06:04:23',NULL,NULL,NULL,NULL,NULL,NULL,NULL),(2,'A. Do you use','Checkbox',42,1,NULL,'2024-02-15 06:04:23',NULL,'2024-02-15 06:04:23',NULL,NULL,NULL,NULL,NULL),(3,'B. Do you visit parlors for','Checkbox',42,1,NULL,'2024-02-15 06:04:23',NULL,'2024-02-15 06:04:23',NULL,NULL,NULL,NULL,NULL),(4,'C. How often you get the parlor service done?','Checkbox',42,1,NULL,'2024-02-15 06:04:23',NULL,'2024-02-15 06:04:23',NULL,NULL,NULL,NULL,NULL),(5,'D. Does you skin look shine (feel only) shortly after cleansing?','Checkbox',42,1,NULL,'2024-02-15 06:04:23',NULL,'2024-02-15 06:04:23',NULL,NULL,NULL,NULL,NULL),(6,'E. Does your skin feels tight and dry after cleansing?','Checkbox',42,1,NULL,'2024-02-15 06:04:23',NULL,NULL,NULL,NULL,NULL,NULL,NULL),(7,'F. Does your skin become red and blotchy on sun exposure/application of some products?','Radio',42,1,NULL,'2024-02-15 06:04:23',NULL,NULL,NULL,NULL,NULL,NULL,NULL),(8,'G. Do you experience blackheads or pimples?','Checkbox',42,1,NULL,'2024-02-15 06:23:38',NULL,NULL,NULL,NULL,NULL,NULL,NULL),(9,'A. Do you suffer from any of the following?','Checkbox',44,1,NULL,'2024-02-15 06:23:38',NULL,NULL,NULL,NULL,NULL,NULL,NULL),(10,'B. How do you normally take care of your hair?','Inputtext',44,1,NULL,'2024-02-15 06:23:38',NULL,NULL,NULL,NULL,NULL,NULL,NULL),(11,'C. How often do you wash your hair?','Checkbox',44,1,NULL,'2024-02-15 06:23:38',NULL,NULL,NULL,NULL,NULL,NULL,NULL),(12,'D. Which shampoo and conditioner do use?','Inputtext',44,1,NULL,'2024-02-15 06:23:38',NULL,NULL,NULL,NULL,NULL,NULL,NULL),(13,'E. Do you use any of the following?','Checkbox',44,1,NULL,'2024-02-15 06:23:38',NULL,NULL,NULL,NULL,NULL,NULL,NULL),(14,'F. Have you ever got the following hair styling done?','Checkbox',44,1,NULL,'2024-02-15 06:23:38',NULL,NULL,NULL,NULL,NULL,NULL,NULL),(15,'G. Do you smoke?','Radio',44,1,NULL,'2024-02-15 06:23:38',NULL,NULL,NULL,NULL,NULL,NULL,NULL),(16,'H. Do you consume alcohol?','Radio',44,1,NULL,'2024-02-15 06:23:38',NULL,NULL,NULL,NULL,NULL,NULL,NULL),(17,'I. Do you have tea/coffee?','Radio',44,1,NULL,'2024-02-15 06:23:38',NULL,NULL,NULL,NULL,NULL,NULL,NULL),(18,'J. Do you eat regularly?','Checkbox',44,1,NULL,'2024-02-15 06:23:38',NULL,NULL,NULL,NULL,NULL,NULL,NULL),(19,'K. How many glasses of water do you consume daily?','Checkbox',44,1,NULL,'2024-02-15 06:23:38',NULL,NULL,NULL,NULL,NULL,NULL,NULL),(20,'L. Do you have any of the following?','Checkbox',44,1,NULL,'2024-02-15 06:23:38',NULL,NULL,NULL,NULL,NULL,NULL,NULL),(21,'M. Have you had reaction any medicines in past?','Radio',44,1,NULL,'2024-02-15 06:23:38',NULL,NULL,NULL,NULL,NULL,NULL,NULL),(22,'Are you menses regular?(for women only)','Radio',44,1,NULL,'2024-02-15 06:23:38',NULL,NULL,NULL,NULL,NULL,NULL,NULL),(23,'Are your pregnant?(for women only)','Radio',44,1,NULL,'2024-02-15 06:23:38',NULL,NULL,NULL,NULL,NULL,NULL,NULL),(24,'Are you taking oral contraceptives?(for women only)','Radio',44,1,NULL,'2024-02-15 06:23:38',NULL,NULL,NULL,NULL,NULL,NULL,NULL),(25,'Are you breast feeding?(for women only)','Radio',44,1,NULL,'2024-02-15 06:23:38',NULL,NULL,NULL,NULL,NULL,NULL,NULL),(26,'Are you under any gynecologists treatment?(for women only)','Radio',44,1,NULL,'2024-02-15 06:23:38',NULL,NULL,NULL,NULL,NULL,NULL,NULL),(27,'A. Do you suffer from any of the following?','Checkbox',46,1,NULL,'2024-02-15 06:23:38',NULL,NULL,NULL,NULL,NULL,NULL,NULL),(28,'B. How do you normally take care of your hair?','Inputtext',46,1,NULL,'2024-02-15 06:23:38',NULL,NULL,NULL,NULL,NULL,NULL,NULL),(29,'C. How often do you wash your hair?','Checkbox',46,1,NULL,'2024-02-15 06:23:38',NULL,'2024-02-15 06:23:38',NULL,NULL,NULL,NULL,NULL),(30,'D. Which shampoo and conditioner do use?','Inputtext',46,1,NULL,'2024-02-15 06:23:38',NULL,NULL,NULL,NULL,NULL,NULL,NULL),(31,'E. Do you use any of the following?','Checkbox',46,1,NULL,'2024-02-15 06:23:38',NULL,NULL,NULL,NULL,NULL,NULL,NULL),(32,'F. Have you ever got the following hair styling done?','Checkbox',46,1,NULL,'2024-02-15 06:23:38',NULL,NULL,NULL,NULL,NULL,NULL,NULL),(33,'G. Do you smoke?','Radio',46,1,NULL,'2024-02-15 06:23:38',NULL,NULL,NULL,NULL,NULL,NULL,NULL),(34,'H. Do you consume alcohol?','Radio',46,1,NULL,'2024-02-15 06:23:38',NULL,NULL,NULL,NULL,NULL,NULL,NULL),(35,'I. Do you have tea/coffee?','Radio',46,1,NULL,'2024-02-15 06:23:38',NULL,NULL,NULL,NULL,NULL,NULL,NULL),(36,'J. Do you eat regularly?','Checkbox',46,1,NULL,'2024-02-15 06:23:38',NULL,NULL,NULL,NULL,NULL,NULL,NULL),(37,'K. How many glasses of water do you consume daily?','Checkbox',46,1,NULL,'2024-02-15 06:23:38',NULL,NULL,NULL,NULL,NULL,NULL,NULL),(38,'L. Do you have any of the following?','Checkbox',46,1,NULL,'2024-02-15 06:23:38',NULL,NULL,NULL,NULL,NULL,NULL,NULL),(39,'M. Have you had reaction any medicines in past?','Radio',46,1,NULL,'2024-02-15 06:23:38',NULL,NULL,NULL,NULL,NULL,NULL,NULL),(40,'Are you menses regular?(for women only)','Radio',46,1,NULL,'2024-02-15 06:23:38',NULL,NULL,NULL,NULL,NULL,NULL,NULL),(41,'Are your pregnant?(for women only)','Radio',46,1,NULL,'2024-02-15 06:23:38',NULL,NULL,NULL,NULL,NULL,NULL,NULL),(42,'Are you taking oral contraceptives?(for women only)','Radio',46,1,NULL,'2024-02-15 06:23:38',NULL,NULL,NULL,NULL,NULL,NULL,NULL),(43,'Are you breast feeding?(for women only)','Radio',46,1,NULL,'2024-02-15 06:23:38',NULL,NULL,NULL,NULL,NULL,NULL,NULL),(44,'Are you under any gynecologists treatment?(for women only)','Radio',46,0,NULL,'2024-02-15 07:05:55',NULL,'2024-02-19 13:54:31',NULL,NULL,NULL,NULL,NULL),(45,'how long you had hair problem','Checkbox',48,1,NULL,'2024-03-04 11:14:23',NULL,'2024-03-14 07:21:56',NULL,NULL,NULL,NULL,NULL);

--
-- Table structure for table `RoleDetails`
--

CREATE TABLE `RoleDetails` (
  `Id` double NOT NULL AUTO_INCREMENT,
  `RoleId` double DEFAULT NULL,
  `FunctionalId` double DEFAULT NULL,
  `CanCreate` double DEFAULT NULL,
  `CanUpdate` double DEFAULT NULL,
  `CanDelete` double DEFAULT NULL,
  `CanRead` double DEFAULT NULL,
  `IsActive` double DEFAULT NULL,
  `Remarks` text COLLATE utf8mb4_general_ci,
  `CreatedBy` double DEFAULT NULL,
  `CreatedDate` varchar(50) COLLATE utf8mb4_general_ci DEFAULT NULL,
  `ModifiedBy` varchar(10) COLLATE utf8mb4_general_ci DEFAULT NULL,
  `ModifiedDate` varchar(50) COLLATE utf8mb4_general_ci DEFAULT NULL,
  PRIMARY KEY (`Id`)
) ENGINE=InnoDB AUTO_INCREMENT=77 DEFAULT CHARSET=utf8mb4 COLLATE=utf8mb4_general_ci;

--
-- Dumping data for table `RoleDetails`
--

INSERT INTO `RoleDetails` VALUES (1,1,1,1,1,1,1,1,'',2,'2015-01-30 14:44:31','',''),(2,1,2,1,1,1,1,1,'',2,'2015-01-30 14:44:31','',''),(3,1,3,1,1,1,1,1,'',2,'2015-01-30 14:44:31','',''),(4,1,4,1,1,1,1,1,'',2,'2015-01-30 14:44:31','',''),(5,2,1,1,1,1,1,1,'',2,'2015-01-30 14:46:34','',''),(6,2,2,1,1,1,1,1,'',2,'2015-01-30 14:46:34','',''),(7,2,3,0,0,0,0,1,'',2,'2015-01-30 14:46:34','',''),(8,2,4,1,1,1,1,1,'',2,'2015-01-30 14:46:34','',''),(9,3,1,0,0,0,0,1,'',2,'2015-01-30 17:52:55','',''),(10,3,2,1,0,0,0,1,'',2,'2015-01-30 17:52:55','',''),(11,3,3,1,1,1,1,1,'',2,'2015-01-30 17:52:56','',''),(12,3,4,1,0,0,0,1,'',2,'2015-01-30 17:52:56','',''),(13,4,1,1,1,1,1,1,'',2,'2015-01-31 10:37:01','',''),(14,4,2,1,1,1,1,1,'',2,'2015-01-31 10:37:01','',''),(15,4,3,1,0,0,0,1,'',2,'2015-01-31 10:37:02','',''),(16,4,4,1,1,1,1,1,'',2,'2015-01-31 10:37:02','',''),(17,5,1,1,1,1,1,1,'',2,'2015-01-31 12:41:24','',''),(18,5,2,1,1,1,1,1,'',2,'2015-01-31 12:41:25','',''),(19,5,3,1,1,1,1,1,'',2,'2015-01-31 12:41:25','',''),(20,5,4,1,1,1,1,1,'',2,'2015-01-31 12:41:25','',''),(21,6,1,1,0,0,0,1,'',2,'2015-01-31 12:41:38','',''),(22,6,2,0,0,0,0,1,'',2,'2015-01-31 12:41:38','',''),(23,6,3,0,0,0,0,1,'',2,'2015-01-31 12:41:38','',''),(24,6,4,0,0,0,0,1,'',2,'2015-01-31 12:41:38','',''),(25,7,1,0,0,1,0,1,'',2,'2015-02-07 17:25:24','',''),(26,7,2,0,0,0,1,1,'',2,'2015-02-07 17:25:24','',''),(27,7,3,0,0,0,0,1,'',2,'2015-02-07 17:25:24','',''),(28,7,4,0,0,1,0,1,'',2,'2015-02-07 17:25:24','',''),(29,8,1,1,1,1,1,1,'',2,'2015-02-10 15:42:39','',''),(30,8,2,1,1,1,1,1,'',2,'2015-02-10 15:42:39','',''),(31,8,3,1,1,1,1,1,'',2,'2015-02-10 15:42:40','',''),(32,8,4,1,1,1,1,1,'',2,'2015-02-10 15:42:40','',''),(33,9,1,1,1,1,1,1,'',2,'2015-02-13 05:46:11','',''),(34,9,2,1,1,1,1,1,'',2,'2015-02-13 05:46:11','',''),(35,9,3,0,0,0,0,1,'',2,'2015-02-13 05:46:11','',''),(36,9,4,0,0,0,0,1,'',2,'2015-02-13 05:46:11','',''),(37,10,1,0,0,0,0,1,'',2,'2015-03-07 14:13:28','',''),(38,10,2,0,0,0,1,1,'',2,'2015-03-07 14:13:28','',''),(39,10,3,0,0,0,1,1,'',2,'2015-03-07 14:13:28','',''),(40,10,4,0,0,0,0,1,'',2,'2015-03-07 14:13:28','',''),(41,11,1,1,1,1,1,1,'',2,'2015-03-07 15:04:50','',''),(42,11,2,0,0,0,0,1,'',2,'2015-03-07 15:04:50','',''),(43,11,3,0,0,0,0,1,'',2,'2015-03-07 15:04:50','',''),(44,11,4,0,0,0,0,1,'',2,'2015-03-07 15:04:51','',''),(45,12,1,1,1,1,1,1,'',2,'2015-03-11 04:27:19','',''),(46,12,2,0,0,0,0,1,'',2,'2015-03-11 04:27:19','',''),(47,12,3,0,0,0,0,1,'',2,'2015-03-11 04:27:19','',''),(48,12,4,0,0,0,0,1,'',2,'2015-03-11 04:27:19','',''),(49,13,1,1,1,1,1,1,'',9,'2015-03-13 00:25:39','',''),(50,13,2,1,1,1,1,1,'',9,'2015-03-13 00:25:39','',''),(51,13,3,1,1,0,1,1,'',9,'2015-03-13 00:25:39','',''),(52,13,4,1,1,0,1,1,'',9,'2015-03-13 00:25:39','',''),(53,14,1,1,0,1,0,1,'',9,'2015-03-13 00:27:53','',''),(54,14,2,1,1,1,1,1,'',9,'2015-03-13 00:27:53','',''),(55,14,3,1,0,1,0,1,'',9,'2015-03-13 00:27:53','',''),(56,14,4,1,0,1,0,1,'',9,'2015-03-13 00:27:53','',''),(57,15,1,1,1,1,1,1,'',9,'2015-03-13 14:03:56','',''),(58,15,2,0,0,0,0,1,'',9,'2015-03-13 14:03:56','',''),(59,15,3,0,0,0,0,1,'',9,'2015-03-13 14:03:56','',''),(60,15,4,0,0,0,0,1,'',9,'2015-03-13 14:03:56','',''),(61,16,1,1,1,1,1,1,'',9,'2015-03-13 18:42:43','',''),(62,16,2,1,1,1,1,1,'',9,'2015-03-13 18:42:43','',''),(63,16,3,1,1,1,1,1,'',9,'2015-03-13 18:42:43','',''),(64,16,4,1,1,1,1,1,'',9,'2015-03-13 18:42:43','',''),(65,17,1,1,1,1,1,1,'',9,'2015-03-13 19:09:03','',''),(66,17,2,0,0,1,0,1,'',9,'2015-03-13 19:09:03','',''),(67,17,3,0,0,1,0,1,'',9,'2015-03-13 19:09:03','',''),(68,17,4,0,0,1,0,1,'',9,'2015-03-13 19:09:03','',''),(69,18,1,1,1,1,1,1,'',9,'2015-03-20 14:47:35','',''),(70,18,2,0,0,0,0,1,'',9,'2015-03-20 14:47:35','',''),(71,18,3,0,0,0,0,1,'',9,'2015-03-20 14:47:35','',''),(72,18,4,0,0,0,0,1,'',9,'2015-03-20 14:47:35','',''),(73,19,1,0,1,1,1,1,'',9,'2015-03-23 12:53:25','',''),(74,19,2,1,1,1,0,1,'',9,'2015-03-23 12:53:25','',''),(75,19,3,1,0,1,1,1,'',9,'2015-03-23 12:53:25','',''),(76,19,4,1,1,0,1,1,'',9,'2015-03-23 12:53:25','','');

--
-- Table structure for table `RoleMapping`
--

CREATE TABLE `RoleMapping` (
  `Id` int NOT NULL AUTO_INCREMENT,
  `EmployeeId` varchar(10) COLLATE utf8mb4_general_ci DEFAULT NULL,
  `RoleId` varchar(10) COLLATE utf8mb4_general_ci DEFAULT NULL,
  `IsActive` varchar(10) COLLATE utf8mb4_general_ci DEFAULT NULL,
  `Remarks` varchar(10) COLLATE utf8mb4_general_ci DEFAULT NULL,
  `CreatedBy` varchar(10) COLLATE utf8mb4_general_ci DEFAULT NULL,
  `CreatedDate` varchar(10) COLLATE utf8mb4_general_ci DEFAULT NULL,
  `ModifiedBy` varchar(10) COLLATE utf8mb4_general_ci DEFAULT NULL,
  `ModifiedDate` varchar(10) COLLATE utf8mb4_general_ci DEFAULT NULL,
  PRIMARY KEY (`Id`)
) ENGINE=InnoDB AUTO_INCREMENT=292 DEFAULT CHARSET=utf8mb4 COLLATE=utf8mb4_general_ci;

--
-- Dumping data for table `RoleMapping`
--

INSERT INTO `RoleMapping` VALUES (1,'60948','4','1',NULL,NULL,NULL,NULL,NULL),(2,'60948','8','1',NULL,NULL,NULL,NULL,NULL),(3,'60948','2','1',NULL,NULL,NULL,NULL,NULL),(4,'60948','12','1',NULL,NULL,NULL,NULL,NULL),(5,'60949','8','1',NULL,NULL,NULL,NULL,NULL),(6,'60949','2','1',NULL,NULL,NULL,NULL,NULL),(7,'60949','12','1',NULL,NULL,NULL,NULL,NULL),(8,'60949','4','1',NULL,NULL,NULL,NULL,NULL),(9,'60950','8','1',NULL,NULL,NULL,NULL,NULL),(10,'60950','2','1',NULL,NULL,NULL,NULL,NULL),(11,'60950','12','1',NULL,NULL,NULL,NULL,NULL),(12,'60950','4','1',NULL,NULL,NULL,NULL,NULL),(13,'60951','3','1',NULL,NULL,NULL,NULL,NULL),(14,'60951','24','1',NULL,NULL,NULL,NULL,NULL),(15,'60951','5','1',NULL,NULL,NULL,NULL,NULL),(16,'60951','3','1',NULL,NULL,NULL,NULL,NULL),(17,'60960','3','1',NULL,NULL,NULL,NULL,NULL),(18,'60960','3','1',NULL,NULL,NULL,NULL,NULL),(19,'60960','24','1',NULL,NULL,NULL,NULL,NULL),(20,'60960','5','1',NULL,NULL,NULL,NULL,NULL),(21,'60961','3','1',NULL,NULL,NULL,NULL,NULL),(22,'60961','3','1',NULL,NULL,NULL,NULL,NULL),(23,'60962','3','1',NULL,NULL,NULL,NULL,NULL),(24,'60962','3','1',NULL,NULL,NULL,NULL,NULL),(25,'60963','3','1',NULL,NULL,NULL,NULL,NULL),(26,'60964','3','1',NULL,NULL,NULL,NULL,NULL),(27,'60965','3','1',NULL,NULL,NULL,NULL,NULL),(28,'60966','3','1',NULL,NULL,NULL,NULL,NULL),(29,'60967','3','1',NULL,NULL,NULL,NULL,NULL),(30,'60968','3','1',NULL,NULL,NULL,NULL,NULL),(31,'60968','3','1',NULL,NULL,NULL,NULL,NULL),(32,'60968','24','1',NULL,NULL,NULL,NULL,NULL),(33,'60968','5','1',NULL,NULL,NULL,NULL,NULL),(34,'60969','3','1',NULL,NULL,NULL,NULL,NULL),(35,'60969','3','1',NULL,NULL,NULL,NULL,NULL),(36,'60969','24','1',NULL,NULL,NULL,NULL,NULL),(37,'60969','5','1',NULL,NULL,NULL,NULL,NULL),(38,'60970','3','1',NULL,NULL,NULL,NULL,NULL),(39,'60970','3','1',NULL,NULL,NULL,NULL,NULL),(40,'60970','24','1',NULL,NULL,NULL,NULL,NULL),(41,'60970','5','1',NULL,NULL,NULL,NULL,NULL),(42,'60971','3','1',NULL,NULL,NULL,NULL,NULL),(43,'60971','3','1',NULL,NULL,NULL,NULL,NULL),(44,'60971','24','1',NULL,NULL,NULL,NULL,NULL),(45,'60971','5','1',NULL,NULL,NULL,NULL,NULL),(46,'60972','3','1',NULL,NULL,NULL,NULL,NULL),(47,'60972','3','1',NULL,NULL,NULL,NULL,NULL),(48,'60972','24','1',NULL,NULL,NULL,NULL,NULL),(49,'60972','5','1',NULL,NULL,NULL,NULL,NULL),(50,'60973','3','1',NULL,NULL,NULL,NULL,NULL),(51,'60973','3','1',NULL,NULL,NULL,NULL,NULL),(52,'60973','24','1',NULL,NULL,NULL,NULL,NULL),(53,'60973','5','1',NULL,NULL,NULL,NULL,NULL),(54,'60974','3','1',NULL,NULL,NULL,NULL,NULL),(55,'60974','24','1',NULL,NULL,NULL,NULL,NULL),(56,'60974','5','1',NULL,NULL,NULL,NULL,NULL),(57,'60974','3','1',NULL,NULL,NULL,NULL,NULL),(58,'60975','3','1',NULL,NULL,NULL,NULL,NULL),(59,'60975','3','1',NULL,NULL,NULL,NULL,NULL),(60,'60975','5','1',NULL,NULL,NULL,NULL,NULL),(61,'60975','24','1',NULL,NULL,NULL,NULL,NULL),(62,'60976','3','1',NULL,NULL,NULL,NULL,NULL),(63,'60976','3','1',NULL,NULL,NULL,NULL,NULL),(64,'60976','24','1',NULL,NULL,NULL,NULL,NULL),(65,'60976','5','1',NULL,NULL,NULL,NULL,NULL),(66,'60977','3','1',NULL,NULL,NULL,NULL,NULL),(67,'60977','3','1',NULL,NULL,NULL,NULL,NULL),(68,'60977','24','1',NULL,NULL,NULL,NULL,NULL),(69,'60977','5','1',NULL,NULL,NULL,NULL,NULL),(70,'60978','3','1',NULL,NULL,NULL,NULL,NULL),(71,'60978','3','1',NULL,NULL,NULL,NULL,NULL),(72,'60978','24','1',NULL,NULL,NULL,NULL,NULL),(73,'60978','5','1',NULL,NULL,NULL,NULL,NULL),(74,'60979','3','1',NULL,NULL,NULL,NULL,NULL),(75,'60979','3','1',NULL,NULL,NULL,NULL,NULL),(76,'60979','24','1',NULL,NULL,NULL,NULL,NULL),(77,'60979','5','1',NULL,NULL,NULL,NULL,NULL),(78,'60980','3','1',NULL,NULL,NULL,NULL,NULL),(79,'60980','3','1',NULL,NULL,NULL,NULL,NULL),(80,'60980','24','1',NULL,NULL,NULL,NULL,NULL),(81,'60980','5','1',NULL,NULL,NULL,NULL,NULL),(82,'60981','3','1',NULL,NULL,NULL,NULL,NULL),(83,'60981','3','1',NULL,NULL,NULL,NULL,NULL),(84,'60981','24','1',NULL,NULL,NULL,NULL,NULL),(85,'60981','5','1',NULL,NULL,NULL,NULL,NULL),(86,'60982','3','1',NULL,NULL,NULL,NULL,NULL),(87,'60982','3','1',NULL,NULL,NULL,NULL,NULL),(88,'60982','24','1',NULL,NULL,NULL,NULL,NULL),(89,'60982','5','1',NULL,NULL,NULL,NULL,NULL),(90,'60983','3','1',NULL,NULL,NULL,NULL,NULL),(91,'60983','3','1',NULL,NULL,NULL,NULL,NULL),(92,'60983','24','1',NULL,NULL,NULL,NULL,NULL),(93,'60983','5','1',NULL,NULL,NULL,NULL,NULL),(94,'60984','3','1',NULL,NULL,NULL,NULL,NULL),(95,'60984','3','1',NULL,NULL,NULL,NULL,NULL),(96,'60984','24','1',NULL,NULL,NULL,NULL,NULL),(97,'60984','5','1',NULL,NULL,NULL,NULL,NULL),(98,'60980','3','1',NULL,NULL,NULL,NULL,NULL),(99,'60980','3','1',NULL,NULL,NULL,NULL,NULL),(100,'60980','24','1',NULL,NULL,NULL,NULL,NULL),(101,'60980','5','1',NULL,NULL,NULL,NULL,NULL),(102,'60984','3','1',NULL,NULL,NULL,NULL,NULL),(103,'60984','3','1',NULL,NULL,NULL,NULL,NULL),(104,'60984','24','1',NULL,NULL,NULL,NULL,NULL),(105,'60984','5','1',NULL,NULL,NULL,NULL,NULL),(106,'60984','3','1',NULL,NULL,NULL,NULL,NULL),(107,'60984','3','1',NULL,NULL,NULL,NULL,NULL),(108,'60984','24','1',NULL,NULL,NULL,NULL,NULL),(109,'60984','5','1',NULL,NULL,NULL,NULL,NULL),(110,'60984','3','1',NULL,NULL,NULL,NULL,NULL),(111,'60984','3','1',NULL,NULL,NULL,NULL,NULL),(112,'60984','24','1',NULL,NULL,NULL,NULL,NULL),(113,'60984','5','1',NULL,NULL,NULL,NULL,NULL),(114,'61069','2','1',NULL,NULL,NULL,NULL,NULL),(115,'61069','38','1',NULL,NULL,NULL,NULL,NULL),(116,'61069','37','1',NULL,NULL,NULL,NULL,NULL),(117,'61069','29','1',NULL,NULL,NULL,NULL,NULL),(118,'61069','30','1',NULL,NULL,NULL,NULL,NULL),(119,'61070','38','1',NULL,NULL,NULL,NULL,NULL),(120,'61070','30','1',NULL,NULL,NULL,NULL,NULL),(121,'61070','29','1',NULL,NULL,NULL,NULL,NULL),(122,'61070','37','1',NULL,NULL,NULL,NULL,NULL),(123,'61070','2','1',NULL,NULL,NULL,NULL,NULL),(124,'61071','29','1',NULL,NULL,NULL,NULL,NULL),(125,'61071','2','1',NULL,NULL,NULL,NULL,NULL),(126,'61072','38','1',NULL,NULL,NULL,NULL,NULL),(127,'61072','30','1',NULL,NULL,NULL,NULL,NULL),(128,'61072','40','1',NULL,NULL,NULL,NULL,NULL),(129,'61072','37','1',NULL,NULL,NULL,NULL,NULL),(130,'61073','38','1',NULL,NULL,NULL,NULL,NULL),(131,'61073','21','1',NULL,NULL,NULL,NULL,NULL),(132,'61073','27','1',NULL,NULL,NULL,NULL,NULL),(133,'61073','17','1',NULL,NULL,NULL,NULL,NULL),(134,'61073','19','1',NULL,NULL,NULL,NULL,NULL),(135,'61073','29','1',NULL,NULL,NULL,NULL,NULL),(136,'61073','40','1',NULL,NULL,NULL,NULL,NULL),(137,'61073','30','1',NULL,NULL,NULL,NULL,NULL),(138,'61073','35','1',NULL,NULL,NULL,NULL,NULL),(139,'61073','37','1',NULL,NULL,NULL,NULL,NULL),(140,'61074','30','1',NULL,NULL,NULL,NULL,NULL),(141,'61074','37','1',NULL,NULL,NULL,NULL,NULL),(142,'61074','17','1',NULL,NULL,NULL,NULL,NULL),(143,'61074','26','1',NULL,NULL,NULL,NULL,NULL),(144,'61074','34','1',NULL,NULL,NULL,NULL,NULL),(145,'61074','38','1',NULL,NULL,NULL,NULL,NULL),(146,'61076','38','1',NULL,NULL,NULL,NULL,NULL),(147,'61076','29','1',NULL,NULL,NULL,NULL,NULL),(148,'61076','36','1',NULL,NULL,NULL,NULL,NULL),(149,'61076','27','1',NULL,NULL,NULL,NULL,NULL),(150,'61076','34','1',NULL,NULL,NULL,NULL,NULL),(151,'61077','38','1',NULL,NULL,NULL,NULL,NULL),(152,'61077','19','1',NULL,NULL,NULL,NULL,NULL),(153,'61077','30','1',NULL,NULL,NULL,NULL,NULL),(154,'61077','29','1',NULL,NULL,NULL,NULL,NULL),(155,'61077','40','1',NULL,NULL,NULL,NULL,NULL),(156,'61077','31','1',NULL,NULL,NULL,NULL,NULL),(157,'61078','38','1',NULL,NULL,NULL,NULL,NULL),(158,'61078','19','1',NULL,NULL,NULL,NULL,NULL),(159,'61078','30','1',NULL,NULL,NULL,NULL,NULL),(160,'61078','29','1',NULL,NULL,NULL,NULL,NULL),(161,'61078','40','1',NULL,NULL,NULL,NULL,NULL),(162,'61078','31','1',NULL,NULL,NULL,NULL,NULL),(163,'61078','21','1',NULL,NULL,NULL,NULL,NULL),(164,'61079','23','1',NULL,NULL,NULL,NULL,NULL),(165,'61079','34','1',NULL,NULL,NULL,NULL,NULL),(166,'61079','1','1',NULL,NULL,NULL,NULL,NULL),(167,'61080','38','1',NULL,NULL,NULL,NULL,NULL),(168,'61080','19','1',NULL,NULL,NULL,NULL,NULL),(169,'61080','30','1',NULL,NULL,NULL,NULL,NULL),(170,'61080','29','1',NULL,NULL,NULL,NULL,NULL),(171,'61080','40','1',NULL,NULL,NULL,NULL,NULL),(172,'61080','31','1',NULL,NULL,NULL,NULL,NULL),(173,'61080','21','1',NULL,NULL,NULL,NULL,NULL),(174,'61081','38','1',NULL,NULL,NULL,NULL,NULL),(175,'61081','30','1',NULL,NULL,NULL,NULL,NULL),(176,'61081','31','1',NULL,NULL,NULL,NULL,NULL),(177,'61081','21','1',NULL,NULL,NULL,NULL,NULL),(178,'61082','38','1',NULL,NULL,NULL,NULL,NULL),(179,'61082','30','1',NULL,NULL,NULL,NULL,NULL),(180,'61082','40','1',NULL,NULL,NULL,NULL,NULL),(181,'61082','21','1',NULL,NULL,NULL,NULL,NULL),(182,'61082','23','1',NULL,NULL,NULL,NULL,NULL),(183,'61082','27','1',NULL,NULL,NULL,NULL,NULL),(184,'61082','31','1',NULL,NULL,NULL,NULL,NULL),(185,'61082','29','1',NULL,NULL,NULL,NULL,NULL),(186,'61083','30','1',NULL,NULL,NULL,NULL,NULL),(187,'61083','40','1',NULL,NULL,NULL,NULL,NULL),(188,'61083','38','1',NULL,NULL,NULL,NULL,NULL),(189,'61088','38','1',NULL,NULL,NULL,NULL,NULL),(190,'61088','29','1',NULL,NULL,NULL,NULL,NULL),(191,'61088','36','1',NULL,NULL,NULL,NULL,NULL),(192,'61092','23','1',NULL,NULL,NULL,NULL,NULL),(193,'61092','34','1',NULL,NULL,NULL,NULL,NULL),(194,'61092','1','1',NULL,NULL,NULL,NULL,NULL),(195,'61093','38','1',NULL,NULL,NULL,NULL,NULL),(196,'61093','29','1',NULL,NULL,NULL,NULL,NULL),(197,'61093','36','1',NULL,NULL,NULL,NULL,NULL),(198,'61093','30','1',NULL,NULL,NULL,NULL,NULL),(199,'61094','29','1',NULL,NULL,NULL,NULL,NULL),(200,'61094','36','1',NULL,NULL,NULL,NULL,NULL),(201,'61094','40','1',NULL,NULL,NULL,NULL,NULL),(202,'61094','22','1',NULL,NULL,NULL,NULL,NULL),(203,'61094','34','1',NULL,NULL,NULL,NULL,NULL),(204,'61094','38','1',NULL,NULL,NULL,NULL,NULL),(205,'61095','38','1',NULL,NULL,NULL,NULL,NULL),(206,'61095','19','1',NULL,NULL,NULL,NULL,NULL),(207,'61095','29','1',NULL,NULL,NULL,NULL,NULL),(208,'61095','30','1',NULL,NULL,NULL,NULL,NULL),(209,'61095','40','1',NULL,NULL,NULL,NULL,NULL),(210,'61095','24','1',NULL,NULL,NULL,NULL,NULL),(211,'61096','30','1',NULL,NULL,NULL,NULL,NULL),(212,'61096','29','1',NULL,NULL,NULL,NULL,NULL),(213,'61096','19','1',NULL,NULL,NULL,NULL,NULL),(214,'61096','38','1',NULL,NULL,NULL,NULL,NULL),(215,'61097','28','1',NULL,NULL,NULL,NULL,NULL),(216,'61097','24','1',NULL,NULL,NULL,NULL,NULL),(217,'61097','38','1',NULL,NULL,NULL,NULL,NULL),(218,'61097','1','1',NULL,NULL,NULL,NULL,NULL),(219,'61098','29','1',NULL,NULL,NULL,NULL,NULL),(220,'61098','23','1',NULL,NULL,NULL,NULL,NULL),(221,'61098','31','1',NULL,NULL,NULL,NULL,NULL),(222,'61098','38','1',NULL,NULL,NULL,NULL,NULL),(223,'61098','17','1',NULL,NULL,NULL,NULL,NULL),(224,'61099','27','1',NULL,NULL,NULL,NULL,NULL),(225,'61099','22','1',NULL,NULL,NULL,NULL,NULL),(226,'61099','19','1',NULL,NULL,NULL,NULL,NULL),(227,'61099','31','1',NULL,NULL,NULL,NULL,NULL),(228,'61100','31','1',NULL,NULL,NULL,NULL,NULL),(229,'61100','22','1',NULL,NULL,NULL,NULL,NULL),(230,'61100','25','1',NULL,NULL,NULL,NULL,NULL),(231,'61100','24','1',NULL,NULL,NULL,NULL,NULL),(232,'61100','30','1',NULL,NULL,NULL,NULL,NULL),(233,'61101','1','1',NULL,NULL,NULL,NULL,NULL),(234,'61101','23','1',NULL,NULL,NULL,NULL,NULL),(235,'61101','21','1',NULL,NULL,NULL,NULL,NULL),(236,'61101','31','1',NULL,NULL,NULL,NULL,NULL),(237,'61102','31','1',NULL,NULL,NULL,NULL,NULL),(238,'61102','38','1',NULL,NULL,NULL,NULL,NULL),(239,'61102','21','1',NULL,NULL,NULL,NULL,NULL),(240,'61103','1','1',NULL,NULL,NULL,NULL,NULL),(241,'61103','23','1',NULL,NULL,NULL,NULL,NULL),(242,'61103','20','1',NULL,NULL,NULL,NULL,NULL),(243,'61103','31','1',NULL,NULL,NULL,NULL,NULL),(244,'61104','17','1',NULL,NULL,NULL,NULL,NULL),(245,'61105','27','1',NULL,NULL,NULL,NULL,NULL),(246,'61106','19','1',NULL,NULL,NULL,NULL,NULL),(247,'61107','17','1',NULL,NULL,NULL,NULL,NULL),(248,'61108','19','1',NULL,NULL,NULL,NULL,NULL),(249,'61109','17','1',NULL,NULL,NULL,NULL,NULL),(250,'61110','23','1',NULL,NULL,NULL,NULL,NULL),(251,'61110','31','1',NULL,NULL,NULL,NULL,NULL),(252,'61110','21','1',NULL,NULL,NULL,NULL,NULL),(253,'61111','31','1',NULL,NULL,NULL,NULL,NULL),(254,'61111','23','1',NULL,NULL,NULL,NULL,NULL),(255,'61111','17','1',NULL,NULL,NULL,NULL,NULL),(256,'61111','38','1',NULL,NULL,NULL,NULL,NULL),(257,'61112','38','1',NULL,NULL,NULL,NULL,NULL),(258,'61112','31','1',NULL,NULL,NULL,NULL,NULL),(259,'61112','23','1',NULL,NULL,NULL,NULL,NULL),(260,'61112','19','1',NULL,NULL,NULL,NULL,NULL),(261,'60984','3','1',NULL,NULL,NULL,NULL,NULL),(262,'60984','24','1',NULL,NULL,NULL,NULL,NULL),(263,'60984','3','1',NULL,NULL,NULL,NULL,NULL),(264,'60984','5','1',NULL,NULL,NULL,NULL,NULL),(265,'61113','38','1',NULL,NULL,NULL,NULL,NULL),(266,'61113','29','1',NULL,NULL,NULL,NULL,NULL),(267,'61113','22','1',NULL,NULL,NULL,NULL,NULL),(268,'61113','24','1',NULL,NULL,NULL,NULL,NULL),(269,'61113','36','1',NULL,NULL,NULL,NULL,NULL),(270,'61113','23','1',NULL,NULL,NULL,NULL,NULL),(271,'61113','27','1',NULL,NULL,NULL,NULL,NULL),(272,'61113','19','1',NULL,NULL,NULL,NULL,NULL),(273,'61115','31','1',NULL,NULL,NULL,NULL,NULL),(274,'61115','1','1',NULL,NULL,NULL,NULL,NULL),(275,'61116','1','1',NULL,NULL,NULL,NULL,NULL),(276,'61116','36','1',NULL,NULL,NULL,NULL,NULL),(277,'61116','21','1',NULL,NULL,NULL,NULL,NULL),(278,'61116','34','1',NULL,NULL,NULL,NULL,NULL),(279,'61116','22','1',NULL,NULL,NULL,NULL,NULL),(280,'61117','23','1',NULL,NULL,NULL,NULL,NULL),(281,'61117','1','1',NULL,NULL,NULL,NULL,NULL),(282,'61118','38','1',NULL,NULL,NULL,NULL,NULL),(283,'61118','31','1',NULL,NULL,NULL,NULL,NULL),(284,'61118','23','1',NULL,NULL,NULL,NULL,NULL),(285,'61118','19','1',NULL,NULL,NULL,NULL,NULL),(286,'61118','28','1',NULL,NULL,NULL,NULL,NULL),(287,'61119','30','1',NULL,NULL,NULL,NULL,NULL),(288,'61119','29','1',NULL,NULL,NULL,NULL,NULL),(289,'61119','1','1',NULL,NULL,NULL,NULL,NULL),(290,'61119','26','1',NULL,NULL,NULL,NULL,NULL),(291,'61119','20','1',NULL,NULL,NULL,NULL,NULL);

--
-- Table structure for table `RoleMaster`
--

CREATE TABLE `RoleMaster` (
  `Id` double NOT NULL AUTO_INCREMENT,
  `RoleName` varchar(255) COLLATE utf8mb4_general_ci DEFAULT NULL,
  `BranchId` varchar(10) COLLATE utf8mb4_general_ci DEFAULT NULL,
  `IsActive` double DEFAULT NULL,
  `Remarks` text COLLATE utf8mb4_general_ci,
  `CreatedBy` double DEFAULT NULL,
  `CreatedDate` varchar(50) COLLATE utf8mb4_general_ci DEFAULT NULL,
  `ModifiedBy` double DEFAULT NULL,
  `ModifiedDate` varchar(50) COLLATE utf8mb4_general_ci DEFAULT NULL,
  PRIMARY KEY (`Id`)
) ENGINE=InnoDB AUTO_INCREMENT=20 DEFAULT CHARSET=utf8mb4 COLLATE=utf8mb4_general_ci;

--
-- Dumping data for table `RoleMaster`
--

INSERT INTO `RoleMaster` VALUES (1,'PRO','',1,'',2,'2015-01-30 14:44:31',9,'2015-04-01 13:02:36'),(2,'Manager','',1,'',2,'2015-01-30 14:46:34',0,''),(3,'Accountant','',1,'',2,'2015-01-30 17:52:55',2,'2015-01-31 12:42:51'),(4,'Dietician','',1,'',2,'2015-01-31 10:37:01',2,'2015-02-13 05:24:33'),(5,'SalesHead','',1,'',2,'2015-01-31 12:41:24',9,'2015-03-13 15:20:14'),(6,'Physiotherapist','',1,'',2,'2015-01-31 12:41:38',2,'2015-02-09 22:00:14'),(7,'admin partial','',1,'',2,'2015-02-07 17:25:23',2,'2015-02-07 17:25:42'),(8,'SlimTherapist','',1,'',2,'2015-02-10 15:42:39',2,'2015-02-10 15:43:01'),(9,'Host','',1,'',2,'2015-02-13 05:46:11',0,''),(10,'Lipotherapist','',1,'',2,'2015-03-07 14:13:28',2,'2015-03-07 14:13:53'),(11,'Operational Manager','',1,'',2,'2015-03-07 15:04:50',0,''),(12,'FOE','',1,'',2,'2015-03-11 04:27:19',0,''),(13,'Training Manager','',1,'',9,'2015-03-13 00:25:39',9,'2015-03-13 00:30:44'),(14,'House Keeping','',1,'',9,'2015-03-13 00:27:53',9,'2015-03-13 15:21:50'),(15,'Senior Sales Manager','',1,'',9,'2015-03-13 14:03:56',0,''),(16,'Asst. Center Manager','',1,'',9,'2015-03-13 18:42:43',0,''),(17,'Tetsting','',0,'',9,'2015-03-13 19:09:03',9,'2015-03-13 19:09:28'),(18,'GOPAL','',0,'',9,'2015-03-20 14:47:35',0,''),(19,'user','',0,'',9,'2015-03-23 12:53:25',9,'2015-03-23 12:57:52');

--
-- Table structure for table `Room`
--

CREATE TABLE `Room` (
  `Id` double NOT NULL AUTO_INCREMENT,
  `RoomName` text COLLATE utf8mb4_general_ci,
  `CategoryId` double DEFAULT NULL,
  `IsActive` double DEFAULT NULL,
  `Remarks` text COLLATE utf8mb4_general_ci,
  `CreatedBy` double DEFAULT NULL,
  `CreatedDate` varchar(50) COLLATE utf8mb4_general_ci DEFAULT NULL,
  `ModifiedBy` varchar(10) COLLATE utf8mb4_general_ci DEFAULT NULL,
  `ModifiedDate` varchar(50) COLLATE utf8mb4_general_ci DEFAULT NULL,
  `BranchId` double DEFAULT NULL,
  PRIMARY KEY (`Id`)
) ENGINE=InnoDB AUTO_INCREMENT=9 DEFAULT CHARSET=utf8mb4 COLLATE=utf8mb4_general_ci;

--
-- Dumping data for table `Room`
--

INSERT INTO `Room` VALUES (1,'Room - I',1,1,'',1,'','','',2),(2,'Room - II',1,1,'',1,'','','',2),(3,'Room - III',1,1,'',1,'','','',2),(4,'Room - IV',1,1,'',1,'','','',2),(5,'Room - V',1,1,'',1,'','','',2),(6,'Room - VI',1,1,'',1,'','','',2),(7,'Room - VII',1,1,'',1,'','','',2),(8,'Room - VIII',1,1,'',1,'','','',2);

--
-- Table structure for table `ScheduleMsgDetails`
--

CREATE TABLE `ScheduleMsgDetails` (
  `Id` int NOT NULL AUTO_INCREMENT,
  `RefID` varchar(10) COLLATE utf8mb4_general_ci DEFAULT NULL,
  `BranchID` varchar(10) COLLATE utf8mb4_general_ci DEFAULT NULL,
  `CreatedDate` varchar(10) COLLATE utf8mb4_general_ci DEFAULT NULL,
  `CreatedBy` varchar(10) COLLATE utf8mb4_general_ci DEFAULT NULL,
  `ModifiedDate` varchar(10) COLLATE utf8mb4_general_ci DEFAULT NULL,
  `ModifiedBy` varchar(10) COLLATE utf8mb4_general_ci DEFAULT NULL,
  `Status` varchar(10) COLLATE utf8mb4_general_ci DEFAULT NULL,
  PRIMARY KEY (`Id`)
) ENGINE=InnoDB DEFAULT CHARSET=utf8mb4 COLLATE=utf8mb4_general_ci;

--
-- Dumping data for table `ScheduleMsgDetails`
--


--
-- Table structure for table `ScheduleMsgMaster`
--

CREATE TABLE `ScheduleMsgMaster` (
  `Id` int NOT NULL AUTO_INCREMENT,
  `MobileNumber` varchar(10) COLLATE utf8mb4_general_ci DEFAULT NULL,
  `EmpID` varchar(10) COLLATE utf8mb4_general_ci DEFAULT NULL,
  `ReportStartDay` varchar(10) COLLATE utf8mb4_general_ci DEFAULT NULL,
  `ReportType` varchar(10) COLLATE utf8mb4_general_ci DEFAULT NULL,
  `CreatedDate` varchar(10) COLLATE utf8mb4_general_ci DEFAULT NULL,
  `CreatedBy` varchar(10) COLLATE utf8mb4_general_ci DEFAULT NULL,
  `ModifiedDate` varchar(10) COLLATE utf8mb4_general_ci DEFAULT NULL,
  `ModifiedBy` varchar(10) COLLATE utf8mb4_general_ci DEFAULT NULL,
  `Status` varchar(10) COLLATE utf8mb4_general_ci DEFAULT NULL,
  `Time` varchar(10) COLLATE utf8mb4_general_ci DEFAULT NULL,
  PRIMARY KEY (`Id`)
) ENGINE=InnoDB DEFAULT CHARSET=utf8mb4 COLLATE=utf8mb4_general_ci;

--
-- Dumping data for table `ScheduleMsgMaster`
--


--
-- Table structure for table `ScheduleSalesSmsLogs`
--

CREATE TABLE `ScheduleSalesSmsLogs` (
  `Id` double NOT NULL AUTO_INCREMENT,
  `SmsSentDate` varchar(50) COLLATE utf8mb4_general_ci DEFAULT NULL,
  `SentMobileNos` text COLLATE utf8mb4_general_ci,
  PRIMARY KEY (`Id`)
) ENGINE=InnoDB AUTO_INCREMENT=13 DEFAULT CHARSET=utf8mb4 COLLATE=utf8mb4_general_ci;

--
-- Dumping data for table `ScheduleSalesSmsLogs`
--

INSERT INTO `ScheduleSalesSmsLogs` VALUES (1,'2016-08-23 13:00:16','9949404430,9032590901,'),(2,'2016-08-23 20:30:25','9949404430,9032590901,9553722287,9553722289,9502025252,9666158152,9848072753,'),(3,'2016-08-24 13:01:25','9032590901,9553722287,9553722289,9502025252,9666158152,9848072753,'),(4,'2016-08-24 20:30:35','9032590901,9553722287,9553722289,9502025252,9666158152,9848072753,'),(5,'2016-08-25 13:00:22','9032590901,9553722287,9553722289,9502025252,9666158152,9848072753,'),(6,'2016-08-25 20:30:16','9949404430,9032590901,9553722287,9553722289,9502025252,9666158152,9848072753,'),(7,'2016-08-26 13:00:17','9949404430,9032590901,9553722287,9553722289,9502025252,9666158152,9848072753,'),(8,'2016-08-26 20:29:17','9032590901,9553722287,9553722289,9502025252,9666158152,9848072753,'),(9,'2016-08-27 13:00:22','9032590901,9553722287,9553722289,9502025252,9666158152,9848072753,'),(10,'2016-08-27 20:30:46','9032590901,9553722287,9553722289,9502025252,9666158152,9848072753,'),(11,'2016-08-28 13:00:47','9032590901,9553722287,9553722289,9502025252,9666158152,9848072753,'),(12,'2016-08-28 20:30:11','9032590901,9553722287,9553722289,9502025252,9666158152,9848072753,');

--
-- Table structure for table `ScheduleSmsLogs`
--

CREATE TABLE `ScheduleSmsLogs` (
  `Id` double NOT NULL AUTO_INCREMENT,
  `SmsSentDate` varchar(50) COLLATE utf8mb4_general_ci DEFAULT NULL,
  `SentMobileNos` text COLLATE utf8mb4_general_ci,
  `MessageType` varchar(10) COLLATE utf8mb4_general_ci DEFAULT NULL,
  `MsgSentType` varchar(10) COLLATE utf8mb4_general_ci DEFAULT NULL,
  PRIMARY KEY (`Id`)
) ENGINE=InnoDB AUTO_INCREMENT=102 DEFAULT CHARSET=utf8mb4 COLLATE=utf8mb4_general_ci;

--
-- Dumping data for table `ScheduleSmsLogs`
--

INSERT INTO `ScheduleSmsLogs` VALUES (1,'2016-04-27 20:28:08','venu9thmay@gmail.com,venubanala07@gmail.com,training@lifescc.com,bhuvan@lifescc.com,rth@lifescc.com,accounts@lifescc.com,praveena@lifescc.com,md@lifescc.com','',''),(2,'2016-04-28 20:27:24','venu9thmay@gmail.com,venubanala07@gmail.com,training@lifescc.com,bhuvan@lifescc.com,rth@lifescc.com,accounts@lifescc.com,praveena@lifescc.com,md@lifescc.com','',''),(3,'2016-04-29 20:26:27','venu9thmay@gmail.com,venubanala07@gmail.com,training@lifescc.com,bhuvan@lifescc.com,rth@lifescc.com,accounts@lifescc.com,praveena@lifescc.com,md@lifescc.com','',''),(4,'2016-04-30 20:28:09','venu9thmay@gmail.com,venubanala07@gmail.com,training@lifescc.com,bhuvan@lifescc.com,rth@lifescc.com,accounts@lifescc.com,praveena@lifescc.com,md@lifescc.com','',''),(5,'2016-05-01 20:27:32','venu9thmay@gmail.com,venubanala07@gmail.com,training@lifescc.com,bhuvan@lifescc.com,rth@lifescc.com,accounts@lifescc.com,praveena@lifescc.com,md@lifescc.com','',''),(6,'2016-05-02 20:27:44','venu9thmay@gmail.com,venubanala07@gmail.com,training@lifescc.com,bhuvan@lifescc.com,rth@lifescc.com,accounts@lifescc.com,praveena@lifescc.com,md@lifescc.com','',''),(7,'2016-05-03 20:26:56','venu9thmay@gmail.com,venubanala07@gmail.com,training@lifescc.com,bhuvan@lifescc.com,rth@lifescc.com,accounts@lifescc.com,praveena@lifescc.com,md@lifescc.com','',''),(8,'2016-05-04 20:27:07','venu9thmay@gmail.com,venubanala07@gmail.com,training@lifescc.com,bhuvan@lifescc.com,rth@lifescc.com,accounts@lifescc.com,praveena@lifescc.com,md@lifescc.com','',''),(9,'2016-05-05 20:27:54','venu9thmay@gmail.com,venubanala07@gmail.com,training@lifescc.com,bhuvan@lifescc.com,rth@lifescc.com,accounts@lifescc.com,praveena@lifescc.com,md@lifescc.com','',''),(10,'2016-05-06 20:27:23','venu9thmay@gmail.com,venubanala07@gmail.com,training@lifescc.com,bhuvan@lifescc.com,rth@lifescc.com,accounts@lifescc.com,praveena@lifescc.com,md@lifescc.com','',''),(12,'2016-05-07 20:26:48','venu9thmay@gmail.com,venubanala07@gmail.com,training@lifescc.com,bhuvan@lifescc.com,rth@lifescc.com,accounts@lifescc.com,praveena@lifescc.com,md@lifescc.com','',''),(13,'2016-05-08 20:26:06','venu9thmay@gmail.com,venubanala07@gmail.com,training@lifescc.com,bhuvan@lifescc.com,rth@lifescc.com,accounts@lifescc.com,praveena@lifescc.com,md@lifescc.com','',''),(14,'2016-05-09 20:26:14','venu9thmay@gmail.com,venubanala07@gmail.com,training@lifescc.com,bhuvan@lifescc.com,rth@lifescc.com,accounts@lifescc.com,praveena@lifescc.com,md@lifescc.com','',''),(15,'2016-05-10 20:27:20','venu9thmay@gmail.com,venubanala07@gmail.com,training@lifescc.com,bhuvan@lifescc.com,rth@lifescc.com,accounts@lifescc.com,praveena@lifescc.com,md@lifescc.com','',''),(16,'2016-05-11 20:27:32','venu9thmay@gmail.com,venubanala07@gmail.com,training@lifescc.com,bhuvan@lifescc.com,rth@lifescc.com,accounts@lifescc.com,praveena@lifescc.com,md@lifescc.com','',''),(17,'2016-05-12 20:26:33','venu9thmay@gmail.com,venubanala07@gmail.com,training@lifescc.com,bhuvan@lifescc.com,rth@lifescc.com,accounts@lifescc.com,praveena@lifescc.com,md@lifescc.com','',''),(18,'2016-05-13 20:27:49','venu9thmay@gmail.com,venubanala07@gmail.com,training@lifescc.com,bhuvan@lifescc.com,rth@lifescc.com,accounts@lifescc.com,praveena@lifescc.com,md@lifescc.com','',''),(19,'2016-05-14 20:27:15','venu9thmay@gmail.com,venubanala07@gmail.com,training@lifescc.com,bhuvan@lifescc.com,rth@lifescc.com,accounts@lifescc.com,praveena@lifescc.com,md@lifescc.com','',''),(20,'2016-05-15 20:26:54','venu9thmay@gmail.com,venubanala07@gmail.com,training@lifescc.com,bhuvan@lifescc.com,rth@lifescc.com,accounts@lifescc.com,praveena@lifescc.com,md@lifescc.com','',''),(21,'2016-05-16 20:27:00','venu9thmay@gmail.com,venubanala07@gmail.com,training@lifescc.com,bhuvan@lifescc.com,rth@lifescc.com,accounts@lifescc.com,praveena@lifescc.com,md@lifescc.com','',''),(22,'2016-05-17 20:28:07','venu9thmay@gmail.com,venubanala07@gmail.com,training@lifescc.com,bhuvan@lifescc.com,rth@lifescc.com,accounts@lifescc.com,praveena@lifescc.com,md@lifescc.com','',''),(23,'2016-05-18 20:26:19','venu9thmay@gmail.com,venubanala07@gmail.com,training@lifescc.com,bhuvan@lifescc.com,rth@lifescc.com,accounts@lifescc.com,praveena@lifescc.com,md@lifescc.com','',''),(24,'2016-05-19 20:26:20','venu9thmay@gmail.com,venubanala07@gmail.com,training@lifescc.com,bhuvan@lifescc.com,rth@lifescc.com,accounts@lifescc.com,praveena@lifescc.com,md@lifescc.com','',''),(25,'2016-05-20 20:26:16','venu9thmay@gmail.com,venubanala07@gmail.com,training@lifescc.com,bhuvan@lifescc.com,rth@lifescc.com,accounts@lifescc.com,praveena@lifescc.com,md@lifescc.com','',''),(26,'2016-05-21 20:27:37','venu9thmay@gmail.com,venubanala07@gmail.com,training@lifescc.com,bhuvan@lifescc.com,rth@lifescc.com,accounts@lifescc.com,praveena@lifescc.com,md@lifescc.com','',''),(27,'2016-05-22 20:27:34','venu9thmay@gmail.com,venubanala07@gmail.com,training@lifescc.com,bhuvan@lifescc.com,rth@lifescc.com,accounts@lifescc.com,praveena@lifescc.com,md@lifescc.com','',''),(28,'2016-05-23 20:26:40','venu9thmay@gmail.com,venubanala07@gmail.com,training@lifescc.com,bhuvan@lifescc.com,rth@lifescc.com,accounts@lifescc.com,praveena@lifescc.com,md@lifescc.com','',''),(29,'2016-05-24 20:27:44','venu9thmay@gmail.com,venubanala07@gmail.com,training@lifescc.com,bhuvan@lifescc.com,rth@lifescc.com,accounts@lifescc.com,praveena@lifescc.com,md@lifescc.com','',''),(30,'2016-05-25 20:27:54','venu9thmay@gmail.com,venubanala07@gmail.com,training@lifescc.com,bhuvan@lifescc.com,rth@lifescc.com,accounts@lifescc.com,praveena@lifescc.com,md@lifescc.com','',''),(31,'2016-05-26 20:26:59','venu9thmay@gmail.com,venubanala07@gmail.com,training@lifescc.com,bhuvan@lifescc.com,rth@lifescc.com,accounts@lifescc.com,praveena@lifescc.com,md@lifescc.com','',''),(32,'2016-05-27 20:26:54','venu9thmay@gmail.com,venubanala07@gmail.com,training@lifescc.com,bhuvan@lifescc.com,rth@lifescc.com,accounts@lifescc.com,praveena@lifescc.com,md@lifescc.com','',''),(33,'2016-05-28 20:27:46','venu9thmay@gmail.com,venubanala07@gmail.com,training@lifescc.com,bhuvan@lifescc.com,rth@lifescc.com,accounts@lifescc.com,praveena@lifescc.com,md@lifescc.com','',''),(34,'2016-05-29 20:27:31','venu9thmay@gmail.com,venubanala07@gmail.com,training@lifescc.com,bhuvan@lifescc.com,rth@lifescc.com,accounts@lifescc.com,praveena@lifescc.com,md@lifescc.com','',''),(35,'2016-05-30 20:27:34','venu9thmay@gmail.com,venubanala07@gmail.com,training@lifescc.com,bhuvan@lifescc.com,rth@lifescc.com,accounts@lifescc.com,praveena@lifescc.com,md@lifescc.com','',''),(36,'2016-05-31 20:26:38','venu9thmay@gmail.com,venubanala07@gmail.com,training@lifescc.com,bhuvan@lifescc.com,rth@lifescc.com,accounts@lifescc.com,praveena@lifescc.com,md@lifescc.com','',''),(37,'2016-06-01 20:27:00','venu9thmay@gmail.com,venubanala07@gmail.com,training@lifescc.com,bhuvan@lifescc.com,rth@lifescc.com,accounts@lifescc.com,praveena@lifescc.com,md@lifescc.com','',''),(38,'2016-06-02 20:27:51','venu9thmay@gmail.com,venubanala07@gmail.com,training@lifescc.com,bhuvan@lifescc.com,rth@lifescc.com,accounts@lifescc.com,praveena@lifescc.com,md@lifescc.com','',''),(39,'2016-06-03 20:26:52','venu9thmay@gmail.com,venubanala07@gmail.com,training@lifescc.com,bhuvan@lifescc.com,rth@lifescc.com,accounts@lifescc.com,praveena@lifescc.com,md@lifescc.com','',''),(40,'2016-06-04 20:26:32','venu9thmay@gmail.com,venubanala07@gmail.com,training@lifescc.com,bhuvan@lifescc.com,rth@lifescc.com,accounts@lifescc.com,praveena@lifescc.com,md@lifescc.com','',''),(41,'2016-06-05 20:26:55','venu9thmay@gmail.com,venubanala07@gmail.com,training@lifescc.com,bhuvan@lifescc.com,rth@lifescc.com,accounts@lifescc.com,praveena@lifescc.com,md@lifescc.com','',''),(42,'2016-06-06 20:27:39','venu9thmay@gmail.com,venubanala07@gmail.com,training@lifescc.com,bhuvan@lifescc.com,rth@lifescc.com,accounts@lifescc.com,praveena@lifescc.com,md@lifescc.com','',''),(43,'2016-06-07 20:27:46','venu9thmay@gmail.com,venubanala07@gmail.com,training@lifescc.com,bhuvan@lifescc.com,rth@lifescc.com,accounts@lifescc.com,praveena@lifescc.com,md@lifescc.com','',''),(44,'2016-06-08 20:26:52','venu9thmay@gmail.com,venubanala07@gmail.com,training@lifescc.com,bhuvan@lifescc.com,rth@lifescc.com,accounts@lifescc.com,praveena@lifescc.com,md@lifescc.com','',''),(45,'2016-06-09 20:26:12','venu9thmay@gmail.com,venubanala07@gmail.com,training@lifescc.com,bhuvan@lifescc.com,rth@lifescc.com,accounts@lifescc.com,praveena@lifescc.com,md@lifescc.com','',''),(46,'2016-06-10 20:26:19','venu9thmay@gmail.com,venubanala07@gmail.com,training@lifescc.com,bhuvan@lifescc.com,rth@lifescc.com,accounts@lifescc.com,praveena@lifescc.com,md@lifescc.com','',''),(47,'2016-06-11 20:27:35','venu9thmay@gmail.com,venubanala07@gmail.com,training@lifescc.com,bhuvan@lifescc.com,rth@lifescc.com,accounts@lifescc.com,praveena@lifescc.com,md@lifescc.com','',''),(48,'2016-06-12 20:26:36','venu9thmay@gmail.com,venubanala07@gmail.com,training@lifescc.com,bhuvan@lifescc.com,rth@lifescc.com,accounts@lifescc.com,praveena@lifescc.com,md@lifescc.com','',''),(49,'2016-06-13 20:26:48','venu9thmay@gmail.com,venubanala07@gmail.com,training@lifescc.com,bhuvan@lifescc.com,rth@lifescc.com,accounts@lifescc.com,praveena@lifescc.com,md@lifescc.com','',''),(50,'2016-06-14 20:27:49','venu9thmay@gmail.com,venubanala07@gmail.com,training@lifescc.com,bhuvan@lifescc.com,rth@lifescc.com,accounts@lifescc.com,praveena@lifescc.com,md@lifescc.com','',''),(51,'2016-06-15 20:27:56','venu9thmay@gmail.com,venubanala07@gmail.com,training@lifescc.com,bhuvan@lifescc.com,rth@lifescc.com,accounts@lifescc.com,praveena@lifescc.com,md@lifescc.com','',''),(52,'2016-06-16 20:27:01','venu9thmay@gmail.com,venubanala07@gmail.com,training@lifescc.com,bhuvan@lifescc.com,rth@lifescc.com,accounts@lifescc.com,praveena@lifescc.com,md@lifescc.com','',''),(53,'2016-06-17 20:26:08','venu9thmay@gmail.com,venubanala07@gmail.com,training@lifescc.com,bhuvan@lifescc.com,rth@lifescc.com,accounts@lifescc.com,praveena@lifescc.com,md@lifescc.com','',''),(54,'2016-06-18 20:26:48','venu9thmay@gmail.com,venubanala07@gmail.com,training@lifescc.com,bhuvan@lifescc.com,rth@lifescc.com,accounts@lifescc.com,praveena@lifescc.com,md@lifescc.com','',''),(55,'2016-06-19 20:26:20','venu9thmay@gmail.com,venubanala07@gmail.com,training@lifescc.com,bhuvan@lifescc.com,rth@lifescc.com,accounts@lifescc.com,praveena@lifescc.com,md@lifescc.com','',''),(56,'2016-06-20 20:26:37','venu9thmay@gmail.com,venubanala07@gmail.com,training@lifescc.com,bhuvan@lifescc.com,rth@lifescc.com,accounts@lifescc.com,praveena@lifescc.com,md@lifescc.com','',''),(57,'2016-06-21 20:27:33','venu9thmay@gmail.com,venubanala07@gmail.com,training@lifescc.com,bhuvan@lifescc.com,rth@lifescc.com,accounts@lifescc.com,praveena@lifescc.com,md@lifescc.com','',''),(58,'2016-06-22 20:27:44','venu9thmay@gmail.com,venubanala07@gmail.com,training@lifescc.com,bhuvan@lifescc.com,rth@lifescc.com,accounts@lifescc.com,praveena@lifescc.com,md@lifescc.com','',''),(59,'2016-06-23 20:26:57','venu9thmay@gmail.com,venubanala07@gmail.com,training@lifescc.com,bhuvan@lifescc.com,rth@lifescc.com,accounts@lifescc.com,praveena@lifescc.com,md@lifescc.com','',''),(60,'2016-06-24 20:28:14','venu9thmay@gmail.com,venubanala07@gmail.com,training@lifescc.com,bhuvan@lifescc.com,rth@lifescc.com,accounts@lifescc.com,praveena@lifescc.com,md@lifescc.com','',''),(61,'2016-06-25 20:27:28','venu9thmay@gmail.com,venubanala07@gmail.com,training@lifescc.com,bhuvan@lifescc.com,rth@lifescc.com,accounts@lifescc.com,praveena@lifescc.com,md@lifescc.com','',''),(62,'2016-06-26 20:26:59','venu9thmay@gmail.com,venubanala07@gmail.com,training@lifescc.com,bhuvan@lifescc.com,rth@lifescc.com,accounts@lifescc.com,praveena@lifescc.com,md@lifescc.com','',''),(63,'2016-06-27 20:27:11','venu9thmay@gmail.com,venubanala07@gmail.com,training@lifescc.com,bhuvan@lifescc.com,rth@lifescc.com,accounts@lifescc.com,praveena@lifescc.com,md@lifescc.com','',''),(64,'2016-06-28 20:26:22','venu9thmay@gmail.com,venubanala07@gmail.com,training@lifescc.com,bhuvan@lifescc.com,rth@lifescc.com,accounts@lifescc.com,praveena@lifescc.com,md@lifescc.com','',''),(65,'2016-06-29 20:26:23','venu9thmay@gmail.com,venubanala07@gmail.com,training@lifescc.com,bhuvan@lifescc.com,rth@lifescc.com,accounts@lifescc.com,praveena@lifescc.com,md@lifescc.com','',''),(66,'2016-06-30 20:27:40','venu9thmay@gmail.com,venubanala07@gmail.com,training@lifescc.com,bhuvan@lifescc.com,rth@lifescc.com,accounts@lifescc.com,praveena@lifescc.com,md@lifescc.com','',''),(67,'2016-07-01 20:27:01','venu9thmay@gmail.com,venubanala07@gmail.com,training@lifescc.com,bhuvan@lifescc.com,rth@lifescc.com,accounts@lifescc.com,praveena@lifescc.com,md@lifescc.com','',''),(68,'2016-07-02 20:28:04','venu9thmay@gmail.com,venubanala07@gmail.com,training@lifescc.com,bhuvan@lifescc.com,rth@lifescc.com,accounts@lifescc.com,praveena@lifescc.com,md@lifescc.com','',''),(69,'2016-07-03 20:27:44','venu9thmay@gmail.com,venubanala07@gmail.com,training@lifescc.com,bhuvan@lifescc.com,rth@lifescc.com,accounts@lifescc.com,praveena@lifescc.com,md@lifescc.com','',''),(70,'2016-07-04 20:27:48','venu9thmay@gmail.com,venubanala07@gmail.com,training@lifescc.com,bhuvan@lifescc.com,rth@lifescc.com,accounts@lifescc.com,praveena@lifescc.com,md@lifescc.com','',''),(71,'2016-07-05 20:26:49','venu9thmay@gmail.com,venubanala07@gmail.com,training@lifescc.com,bhuvan@lifescc.com,rth@lifescc.com,accounts@lifescc.com,praveena@lifescc.com,md@lifescc.com','',''),(72,'2016-07-06 20:26:56','venu9thmay@gmail.com,venubanala07@gmail.com,training@lifescc.com,bhuvan@lifescc.com,rth@lifescc.com,accounts@lifescc.com,praveena@lifescc.com,md@lifescc.com','',''),(73,'2016-07-07 20:28:12','venu9thmay@gmail.com,venubanala07@gmail.com,training@lifescc.com,bhuvan@lifescc.com,rth@lifescc.com,accounts@lifescc.com,praveena@lifescc.com,md@lifescc.com','',''),(74,'2016-07-08 20:27:13','venu9thmay@gmail.com,venubanala07@gmail.com,training@lifescc.com,bhuvan@lifescc.com,rth@lifescc.com,accounts@lifescc.com,praveena@lifescc.com,md@lifescc.com','',''),(75,'2016-07-09 20:26:41','venu9thmay@gmail.com,venubanala07@gmail.com,training@lifescc.com,bhuvan@lifescc.com,rth@lifescc.com,accounts@lifescc.com,praveena@lifescc.com,md@lifescc.com','',''),(76,'2016-07-10 20:26:19','venu9thmay@gmail.com,venubanala07@gmail.com,training@lifescc.com,bhuvan@lifescc.com,rth@lifescc.com,accounts@lifescc.com,praveena@lifescc.com,md@lifescc.com','',''),(77,'2016-07-11 20:26:19','venu9thmay@gmail.com,venubanala07@gmail.com,training@lifescc.com,bhuvan@lifescc.com,rth@lifescc.com,accounts@lifescc.com,praveena@lifescc.com,md@lifescc.com','',''),(78,'2016-07-12 20:27:25','venu9thmay@gmail.com,venubanala07@gmail.com,training@lifescc.com,bhuvan@lifescc.com,rth@lifescc.com,accounts@lifescc.com,praveena@lifescc.com,md@lifescc.com','',''),(79,'2016-07-13 20:27:37','venu9thmay@gmail.com,venubanala07@gmail.com,training@lifescc.com,bhuvan@lifescc.com,rth@lifescc.com,accounts@lifescc.com,praveena@lifescc.com,md@lifescc.com','',''),(80,'2016-07-14 20:26:42','venu9thmay@gmail.com,venubanala07@gmail.com,training@lifescc.com,bhuvan@lifescc.com,rth@lifescc.com,accounts@lifescc.com,praveena@lifescc.com,md@lifescc.com','',''),(81,'2016-07-15 20:27:43','venu9thmay@gmail.com,venubanala07@gmail.com,training@lifescc.com,bhuvan@lifescc.com,rth@lifescc.com,accounts@lifescc.com,praveena@lifescc.com,md@lifescc.com','',''),(82,'2016-07-16 20:27:00','venu9thmay@gmail.com,venubanala07@gmail.com,training@lifescc.com,bhuvan@lifescc.com,rth@lifescc.com,accounts@lifescc.com,praveena@lifescc.com,md@lifescc.com','',''),(83,'2016-07-17 20:26:38','venu9thmay@gmail.com,venubanala07@gmail.com,training@lifescc.com,bhuvan@lifescc.com,rth@lifescc.com,accounts@lifescc.com,praveena@lifescc.com,md@lifescc.com','',''),(84,'2016-07-18 20:26:39','venu9thmay@gmail.com,venubanala07@gmail.com,training@lifescc.com,bhuvan@lifescc.com,rth@lifescc.com,accounts@lifescc.com,praveena@lifescc.com,md@lifescc.com','',''),(85,'2016-07-19 20:27:50','venu9thmay@gmail.com,venubanala07@gmail.com,training@lifescc.com,bhuvan@lifescc.com,rth@lifescc.com,accounts@lifescc.com,praveena@lifescc.com,md@lifescc.com','',''),(86,'2016-07-20 20:27:56','venu9thmay@gmail.com,venubanala07@gmail.com,training@lifescc.com,bhuvan@lifescc.com,rth@lifescc.com,accounts@lifescc.com,praveena@lifescc.com,md@lifescc.com','',''),(87,'2016-07-21 20:26:52','venu9thmay@gmail.com,venubanala07@gmail.com,training@lifescc.com,bhuvan@lifescc.com,rth@lifescc.com,accounts@lifescc.com,praveena@lifescc.com,md@lifescc.com','',''),(88,'2016-07-22 20:27:58','venu9thmay@gmail.com,venubanala07@gmail.com,training@lifescc.com,bhuvan@lifescc.com,rth@lifescc.com,accounts@lifescc.com,praveena@lifescc.com,md@lifescc.com','',''),(89,'2016-07-23 20:27:33','venu9thmay@gmail.com,venubanala07@gmail.com,training@lifescc.com,bhuvan@lifescc.com,rth@lifescc.com,accounts@lifescc.com,praveena@lifescc.com,md@lifescc.com','',''),(90,'2016-07-24 20:27:21','venu9thmay@gmail.com,venubanala07@gmail.com,training@lifescc.com,bhuvan@lifescc.com,rth@lifescc.com,accounts@lifescc.com,praveena@lifescc.com,md@lifescc.com','',''),(91,'2016-07-25 20:27:32','venu9thmay@gmail.com,venubanala07@gmail.com,training@lifescc.com,bhuvan@lifescc.com,rth@lifescc.com,accounts@lifescc.com,praveena@lifescc.com,md@lifescc.com','',''),(92,'2016-07-26 20:26:18','venu9thmay@gmail.com,venubanala07@gmail.com,training@lifescc.com,bhuvan@lifescc.com,rth@lifescc.com,accounts@lifescc.com,praveena@lifescc.com,md@lifescc.com','',''),(93,'2016-07-27 20:26:30','venu9thmay@gmail.com,venubanala07@gmail.com,training@lifescc.com,bhuvan@lifescc.com,rth@lifescc.com,accounts@lifescc.com,praveena@lifescc.com,md@lifescc.com','',''),(94,'2016-07-28 20:27:36','venu9thmay@gmail.com,venubanala07@gmail.com,training@lifescc.com,bhuvan@lifescc.com,rth@lifescc.com,accounts@lifescc.com,praveena@lifescc.com,md@lifescc.com','',''),(95,'2016-07-29 20:27:19','venu9thmay@gmail.com,venubanala07@gmail.com,training@lifescc.com,bhuvan@lifescc.com,rth@lifescc.com,accounts@lifescc.com,praveena@lifescc.com,md@lifescc.com','',''),(96,'2016-07-30 20:26:26','venu9thmay@gmail.com,venubanala07@gmail.com,training@lifescc.com,bhuvan@lifescc.com,rth@lifescc.com,accounts@lifescc.com,praveena@lifescc.com,md@lifescc.com','',''),(97,'2016-07-31 20:27:44','venu9thmay@gmail.com,venubanala07@gmail.com,training@lifescc.com,bhuvan@lifescc.com,rth@lifescc.com,accounts@lifescc.com,praveena@lifescc.com,md@lifescc.com','',''),(98,'2016-08-01 20:28:12','venu9thmay@gmail.com,venubanala07@gmail.com,training@lifescc.com,bhuvan@lifescc.com,rth@lifescc.com,accounts@lifescc.com,praveena@lifescc.com,md@lifescc.com','',''),(99,'2016-08-02 20:26:59','venu9thmay@gmail.com,venubanala07@gmail.com,training@lifescc.com,bhuvan@lifescc.com,rth@lifescc.com,accounts@lifescc.com,praveena@lifescc.com,md@lifescc.com','',''),(100,'2016-08-03 20:27:11','venu9thmay@gmail.com,venubanala07@gmail.com,training@lifescc.com,bhuvan@lifescc.com,rth@lifescc.com,accounts@lifescc.com,praveena@lifescc.com,md@lifescc.com','',''),(101,'2016-08-04 20:26:09','venu9thmay@gmail.com,venubanala07@gmail.com,training@lifescc.com,bhuvan@lifescc.com,rth@lifescc.com,accounts@lifescc.com,praveena@lifescc.com,md@lifescc.com','','');

--
-- Table structure for table `ScheduleSmsSettings`
--

CREATE TABLE `ScheduleSmsSettings` (
  `Id` double NOT NULL AUTO_INCREMENT,
  `SmsTime` varchar(20) COLLATE utf8mb4_general_ci DEFAULT NULL,
  `StartDate` double DEFAULT NULL,
  `Api` varchar(10) COLLATE utf8mb4_general_ci DEFAULT NULL,
  `MessageType` varchar(10) COLLATE utf8mb4_general_ci DEFAULT NULL,
  `MsgSentType` varchar(10) COLLATE utf8mb4_general_ci DEFAULT NULL,
  PRIMARY KEY (`Id`)
) ENGINE=InnoDB AUTO_INCREMENT=7 DEFAULT CHARSET=utf8mb4 COLLATE=utf8mb4_general_ci;

--
-- Dumping data for table `ScheduleSmsSettings`
--

INSERT INTO `ScheduleSmsSettings` VALUES (1,'17:45',1,'','',''),(2,'20:30',2,'','1','Email'),(3,'12:45',3,'','1','Email'),(4,'20:30',4,'','1','Sms'),(5,'13:00',5,'','1','Sms'),(6,'10:40',6,'','2','Sms');

--
-- Table structure for table `ScheduleTypes`
--

CREATE TABLE `ScheduleTypes` (
  `Id` double NOT NULL AUTO_INCREMENT,
  `ReportType` varchar(50) COLLATE utf8mb4_general_ci DEFAULT NULL,
  `IsActive` double DEFAULT NULL,
  `CreatedDate` varchar(50) COLLATE utf8mb4_general_ci DEFAULT NULL,
  PRIMARY KEY (`Id`)
) ENGINE=InnoDB AUTO_INCREMENT=4 DEFAULT CHARSET=utf8mb4 COLLATE=utf8mb4_general_ci;

--
-- Dumping data for table `ScheduleTypes`
--

INSERT INTO `ScheduleTypes` VALUES (1,'Sales',1,''),(2,'Client Data',1,''),(3,'TestAdvit',0,'');

--
-- Table structure for table `SerialNumber`
--

CREATE TABLE `SerialNumber` (
  `Id` double NOT NULL AUTO_INCREMENT,
  `BranchId` double DEFAULT NULL,
  `SerialNumber` double DEFAULT NULL,
  `CreatedDate` varchar(50) COLLATE utf8mb4_general_ci DEFAULT NULL,
  PRIMARY KEY (`Id`)
) ENGINE=InnoDB AUTO_INCREMENT=13 DEFAULT CHARSET=utf8mb4 COLLATE=utf8mb4_general_ci;

--
-- Dumping data for table `SerialNumber`
--

INSERT INTO `SerialNumber` VALUES (1,53,1,'2019-02-04 00:00:00'),(2,51,1,'2019-02-04 00:00:00'),(3,52,1,'2019-02-04 00:00:00'),(4,54,1,'2019-02-04 00:00:00'),(5,55,1,'2019-02-04 00:00:00'),(6,56,1,'2019-02-04 00:00:00'),(7,57,1,'2019-02-04 00:00:00'),(8,59,1,'2019-02-04 00:00:00'),(9,64,1,'2019-02-04 00:00:00'),(10,66,1863,'2020-08-14 00:00:00'),(11,67,1170,'2020-08-14 00:00:00'),(12,68,382,'2020-08-14 00:00:00');

--
-- Table structure for table `Service`
--

CREATE TABLE `Service` (
  `Id` double NOT NULL AUTO_INCREMENT,
  `ServiceCategoryId` double DEFAULT NULL,
  `ServiceName` varchar(255) COLLATE utf8mb4_general_ci DEFAULT NULL,
  `ServiceCode` varchar(100) COLLATE utf8mb4_general_ci DEFAULT NULL,
  `Price` double DEFAULT NULL,
  `MaxDiscountPercentage` double DEFAULT NULL,
  `MaxDiscountAmount` double DEFAULT NULL,
  `IsActive` double DEFAULT NULL,
  `CreatedBy` double DEFAULT NULL,
  `CreatedDate` varchar(50) COLLATE utf8mb4_general_ci DEFAULT NULL,
  `ModifiedBy` varchar(10) COLLATE utf8mb4_general_ci DEFAULT NULL,
  `ModifiedDate` varchar(50) COLLATE utf8mb4_general_ci DEFAULT NULL,
  `Remarks` text COLLATE utf8mb4_general_ci,
  `IPAddress` varchar(20) COLLATE utf8mb4_general_ci DEFAULT NULL,
  `TreatmentDuration` varchar(30) COLLATE utf8mb4_general_ci DEFAULT NULL,
  `HasMeasurements` double DEFAULT NULL,
  `HasComplementary` double DEFAULT NULL,
  `ActiveDeactiveService` double DEFAULT NULL,
  `MaxPrice` decimal(13,2) NOT NULL DEFAULT '0.00',
  `MinPrice` decimal(13,2) NOT NULL DEFAULT '0.00',
  PRIMARY KEY (`Id`)
) ENGINE=InnoDB AUTO_INCREMENT=730 DEFAULT CHARSET=utf8mb4 COLLATE=utf8mb4_general_ci;

--
-- Dumping data for table `Service`
--

INSERT INTO `Service` VALUES (2,42,'TT test','old tummy ',100,10,1,1,1,'2015-01-29 01:21:34','1','2024-03-14 07:35:59','','104.238.80.211','01:30:00',0,0,0,1200.00,100.00),(586,43,'Weight Loss (Session)','ws',500,5,100,0,1,'2020-08-23 00:23:49','1','2024-01-29 05:31:23','','64.235.41.75','',0,0,0,1200.00,1000.00),(587,48,'Weight loss (20kgs)','Weight loss (10kgs)',2500,0,0,1,1,'2020-08-23 00:30:15','1','2024-03-13 20:24:58','','64.235.41.75','',1,0,0,0.00,0.00),(588,1,'weight loss (5Kg)','weight loss (5Kg)',7500,0,0,0,1,'2020-08-23 00:32:00','1','2024-01-31 12:45:59','','64.235.41.75','',0,0,0,0.00,0.00),(589,46,'Tummy Tucks','TT001',2500,20,100,1,1,'2020-08-23 00:39:07','1','2024-04-17 07:40:27','','64.235.41.75','',0,0,0,1000.00,500.00),(590,1,'Hip Tucks','Hip Tucks',2500,0,0,0,1,'2020-08-23 00:48:36','1','2024-01-24 13:18:47','','64.235.41.75','',0,0,0,0.00,0.00),(591,1,'Side Tucks','Side Tucks',2500,0,0,0,1,'2020-08-23 00:49:53','1','2024-01-24 13:18:47','','64.235.41.75','',0,0,0,0.00,0.00),(592,1,'Back Tucks','Back Tucks',2500,0,0,0,1,'2020-08-23 00:51:26','1','2024-01-24 13:18:47','','64.235.41.75','',0,0,0,0.00,0.00),(593,1,'Arm Tucks','Arm Tucks',2500,0,0,0,1,'2020-08-23 00:52:40','1','2024-01-24 13:18:47','','64.235.41.75','',0,0,0,0.00,0.00),(594,1,'Thigh Tucks','Thigh Tucks',2500,0,0,0,1,'2020-08-23 00:53:49','1','2024-01-24 13:18:47','','64.235.41.75','',0,0,0,0.00,0.00),(595,1,'Body Therapy','Body Therapy',3500,0,2000,0,1,'2020-08-23 00:56:10','1','2024-01-24 13:18:47','','64.235.41.75','',1,0,1,0.00,0.00),(596,1,'Thermo Slim','Thermo Slim',3000,0,0,0,1,'2020-08-23 00:57:54','1','2024-01-24 13:18:47','','64.235.41.75','',0,0,0,0.00,0.00),(597,1,'Diet Counselling','Diet Counselling',1500,0,0,0,1,'2020-08-23 01:00:13','1','2024-01-24 13:18:47','','64.235.41.75','',0,0,0,0.00,0.00),(598,1,'Consultation (Slimming)','Consultation (Slimming)',1000,0,0,0,1,'2020-08-23 01:01:22','1','2024-01-24 13:18:47','','64.235.41.75','',0,0,0,0.00,0.00),(599,1,'Meso Lipo Double Chin','Meso Lipo Double Chin',6000,0,0,0,1,'2020-08-23 01:03:02','1','2024-01-24 13:18:47','','64.235.41.75','',0,0,0,0.00,0.00),(600,45,'Consultation (MEDICAL','Consultation (MEDICAL',636,0,636,0,1,'2020-08-23 01:06:31','1','2024-01-24 13:18:47','','64.235.41.75','',0,0,1,0.00,0.00),(601,44,'Hair PRP ','Hair PRP ',10000,0,4000,0,1,'2020-08-23 01:08:34','1','2024-01-24 13:18:47','','64.235.41.75','',0,1,1,0.00,0.00),(602,44,'Advance Prp (F)','Advance Prp (F)',15000,0,10000,0,1,'2020-08-23 01:10:36','1','2024-01-24 13:18:47','','127.0.0.1','',0,0,1,0.00,0.00),(603,44,'Advance Prp (v)','Advance Prp (v)',12000,0,7000,0,1,'2020-08-23 01:13:40','1','2024-01-24 13:18:47','','127.0.0.1','',0,0,1,0.00,0.00),(604,44,'Meso Grow Hair','Meso Grow Hair',6000,0,0,0,1,'2020-08-23 01:16:52','1','2024-01-24 13:18:47','','64.235.41.75','',0,0,0,0.00,0.00),(605,46,'HAIR TRANPLANTATION','HAIR TRANPLANTATION',120000,0,90000,0,1,'2020-08-23 01:19:01','1','2024-01-24 13:18:47','','64.235.41.75','',1,0,1,0.00,0.00),(606,46,'ADVANCE HAIR TRANPLANTATION','ADVANCE HAIR TRANPLANTATION',300000,0,0,0,1,'2020-08-23 01:20:44','1','2024-01-24 13:18:47','','64.235.41.75','',0,0,0,0.00,0.00),(607,46,'HAIR TRANPLANTATION BEARD','HAIR TRANPLANTATION BEARD',300000,0,0,0,1,'2020-08-23 01:21:58','1','2024-01-24 13:18:47','','64.235.41.75','',0,0,0,0.00,0.00),(608,43,'Laser Full Body','Laser Full Body',30000,0,0,0,1,'2020-08-23 01:24:03','1','2024-01-24 13:18:47','','64.235.41.75','',0,0,0,0.00,0.00),(609,43,'Laser - Upper Lip','Laser - Upper Lip',4000,0,2500,0,1,'2020-08-23 01:25:30','1','2024-01-24 13:18:47','','64.235.41.75','',0,0,1,0.00,0.00),(610,43,'Laser - Chin','Laser - Chin',4000,0,2500,0,1,'2020-08-23 01:28:58','1','2024-01-24 13:18:47','','64.235.41.75','',0,0,1,0.00,0.00),(611,43,'Laser - Side Lock','Laser - Side Lock',6000,0,3500,0,1,'2020-08-23 01:31:02','1','2024-01-24 13:18:47','','64.235.41.75','',0,0,1,0.00,0.00),(612,43,'Laser Lower Half Face','Laser Lower Half Face',5000,0,0,0,1,'2020-08-23 01:33:21','1','2024-01-24 13:18:47','','64.235.41.75','',0,0,0,0.00,0.00),(613,43,'Laser - Upper Neck','Laser - Upper Neck',4000,0,3000,0,1,'2020-08-23 01:36:20','1','2024-01-24 13:18:47','','64.235.41.75','',0,0,1,0.00,0.00),(614,43,'Laser - Full Face','Laser - Full Face',8500,0,6000,0,1,'2020-08-23 01:38:10','1','2024-01-24 13:18:47','','127.0.0.1','',0,0,1,0.00,0.00),(615,43,'Laser - Under Arms','Laser - Under Arms',5000,0,3000,0,1,'2020-08-23 01:39:17','1','2024-01-24 13:18:47','','64.235.41.75','',0,0,1,0.00,0.00),(616,43,'Laser - Chest','Laser - Chest',6500,0,4000,0,1,'2020-08-23 01:40:36','1','2024-01-24 13:18:47','','127.0.0.1','',0,0,1,0.00,0.00),(617,43,'Laser - Abdomen','Laser - Abdomen',6500,0,4000,0,1,'2020-08-23 01:43:36','1','2024-01-24 13:18:47','','64.235.41.75','',0,0,1,0.00,0.00),(618,43,'Laser - Full Front','Laser - Full Front',8000,0,0,0,1,'2020-08-23 01:45:31','1','2024-01-24 13:18:47','','64.235.41.75','',0,0,0,0.00,0.00),(619,43,'Laser - Full Back','Laser - Full Back',8500,0,5000,0,1,'2020-08-23 01:48:17','1','2024-01-24 13:18:47','','127.0.0.1','',0,0,1,0.00,0.00),(620,43,'Laser - Upper Shoulder','Laser - Upper Shoulder',6000,0,0,0,1,'2020-08-23 01:50:16','1','2024-01-24 13:18:47','','64.235.41.75','',0,0,0,0.00,0.00),(621,43,'Laser - Full Hands','Laser - Full Hands',10000,0,0,0,1,'2020-08-23 01:52:47','1','2024-01-24 13:18:47','','64.235.41.75','',0,0,0,0.00,0.00),(622,43,'Laser - Full Legs','Laser - Full Legs',10000,0,8500,0,1,'2020-08-23 01:55:43','1','2024-01-24 13:18:47','','127.0.0.1','',0,0,1,0.00,0.00),(623,43,'Laser - Bikini','Laser - Bikini',8500,0,5000,0,1,'2020-08-23 01:59:00','1','2024-01-24 13:18:47','','127.0.0.1','',0,0,1,0.00,0.00),(624,42,'Co2 - Face','Co2 - Face',12000,0,5000,0,1,'2020-08-23 02:00:51','1','2024-01-24 13:18:47','','64.235.41.75','',1,0,1,0.00,0.00),(625,42,'Co2 - Full Hands','Co2 - Full Hands',12000,0,0,0,1,'2020-08-23 02:02:25','1','2024-01-24 13:18:47','','64.235.41.75','',0,0,0,0.00,0.00),(626,42,'Co2 - Full Legs','Co2 - Full Legs',15000,0,0,0,1,'2020-08-23 02:03:55','1','2024-01-24 13:18:47','','64.235.41.75','',0,0,0,0.00,0.00),(627,42,'Co2 - Abdomen','Co2 - Abdomen',10000,0,0,0,1,'2020-08-23 02:05:13','1','2024-01-24 13:18:47','','64.235.41.75','',0,0,0,0.00,0.00),(628,42,'Co2 - Full Back','Co2 - Full Back',12000,0,0,0,1,'2020-08-23 02:06:16','1','2024-01-24 13:18:47','','64.235.41.75','',0,0,0,0.00,0.00),(629,42,'Streck Marks Removal','Streck Marks Removal',7500,0,0,0,1,'2020-08-23 02:07:18','1','2024-01-24 13:18:47','','64.235.41.75','',0,0,0,0.00,0.00),(630,42,'Consultation (SKIN )','Consultation (SKIN )',1000,0,0,0,1,'2020-08-23 08:24:32','1','2024-01-24 13:18:47','','64.235.41.75','',0,0,0,0.00,0.00),(631,1,'Cool Sculpting ','Cool Sculpting ',45000,0,25000,0,1,'2020-08-23 08:25:53','1','2024-01-24 13:18:47','','64.235.41.75','',1,0,1,0.00,0.00),(632,42,'Acne Control Peel Face','Acne Control Peel Face',5000,0,0,0,1,'2020-08-23 08:28:58','1','2024-01-24 13:18:47','','64.235.41.75','',0,0,0,0.00,0.00),(633,42,'Reviving Peel Face /Neck','Reviving Peel Face /Neck',12500,0,7500,0,1,'2020-08-23 08:30:06','1','2024-01-24 13:18:47','','64.235.41.75','',0,0,0,0.00,0.00),(634,42,'Skin lightening- Face & Neck','Skin lightening - Face & Neck',5000,0,0,0,1,'2020-08-23 08:31:15','1','2024-01-24 13:18:47','','64.235.41.75','',0,0,0,0.00,0.00),(635,42,'Skin - brightening Peel Face / Neck','Skin - brightening Peel Face / Neck',8000,0,0,0,1,'2020-08-23 09:14:52','1','2024-01-24 13:18:47','','64.235.41.75','',0,0,0,0.00,0.00),(636,42,'Skin lightening - Full Hands','Skin lightening - Full Hands',8000,0,0,0,1,'2020-08-23 09:17:34','1','2024-01-24 13:18:47','','64.235.41.75','',0,0,0,0.00,0.00),(637,42,'Skin lightening - Face','Skin lightening - Face',10000,0,0,0,1,'2020-08-23 09:20:53','1','2024-01-24 13:18:47','','64.235.41.75','',0,0,0,0.00,0.00),(638,42,'Skin lightening - Underarms','Skin lightening - Underarms',5000,0,0,0,1,'2020-08-23 09:27:02','1','2024-01-24 13:18:47','','64.235.41.75','',0,0,0,0.00,0.00),(639,42,'Skin lightening - Full Back','Skin lightening - Full Back',8000,0,0,0,1,'2020-08-23 09:28:26','1','2024-01-24 13:18:47','','64.235.41.75','',0,0,0,0.00,0.00),(640,42,'Skin lightening - Half Legs','Skin lightening - Half Legs',7500,0,0,0,1,'2020-08-23 09:29:36','1','2024-01-24 13:18:47','','64.235.41.75','',0,0,0,0.00,0.00),(641,42,'Skin lightening - Full Legs','Skin lightening - Full Legs',10000,0,0,0,1,'2020-08-23 09:30:58','1','2024-01-24 13:18:47','','64.235.41.75','',0,0,0,0.00,0.00),(642,42,'Skin lightening - Bikini','Skin lightening - Bikini',7500,0,0,0,1,'2020-08-23 09:34:37','1','2024-01-24 13:18:47','','64.235.41.75','',0,0,0,0.00,0.00),(643,42,'Skin lightening - Feet','Skin lightening - Feet',4000,0,0,0,1,'2020-08-23 09:39:57','1','2024-01-24 13:18:47','','64.235.41.75','',0,0,0,0.00,0.00),(644,42,'Skin lightening - Half Hands','Skin lightening - Half Hands',7500,0,0,0,1,'2020-08-23 10:54:16','1','2024-01-24 13:18:47','','64.235.41.75','',0,0,0,0.00,0.00),(645,42,'Laser toning- Face','Laser toning- Face',8500,0,5000,0,1,'2020-08-23 10:55:36','1','2024-01-24 13:18:47','','64.235.41.75','',0,0,0,0.00,0.00),(646,42,'Laser toning- Full Hands','Laser toning- Full Hands',8000,0,0,0,1,'2020-08-23 14:39:05','1','2024-01-24 13:18:47','','64.235.41.75','',0,0,0,0.00,0.00),(647,42,'Laser toning- Full legs','Laser toning- Full legs',15000,0,0,0,1,'2020-08-23 15:51:43','1','2024-01-24 13:18:47','','64.235.41.75','',0,0,0,0.00,0.00),(648,42,'Laser toning- Half legs','Laser toning- Half legs',10000,0,0,0,1,'2020-08-23 16:47:40','1','2024-01-24 13:18:47','','64.235.41.75','',0,0,0,0.00,0.00),(649,42,'Laser toning- Full body','Laser toning- Full body',25000,0,0,0,1,'2020-08-23 16:48:43','1','2024-01-24 13:18:47','','64.235.41.75','',0,0,0,0.00,0.00),(650,42,'Laser toning- Half body','Laser toning- Half body',15000,0,0,0,1,'2020-08-23 16:49:46','1','2024-01-24 13:18:47','','64.235.41.75','',0,0,0,0.00,0.00),(651,42,'Fillers (Volbella)','Fillers (Volbella)',40000,0,0,0,1,'2020-08-23 17:07:10','1','2024-01-24 13:18:47','','64.235.41.75','',0,0,0,0.00,0.00),(652,42,'Fillers (Voluma)','Fillers (Voluma)',40000,0,0,0,1,'2020-08-23 17:43:58','1','2024-01-24 13:18:47','','64.235.41.75','',0,0,0,0.00,0.00),(653,42,'Botox','Botox',800,0,300,0,1,'2020-08-23 17:48:33','1','2024-01-24 13:18:47','','64.235.41.75','',1,0,1,0.00,0.00),(654,42,'Subcision','Subcision',8000,0,0,0,1,'2020-08-23 17:53:04','1','2024-01-24 13:18:47','','64.235.41.75','',0,0,0,0.00,0.00),(655,42,'Wart/Skin Tags','Wart/Skin Tags',500,0,0,0,1,'2020-08-23 17:54:37','1','2024-01-24 13:18:47','','64.235.41.75','',0,0,0,0.00,0.00),(656,42,'Mole Removal','Mole Removal',5000,0,0,0,1,'2020-08-23 17:58:14','1','2024-01-24 13:18:47','','64.235.41.75','',0,0,0,0.00,0.00),(657,42,'Vampire face','Vampire face',15000,0,0,0,1,'2020-08-23 18:00:29','1','2024-01-24 13:18:47','','64.235.41.75','',0,0,0,0.00,0.00),(658,42,'Medi Facial','Medi Facial',10000,0,0,0,1,'2020-08-23 18:02:18','1','2024-01-24 13:18:47','','64.235.41.75','',0,0,0,0.00,0.00),(659,42,'Skin Polishing Face & Neck','Skin Polishing Face & Neck',7500,0,0,0,1,'2020-08-23 18:04:49','1','2024-01-24 13:18:47','','64.235.41.75','',0,0,0,0.00,0.00),(660,42,'Skin Polishing Full Body','Skin Polishing Full Body',15000,0,0,0,1,'2020-08-23 18:05:58','1','2024-01-24 13:18:47','','64.235.41.75','',0,0,0,0.00,0.00),(661,42,'Advance Skin Lightening Peel ','Advance Skin Lightening Peel ',60000,0,0,0,1,'2020-11-17 12:16:18','1','2024-01-24 13:18:47','','64.235.41.75','',0,0,0,0.00,0.00),(662,42,'Meso Skin','Meso Skin',10000,0,0,0,1,'2020-11-17 13:22:09','1','2024-01-24 13:18:47','','64.235.41.75','',0,0,0,0.00,0.00),(663,42,'Pumpkin Facial','Pumpkin Facial',10000,0,0,0,1,'2020-11-17 13:57:32','1','2024-01-24 13:18:47','','64.235.41.75','',0,0,0,0.00,0.00),(664,44,'Microneedling','Microneedling',4000,0,0,0,1,'2020-11-17 15:58:54','1','2024-01-24 13:18:47','','64.235.41.75','',0,0,0,0.00,0.00),(665,42,'HIFU','HIFU',100000,0,0,0,1,'2020-11-17 16:26:31','1','2024-01-24 13:18:47','','64.235.41.75','',0,0,0,0.00,0.00),(666,42,'Microdermabrasion Face','Microdermabrasion Face',8000,0,2500,0,1,'2020-11-17 19:51:13','1','2024-01-24 13:18:47','','64.235.41.75','',0,0,0,0.00,0.00),(667,1,'Meso Lipo Tummy','Meso Lipo Tummy',10000,0,0,0,1,'2020-11-21 15:22:13','1','2024-01-24 13:18:47','','64.235.41.75','',0,0,0,0.00,0.00),(668,1,'Meso Lipo Sides','Meso Lipo Sides',10000,0,0,0,1,'2020-11-21 15:24:53','1','2024-01-24 13:18:47','','64.235.41.75','',0,0,0,0.00,0.00),(669,1,'wight loss','989',1000,0,0,0,1,'2024-01-23 12:46:16','1','2024-01-24 13:18:47','','64.235.41.75','',0,0,0,0.00,0.00),(670,1,'Duo Therapy Face','Duo Therapy Face',3000,0,0,0,1,'2020-11-21 15:30:30','1','2024-01-24 13:18:47','','64.235.41.75','',0,0,0,0.00,0.00),(671,1,'Duo Therapy Tummy','Duo Therapy Tummy',6000,0,0,0,1,'2020-11-21 15:39:44','1','2024-01-24 13:18:47','','64.235.41.75','',0,0,0,0.00,0.00),(672,1,'Duo Therapy Thigh','Duo Therapy Thigh',6000,0,0,0,1,'2020-11-21 15:44:03','1','2024-01-24 13:18:47','','64.235.41.75','',0,0,0,0.00,0.00),(673,1,'Duo Therapy Sides','Duo Therapy Sides',6000,0,0,0,1,'2020-11-21 15:45:40','1','2024-01-24 13:18:47','','64.235.41.75','',0,0,0,0.00,0.00),(674,1,'Duo Therapy Arms','Duo Therapy Arms',6000,0,0,0,1,'2020-11-21 15:46:24','1','2024-01-24 13:18:47','','64.235.41.75','',0,0,0,0.00,0.00),(675,43,'Laser - Half Hands','Laser - Half Hands',8000,0,0,0,1,'2020-11-21 16:33:57','1','2024-01-24 13:18:47','','64.235.41.75','',0,0,0,0.00,0.00),(676,43,'Laser - Half Legs','Laser - Half Legs',10000,0,0,0,1,'2020-11-21 16:35:14','1','2024-01-24 13:18:47','','64.235.41.75','',0,0,0,0.00,0.00),(677,43,'Laser - Midriff','Laser - Midriff',7500,0,0,0,1,'2020-11-21 16:35:52','1','2024-01-24 13:18:47','','64.235.41.75','',0,0,0,0.00,0.00),(678,43,'Laser Full Body Offer','Laser Full Body Offer',49999,0,0,0,1,'2020-11-21 16:37:09','1','2024-01-24 13:18:47','','64.235.41.75','',0,0,0,0.00,0.00),(679,43,'Laser - Experiential','Laser - Experiential',99,0,0,0,1,'2020-11-21 16:37:48','1','2024-01-24 13:18:47','','64.235.41.75','',0,0,0,0.00,0.00),(680,42,'Co2 - Half Arms','Co2 - Half Arms',0,0,0,0,1,'2020-11-21 17:04:15','1','2024-01-24 13:18:47','','64.235.41.75','',0,0,0,0.00,0.00),(681,42,'Co2 - Half Legs','Co2 - Half Legs',0,0,0,0,1,'2020-11-21 17:04:51','1','2024-01-24 13:18:47','','64.235.41.75','',0,0,0,0.00,0.00),(682,42,'Co2 - Half Back','Co2 - Half Back',12000,0,0,0,1,'2020-11-21 17:05:20','1','2024-01-24 13:18:47','','64.235.41.75','',0,0,0,0.00,0.00),(683,42,'Acne Control Peel Face & Neck','Acne Control Peel Face & Neck',5000,0,0,0,1,'2020-11-21 17:09:02','1','2024-01-24 13:18:47','','64.235.41.75','',0,0,0,0.00,0.00),(684,42,'Acne Control Peel Neck','Acne Control Peel Neck',3500,0,0,0,1,'2020-11-21 17:11:39','1','2024-01-24 13:18:47','','64.235.41.75','',0,0,0,0.00,0.00),(685,789,'Wight loss','Wightloss',1000,0,0,NULL,NULL,NULL,NULL,NULL,NULL,NULL,NULL,NULL,NULL,NULL,0.00,0.00),(686,789,'Wight loss','Wightloss',1000,0,0,NULL,67,'2024-01-23 12:46:16',NULL,NULL,NULL,NULL,NULL,NULL,NULL,NULL,0.00,0.00),(687,789,'Wight loss','Wightloss',1000,0,0,NULL,67,'2024-01-23 12:46:16',NULL,NULL,NULL,NULL,NULL,NULL,NULL,NULL,0.00,0.00),(688,789,'Wight loss','Wightloss',1000,0,0,NULL,67,'2024-01-23 13:02:03',NULL,NULL,NULL,NULL,NULL,NULL,NULL,NULL,0.00,0.00),(689,789,'Wight loss','Wightloss',1000,0,0,NULL,67,'2024-01-23 13:03:17',NULL,NULL,NULL,NULL,NULL,NULL,NULL,NULL,0.00,0.00),(690,789,'Wight loss','Wightloss',1000,0,0,NULL,67,'2024-01-23 13:03:17',NULL,NULL,NULL,NULL,NULL,NULL,NULL,NULL,0.00,0.00),(691,42,'Wight loss12','WL12',1000,10,100,1,1,'2024-01-23 13:03:17','1','2024-03-13 20:24:58',NULL,NULL,NULL,NULL,NULL,NULL,0.00,0.00),(692,42,'Wight loss123','WL12',1000,10,100,0,2,'2024-01-23 13:15:39','1','2024-01-24 13:18:47',NULL,NULL,NULL,NULL,NULL,NULL,0.00,0.00),(693,789,'Weight Loss','Weight Loss',1000,0,0,1,1,'2024-01-23 14:25:23',NULL,NULL,NULL,NULL,NULL,NULL,NULL,NULL,0.00,0.00),(694,789,'Weight Loss','Weight Loss',1000,0,0,1,1,'2024-01-23 14:25:23',NULL,NULL,NULL,NULL,NULL,NULL,NULL,NULL,0.00,0.00),(695,2,'Weight Loss','Weight Loss',1000,0,0,1,1,'2024-01-23 14:29:17',NULL,NULL,NULL,NULL,NULL,NULL,NULL,NULL,0.00,0.00),(696,2,'Weight Loss','Weight Loss',1000,0,0,1,1,'2024-01-23 14:29:17',NULL,NULL,NULL,NULL,NULL,NULL,NULL,NULL,0.00,0.00),(697,2,'Weight Loss','Weight Loss',1000,0,0,1,1,'2024-01-23 14:29:17',NULL,NULL,NULL,NULL,NULL,NULL,NULL,NULL,0.00,0.00),(698,2,'Weight Loss','Weight Loss',1000,0,0,1,1,'2024-01-23 14:29:17',NULL,NULL,NULL,NULL,NULL,NULL,NULL,NULL,0.00,0.00),(699,2,'Weight Loss','Weight Loss',1000,0,0,1,1,'2024-01-23 14:29:17',NULL,NULL,NULL,NULL,NULL,NULL,NULL,NULL,0.00,0.00),(700,2,'Weight Loss','Weight Loss',1000,0,0,1,1,'2024-01-23 14:29:17',NULL,NULL,NULL,NULL,NULL,NULL,NULL,NULL,0.00,0.00),(701,2,'Weight Loss','Weight Loss',1000,0,0,1,1,'2024-01-23 14:29:17',NULL,NULL,NULL,NULL,NULL,NULL,NULL,NULL,0.00,0.00),(702,2,'Weight Loss','Weight Loss',1000,0,0,1,1,'2024-01-23 14:29:17',NULL,NULL,NULL,NULL,NULL,NULL,NULL,NULL,0.00,0.00),(703,2,'Weight Loss','Weight Loss',1000,0,0,1,1,'2024-01-23 14:43:44',NULL,NULL,NULL,NULL,NULL,NULL,NULL,NULL,0.00,0.00),(704,2,'Weight Loss','Weight Loss',1000,0,0,1,1,'2024-01-23 14:43:44',NULL,NULL,NULL,NULL,NULL,NULL,NULL,NULL,0.00,0.00),(705,2,'Weight Loss','Weight Loss',1000,0,0,1,1,'2024-01-23 18:04:48',NULL,NULL,NULL,NULL,NULL,NULL,NULL,NULL,0.00,0.00),(706,2,'Weight Loss','Weight Loss',1000,0,0,1,1,'2024-01-23 18:04:48',NULL,NULL,NULL,NULL,NULL,NULL,NULL,NULL,0.00,0.00),(707,2,'Weight Loss','Weight Loss',1000,0,0,1,1,'2024-01-23 18:04:48',NULL,NULL,NULL,NULL,NULL,NULL,NULL,NULL,0.00,0.00),(708,2,'Weight Loss','Weight Loss',1000,0,0,1,1,'2024-01-23 18:04:48',NULL,NULL,NULL,NULL,NULL,NULL,NULL,NULL,0.00,0.00),(709,42,'Wight loss123','WL12',1000,10,100,0,2,'2024-01-24 06:49:48','1','2024-02-14 10:31:13',NULL,NULL,NULL,NULL,NULL,NULL,0.00,0.00),(710,2,'ss','22',11,33,11,1,1,'2024-01-24 06:51:13',NULL,NULL,NULL,NULL,NULL,NULL,NULL,NULL,0.00,0.00),(711,3,'dd','55',88,224,11,1,1,'2024-01-24 06:51:13',NULL,NULL,NULL,NULL,NULL,NULL,NULL,NULL,0.00,0.00),(712,4,'dd','55',88,224,11,1,1,'2024-01-24 07:10:22',NULL,NULL,NULL,NULL,NULL,NULL,NULL,NULL,0.00,0.00),(713,42,'Wight loss123','WL12',1000,10,100,0,2,'2024-01-24 07:10:22','1','2024-02-14 10:31:13',NULL,NULL,NULL,NULL,NULL,NULL,0.00,0.00),(714,2,'dd','55',88,224,11,1,1,'2024-01-24 07:10:22',NULL,NULL,NULL,NULL,NULL,NULL,NULL,NULL,0.00,0.00),(715,4,'dd','55',88,224,11,1,1,'2024-01-24 07:10:22',NULL,NULL,NULL,NULL,NULL,NULL,NULL,NULL,0.00,0.00),(716,46,'Hair TEST','HT400',11000,20,400,0,1,'2024-01-24 07:10:22','1','2024-01-24 13:18:47',NULL,NULL,NULL,NULL,NULL,NULL,0.00,0.00),(717,42,'Wight loss123','WL12',1000,10,100,0,2,'2024-01-24 10:49:16','1','2024-01-24 13:18:47',NULL,NULL,NULL,NULL,NULL,NULL,0.00,0.00),(718,47,'Weight Loss122','22',11,224,11,1,1,'2024-01-25 05:08:22',NULL,NULL,NULL,NULL,NULL,NULL,NULL,NULL,0.00,0.00),(719,42,'Weight Loss122','22',11,224,11,0,1,'2024-01-25 05:08:22','1','2024-02-16 11:10:35',NULL,NULL,NULL,NULL,NULL,NULL,0.00,0.00),(720,46,'Weight Loss122','22',11,224,11,0,1,'2024-01-25 05:08:22','1','2024-01-31 11:24:02',NULL,NULL,NULL,NULL,NULL,NULL,0.00,0.00),(721,45,'Weight Loss122','SC220',2500,25,1050,1,1,'2024-01-25 05:08:22','undefined','2024-01-26 07:06:37',NULL,NULL,NULL,NULL,NULL,NULL,2000.00,1500.00),(722,42,'Wight loss123','WL12',500,10,100,0,2,'2024-01-26 12:04:42','1','2024-01-31 12:45:59',NULL,NULL,NULL,NULL,NULL,NULL,1000.00,100.00),(723,55,'Wight loss123','WL12',500,10,100,1,2,'2024-01-31 08:17:56',NULL,NULL,NULL,NULL,NULL,NULL,NULL,NULL,1000.00,100.00),(724,55,'Wight loss123','WL12',500,10,100,1,NULL,'2024-01-31 11:19:31',NULL,NULL,NULL,NULL,NULL,NULL,NULL,NULL,1000.00,100.00),(725,42,'dd','ww',11,224,11,0,NULL,'2024-01-31 11:24:02','1','2024-01-31 11:24:02',NULL,NULL,NULL,NULL,NULL,NULL,33.00,111.00),(726,53,'Weight Loss122','22',100,224,123,0,NULL,'2024-01-31 11:31:02','1','2024-02-19 13:06:06',NULL,NULL,NULL,NULL,NULL,NULL,1200.00,100.00),(727,1,'Weight Loss122','22',100,224,123,1,NULL,'2024-01-31 11:31:02',NULL,NULL,NULL,NULL,NULL,NULL,NULL,NULL,1200.00,100.00),(728,46,'Hair Loss','1231',151,11,101,0,1,'2024-03-14 13:08:36','1','2024-03-14 13:08:36',NULL,NULL,NULL,NULL,NULL,NULL,201.00,101.00),(729,42,'Skin problem','Welona123',2000,20,200,1,1,'2024-04-17 07:40:27',NULL,NULL,NULL,NULL,NULL,NULL,NULL,NULL,1000.00,500.00);

--
-- Table structure for table `ServiceCategory`
--

CREATE TABLE `ServiceCategory` (
  `Id` double NOT NULL AUTO_INCREMENT,
  `Category` varchar(100) COLLATE utf8mb4_general_ci DEFAULT NULL,
  `Code` varchar(100) COLLATE utf8mb4_general_ci DEFAULT NULL,
  `IsActive` double DEFAULT NULL,
  `CreatedBy` varchar(10) COLLATE utf8mb4_general_ci DEFAULT NULL,
  `CreatedDate` varchar(50) COLLATE utf8mb4_general_ci DEFAULT NULL,
  `ModifiedBy` varchar(10) COLLATE utf8mb4_general_ci DEFAULT NULL,
  `ModifiedDate` varchar(50) COLLATE utf8mb4_general_ci DEFAULT NULL,
  `Remarks` text COLLATE utf8mb4_general_ci,
  `IPAddress` varchar(20) COLLATE utf8mb4_general_ci DEFAULT NULL,
  PRIMARY KEY (`Id`)
) ENGINE=InnoDB AUTO_INCREMENT=4 DEFAULT CHARSET=utf8mb4 COLLATE=utf8mb4_general_ci;

--
-- Dumping data for table `ServiceCategory`
--

INSERT INTO `ServiceCategory` VALUES (1,'Slim','slm',1,'','2015-01-09 10:27:12','','2015-01-09 10:27:12','',''),(2,'Skin','skn',1,'','2015-01-09 10:27:39','','2015-01-09 10:27:39','',''),(3,'Beauty','bty',1,'','2015-01-09 10:27:54','','2015-01-09 10:27:54','','');

--
-- Table structure for table `SessionEmployees`
--

CREATE TABLE `SessionEmployees` (
  `Id` double NOT NULL AUTO_INCREMENT,
  `SessionId` double DEFAULT NULL,
  `EmployeeRoleId` double DEFAULT NULL,
  `EmployeeId` double DEFAULT NULL,
  `CustomerId` double DEFAULT NULL,
  `BranchId` double DEFAULT NULL,
  `CreatedDate` varchar(50) COLLATE utf8mb4_general_ci DEFAULT NULL,
  `Remarks` text COLLATE utf8mb4_general_ci,
  PRIMARY KEY (`Id`)
) ENGINE=InnoDB AUTO_INCREMENT=107 DEFAULT CHARSET=utf8mb4 COLLATE=utf8mb4_general_ci;

--
-- Dumping data for table `SessionEmployees`
--

INSERT INTO `SessionEmployees` VALUES (3,2,15,294,470,54,'2015-08-14 16:22:18',''),(4,2,16,139,470,54,'2015-08-14 16:22:18',''),(9,5,15,116,788,54,'2015-10-09 13:27:31',''),(10,5,16,119,788,54,'2015-10-09 13:27:31',''),(11,6,15,116,788,54,'2015-10-09 13:33:10',''),(12,6,16,119,788,54,'2015-10-09 13:33:10',''),(13,7,15,116,788,54,'2015-10-13 11:55:05',''),(14,7,16,119,788,54,'2015-10-13 11:55:05',''),(15,8,15,313,2058,54,'2016-02-04 13:49:26',''),(16,8,16,120,2058,54,'2016-02-04 13:49:26',''),(17,9,15,294,12282,54,'2016-02-08 15:34:09',''),(18,9,16,128,12282,54,'2016-02-08 15:34:09',''),(19,10,15,109,12252,51,'2016-02-09 17:54:51',''),(20,10,16,184,12252,51,'2016-02-09 17:54:51',''),(21,11,15,109,12252,51,'2016-02-09 17:56:28',''),(22,11,16,179,12252,51,'2016-02-09 17:56:28',''),(23,12,15,294,12312,54,'2016-02-09 18:00:56',''),(24,12,16,119,12312,54,'2016-02-09 18:00:56',''),(25,13,15,156,1502,55,'2016-02-11 14:42:48',''),(26,13,16,168,1502,55,'2016-02-11 14:42:48',''),(27,14,15,156,12267,55,'2016-02-11 14:50:06',''),(28,14,16,147,12267,55,'2016-02-11 14:50:06',''),(29,15,15,324,2087,51,'2016-02-11 16:46:28',''),(30,15,16,187,2087,51,'2016-02-11 16:46:28',''),(31,16,15,156,12217,55,'2016-02-12 10:29:54',''),(32,16,16,147,12217,55,'2016-02-12 10:29:54',''),(33,17,15,324,12182,51,'2016-02-15 15:51:00',''),(34,17,16,173,12182,51,'2016-02-15 15:51:00',''),(35,18,15,324,12182,51,'2016-02-15 15:51:50',''),(36,18,16,173,12182,51,'2016-02-15 15:51:50',''),(37,19,15,294,12293,54,'2016-02-15 17:00:21',''),(38,19,16,319,12293,54,'2016-02-15 17:00:21',''),(39,20,15,294,12293,54,'2016-02-15 17:12:57',''),(40,20,16,325,12293,54,'2016-02-15 17:12:57',''),(41,21,15,116,12415,54,'2016-02-17 14:39:36',''),(42,21,16,322,12415,54,'2016-02-17 14:39:36',''),(43,22,15,116,12415,54,'2016-02-17 14:39:59',''),(44,22,16,296,12415,54,'2016-02-17 14:39:59',''),(45,23,15,116,12415,54,'2016-02-17 14:40:19',''),(46,23,16,139,12415,54,'2016-02-17 14:40:19',''),(47,24,15,116,12415,54,'2016-02-17 14:40:36',''),(48,24,16,310,12415,54,'2016-02-17 14:40:36',''),(49,25,15,116,12415,54,'2016-02-17 14:41:46',''),(50,25,16,299,12415,54,'2016-02-17 14:41:46',''),(51,26,15,116,12415,54,'2016-02-17 14:42:07',''),(52,26,16,299,12415,54,'2016-02-17 14:42:07',''),(53,27,15,116,12415,54,'2016-02-17 14:42:22',''),(54,27,16,296,12415,54,'2016-02-17 14:42:22',''),(55,28,15,116,12415,54,'2016-02-17 14:42:38',''),(56,28,16,129,12415,54,'2016-02-17 14:42:38',''),(57,29,15,116,12415,54,'2016-02-17 14:44:33',''),(58,29,16,310,12415,54,'2016-02-17 14:44:33',''),(59,30,15,116,12415,54,'2016-02-17 15:13:23',''),(60,30,16,296,12415,54,'2016-02-17 15:13:23',''),(61,31,15,116,12415,54,'2016-02-17 15:14:49',''),(62,31,16,310,12415,54,'2016-02-17 15:14:49',''),(63,32,15,116,12415,54,'2016-02-17 15:15:30',''),(64,32,16,310,12415,54,'2016-02-17 15:15:30',''),(65,33,15,116,12415,54,'2016-02-17 15:15:44',''),(66,33,16,299,12415,54,'2016-02-17 15:15:44',''),(67,34,15,116,12415,54,'2016-02-17 15:15:58',''),(68,34,16,127,12415,54,'2016-02-17 15:15:58',''),(69,35,15,116,12415,54,'2016-02-17 15:16:22',''),(70,35,16,299,12415,54,'2016-02-17 15:16:22',''),(71,36,15,116,12415,54,'2016-02-17 15:16:35',''),(72,36,16,296,12415,54,'2016-02-17 15:16:35',''),(73,37,15,116,12415,54,'2016-02-17 15:16:49',''),(74,37,16,123,12415,54,'2016-02-17 15:16:49',''),(75,38,15,116,12415,54,'2016-02-17 15:17:03',''),(76,38,16,119,12415,54,'2016-02-17 15:17:03',''),(77,39,15,116,12415,54,'2016-02-17 16:52:33',''),(78,39,16,226,12415,54,'2016-02-17 16:52:33',''),(79,40,15,116,12415,54,'2016-02-17 16:53:21',''),(80,40,16,118,12415,54,'2016-02-17 16:53:21',''),(81,41,15,116,12415,54,'2016-02-17 16:53:58',''),(82,41,16,120,12415,54,'2016-02-17 16:53:58',''),(83,42,15,294,12431,54,'2016-02-17 17:42:23',''),(84,42,16,319,12431,54,'2016-02-17 17:42:23',''),(85,43,15,313,1692,54,'2016-02-17 19:14:01',''),(86,43,16,325,1692,54,'2016-02-17 19:14:01',''),(87,44,15,156,12267,55,'2016-02-17 19:21:56',''),(88,44,16,147,12267,55,'2016-02-17 19:21:56',''),(89,45,15,286,1961,56,'2016-02-18 14:08:42',''),(90,45,16,210,1961,56,'2016-02-18 14:08:42',''),(91,46,15,286,1961,56,'2016-02-18 14:10:12',''),(92,46,16,210,1961,56,'2016-02-18 14:10:12',''),(93,47,15,313,927,54,'2016-02-19 15:54:17',''),(94,47,16,319,927,54,'2016-02-19 15:54:17',''),(95,48,15,313,927,54,'2016-02-19 15:59:08',''),(96,48,16,319,927,54,'2016-02-19 15:59:08',''),(97,49,15,313,927,54,'2016-02-19 15:59:59',''),(98,49,16,319,927,54,'2016-02-19 15:59:59',''),(99,50,15,313,927,54,'2016-02-19 16:00:47',''),(100,50,16,319,927,54,'2016-02-19 16:00:47',''),(101,51,15,313,927,54,'2016-02-19 16:04:55',''),(102,51,16,319,927,54,'2016-02-19 16:04:55',''),(103,52,15,313,927,54,'2016-02-19 16:05:56',''),(104,52,16,319,927,54,'2016-02-19 16:05:56',''),(105,53,15,313,927,54,'2016-02-19 16:06:58',''),(106,53,16,319,927,54,'2016-02-19 16:06:58','');

--
-- Table structure for table `SessionImages`
--

CREATE TABLE `SessionImages` (
  `Id` double NOT NULL AUTO_INCREMENT,
  `CustomerId` double DEFAULT NULL,
  `PackageId` double DEFAULT NULL,
  `ServiceId` double DEFAULT NULL,
  `SessionNo` double DEFAULT NULL,
  `ImageUrl` varchar(255) COLLATE utf8mb4_general_ci DEFAULT NULL,
  `CreatedBy` double DEFAULT NULL,
  `CreatedDate` varchar(50) COLLATE utf8mb4_general_ci DEFAULT NULL,
  `BranchId` double DEFAULT NULL,
  PRIMARY KEY (`Id`)
) ENGINE=InnoDB AUTO_INCREMENT=59 DEFAULT CHARSET=utf8mb4 COLLATE=utf8mb4_general_ci;

--
-- Dumping data for table `SessionImages`
--

INSERT INTO `SessionImages` VALUES (1,416,1177,18,158,'~/Images/SessionImages/416_18_6_Tulips.jpg',6,'2015-04-02 17:13:03',2),(2,416,1177,18,159,'~/Images/SessionImages/416_18_7_Lighthouse.jpg',6,'2015-04-02 17:42:18',2),(3,416,1177,18,159,'~/Images/SessionImages/416_18_7_Tulips.jpg',6,'2015-04-02 17:42:19',2),(4,416,1177,18,159,'~/Images/SessionImages/416_18_7_Penguins.jpg',6,'2015-04-02 17:42:20',2),(5,417,1178,9,152,'~/Images/SessionImages/417_9_5_Penguins.jpg',9,'2015-04-02 18:15:27',8),(6,417,1178,9,152,'~/Images/SessionImages/417_9_5_Desert.jpg',9,'2015-04-02 18:18:07',8),(7,417,1178,9,148,'~/Images/SessionImages/417_9_1_Tulips.jpg',9,'2015-04-02 18:18:27',8),(8,416,1177,18,153,'~/Images/SessionImages/416_18_1_Hydrangeas.jpg',6,'2015-04-02 18:19:31',2),(9,412,1167,4,0,'~/Images/SessionImages/412_4_2_11059202_10204882748126468_4248848891915708126_n.jpg',5,'2015-04-03 08:50:57',5),(10,420,1186,9,1,'~/Images/SessionImages/420_9_1_Chrysanthemum.jpg',6,'2015-04-03 14:15:18',2),(11,420,1186,9,1,'~/Images/SessionImages/420_9_1_Penguins.jpg',6,'2015-04-03 15:35:56',2),(12,420,1186,9,1,'~/Images/SessionImages/420_9_1_Tulips.jpg',6,'2015-04-03 15:49:55',2),(13,422,1188,9,3,'~/Images/SessionImages/422_9_1_Penguins.jpg',9,'2015-04-03 16:30:21',8),(14,422,1188,9,3,'~/Images/SessionImages/422_9_1_Tulips.jpg',9,'2015-04-03 16:43:41',8),(15,422,1188,9,4,'~/Images/SessionImages/422_9_2_Koala.jpg',9,'2015-04-03 16:50:44',8),(16,422,1188,9,10,'~/Images/SessionImages/422_9_8_Desert.jpg',9,'2015-04-03 17:10:58',8),(17,420,1186,18,0,'~/Images/SessionImages/420_18_2_Penguins.jpg',6,'2015-04-03 17:13:29',2),(18,420,1189,9,14,'~/Images/SessionImages/420_9_1_Penguins.jpg',6,'2015-04-03 17:18:50',2),(19,422,1190,4,17,'~/Images/SessionImages/422_4_1_Tulips.jpg',9,'2015-04-03 17:27:56',8),(20,434,1222,18,1,'~/Images/SessionImages/434_18_1_Tulips.jpg',6,'2015-04-13 13:06:44',2),(21,436,1236,9,2,'~/Images/SessionImages/436_9_2_Penguins.jpg',6,'2015-04-20 12:39:41',2),(22,436,1236,9,1,'~/Images/436_9_1_Penguins.jpg',6,'2015-04-20 12:52:22',2),(23,436,1236,9,1,'~/Images/SessionImages/436_9_1_Koala.jpg',6,'2015-04-20 12:55:44',2),(24,436,1236,9,1,'~/Images/SessionImages/436_9_1_Jellyfish.jpg',6,'2015-04-20 12:56:31',2),(25,436,1236,9,2,'~/Images/SessionImages/436_9_2_Chrysanthemum.jpg',6,'2015-04-20 12:59:05',2),(26,436,1236,9,2,'~/Images/SessionImages/436_9_2_Desert.jpg',6,'2015-04-20 13:00:22',2),(27,436,1236,9,1,'~/Images/SessionImages/436_9_1_Lighthouse.jpg',6,'2015-04-20 13:00:49',2),(28,436,1236,9,1,'~/Images/SessionImages/436_9_1_Penguins.jpg',6,'2015-04-20 13:08:38',2),(29,436,1236,9,2,'~/Images/SessionImages/436_9_2_Desert.jpg',6,'2015-04-20 13:16:09',2),(30,436,1236,9,1,'~/Images/SessionImages/436_9_1_Tulips.jpg',6,'2015-04-20 13:16:46',2),(31,436,1236,9,2,'~/Images/SessionImages/436_9_2_Jellyfish.jpg',6,'2015-04-20 13:17:31',2),(32,436,1236,9,2,'~/Images/SessionImages/436_9_2_Chrysanthemum.jpg',6,'2015-04-20 13:18:16',2),(33,436,1236,9,2,'~/Images/SessionImages/436_9_2_Penguins.jpg',6,'2015-04-20 13:18:35',2),(34,436,1236,9,1,'~/Images/SessionImages/436_9_1_Hydrangeas.jpg',6,'2015-04-20 13:19:47',2),(35,436,1236,9,7,'~/Images/SessionImages/436_9_3_Koala.jpg',6,'2015-04-22 16:30:19',2),(36,436,1236,9,2,'~/Images/SessionImages/436_9_2_Penguins.jpg',6,'2015-04-22 16:30:46',2),(37,436,1236,9,1,'~/Images/SessionImages/436_9_1_Tulips.jpg',6,'2015-04-22 16:30:54',2),(38,436,1236,9,7,'~/Images/SessionImages/436_9_3_Lighthouse.jpg',6,'2015-04-22 16:31:42',2),(39,436,1236,9,7,'~/Images/SessionImages/436_9_3_Jellyfish.jpg',6,'2015-04-22 16:31:48',2),(40,436,1236,9,16,'~/Images/SessionImages/436_9_5_Penguins.jpg',6,'2015-06-30 14:11:20',2),(41,436,1236,9,1,'~/Images/SessionImages/436_9_1_Koala.jpg',6,'2015-06-30 14:11:32',2),(42,436,1236,9,7,'~/Images/SessionImages/436_9_3_Desert.jpg',6,'2015-06-30 14:11:43',2),(43,1889,3116,32,11102,'~/Images/SessionImages/1889_32_1_desktop-picture-of-a-lion-face-dowload.jpg',100,'2016-06-08 17:43:10',51),(44,23654,25886,2,13073,'~/Images/SessionImages/23654_2_1_EMP COLLECTION EMP SALES.jpg',103,'2016-06-13 13:46:13',61),(45,23483,25578,9,11615,'~/Images/SessionImages/23483_9_1_COLLECTION NOT INCENTIVE REPORT.jpg',103,'2016-06-28 14:12:44',61),(46,23483,25578,9,11615,'~/Images/SessionImages/23483_9_1_EMPLOYEE INCENTIVE REPORT SHOWING 1%.jpg',103,'2016-06-28 14:12:55',61),(47,23483,25578,9,11615,'~/Images/SessionImages/23483_9_1_T.CODE HAS TO APPEAR AS CATEGORY WISE SALE.jpg',103,'2016-06-28 14:13:02',61),(48,23654,25997,94,13588,'~/Images/SessionImages/23654_94_1_Hydrangeas.jpg',103,'2016-06-28 18:35:44',61),(49,23654,25997,94,13588,'~/Images/SessionImages/23654_94_1_Penguins.jpg',103,'2016-06-28 18:35:54',61),(50,23654,25997,94,13588,'~/Images/SessionImages/23654_94_1_Tulips.jpg',103,'2016-06-28 18:36:01',61),(51,1466,2579,49,13597,'~/Images/SessionImages/1466_49_1_WhatsApp-Image-20160628.jpeg',108,'2016-06-29 09:47:48',54),(52,23654,25886,14,0,'~/Images/SessionImages/23654_14_4_Koala.jpg',103,'2016-06-29 12:21:41',61),(53,23654,25886,14,0,'~/Images/SessionImages/23654_14_4_Penguins.jpg',103,'2016-06-29 12:21:50',61),(54,56096,70351,18,54205,'~/Images/SessionImages/56096_18_1_images.jpg',103,'2017-02-15 12:54:08',61),(55,55331,69228,5,54389,'~/Images/SessionImages/55331_5_1_ADVITREPUBLIC DAY 26.jpg',103,'2017-02-18 11:30:18',61),(56,55331,69228,5,54390,'~/Images/SessionImages/55331_5_2_images.jpg',103,'2017-02-18 11:31:42',61),(57,55331,68998,14,54386,'~/Images/SessionImages/55331_14_1_ADVITREPUBLIC DAY 26.jpg',103,'2017-02-18 11:41:23',61),(58,55331,68998,3,0,'~/Images/SessionImages/55331_3_2_logo.png',103,'2017-02-18 11:41:46',61);

--
-- Table structure for table `Session_Inchloss`
--

CREATE TABLE `Session_Inchloss` (
  `Id` double NOT NULL AUTO_INCREMENT,
  `SessionId` double DEFAULT NULL,
  `KeyId` double DEFAULT NULL,
  `UP` double DEFAULT NULL,
  `Mid` double DEFAULT NULL,
  `Down` double DEFAULT NULL,
  `Type` double DEFAULT NULL,
  `IsActive` double DEFAULT NULL,
  `BranchId` double DEFAULT NULL,
  `CustomerId` double DEFAULT NULL,
  PRIMARY KEY (`Id`)
) ENGINE=InnoDB AUTO_INCREMENT=101 DEFAULT CHARSET=utf8mb4 COLLATE=utf8mb4_general_ci;

--
-- Dumping data for table `Session_Inchloss`
--

INSERT INTO `Session_Inchloss` VALUES (1,11615,20,42,45,41,1,1,61,23483),(2,11615,21,32,33,34,1,1,61,23483),(3,11616,20,102,100,101,1,1,55,23334),(4,11616,21,100,99,98,1,1,55,23334),(5,11617,20,128,130,129,1,1,55,23473),(6,11617,21,126,129,128,1,1,55,23473),(7,11618,20,110,122,115,4,1,55,23431),(8,11618,21,109,121,114,4,1,55,23431),(9,11619,20,77,87,94,1,1,54,1596),(10,11619,21,75,84,93,1,1,54,1596),(11,11620,20,90,99,103,1,1,54,13056),(12,11620,21,88,97,101,1,1,54,13056),(13,11621,20,103,113,119,1,1,54,13033),(14,11621,21,99,111,118,1,1,54,13033),(15,11622,20,107,111,113,1,1,54,12678),(16,11622,21,105,109,110,1,1,54,12678),(17,11623,20,100,111,118,1,1,54,23189),(18,11623,21,98,110,116,1,1,54,23189),(19,11624,20,93,100,113,1,1,54,1990),(20,11624,21,92,99,111,1,1,54,1990),(21,11625,20,96,98,111,1,1,54,1990),(22,11625,21,94,97,110,1,1,54,1990),(23,11628,20,112,114,115,1,1,56,23322),(24,11628,21,111,113,114,1,1,56,23322),(25,11629,20,98,102,101,1,1,56,23317),(26,11629,21,97,100,100,1,1,56,23317),(27,11630,20,154,155,156,1,1,56,23502),(28,11630,21,153,155,156,1,1,56,23502),(29,11632,20,130,149,155,1,1,53,23254),(30,11632,21,129,148,154,1,1,53,23254),(31,11633,20,90,94,100,1,1,54,2063),(32,11633,21,89,92,98,1,1,54,2063),(33,11634,20,93,96,100,1,1,54,2063),(34,11634,21,92,94,98,1,1,54,2063),(35,11635,20,108,117,110,4,1,55,13126),(36,11635,21,107,116,109,4,1,55,13126),(37,11636,20,37,35,31,2,1,55,12838),(38,11636,21,36,34,30,2,1,55,12838),(39,11637,20,98,98,97,1,1,57,23461),(40,11637,21,97,97,96,1,1,57,23461),(41,11638,20,96,96,97,1,1,57,23461),(42,11638,21,95,95,96,1,1,57,23461),(43,11639,20,108,108,106,1,1,57,23337),(44,11639,21,107,107,105,1,1,57,23337),(45,11640,20,107,107,105,1,1,57,23337),(46,11640,21,106,106,104,1,1,57,23337),(47,11641,20,105,105,103,1,1,57,23337),(48,11641,21,104,104,102,1,1,57,23337),(49,11642,20,104,104,103,1,1,57,23337),(50,11642,21,103,103,102,1,1,57,23337),(51,11643,20,103,103,102,1,1,57,23337),(52,11643,21,102,102,101,1,1,57,23337),(53,11644,20,119,120,119,1,1,57,1281),(54,11644,21,118,119,118,1,1,57,1281),(55,11645,20,92,111,112,1,1,54,1693),(56,11645,21,90,109,110,1,1,54,1693),(57,11646,20,84,88,91,1,1,54,12929),(58,11646,21,82,86,89,1,1,54,12929),(59,11647,20,70,77,83,1,1,54,1924),(60,11647,21,70,77,72,1,1,54,1924),(61,11648,20,70,71,81,1,1,54,1924),(62,11648,21,70,70,80,1,1,54,1924),(63,11650,20,96,103,104,1,1,53,12430),(64,11650,21,94,102,103,1,1,53,12430),(65,11651,20,90,100,102,1,1,53,23248),(66,11651,21,89,99,100,1,1,53,23248),(67,11652,20,38,37,35,2,1,54,1990),(68,11652,21,37,36,35,2,1,54,1990),(69,11652,20,39,38,35,7,1,54,1990),(70,11652,21,38,36,33,7,1,54,1990),(71,11653,20,98,100,105,1,1,54,1990),(72,11653,21,97,99,103,1,1,54,1990),(73,11654,20,85,90,88,1,1,53,1857),(74,11654,21,80,85,86,1,1,53,1857),(75,11655,20,128,130,131,1,1,53,2001),(76,11655,21,127,128,130,1,1,53,2001),(77,11656,20,62,63,64,1,1,57,13053),(78,11656,21,61,62,63,1,1,57,13053),(79,11657,20,35,33,32,2,1,54,1034),(80,11657,21,34,32,31,2,1,54,1034),(81,11657,20,34,34,33,7,1,54,1034),(82,11657,21,33,33,32,7,1,54,1034),(83,11658,20,108,108,107,1,1,57,12746),(84,11658,21,108,107,106,1,1,57,12746),(85,11659,20,123,126,130,1,1,53,12819),(86,11659,21,122,125,129,1,1,53,12819),(87,11660,20,108,106,106,1,1,57,12746),(88,11660,21,107,105,105,1,1,57,12746),(89,11661,20,98,103,107,1,1,54,1034),(90,11661,21,96,102,107,1,1,54,1034),(91,11662,20,106,106,105,1,1,57,12746),(92,11662,21,106,105,104,1,1,57,12746),(93,11663,20,106,107,105,1,1,57,12746),(94,11663,21,104,105,104,1,1,57,12746),(95,11664,20,120,123,129,1,1,53,12819),(96,11664,21,119,122,128,1,1,53,12819),(97,11665,20,103,105,104,1,1,57,12746),(98,11665,21,103,104,103,1,1,57,12746),(99,11666,20,103,104,104,1,1,57,12746),(100,11666,21,103,103,103,1,1,57,12746);

--
-- Table structure for table `Session_New`
--

CREATE TABLE `Session_New` (
  `Id` double NOT NULL AUTO_INCREMENT,
  `CategoryId` double DEFAULT NULL,
  `SessionDate` varchar(50) COLLATE utf8mb4_general_ci DEFAULT NULL,
  `PackageId` double DEFAULT NULL,
  `CustomerId` double DEFAULT NULL,
  `BranchId` double DEFAULT NULL,
  `CreatedBy` double DEFAULT NULL,
  `CreatedDate` varchar(50) COLLATE utf8mb4_general_ci DEFAULT NULL,
  `Remarks` text COLLATE utf8mb4_general_ci,
  `ModifiedBy` double DEFAULT NULL,
  `ModifiedDate` varchar(50) COLLATE utf8mb4_general_ci DEFAULT NULL,
  `IsActive` double DEFAULT NULL,
  `ServiceSessionNo` double DEFAULT NULL,
  `TotalSessionNo` double DEFAULT NULL,
  `FeedBackStatus` double DEFAULT NULL,
  `Referenceid` varchar(50) COLLATE utf8mb4_general_ci DEFAULT NULL,
  `InTime` varchar(20) COLLATE utf8mb4_general_ci DEFAULT NULL,
  `OutTime` varchar(20) COLLATE utf8mb4_general_ci DEFAULT NULL,
  `Used1` varchar(10) COLLATE utf8mb4_general_ci DEFAULT NULL,
  `Used2` varchar(10) COLLATE utf8mb4_general_ci DEFAULT NULL,
  PRIMARY KEY (`Id`)
) ENGINE=InnoDB AUTO_INCREMENT=104 DEFAULT CHARSET=utf8mb4 COLLATE=utf8mb4_general_ci;

--
-- Dumping data for table `Session_New`
--

INSERT INTO `Session_New` VALUES (2,1,'2015-08-14 00:00:00',1394,470,54,89,'2015-08-14 16:22:18','nill',89,'2015-08-14 16:22:18',1,1,1,0,'','','','',''),(5,1,'2015-10-09 00:00:00',1725,788,54,89,'2015-10-09 13:27:31','',89,'2015-10-09 13:27:31',1,1,1,0,'','','','',''),(6,1,'2015-10-09 00:00:00',1725,788,54,89,'2015-10-09 13:33:10','',89,'2015-10-09 13:33:10',1,1,2,0,'','','','',''),(7,1,'2015-10-13 00:00:00',1725,788,54,89,'2015-10-13 11:55:05','diet given',89,'2015-10-13 11:55:05',1,2,3,0,'','','','',''),(8,1,'2016-01-27 00:00:00',3357,2058,54,97,'2016-02-04 13:49:26','500GM REDUCED',97,'2016-02-04 13:49:26',1,1,1,0,'','','','',''),(9,1,'2016-02-08 00:00:00',13664,12282,54,97,'2016-02-08 15:34:09','LOST 1 KG WT',97,'2016-02-08 15:34:09',1,1,1,0,'','','','',''),(10,1,'2016-02-09 00:00:00',13627,12252,51,91,'2016-02-09 17:54:51','',91,'2016-02-09 17:54:51',1,1,1,0,'','','','',''),(11,1,'2016-02-09 00:00:00',13627,12252,51,91,'2016-02-09 17:56:28','',91,'2016-02-09 17:56:28',1,2,2,0,'','','','',''),(12,1,'2016-02-09 00:00:00',13699,12312,54,89,'2016-02-09 18:00:56','',89,'2016-02-09 18:00:56',1,1,1,0,'','','','',''),(13,1,'2016-02-11 00:00:00',2612,1502,55,90,'2016-02-11 14:42:48','lose 500gms',90,'2016-02-11 14:42:48',1,1,1,0,'','','','',''),(14,1,'2016-02-10 00:00:00',13652,12267,55,90,'2016-02-11 14:50:06','lose 500gms',90,'2016-02-11 14:50:06',1,1,1,0,'','','','',''),(15,1,'2016-02-11 00:00:00',3404,2087,51,91,'2016-02-11 16:46:28','',91,'2016-02-11 16:46:28',1,1,1,0,'','','','',''),(16,1,'2016-02-12 00:00:00',13584,12217,55,90,'2016-02-12 10:29:54','1200GMS',90,'2016-02-12 10:29:54',1,1,1,0,'','','','',''),(17,1,'2016-02-01 00:00:00',13533,12182,51,91,'2016-02-15 15:51:00','800gms wt loss',91,'2016-02-15 15:51:00',1,1,1,0,'','','','',''),(18,1,'2016-02-04 00:00:00',13533,12182,51,91,'2016-02-15 15:51:50','600gms',91,'2016-02-15 15:51:50',1,2,2,0,'','','','',''),(19,1,'2016-02-07 00:00:00',13676,12293,54,97,'2016-02-15 17:00:21','LOST 1 KG',97,'2016-02-15 17:00:21',1,1,1,0,'','','','',''),(20,1,'2016-02-10 00:00:00',13676,12293,54,97,'2016-02-15 17:12:57','LOST 900 GMS',97,'2016-02-15 17:12:57',1,2,2,0,'','','','',''),(21,1,'2016-02-17 00:00:00',13866,12415,54,97,'2016-02-17 14:39:36','',97,'2016-02-17 14:39:36',1,1,1,0,'','','','',''),(22,1,'2016-02-17 00:00:00',13866,12415,54,97,'2016-02-17 14:39:59','',97,'2016-02-17 14:39:59',1,2,2,0,'','','','',''),(23,1,'2016-02-17 00:00:00',13866,12415,54,97,'2016-02-17 14:40:19','',97,'2016-02-17 14:40:19',1,3,3,0,'','','','',''),(24,1,'2016-02-17 00:00:00',13866,12415,54,97,'2016-02-17 14:40:36','',97,'2016-02-17 14:40:36',1,4,4,0,'','','','',''),(25,1,'2016-02-17 00:00:00',13866,12415,54,97,'2016-02-17 14:41:46','',97,'2016-02-17 14:41:46',1,5,5,0,'','','','',''),(26,1,'2016-02-17 00:00:00',13866,12415,54,97,'2016-02-17 14:42:07','',97,'2016-02-17 14:42:07',1,6,6,0,'','','','',''),(27,1,'2016-02-17 00:00:00',13866,12415,54,97,'2016-02-17 14:42:22','',97,'2016-02-17 14:42:22',1,7,7,0,'','','','',''),(28,1,'2016-02-17 00:00:00',13866,12415,54,97,'2016-02-17 14:42:38','',97,'2016-02-17 14:42:38',1,8,8,0,'','','','',''),(29,1,'2016-02-17 00:00:00',13866,12415,54,97,'2016-02-17 14:44:33','',97,'2016-02-17 14:44:33',1,9,9,0,'','','','',''),(30,1,'2016-02-17 00:00:00',13866,12415,54,97,'2016-02-17 15:13:23','',97,'2016-02-17 15:13:23',1,10,10,0,'','','','',''),(31,1,'2016-02-17 00:00:00',13869,12415,54,97,'2016-02-17 15:14:49','',97,'2016-02-17 15:14:49',1,1,1,0,'','','','',''),(32,1,'2016-02-17 00:00:00',13869,12415,54,97,'2016-02-17 15:15:30','',97,'2016-02-17 15:15:30',1,2,2,0,'','','','',''),(33,1,'2016-02-17 00:00:00',13869,12415,54,97,'2016-02-17 15:15:44','',97,'2016-02-17 15:15:44',1,3,3,0,'','','','',''),(34,1,'2016-02-17 00:00:00',13869,12415,54,97,'2016-02-17 15:15:58','',97,'2016-02-17 15:15:58',1,4,4,0,'','','','',''),(35,1,'2016-02-17 00:00:00',13869,12415,54,97,'2016-02-17 15:16:22','',97,'2016-02-17 15:16:22',1,5,5,0,'','','','',''),(36,1,'2016-02-17 00:00:00',13869,12415,54,97,'2016-02-17 15:16:35','',97,'2016-02-17 15:16:35',1,6,6,0,'','','','',''),(37,1,'2016-02-17 00:00:00',13869,12415,54,97,'2016-02-17 15:16:49','',97,'2016-02-17 15:16:49',1,7,7,0,'','','','',''),(38,1,'2016-02-17 00:00:00',13869,12415,54,97,'2016-02-17 15:17:03','',97,'2016-02-17 15:17:03',1,8,8,0,'','','','',''),(39,1,'2016-02-17 00:00:00',13875,12415,54,97,'2016-02-17 16:52:33','',97,'2016-02-17 16:52:33',1,1,1,0,'','','','',''),(40,1,'2016-02-17 00:00:00',13875,12415,54,97,'2016-02-17 16:53:21','',97,'2016-02-17 16:53:21',1,2,2,0,'','','','',''),(41,1,'2016-02-17 00:00:00',13875,12415,54,97,'2016-02-17 16:53:58','',97,'2016-02-17 16:53:58',1,3,3,0,'','','','',''),(42,1,'2016-02-17 00:00:00',13865,12431,54,89,'2016-02-17 17:42:23','',89,'2016-02-17 17:42:23',1,1,1,0,'','','','',''),(43,1,'2016-02-17 00:00:00',2855,1692,54,89,'2016-02-17 19:14:01','',89,'2016-02-17 19:14:01',1,1,1,0,'','','','',''),(44,1,'2016-02-17 00:00:00',13652,12267,55,90,'2016-02-17 19:21:56','',90,'2016-02-17 19:21:56',1,2,2,0,'','','','',''),(45,1,'2016-02-18 00:00:00',3218,1961,56,85,'2016-02-18 14:08:42','',85,'2016-02-18 14:08:42',1,1,1,0,'','','','',''),(46,1,'2016-02-18 00:00:00',3218,1961,56,85,'2016-02-18 14:10:12','',85,'2016-02-18 14:10:12',1,2,2,0,'','','','',''),(47,1,'2016-02-17 00:00:00',1890,927,54,89,'2016-02-19 15:54:17','',89,'2016-02-19 15:54:17',1,1,1,0,'','','','',''),(48,1,'2015-11-02 00:00:00',1890,927,54,89,'2016-02-19 15:59:08','',89,'2016-02-19 15:59:08',1,2,2,0,'','','','',''),(49,1,'2015-11-18 00:00:00',1890,927,54,89,'2016-02-19 15:59:59','',89,'2016-02-19 15:59:59',1,3,3,0,'','','','',''),(50,1,'2015-11-22 00:00:00',1890,927,54,89,'2016-02-19 16:00:47','',89,'2016-02-19 16:00:47',1,4,4,0,'','','','',''),(51,1,'2015-11-27 00:00:00',1890,927,54,89,'2016-02-19 16:04:55','',89,'2016-02-19 16:04:55',1,5,5,0,'','','','',''),(52,1,'2015-12-01 00:00:00',1890,927,54,89,'2016-02-19 16:05:56','',89,'2016-02-19 16:05:56',1,6,6,0,'','','','',''),(53,1,'2015-12-16 00:00:00',1890,927,54,89,'2016-02-19 16:06:58','',89,'2016-02-19 16:06:58',1,7,7,0,'','','','',''),(54,1,'2016-02-04 00:00:00',1890,927,54,89,'2016-02-19 16:07:45','',89,'2016-02-19 16:07:45',1,8,8,0,'','','','',''),(55,1,'2015-11-16 00:00:00',2031,1027,54,89,'2016-02-19 16:22:00','',89,'2016-02-19 16:22:00',1,1,1,0,'','','','',''),(56,1,'2015-11-22 00:00:00',2031,1027,54,89,'2016-02-19 16:22:59','',89,'2016-02-19 16:22:59',1,2,2,0,'','','','',''),(57,1,'2015-12-05 00:00:00',2031,1027,54,89,'2016-02-19 16:24:18','',89,'2016-02-19 16:24:18',1,3,3,0,'','','','',''),(58,1,'2015-12-11 00:00:00',2031,1027,54,89,'2016-02-19 16:25:14','',89,'2016-02-19 16:25:14',1,4,4,0,'','','','',''),(59,1,'2015-12-17 00:00:00',2031,1027,54,89,'2016-02-19 16:29:17','',89,'2016-02-19 16:29:17',1,5,5,0,'','','','',''),(60,1,'2015-12-31 00:00:00',2031,1027,54,89,'2016-02-19 16:30:04','',89,'2016-02-19 16:30:04',1,6,6,0,'','','','',''),(61,1,'2016-01-07 00:00:00',2031,1027,54,89,'2016-02-19 16:30:46','',89,'2016-02-19 16:30:46',1,7,7,0,'','','','',''),(62,1,'2016-01-19 00:00:00',2031,1027,54,89,'2016-02-19 16:31:49','',89,'2016-02-19 16:31:49',1,8,8,0,'','','','',''),(63,1,'2016-02-19 00:00:00',2031,1027,54,89,'2016-02-19 16:35:51','',89,'2016-02-19 16:35:51',1,9,9,0,'','','','',''),(64,1,'2015-12-13 00:00:00',2518,1422,54,97,'2016-02-19 17:28:51','',97,'2016-02-19 17:28:51',1,1,1,0,'','','','',''),(65,1,'2015-12-16 00:00:00',2518,1422,54,97,'2016-02-19 17:29:24','',97,'2016-02-19 17:29:24',1,2,2,0,'','','','',''),(66,1,'2015-12-24 00:00:00',2518,1422,54,97,'2016-02-19 17:30:10','',97,'2016-02-19 17:30:10',1,3,3,0,'','','','',''),(67,1,'2016-01-18 00:00:00',2518,1422,54,97,'2016-02-19 17:30:52','',97,'2016-02-19 17:30:52',1,4,4,0,'','','','',''),(68,1,'2016-01-31 00:00:00',3006,1807,54,97,'2016-02-19 17:43:26','',97,'2016-02-19 17:43:26',1,1,1,0,'','','','',''),(69,1,'2016-02-12 00:00:00',3006,1807,54,97,'2016-02-19 17:44:00','',97,'2016-02-19 17:44:00',1,2,2,0,'','','','',''),(70,1,'2016-01-24 00:00:00',3087,1870,54,97,'2016-02-19 17:50:36','',97,'2016-02-19 17:50:36',1,1,1,0,'','','','',''),(71,1,'2016-02-01 00:00:00',3087,1870,54,97,'2016-02-19 17:51:04','',97,'2016-02-19 17:51:04',1,2,2,0,'','','','',''),(72,1,'2016-02-12 00:00:00',3087,1870,54,97,'2016-02-19 17:51:42','',97,'2016-02-19 17:51:42',1,3,3,0,'','','','',''),(73,1,'2016-02-18 00:00:00',13865,12431,54,97,'2016-02-19 17:55:30','',97,'2016-02-19 17:55:30',1,2,2,0,'','','','',''),(74,1,'2016-01-16 00:00:00',3164,1924,54,97,'2016-02-19 18:11:06','',97,'2016-02-19 18:11:06',1,1,1,0,'','','','',''),(75,1,'2016-01-22 00:00:00',3164,1924,54,97,'2016-02-19 18:11:53','',97,'2016-02-19 18:11:53',1,2,2,0,'','','','',''),(76,1,'2016-02-10 00:00:00',3164,1924,54,97,'2016-02-19 18:12:29','',97,'2016-02-19 18:12:29',1,3,3,0,'','','','',''),(77,1,'2016-02-06 00:00:00',13656,1924,54,97,'2016-02-19 18:15:30','',97,'2016-02-19 18:15:30',1,1,1,0,'','','','',''),(78,1,'2016-02-13 00:00:00',13656,1924,54,97,'2016-02-19 18:16:20','',97,'2016-02-19 18:16:20',1,2,2,0,'','','','',''),(79,1,'2015-12-15 00:00:00',1952,967,54,97,'2016-02-19 18:25:36','',97,'2016-02-19 18:25:36',1,1,1,0,'','','','',''),(80,1,'2016-02-17 00:00:00',1952,967,54,97,'2016-02-19 18:26:13','',97,'2016-02-19 18:26:13',1,2,2,0,'','','','',''),(81,1,'2015-12-31 00:00:00',1952,967,54,97,'2016-02-19 18:26:46','',97,'2016-02-19 18:26:46',1,3,3,0,'','','','',''),(82,1,'2015-09-18 00:00:00',1561,643,54,97,'2016-02-19 18:34:03','',97,'2016-02-19 18:34:03',1,1,1,0,'','','','',''),(83,1,'2015-09-24 00:00:00',1561,643,54,97,'2016-02-19 18:34:54','',97,'2016-02-19 18:34:54',1,2,2,0,'','','','',''),(84,1,'2015-10-13 00:00:00',1561,643,54,97,'2016-02-19 18:35:38','',97,'2016-02-19 18:35:38',1,3,3,0,'','','','',''),(85,1,'2015-10-27 00:00:00',1561,643,54,97,'2016-02-19 18:36:10','',97,'2016-02-19 18:36:10',1,4,4,0,'','','','',''),(86,1,'2015-11-14 00:00:00',1561,643,54,97,'2016-02-19 18:37:54','',97,'2016-02-19 18:37:54',1,5,5,0,'','','','',''),(87,1,'2015-12-04 00:00:00',1561,643,54,97,'2016-02-19 18:38:22','',97,'2016-02-19 18:38:22',1,6,6,0,'','','','',''),(88,1,'2015-12-12 00:00:00',1561,643,54,97,'2016-02-19 18:39:01','',97,'2016-02-19 18:39:01',1,7,7,0,'','','','',''),(89,1,'2015-12-26 00:00:00',1561,643,54,97,'2016-02-19 18:39:36','',97,'2016-02-19 18:39:36',1,8,8,0,'','','','',''),(90,1,'2016-02-21 00:00:00',3526,2178,54,97,'2016-02-21 15:46:47','',97,'2016-02-21 15:46:47',1,1,1,0,'','','','',''),(91,1,'2016-01-22 00:00:00',2856,1693,54,97,'2016-02-21 15:55:07','',97,'2016-02-21 15:55:07',1,1,1,0,'','','','',''),(92,1,'2016-02-07 00:00:00',2856,1693,54,97,'2016-02-21 15:55:44','',97,'2016-02-21 15:55:44',1,2,2,0,'','','','',''),(93,1,'2015-12-12 00:00:00',2494,1401,54,97,'2016-02-21 16:04:25','',97,'2016-02-21 16:04:25',1,1,1,0,'','','','',''),(94,1,'2015-12-24 00:00:00',2494,1401,54,97,'2016-02-21 16:05:19','',97,'2016-02-21 16:05:19',1,2,2,0,'','','','',''),(95,1,'2016-01-12 00:00:00',2494,1401,54,97,'2016-02-21 16:06:25','',97,'2016-02-21 16:06:25',1,3,3,0,'','','','',''),(96,1,'2016-02-07 00:00:00',2494,1401,54,97,'2016-02-21 16:07:28','',97,'2016-02-21 16:07:28',1,4,4,0,'','','','',''),(97,1,'2015-12-29 00:00:00',2731,1596,54,97,'2016-02-21 16:13:33','',97,'2016-02-21 16:13:33',1,1,1,0,'','','','',''),(98,1,'2016-01-28 00:00:00',2731,1596,54,97,'2016-02-21 16:14:12','',97,'2016-02-21 16:14:12',1,2,2,0,'','','','',''),(99,1,'2016-02-19 00:00:00',2731,1596,54,97,'2016-02-21 16:14:49','',97,'2016-02-21 16:14:49',1,3,3,0,'','','','',''),(100,1,'2016-02-15 00:00:00',3529,2097,54,97,'2016-02-21 16:21:35','',97,'2016-02-21 16:21:35',1,1,1,0,'','','','',''),(101,1,'2015-10-31 00:00:00',1827,869,54,97,'2016-02-22 18:47:54','',97,'2016-02-22 18:47:54',1,1,1,0,'','','','',''),(102,1,'2015-11-08 00:00:00',1827,869,54,97,'2016-02-22 18:48:43','',97,'2016-02-22 18:48:43',1,2,2,0,'','','','',''),(103,1,'2015-11-17 00:00:00',1827,869,54,97,'2016-02-22 18:49:37','',97,'2016-02-22 18:49:37',1,3,3,0,'','','','','');

--
-- Table structure for table `Sessions`
--

CREATE TABLE `Sessions` (
  `Id` double NOT NULL AUTO_INCREMENT,
  `Category` varchar(10) COLLATE utf8mb4_general_ci DEFAULT NULL,
  `PackageNo` varchar(10) COLLATE utf8mb4_general_ci DEFAULT NULL,
  `BranchId` varchar(10) COLLATE utf8mb4_general_ci DEFAULT NULL,
  `CustomerId` varchar(10) COLLATE utf8mb4_general_ci DEFAULT NULL,
  `ServiceId` varchar(10) COLLATE utf8mb4_general_ci DEFAULT NULL,
  `ServicedBy` varchar(10) COLLATE utf8mb4_general_ci DEFAULT NULL,
  `Diet_Doct` varchar(10) COLLATE utf8mb4_general_ci DEFAULT NULL,
  `AsstDoctor` varchar(10) COLLATE utf8mb4_general_ci DEFAULT NULL,
  `BeforeWT` varchar(10) COLLATE utf8mb4_general_ci DEFAULT NULL,
  `AfterWT` varchar(10) COLLATE utf8mb4_general_ci DEFAULT NULL,
  `SessionDate` varchar(10) COLLATE utf8mb4_general_ci DEFAULT NULL,
  `IsActive` varchar(10) COLLATE utf8mb4_general_ci DEFAULT NULL,
  `CreatedDate` varchar(50) COLLATE utf8mb4_general_ci DEFAULT NULL,
  `CreatedBy` varchar(10) COLLATE utf8mb4_general_ci DEFAULT NULL,
  `ModifiedDate` varchar(50) COLLATE utf8mb4_general_ci DEFAULT NULL,
  `ModifiedBy` varchar(10) COLLATE utf8mb4_general_ci DEFAULT NULL,
  `IpAddress` varchar(20) COLLATE utf8mb4_general_ci DEFAULT NULL,
  `Remarks` varchar(10) COLLATE utf8mb4_general_ci DEFAULT NULL,
  `SessionNo` varchar(10) COLLATE utf8mb4_general_ci DEFAULT NULL,
  PRIMARY KEY (`Id`)
) ENGINE=InnoDB DEFAULT CHARSET=utf8mb4 COLLATE=utf8mb4_general_ci;

--
-- Dumping data for table `Sessions`
--


--
-- Table structure for table `Setting`
--

CREATE TABLE `Setting` (
  `Id` double NOT NULL AUTO_INCREMENT,
  `CompanyName` varchar(100) COLLATE utf8mb4_general_ci DEFAULT NULL,
  `Code` varchar(50) COLLATE utf8mb4_general_ci DEFAULT NULL,
  `CompanyAddress` varchar(100) COLLATE utf8mb4_general_ci DEFAULT NULL,
  `RegistrationKey` double DEFAULT NULL,
  `IsActive` double DEFAULT NULL,
  `Logo` varchar(255) COLLATE utf8mb4_general_ci DEFAULT NULL,
  `RegistrationDate` varchar(50) COLLATE utf8mb4_general_ci DEFAULT NULL,
  PRIMARY KEY (`Id`)
) ENGINE=InnoDB AUTO_INCREMENT=3 DEFAULT CHARSET=utf8mb4 COLLATE=utf8mb4_general_ci;

--
-- Dumping data for table `Setting`
--

INSERT INTO `Setting` VALUES (2,'Labelle','LBL','Secunderabad - 5000293',123,1,'../assets/img/logo.png','');

--
-- Table structure for table `ShareIncentive`
--

CREATE TABLE `ShareIncentive` (
  `Id` double NOT NULL AUTO_INCREMENT,
  `BillNo` double DEFAULT NULL,
  `BranchId` double DEFAULT NULL,
  `IncentiveEmpId` double DEFAULT NULL,
  `SharePercentage` double DEFAULT NULL,
  `IncentiveType` varchar(100) COLLATE utf8mb4_general_ci DEFAULT NULL,
  `IsActive` double DEFAULT NULL,
  `CreatedBy` double DEFAULT NULL,
  `CreatedDate` varchar(50) COLLATE utf8mb4_general_ci DEFAULT NULL,
  `ModifiedBy` double DEFAULT NULL,
  `ModifiedDate` varchar(50) COLLATE utf8mb4_general_ci DEFAULT NULL,
  PRIMARY KEY (`Id`)
) ENGINE=InnoDB AUTO_INCREMENT=122 DEFAULT CHARSET=utf8mb4 COLLATE=utf8mb4_general_ci;

--
-- Dumping data for table `ShareIncentive`
--

INSERT INTO `ShareIncentive` VALUES (2,1394,54,112,100,'Consultant',1,89,'2015-08-14 16:13:30',89,'2015-08-14 16:13:30'),(3,1395,54,112,100,'Consultant',1,89,'2015-08-14 17:36:59',89,'2015-08-14 17:36:59'),(5,1397,55,122,100,'Consultant',1,90,'2015-08-20 12:14:56',90,'2015-08-20 12:14:56'),(6,1398,55,165,100,'Consultant',1,90,'2015-08-20 12:55:28',90,'2015-08-20 12:55:28'),(7,1399,55,122,100,'Consultant',1,90,'2015-08-20 13:25:35',90,'2015-08-20 13:25:35'),(9,1401,54,112,100,'Consultant',1,89,'2015-08-21 12:45:06',89,'2015-08-21 12:45:06'),(10,1402,54,112,100,'Consultant',1,89,'2015-08-21 15:49:03',89,'2015-08-21 15:49:03'),(11,1403,54,112,100,'Consultant',1,89,'2015-08-21 18:57:18',89,'2015-08-21 18:57:18'),(12,1404,54,112,100,'Consultant',1,89,'2015-08-21 19:04:50',89,'2015-08-21 19:04:50'),(13,1405,54,112,100,'Consultant',1,89,'2015-08-21 19:49:42',89,'2015-08-21 19:49:42'),(14,1406,54,112,100,'Consultant',1,89,'2015-08-21 20:16:58',89,'2015-08-21 20:16:58'),(15,1407,54,116,100,'Consultant',1,89,'2015-08-22 13:56:23',89,'2015-08-22 13:56:23'),(16,1408,54,116,100,'Consultant',1,89,'2015-08-22 14:06:59',89,'2015-08-22 14:06:59'),(17,1409,54,112,100,'Consultant',1,89,'2015-08-22 14:53:51',89,'2015-08-22 14:53:51'),(21,1413,56,111,100,'Consultant',1,85,'2015-08-22 19:31:41',85,'2015-08-22 19:31:41'),(22,1414,54,112,100,'Consultant',1,89,'2015-08-22 19:39:12',89,'2015-08-22 19:39:12'),(23,1415,54,116,100,'Consultant',1,89,'2015-08-23 13:15:43',89,'2015-08-23 13:15:43'),(24,1416,54,116,100,'Consultant',1,89,'2015-08-23 14:11:02',89,'2015-08-23 14:11:02'),(25,1417,54,116,100,'Consultant',1,89,'2015-08-24 11:38:40',89,'2015-08-24 11:38:40'),(26,1418,54,112,100,'Consultant',1,89,'2015-08-24 12:36:23',89,'2015-08-24 12:36:23'),(27,1419,54,116,100,'Consultant',1,89,'2015-08-24 13:54:22',89,'2015-08-24 13:54:22'),(28,1420,54,116,100,'Consultant',1,89,'2015-08-24 18:12:26',89,'2015-08-24 18:12:26'),(30,1422,54,112,100,'Consultant',1,89,'2015-08-26 16:15:07',89,'2015-08-26 16:15:07'),(31,1423,54,112,100,'Consultant',1,89,'2015-08-26 16:24:29',89,'2015-08-26 16:24:29'),(32,1424,57,143,100,'Consultant',1,84,'2015-08-26 18:06:56',84,'2015-08-26 18:06:56'),(33,1425,59,115,100,'Consultant',1,92,'2015-08-26 19:34:37',92,'2015-08-26 19:34:37'),(34,1426,59,115,100,'Consultant',1,92,'2015-08-26 21:17:34',92,'2015-08-26 21:17:34'),(35,1427,59,115,100,'Consultant',1,92,'2015-08-26 21:47:10',92,'2015-08-26 21:47:10'),(37,1429,57,263,50,'Consultant',1,84,'2015-08-27 12:19:14',84,'2015-08-27 12:19:14'),(38,1429,57,263,50,'Shared',1,84,'2015-08-27 12:19:14',84,'2015-08-27 12:19:14'),(39,1430,59,153,100,'Consultant',1,92,'2015-08-27 12:25:29',92,'2015-08-27 12:25:29'),(40,1431,59,252,100,'Consultant',1,92,'2015-08-27 12:31:35',92,'2015-08-27 12:31:35'),(41,1432,57,263,50,'Consultant',1,84,'2015-08-27 12:53:27',84,'2015-08-27 12:53:27'),(42,1432,57,263,50,'Shared',1,84,'2015-08-27 12:53:27',84,'2015-08-27 12:53:27'),(43,1433,57,143,50,'Consultant',1,84,'2015-08-27 13:05:30',84,'2015-08-27 13:05:30'),(44,1433,57,143,50,'Shared',1,84,'2015-08-27 13:05:30',84,'2015-08-27 13:05:30'),(45,1434,59,115,100,'Consultant',1,92,'2015-08-27 14:27:55',92,'2015-08-27 14:27:55'),(46,1435,59,153,100,'Consultant',1,92,'2015-08-27 17:27:37',92,'2015-08-27 17:27:37'),(47,1436,59,115,100,'Consultant',1,92,'2015-08-27 19:07:35',92,'2015-08-27 19:07:35'),(48,1437,54,116,100,'Consultant',1,89,'2015-08-27 19:47:22',89,'2015-08-27 19:47:22'),(49,1438,59,115,100,'Consultant',1,92,'2015-08-28 17:31:46',92,'2015-08-28 17:31:46'),(50,1439,54,112,100,'Consultant',1,89,'2015-08-28 17:53:22',89,'2015-08-28 17:53:22'),(51,1440,59,115,100,'Consultant',1,92,'2015-08-28 20:19:39',92,'2015-08-28 20:19:39'),(52,1441,54,310,100,'Consultant',1,89,'2015-08-29 12:38:42',89,'2015-08-29 12:38:42'),(53,1442,59,153,100,'Consultant',1,92,'2015-08-29 15:18:30',92,'2015-08-29 15:18:30'),(54,1443,59,153,100,'Consultant',1,92,'2015-08-29 16:14:33',92,'2015-08-29 16:14:33'),(55,1444,54,118,100,'Consultant',1,89,'2015-08-29 16:28:23',89,'2015-08-29 16:28:23'),(56,1445,59,153,100,'Consultant',1,92,'2015-08-29 20:54:01',92,'2015-08-29 20:54:01'),(57,1446,59,153,100,'Consultant',1,92,'2015-08-29 21:32:57',92,'2015-08-29 21:32:57'),(58,1447,54,116,100,'Consultant',1,89,'2015-08-30 10:17:15',89,'2015-08-30 10:17:15'),(59,1448,54,119,100,'Consultant',1,89,'2015-08-30 10:24:28',89,'2015-08-30 10:24:28'),(60,1449,59,246,100,'Consultant',1,92,'2015-08-30 11:11:52',92,'2015-08-30 11:11:52'),(61,1450,59,153,100,'Consultant',1,92,'2015-08-30 14:00:46',92,'2015-08-30 14:00:46'),(62,1451,59,153,100,'Consultant',1,92,'2015-08-30 17:31:06',92,'2015-08-30 17:31:06'),(63,1452,59,153,100,'Consultant',1,92,'2015-08-30 18:54:43',92,'2015-08-30 18:54:43'),(64,1453,59,231,100,'Consultant',1,92,'2015-08-30 18:59:19',92,'2015-08-30 18:59:19'),(65,1454,54,112,100,'Consultant',1,89,'2015-08-30 19:15:29',89,'2015-08-30 19:15:29'),(67,1456,59,231,100,'Consultant',1,92,'2015-08-30 20:14:26',92,'2015-08-30 20:14:26'),(68,1457,59,252,100,'Consultant',1,92,'2015-08-30 20:45:14',92,'2015-08-30 20:45:14'),(69,1458,59,115,100,'Consultant',1,92,'2015-08-30 20:59:48',92,'2015-08-30 20:59:48'),(70,1459,59,153,100,'Consultant',1,92,'2015-08-30 21:14:43',92,'2015-08-30 21:14:43'),(71,1460,59,115,100,'Consultant',1,92,'2015-08-31 11:28:45',92,'2015-08-31 11:28:45'),(72,1461,59,153,100,'Consultant',1,92,'2015-08-31 13:04:58',92,'2015-08-31 13:04:58'),(73,1462,59,251,100,'Consultant',1,92,'2015-08-31 14:04:42',92,'2015-08-31 14:04:42'),(74,1463,59,153,100,'Consultant',1,92,'2015-08-31 15:23:20',92,'2015-08-31 15:23:20'),(76,1465,54,112,100,'Consultant',1,89,'2015-08-31 19:02:24',89,'2015-08-31 19:02:24'),(77,1466,59,115,100,'Consultant',1,92,'2015-08-31 20:28:46',92,'2015-08-31 20:28:46'),(78,1467,59,115,100,'Consultant',1,92,'2015-08-31 20:34:45',92,'2015-08-31 20:34:45'),(79,1468,59,153,100,'Consultant',1,92,'2015-08-31 21:00:47',92,'2015-08-31 21:00:47'),(80,1469,59,231,100,'Consultant',1,92,'2015-08-31 21:10:25',92,'2015-08-31 21:10:25'),(81,1470,59,115,100,'Consultant',1,92,'2015-08-31 21:43:06',92,'2015-08-31 21:43:06'),(82,1471,59,153,100,'Consultant',1,92,'2015-08-31 21:48:20',92,'2015-08-31 21:48:20'),(83,1472,59,153,100,'Consultant',1,92,'2015-08-31 21:57:22',92,'2015-08-31 21:57:22'),(85,1474,57,265,50,'Consultant',1,84,'2015-09-01 13:18:52',84,'2015-09-01 13:18:52'),(86,1474,57,265,50,'Shared',1,84,'2015-09-01 13:18:52',84,'2015-09-01 13:18:52'),(91,1477,59,153,100,'Consultant',1,92,'2015-09-01 15:38:57',92,'2015-09-01 15:38:57'),(95,1480,57,110,50,'Consultant',1,84,'2015-09-01 19:15:23',84,'2015-09-01 19:15:23'),(96,1480,57,110,50,'Shared',1,84,'2015-09-01 19:15:23',84,'2015-09-01 19:15:23'),(97,1481,59,153,100,'Consultant',1,92,'2015-09-01 19:33:50',92,'2015-09-01 19:33:50'),(98,1482,59,153,100,'Consultant',1,92,'2015-09-01 19:40:11',92,'2015-09-01 19:40:11'),(100,1484,54,119,100,'Consultant',1,89,'2015-09-02 10:10:34',89,'2015-09-02 10:10:34'),(101,1485,59,153,100,'Consultant',1,92,'2015-09-02 15:54:47',92,'2015-09-02 15:54:47'),(102,1486,59,153,100,'Consultant',1,92,'2015-09-02 18:39:22',92,'2015-09-02 18:39:22'),(103,1487,59,153,100,'Consultant',1,92,'2015-09-03 13:47:11',92,'2015-09-03 13:47:11'),(104,1488,59,153,100,'Consultant',1,92,'2015-09-03 14:26:16',92,'2015-09-03 14:26:16'),(105,1489,54,226,100,'Consultant',1,89,'2015-09-03 15:01:07',89,'2015-09-03 15:01:07'),(106,1490,54,116,100,'Consultant',1,89,'2015-09-03 15:27:22',89,'2015-09-03 15:27:22'),(109,1493,54,112,100,'Consultant',1,89,'2015-09-03 15:50:24',89,'2015-09-03 15:50:24'),(110,1494,57,110,50,'Consultant',1,84,'2015-09-03 17:08:28',84,'2015-09-03 17:08:28'),(111,1494,57,110,50,'Shared',1,84,'2015-09-03 17:08:28',84,'2015-09-03 17:08:28'),(112,1495,57,263,50,'Consultant',1,84,'2015-09-03 18:43:44',84,'2015-09-03 18:43:44'),(113,1495,57,263,50,'Shared',1,84,'2015-09-03 18:43:44',84,'2015-09-03 18:43:44'),(114,1496,59,231,100,'Consultant',1,92,'2015-09-03 20:01:57',92,'2015-09-03 20:01:57'),(115,1497,59,231,100,'Consultant',1,92,'2015-09-03 20:34:41',92,'2015-09-03 20:34:41'),(116,1498,59,115,100,'Consultant',1,92,'2015-09-03 20:44:35',92,'2015-09-03 20:44:35'),(117,1499,59,153,100,'Consultant',1,92,'2015-09-03 20:53:39',92,'2015-09-03 20:53:39'),(118,1500,59,115,100,'Consultant',1,92,'2015-09-03 21:02:19',92,'2015-09-03 21:02:19'),(119,1501,59,153,100,'Consultant',1,92,'2015-09-03 21:08:31',92,'2015-09-03 21:08:31'),(120,1502,57,110,50,'Consultant',1,84,'2015-09-04 13:20:45',84,'2015-09-04 13:20:45'),(121,1502,57,110,50,'Shared',1,84,'2015-09-04 13:20:45',84,'2015-09-04 13:20:45');

--
-- Table structure for table `SmsIntegration`
--

CREATE TABLE `SmsIntegration` (
  `Id` double NOT NULL AUTO_INCREMENT,
  `SmsType` varchar(255) COLLATE utf8mb4_general_ci DEFAULT NULL,
  `IsSendSms` double DEFAULT NULL,
  `IsActive` double DEFAULT NULL,
  `Type` varchar(20) COLLATE utf8mb4_general_ci DEFAULT NULL,
  PRIMARY KEY (`Id`)
) ENGINE=InnoDB AUTO_INCREMENT=6 DEFAULT CHARSET=utf8mb4 COLLATE=utf8mb4_general_ci;

--
-- Dumping data for table `SmsIntegration`
--

INSERT INTO `SmsIntegration` VALUES (1,'New Client Registration',0,1,'Sms'),(2,'Appointment',1,1,'Sms'),(3,'Feedback',0,1,'Sms'),(4,'Sales(SMS)',0,0,'Sms'),(5,'sales(MAIL)',0,0,'Mail');

--
-- Table structure for table `State`
--

CREATE TABLE `State` (
  `Id` double NOT NULL AUTO_INCREMENT,
  `CountryId` double DEFAULT NULL,
  `StateName` varchar(255) COLLATE utf8mb4_general_ci DEFAULT NULL,
  `Status` double DEFAULT NULL,
  `CreatedBy` double DEFAULT NULL,
  `CreatedDate` varchar(50) COLLATE utf8mb4_general_ci DEFAULT NULL,
  `ModifiedBy` double DEFAULT NULL,
  `ModifiedDate` varchar(50) COLLATE utf8mb4_general_ci DEFAULT NULL,
  `ISACTIVE` varchar(10) COLLATE utf8mb4_general_ci DEFAULT NULL,
  `IPAddress` varchar(20) COLLATE utf8mb4_general_ci DEFAULT NULL,
  `Remarks` text COLLATE utf8mb4_general_ci,
  `GSTNo` varchar(50) COLLATE utf8mb4_general_ci DEFAULT NULL,
  PRIMARY KEY (`Id`)
) ENGINE=InnoDB AUTO_INCREMENT=111 DEFAULT CHARSET=utf8mb4 COLLATE=utf8mb4_general_ci;

--
-- Dumping data for table `State`
--

INSERT INTO `State` VALUES (1,1,'Andhra Pradesh',0,1,'2015-02-10 13:12:00',1,'2024-03-04 10:53:53','NotActive','122.169.136.208','nhgh',''),(2,1,'Telangana',0,1,'2015-02-10 13:13:00',1,'2024-02-19 10:23:56','NotActive','104.238.80.211','Telangana','36AACCL3577E1ZI'),(3,1,'karnataka',0,1,'2015-02-10 13:14:00',0,'2015-02-28 09:01:00','NotActive','122.169.136.208','sdfdg',''),(4,3,'fgdfg',0,1,'2015-02-10 14:33:00',0,'','NotActive','122.169.136.208','ghfg',''),(5,4,'scotland',0,1,'2015-02-19 17:33:00',0,'2015-02-28 08:56:00','NotActive','122.169.170.247','',''),(6,1,'gdg',0,1,'2015-02-19 17:46:00',0,'','NotActive','122.169.170.247','',''),(7,1,'fdfdf',0,1,'2015-02-19 17:47:00',0,'','NotActive','122.169.170.247','',''),(8,4,'ireland',0,1,'2015-02-19 17:53:00',0,'2015-02-28 08:56:00','NotActive','122.169.170.247','',''),(9,1,'fgg',0,1,'2015-02-19 17:57:00',0,'','NotActive','122.169.170.247','',''),(10,1,'hgh',0,1,'2015-02-19 18:02:00',0,'','NotActive','122.169.170.247','',''),(11,1,'delhi',0,1,'2015-02-20 10:31:00',0,'2015-02-28 09:01:00','NotActive','122.169.184.183','',''),(12,1,'Goa',0,1,'2015-02-20 10:46:00',0,'2015-02-28 09:01:00','NotActive','122.169.184.183','',''),(13,1,'Mumbai',0,1,'2015-02-21 18:06:00',0,'2015-02-28 09:01:00','NotActive','122.169.153.33','',''),(14,6,'Testzone',0,1,'2015-02-24 16:54:00',0,'2015-02-27 18:10:00','NotActive','122.169.146.193','Testzone',''),(15,1,'cHENNAII',0,1,'2015-02-27 12:07:00',0,'2015-07-22 11:55:00','NotActive','122.169.167.236','DFSD',''),(19,1,'vdcv',0,1,'2015-03-02 15:43:00',0,'2015-03-19 12:00:00','NotActive','122.169.187.94','xcvxcv',''),(23,1,'dfgfg',1,1,'2015-03-02 16:04:00',1,'2024-02-21 08:41:17','NotActive','122.169.187.94','fggh',''),(25,1,'Mahas',0,1,'2015-03-06 15:56:00',0,'2015-03-06 16:03:00','NotActive','','vcvs',''),(26,1,'Pune',0,1,'2015-03-06 18:55:00',0,'2015-07-22 11:53:00','NotActive','127.0.0.1','test',''),(27,1,'Mumbai',0,1,'2015-03-12 12:24:00',0,'2015-03-12 12:24:00','NotActive','','fghggdfg',''),(28,1,'MP',0,1,'2015-03-16 12:01:00',0,'2015-07-22 11:53:00','NotActive','127.0.0.1','',''),(29,1,'SecunderabadDD',0,1,'2015-03-18 12:29:00',0,'2015-07-22 11:53:00','NotActive','127.0.0.1','sec',''),(30,1,'dwsd',0,1,'2015-03-18 12:32:00',0,'2015-03-18 12:32:00','NotActive','','sdsd',''),(31,1,'test',0,1,'2015-03-19 12:04:00',0,'2015-03-19 12:05:00','NotActive','','todelete',''),(32,1,'testr 32',1,1,'2015-03-23 15:57:00',1,'2024-02-21 08:25:20','NotActive','122.179.38.141','asdf',''),(33,1,'Himayathnagar',0,1,'2015-04-15 11:29:00',0,'2015-07-22 11:55:00','NotActive','127.0.0.1','Minima aut perferendis magnam itaque dolor Himayathnagar ',''),(34,1,'sec',0,1,'2015-06-03 12:23:00',0,'2015-06-05 11:40:00','NotActive','','hello',''),(35,1,'hfgfhgfhg',1,1,'2015-06-10 12:48:00',1,'2024-02-21 08:25:20','NotActive','122.179.38.141','',''),(36,1,'Khammam',0,1,'2015-06-26 17:54:00',0,'2015-06-26 17:56:00','NotActive','','New Zone',''),(37,1,'Khammam',0,1,'2015-06-26 17:56:00',0,'2015-06-29 11:56:00','NotActive','','New',''),(38,1,'Khammam',0,1,'2015-06-29 11:56:00',0,'2015-06-29 12:00:00','NotActive','','New Zone',''),(39,1,'Khammam',0,1,'2015-06-29 12:00:00',0,'2015-06-29 12:26:00','NotActive','','KhammamZone',''),(40,1,'Khammam',0,1,'2015-06-29 12:26:00',0,'2015-06-29 12:40:00','NotActive','','Zone',''),(41,1,'Khammam',0,1,'2015-06-29 12:42:00',0,'2015-06-29 13:07:00','NotActive','127.0.0.1','Khammam Zone',''),(42,1,'Khammam',0,1,'2015-06-29 13:35:00',0,'2015-07-22 11:55:00','NotActive','127.0.0.1','KMD',''),(43,1,'x',0,1,'2015-07-15 17:09:00',0,'2015-07-15 17:10:00','NotActive','127.0.0.1','',''),(44,1,'sfdsdf',0,1,'2015-07-16 12:18:00',0,'2015-07-16 12:18:00','NotActive','127.0.0.1','',''),(45,1,'Andhraaapradesh',0,1,'2015-07-22 14:27:00',1,'2024-03-04 10:53:53','NotActive','223.230.106.133','Andhra Prade','36AACCL3577E1ZI'),(46,1,'KARNATAKA',0,1,'2015-08-08 11:58:00',1,'2024-02-06 13:04:30','NotActive','104.238.80.211','KARNAKATA',''),(47,1,'Bangloor',0,1,'2015-12-16 14:47:00',0,'2015-12-16 14:47:00','NotActive','104.238.80.211','bng',''),(48,1,'TAMIL NADU',0,1,'2018-02-27 14:44:00',1,'2024-02-19 10:23:56','NotActive','64.235.41.75','Tamil Nadu',''),(49,1,'KERALA',0,1,'2018-02-27 14:49:00',0,'2018-02-27 15:33:00','NotActive','104.238.80.211','KERALA',''),(50,1,'Delhi',0,1,'2023-11-09 22:12:00',0,'2023-11-09 22:20:00','NotActive','64.235.41.75','Delhi',''),(51,1,'MH1',0,1,'2024-01-20 06:22:06',1,'2024-02-14 06:45:45','ACTIVE','49.37.135.47','Maharashtra',NULL),(52,1,'Haryana 123',0,1,'2024-01-26 12:10:02',1,'2024-02-09 12:44:28','ACTIVE','122.176.147.241','trivendram 123',NULL),(53,1,'jhasdh',0,1,'2024-01-26 12:17:23',NULL,'2024-01-30 18:17:47','ACTIVE','::ffff:127.0.0.1','ajay',NULL),(54,0,'test',1,1,'2024-01-26 12:20:15',NULL,NULL,'ACTIVE','::ffff:127.0.0.1','test remarks',NULL),(55,1,'ajay',0,1,'2024-01-26 12:41:51',1,'2024-03-14 10:15:55','ACTIVE','223.230.51.97','ajay',NULL),(56,0,'ajay',1,1,'2024-01-26 12:45:38',NULL,NULL,'ACTIVE','::ffff:127.0.0.1','ajay',NULL),(57,0,'rani',1,1,'2024-01-26 12:46:28',NULL,NULL,'ACTIVE','::ffff:127.0.0.1','rani',NULL),(58,0,'chennai',1,1,'2024-01-26 13:34:39',NULL,NULL,'ACTIVE','::ffff:127.0.0.1','rani',NULL),(59,1,'hyderabad',0,1,'2024-01-26 13:39:21',NULL,'2024-02-14 06:35:09','ACTIVE','::ffff:127.0.0.1','hyderabad',NULL),(60,1,'drftg',0,1,'2024-01-26 13:48:03',1,'2024-02-19 10:23:56','ACTIVE','122.183.166.141','shamirpet',NULL),(61,1,'vijayawada',0,1,'2024-01-26 13:50:39',1,'2024-02-19 12:21:18','ACTIVE','122.171.117.147','vijayawada',NULL),(62,1,'france',0,1,'2024-01-26 13:56:17',NULL,'2024-01-30 18:17:47','ACTIVE','122.171.117.147','france',NULL),(63,1,'PAKISTAN',0,1,'2024-01-29 16:39:39',1,'2024-01-30 18:17:47','ACTIVE','49.37.135.47','bangalore',NULL),(64,1,'trans',0,1,'2024-01-29 16:49:36',NULL,'2024-02-19 10:23:56','ACTIVE','49.37.135.7','trans',NULL),(65,91,'Mizoram',1,NULL,'2024-01-30 06:17:22',NULL,NULL,'ACTIVE','223.181.144.51','location',NULL),(66,91,'manipur',1,NULL,'2024-01-30 06:24:37',NULL,NULL,'ACTIVE','223.181.144.51','location',NULL),(67,67,'drftg',1,NULL,'2024-01-30 06:26:49',NULL,NULL,'ACTIVE','223.181.144.51','5555',NULL),(68,91,'nagaland',1,NULL,'2024-01-30 09:24:21',NULL,NULL,'ACTIVE','223.181.144.51','location',NULL),(69,91,'assam',1,NULL,'2024-01-30 09:57:20',NULL,NULL,'ACTIVE','117.98.199.149','location',NULL),(70,91,'drftg',1,NULL,'2024-01-30 10:04:07',NULL,NULL,'ACTIVE','117.98.199.149','5555',NULL),(71,91,'gbdhbdhd',1,NULL,'2024-01-30 10:04:36',NULL,NULL,'ACTIVE','117.98.199.149','3232',NULL),(72,1,'punjab',0,NULL,'2024-01-30 10:48:31',NULL,'2024-01-30 18:17:47','ACTIVE','117.98.199.149','punjab',NULL),(73,1,'xyz',0,NULL,'2024-01-30 10:49:23',NULL,'2024-02-06 13:04:30','ACTIVE','117.98.199.149','xyz',NULL),(74,1,'gump',0,NULL,'2024-01-31 05:00:42',1,'2024-01-31 04:46:10','ACTIVE','117.98.199.149','gry',NULL),(75,1,'dake',0,NULL,'2024-01-31 05:02:07',1,'2024-01-31 04:46:10','ACTIVE','117.98.199.149','drew',NULL),(76,1,'anything',1,NULL,'2024-02-02 10:57:51',1,'2024-04-17 08:50:39','ACTIVE','103.167.126.27','nexushhh',NULL),(77,1,'drftg',0,NULL,'2024-02-06 08:34:56',NULL,'2024-02-06 08:29:04','ACTIVE','223.230.106.133','yyyy',NULL),(78,1,'mh',0,NULL,'2024-02-06 13:48:08',1,'2024-02-14 06:35:09','ACTIVE','223.230.106.133','mh test',NULL),(79,1,'test 123',0,NULL,'2024-02-09 15:07:45',NULL,'2024-02-19 10:23:56','ACTIVE','122.176.147.241','123',NULL),(80,1,'meghalaya',0,NULL,'2024-02-16 10:03:50',NULL,'2024-02-19 10:23:56','ACTIVE','117.98.195.239','SKIN',NULL),(81,1,'indiann',0,NULL,'2024-02-19 11:10:51',NULL,'2024-02-19 10:23:56','ACTIVE','122.174.141.187','xedfgytbjkjk',NULL),(82,1,'cgfgfhgf',0,NULL,'2024-02-19 11:57:11',1,'2024-02-19 12:20:02','ACTIVE','122.174.141.187','tretre',NULL),(83,1,'dfggf',0,NULL,'2024-02-19 11:59:36',1,'2024-02-19 12:22:06','ACTIVE','122.174.141.187','sfggfgf',NULL),(84,1,'dfffffas',0,NULL,'2024-02-19 12:21:32',1,'2024-02-19 12:31:10','ACTIVE','122.174.141.187','sdsdsd',NULL),(85,1,'undefined',1,NULL,'2024-02-19 12:25:30',1,'2024-03-13 20:24:58','ACTIVE','223.230.51.97','defsfd',NULL),(86,1,'hhhhhh',0,NULL,'2024-02-19 12:32:14',1,'2024-02-19 12:31:10','ACTIVE','122.174.141.187','uuuu',NULL),(87,1,'ggg',0,NULL,'2024-02-19 12:32:26',1,'2024-02-19 12:31:10','ACTIVE','122.174.141.187','ooo',NULL),(88,1,'hhh',0,NULL,'2024-02-19 12:54:04',1,'2024-02-19 12:31:10','ACTIVE','122.174.141.187','iii',NULL),(89,1,'gggg',1,NULL,'2024-02-19 12:54:25',NULL,NULL,'ACTIVE','122.174.141.187','uuuu',NULL),(90,1,'ssss',1,NULL,'2024-02-19 12:54:37',NULL,NULL,'ACTIVE','122.174.141.187','rrrrr',NULL),(91,1,'wsews',1,NULL,'2024-02-19 12:54:51',NULL,NULL,'ACTIVE','122.174.141.187','tftrde',NULL),(92,1,'ytrfed',1,NULL,'2024-02-19 12:55:02',NULL,NULL,'ACTIVE','122.174.141.187','uhytfr',NULL),(93,1,'hyd',1,NULL,'2024-02-19 12:55:16',NULL,NULL,'ACTIVE','122.174.141.187','hydd',NULL),(94,1,'Armr',0,NULL,'2024-02-19 12:55:31',1,'2024-03-04 07:56:20','ACTIVE','122.174.141.187','Armoor',NULL),(95,1,'nzb',1,NULL,'2024-02-19 12:55:49',NULL,NULL,'ACTIVE','122.174.141.187','nizamabad',NULL),(96,1,'tel',1,NULL,'2024-02-20 06:43:20',NULL,NULL,'ACTIVE','122.169.141.43','nzb',NULL),(97,1,'Oddisa',1,NULL,'2024-02-20 06:44:00',NULL,NULL,'ACTIVE','122.169.141.43','Telanga',NULL),(98,1,'Telangana',1,NULL,'2024-02-20 07:11:00',1,'2024-03-04 07:23:17','ACTIVE','171.49.250.133','Good',NULL),(99,1,'gatag',1,NULL,'2024-02-20 07:14:40',NULL,NULL,'ACTIVE','171.61.228.216','sjsusb',NULL),(100,1,'dfs',1,NULL,'2024-02-20 07:16:27',NULL,NULL,'ACTIVE','171.61.228.216','sedrf',NULL),(101,1,'htshstsh',1,NULL,'2024-02-20 07:16:52',NULL,NULL,'ACTIVE','171.61.228.216','aujah',NULL),(102,1,'hdhs',1,NULL,'2024-02-20 07:17:11',NULL,NULL,'ACTIVE','171.61.228.216','auja',NULL),(103,1,'Perangudi',1,NULL,'2024-03-03 08:44:06',NULL,NULL,'ACTIVE','106.212.122.35','Good',NULL),(104,1,'Rajam',1,NULL,'2024-03-03 08:45:28',NULL,NULL,'ACTIVE','106.212.122.35','Rajam',NULL),(105,1,'Ponduru',1,NULL,'2024-03-03 12:56:03',NULL,NULL,'ACTIVE','122.176.171.232','Ponduru',NULL),(106,1,'Pogiri',1,NULL,'2024-03-03 12:57:03',NULL,NULL,'ACTIVE','122.176.171.232','Pogiri',NULL),(107,1,'yyre',1,NULL,'2024-03-14 07:01:34',NULL,NULL,'ACTIVE','223.230.51.97','sell',NULL),(108,1,'nizamabad',1,NULL,'2024-03-14 09:01:10',NULL,NULL,'ACTIVE','223.230.51.97','SKIN',NULL),(109,1,'Vizayanagaram',1,NULL,'2024-03-14 12:51:40',NULL,NULL,'ACTIVE','223.230.51.97','Good',NULL),(110,1,'RajamGanesh',1,NULL,'2024-04-17 07:21:26',1,'2024-04-04 07:33:23','ACTIVE','122.162.23.123','Good',NULL);

--
-- Table structure for table `Supplier`
--

CREATE TABLE `Supplier` (
  `Id` double NOT NULL AUTO_INCREMENT,
  `SupplierName` varchar(255) COLLATE utf8mb4_general_ci DEFAULT NULL,
  `Address` varchar(255) COLLATE utf8mb4_general_ci DEFAULT NULL,
  `Country` double DEFAULT NULL,
  `State` double DEFAULT NULL,
  `City` double DEFAULT NULL,
  `ContactPerson` varchar(100) COLLATE utf8mb4_general_ci DEFAULT NULL,
  `Designation` varchar(100) COLLATE utf8mb4_general_ci DEFAULT NULL,
  `Date` varchar(50) COLLATE utf8mb4_general_ci DEFAULT NULL,
  `EmailId` varchar(100) COLLATE utf8mb4_general_ci DEFAULT NULL,
  `Website` varchar(100) COLLATE utf8mb4_general_ci DEFAULT NULL,
  `PANCardNo` varchar(20) COLLATE utf8mb4_general_ci DEFAULT NULL,
  `TINNo` double DEFAULT NULL,
  `CSTNo` double DEFAULT NULL,
  `FaxNo` double DEFAULT NULL,
  `Mobile` double DEFAULT NULL,
  `LandLine` double DEFAULT NULL,
  `Status` double DEFAULT NULL,
  `CreatedBy` double DEFAULT NULL,
  `CreatedDate` varchar(50) COLLATE utf8mb4_general_ci DEFAULT NULL,
  `ModifiedBy` varchar(10) COLLATE utf8mb4_general_ci DEFAULT NULL,
  `ModifiedDate` varchar(50) COLLATE utf8mb4_general_ci DEFAULT NULL,
  `ISACTIVE` varchar(10) COLLATE utf8mb4_general_ci DEFAULT NULL,
  `IPAddress` varchar(20) COLLATE utf8mb4_general_ci DEFAULT NULL,
  `District` double DEFAULT NULL,
  PRIMARY KEY (`Id`)
) ENGINE=InnoDB AUTO_INCREMENT=3 DEFAULT CHARSET=utf8mb4 COLLATE=utf8mb4_general_ci;

--
-- Dumping data for table `Supplier`
--

INSERT INTO `Supplier` VALUES (1,'lupin','',1,2,16,'deshmukh','manager','2015-10-02 00:00:00','durga@gmail.com','www.lupin.com','AVVPP3559K',35234543,2534234,4037563894,9999999999,4035467289,1,1,'2015-02-12 09:33:14','','','NotActive','122.169.147.31',2),(2,'aurobhindo','',1,3,17,'ibrahim','asst','2015-03-02 00:00:00','rahim@gmail.com','www.aurobindho.com','AVVPP3559H',2345,2344,4037563894,9999999999,4035467289,1,1,'2015-02-12 09:34:32','','','NotActive','122.169.147.31',4);

--
-- Table structure for table `Survey`
--

CREATE TABLE `Survey` (
  `Id` double NOT NULL AUTO_INCREMENT,
  `BranchId` varchar(10) COLLATE utf8mb4_general_ci DEFAULT NULL,
  `CustomerId` varchar(10) COLLATE utf8mb4_general_ci DEFAULT NULL,
  `IsActive` varchar(10) COLLATE utf8mb4_general_ci DEFAULT NULL,
  `CreatedBy` varchar(10) COLLATE utf8mb4_general_ci DEFAULT NULL,
  `CreatedDate` varchar(50) COLLATE utf8mb4_general_ci DEFAULT NULL,
  PRIMARY KEY (`Id`)
) ENGINE=InnoDB DEFAULT CHARSET=utf8mb4 COLLATE=utf8mb4_general_ci;

--
-- Dumping data for table `Survey`
--


--
-- Table structure for table `SurveyDetails`
--

CREATE TABLE `SurveyDetails` (
  `Id` int NOT NULL AUTO_INCREMENT,
  `SurveyId` varchar(10) COLLATE utf8mb4_general_ci DEFAULT NULL,
  `QuestionId` varchar(10) COLLATE utf8mb4_general_ci DEFAULT NULL,
  `AnswerId` varchar(10) COLLATE utf8mb4_general_ci DEFAULT NULL,
  `Value` varchar(10) COLLATE utf8mb4_general_ci DEFAULT NULL,
  `IsActive` varchar(10) COLLATE utf8mb4_general_ci DEFAULT NULL,
  `CreatedDate` varchar(50) COLLATE utf8mb4_general_ci DEFAULT NULL,
  `CreatedBy` varchar(10) COLLATE utf8mb4_general_ci DEFAULT NULL,
  PRIMARY KEY (`Id`)
) ENGINE=InnoDB DEFAULT CHARSET=utf8mb4 COLLATE=utf8mb4_general_ci;

--
-- Dumping data for table `SurveyDetails`
--


--
-- Table structure for table `SurveyOptions`
--

CREATE TABLE `SurveyOptions` (
  `Id` int NOT NULL AUTO_INCREMENT,
  `SurveyId` varchar(10) COLLATE utf8mb4_general_ci DEFAULT NULL,
  `Options` varchar(10) COLLATE utf8mb4_general_ci DEFAULT NULL,
  `IsActive` varchar(10) COLLATE utf8mb4_general_ci DEFAULT NULL,
  `CreatedBy` varchar(10) COLLATE utf8mb4_general_ci DEFAULT NULL,
  `CreatedDate` varchar(50) COLLATE utf8mb4_general_ci DEFAULT NULL,
  PRIMARY KEY (`Id`)
) ENGINE=InnoDB DEFAULT CHARSET=utf8mb4 COLLATE=utf8mb4_general_ci;

--
-- Dumping data for table `SurveyOptions`
--


--
-- Table structure for table `SurveyQuestions`
--

CREATE TABLE `SurveyQuestions` (
  `Id` int NOT NULL AUTO_INCREMENT,
  `Field` varchar(10) COLLATE utf8mb4_general_ci DEFAULT NULL,
  `ParentId` varchar(10) COLLATE utf8mb4_general_ci DEFAULT NULL,
  `Control` varchar(10) COLLATE utf8mb4_general_ci DEFAULT NULL,
  `HasOptions` varchar(10) COLLATE utf8mb4_general_ci DEFAULT NULL,
  `CreatedBy` varchar(10) COLLATE utf8mb4_general_ci DEFAULT NULL,
  `CreatedDate` varchar(50) COLLATE utf8mb4_general_ci DEFAULT NULL,
  `IsActive` varchar(10) COLLATE utf8mb4_general_ci DEFAULT NULL,
  PRIMARY KEY (`Id`)
) ENGINE=InnoDB DEFAULT CHARSET=utf8mb4 COLLATE=utf8mb4_general_ci;

--
-- Dumping data for table `SurveyQuestions`
--


--
-- Table structure for table `Tax`
--

CREATE TABLE `Tax` (
  `Id` double NOT NULL AUTO_INCREMENT,
  `TaxName` varchar(255) COLLATE utf8mb4_general_ci DEFAULT NULL,
  `TaxPercentage` double DEFAULT NULL,
  `Remarks` text COLLATE utf8mb4_general_ci,
  `Status` double DEFAULT NULL,
  `CreatedBy` double DEFAULT NULL,
  `CreatedDate` varchar(50) COLLATE utf8mb4_general_ci DEFAULT NULL,
  `ModifiedBy` varchar(10) COLLATE utf8mb4_general_ci DEFAULT NULL,
  `ModifiedDate` varchar(50) COLLATE utf8mb4_general_ci DEFAULT NULL,
  `ISACTIVE` varchar(10) COLLATE utf8mb4_general_ci DEFAULT NULL,
  `IPAddress` varchar(20) COLLATE utf8mb4_general_ci DEFAULT NULL,
  PRIMARY KEY (`Id`)
) ENGINE=InnoDB AUTO_INCREMENT=21 DEFAULT CHARSET=utf8mb4 COLLATE=utf8mb4_general_ci;

--
-- Dumping data for table `Tax`
--

INSERT INTO `Tax` VALUES (1,'house',10,'House',0,10,'2015-02-11 06:23:35','','','NotActive','122.169.131.209'),(2,'Service tax',15,'Servicetax',0,10,'2015-02-11 06:26:24','','2015-07-01 17:39:44','NotActive','127.0.0.1'),(3,'professional',4,'',0,10,'2015-02-20 09:22:25','1','2024-01-31 12:45:59','0','122.169.184.183'),(4,'TaxName',9,'Remarks',0,0,'','','2024-02-14 10:31:13','0','IPAddress'),(5,'SGST',9,'SGST',1,10,'2017-07-19 04:36:00','1','2024-02-14 10:31:13','0','104.238.80.211'),(7,'CGST',9,'CGST',1,10,'2017-07-19 04:36:00','1','2018-01-20 15:17:23','NotActive','104.238.80.211'),(8,'IGST',0,'IGST',1,10,'','1','2024-02-14 10:31:13','0','104.238.80.211'),(9,'DGST',9,'',0,1,'2018-02-27 09:40:22','2','2024-01-29 08:42:26','0','104.238.80.211'),(10,'gst',9,'selling',NULL,40,'2024-01-24 07:10:22','7','2024-01-29 08:42:26','0','::ffff:127.0.0.1'),(11,'cgst',8,'shop',NULL,11,'2024-01-24 07:10:22',NULL,'2024-01-30 05:33:21','0','::ffff:127.0.0.1'),(12,'cgstdd',81,'shopdsd',NULL,11,'2024-01-29 08:42:26','1','2024-03-05 09:38:53','0','122.171.117.147'),(13,'cgstddyy',100,'shop',NULL,NULL,'2024-01-30 05:37:13',NULL,'2024-02-12 07:25:57','1','223.181.144.51'),(14,'hellooooggggggg',232,'11',NULL,NULL,'2024-01-30 05:37:13',NULL,'2024-01-31 11:31:02','0','223.181.144.51'),(15,'vab',81,'118',NULL,NULL,'2024-01-31 11:00:03',NULL,'2024-03-05 09:38:53','0','27.58.232.208'),(16,'welona',56,'234',NULL,NULL,'2024-03-05 11:21:50',NULL,NULL,'1','136.185.70.239'),(17,'welon',90,'ecommerce',NULL,NULL,'2024-03-05 11:51:27',NULL,'2024-03-14 07:13:14','1','136.185.70.239'),(18,'welona',90,'ecommerce',NULL,NULL,'2024-03-14 07:13:14',NULL,'2024-03-14 09:04:14','1','223.230.51.97'),(19,'welona1',11,'Welona1',NULL,NULL,'2024-03-14 13:08:36',NULL,'2024-03-14 13:08:36','0','223.230.51.97'),(20,'Ganesh1',20,'Ganesh',NULL,NULL,'2024-04-17 07:40:27',NULL,'2024-04-17 07:40:27','1','122.162.23.123');

--
-- Table structure for table `Units`
--

CREATE TABLE `Units` (
  `id` double NOT NULL AUTO_INCREMENT,
  `Units` double DEFAULT NULL,
  `Remarks` text COLLATE utf8mb4_general_ci,
  `Status` double DEFAULT NULL,
  `CreatedBy` double DEFAULT NULL,
  `CreatedDate` varchar(50) COLLATE utf8mb4_general_ci DEFAULT NULL,
  `ModifiedBy` double DEFAULT NULL,
  `ModifiedDate` varchar(50) COLLATE utf8mb4_general_ci DEFAULT NULL,
  `ISACTIVE` varchar(10) COLLATE utf8mb4_general_ci DEFAULT NULL,
  `IPAddress` varchar(20) COLLATE utf8mb4_general_ci DEFAULT NULL,
  PRIMARY KEY (`id`)
) ENGINE=InnoDB AUTO_INCREMENT=3 DEFAULT CHARSET=utf8mb4 COLLATE=utf8mb4_general_ci;

--
-- Dumping data for table `Units`
--

INSERT INTO `Units` VALUES (1,1,'',1,1,'2015-02-12 14:41:13',1,'2015-02-12 17:20:01','NotActive','122.169.147.31'),(2,1,'',1,1,'2015-02-12 14:41:36',0,'','NotActive','122.169.147.31');

--
-- Table structure for table `Users`
--

CREATE TABLE `Users` (
  `Id` double NOT NULL AUTO_INCREMENT,
  `EmployeeId` double DEFAULT NULL,
  `BranchId` double DEFAULT NULL,
  `IsActive` double DEFAULT NULL,
  `CreatedBy` double DEFAULT NULL,
  `CreatedDate` varchar(50) COLLATE utf8mb4_general_ci DEFAULT NULL,
  PRIMARY KEY (`Id`)
) ENGINE=InnoDB AUTO_INCREMENT=106 DEFAULT CHARSET=utf8mb4 COLLATE=utf8mb4_general_ci;

--
-- Dumping data for table `Users`
--

INSERT INTO `Users` VALUES (1,109,51,1,1,'2015-07-22 14:09:00'),(2,110,57,1,1,'2015-07-22 14:31:00'),(3,111,56,1,1,'2015-07-22 15:33:00'),(4,112,54,1,1,'2015-07-22 16:23:00'),(5,113,52,1,1,'2015-07-22 16:29:00'),(6,114,53,1,1,'2015-07-22 16:44:00'),(7,115,59,1,1,'2015-07-22 17:15:00'),(8,116,54,1,1,'2015-07-22 17:27:00'),(9,117,60,1,1,'2015-07-22 17:37:00'),(10,118,54,1,1,'2015-07-22 17:44:00'),(11,119,54,1,1,'2015-07-22 17:49:00'),(12,120,54,1,1,'2015-07-22 17:56:00'),(13,121,52,1,1,'2015-07-22 17:57:00'),(14,122,55,1,1,'2015-07-22 17:59:00'),(15,123,54,1,1,'2015-07-22 18:01:00'),(16,124,52,1,1,'2015-07-22 18:07:00'),(17,125,52,1,1,'2015-07-22 18:14:00'),(18,126,52,1,1,'2015-07-22 18:15:00'),(19,127,54,1,1,'2015-07-22 18:19:00'),(20,128,54,1,1,'2015-07-22 18:19:00'),(21,129,54,1,1,'2015-07-22 18:19:00'),(22,130,52,1,1,'2015-07-22 18:20:00'),(23,131,52,1,1,'2015-07-22 18:21:00'),(24,132,52,1,1,'2015-07-22 18:26:00'),(25,133,52,1,1,'2015-07-22 18:27:00'),(26,134,52,1,1,'2015-07-22 18:34:00'),(27,135,52,1,1,'2015-07-22 18:38:00'),(28,136,52,1,1,'2015-07-22 18:44:00'),(29,137,52,1,1,'2015-07-22 18:44:00'),(30,138,54,1,1,'2015-07-22 18:46:00'),(31,139,54,1,1,'2015-07-22 18:48:00'),(32,140,54,1,1,'2015-07-22 18:48:00'),(33,141,57,1,1,'2015-07-23 11:29:00'),(34,142,57,1,1,'2015-07-23 11:37:00'),(35,143,57,1,1,'2015-07-23 11:41:00'),(36,144,57,1,1,'2015-07-23 12:02:00'),(37,145,57,1,1,'2015-07-23 12:16:00'),(38,146,57,1,1,'2015-07-23 12:24:00'),(39,147,55,1,1,'2015-07-23 12:30:00'),(40,148,57,1,1,'2015-07-23 12:33:00'),(41,149,55,1,1,'2015-07-23 12:42:00'),(42,150,57,1,1,'2015-07-23 12:51:00'),(43,151,55,1,1,'2015-07-23 12:54:00'),(44,152,55,1,1,'2015-07-23 13:00:00'),(45,153,59,1,1,'2015-07-23 13:02:00'),(46,154,55,1,1,'2015-07-23 13:04:00'),(47,155,57,1,1,'2015-07-23 13:06:00'),(48,156,55,1,1,'2015-07-23 13:09:00'),(49,157,55,1,1,'2015-07-23 13:14:00'),(50,158,55,1,1,'2015-07-23 13:21:00'),(51,159,57,1,1,'2015-07-23 14:20:00'),(52,160,55,1,1,'2015-07-23 14:23:00'),(53,161,57,1,1,'2015-07-23 14:27:00'),(54,162,55,1,1,'2015-07-23 14:27:00'),(55,163,55,1,1,'2015-07-23 14:45:00'),(56,164,57,1,1,'2015-07-23 14:49:00'),(57,165,55,1,1,'2015-07-23 14:53:00'),(58,166,51,1,1,'2015-07-23 15:14:00'),(59,167,55,1,1,'2015-07-23 15:26:00'),(60,168,55,1,1,'2015-07-23 15:32:00'),(61,169,51,1,1,'2015-07-23 15:33:00'),(62,170,55,1,1,'2015-07-23 15:36:00'),(63,171,51,1,1,'2015-07-23 15:39:00'),(64,172,57,1,1,'2015-07-23 15:41:00'),(65,173,51,1,1,'2015-07-23 15:42:00'),(66,174,55,1,1,'2015-07-23 15:49:00'),(67,175,60,1,1,'2015-07-23 16:15:00'),(68,176,51,1,1,'2015-07-23 16:22:00'),(69,177,60,1,1,'2015-07-23 16:23:00'),(70,178,51,1,1,'2015-07-23 16:25:00'),(71,179,51,1,1,'2015-07-23 16:29:00'),(72,180,51,1,1,'2015-07-23 16:32:00'),(73,181,60,1,1,'2015-07-23 16:43:00'),(74,182,60,1,1,'2015-07-23 16:46:00'),(75,183,60,1,1,'2015-07-23 16:48:00'),(76,184,51,1,1,'2015-07-23 16:48:00'),(77,185,53,1,1,'2015-07-23 16:49:00'),(78,186,51,1,1,'2015-07-23 16:54:00'),(79,187,51,1,1,'2015-07-23 16:59:00'),(80,188,51,1,1,'2015-07-23 17:02:00'),(81,189,60,1,1,'2015-07-23 17:16:00'),(82,190,52,1,1,'2015-07-23 17:18:00'),(83,191,60,1,1,'2015-07-23 17:20:00'),(84,192,60,1,1,'2015-07-23 17:23:00'),(85,193,52,1,1,'2015-07-23 17:27:00'),(86,194,52,1,1,'2015-07-23 17:35:00'),(87,195,53,1,1,'2015-07-23 17:51:00'),(88,196,53,1,1,'2015-07-23 17:52:00'),(89,197,53,1,1,'2015-07-23 17:57:00'),(90,198,53,1,1,'2015-07-23 17:58:00'),(91,199,60,1,1,'2015-07-23 18:02:00'),(92,200,60,1,1,'2015-07-23 18:05:00'),(93,201,53,1,1,'2015-07-23 18:07:00'),(94,202,53,1,1,'2015-07-23 18:11:00'),(95,203,60,1,1,'2015-07-23 18:12:00'),(96,204,60,1,1,'2015-07-23 18:14:00'),(97,205,60,1,1,'2015-07-23 18:17:00'),(98,206,53,1,1,'2015-07-23 18:27:00'),(99,207,56,1,1,'2015-07-23 18:42:00'),(100,208,56,1,1,'2015-07-23 18:54:00'),(101,5,7,1,2,'2024-01-25 06:32:45'),(102,59,7,1,2,'2024-01-25 06:37:09'),(103,59,78,1,29,'2024-01-25 06:37:09'),(104,59,78,1,29,'2024-01-25 06:38:01'),(105,59,78,1,29,'2024-01-26 12:11:22');

--
-- Table structure for table `Voucher`
--

CREATE TABLE `Voucher` (
  `Id` double NOT NULL AUTO_INCREMENT,
  `ExpenseType` double DEFAULT NULL,
  `DebitFrom` double DEFAULT NULL,
  `Amount` double DEFAULT NULL,
  `IsActive` double DEFAULT NULL,
  `CreatedBy` double DEFAULT NULL,
  `CreatedDate` varchar(50) COLLATE utf8mb4_general_ci DEFAULT NULL,
  `Remarks` text COLLATE utf8mb4_general_ci,
  `BranchId` double DEFAULT NULL,
  `VoucherType` double DEFAULT NULL,
  `CancelReason` varchar(255) COLLATE utf8mb4_general_ci DEFAULT NULL,
  `ApproveReason` varchar(255) COLLATE utf8mb4_general_ci DEFAULT NULL,
  `Canceldate` varchar(20) COLLATE utf8mb4_general_ci DEFAULT NULL,
  `Approvedate` varchar(20) COLLATE utf8mb4_general_ci DEFAULT NULL,
  `VoucherStatus` double DEFAULT NULL,
  PRIMARY KEY (`Id`)
) ENGINE=InnoDB AUTO_INCREMENT=116 DEFAULT CHARSET=utf8mb4 COLLATE=utf8mb4_general_ci;

--
-- Dumping data for table `Voucher`
--

INSERT INTO `Voucher` VALUES (16,38,2,44,1,89,'2015-12-28 18:21:18','AMOUNT PAID FOR 2 MILK PACKETS ',54,9,'','','','',52),(17,38,2,500,1,89,'2015-12-28 18:22:23','AMOUNT PAID TO KIRAN TO TAKE CLIENT TO BANJARAHILLS FOR TREATMENT PURPOISE',54,9,'','','','',52),(18,38,2,44,1,89,'2015-12-28 18:28:54','PAIDFOR MILK PACKETS-2',54,9,'','','','',52),(19,38,2,44,1,89,'2015-12-28 18:29:43','PAID FOR MILK PACKETS',54,9,'','','','',52),(20,38,2,44,1,89,'2015-12-28 18:30:14','PAID FOR MILK PACKETS-2',54,9,'','','','',52),(21,38,2,44,1,89,'2015-12-28 18:31:11','PAID FOR COCONUT+FLOWERS FOR POOJA',54,9,'','','','',52),(22,38,2,50,1,89,'2015-12-28 18:33:52','PAID TO MUSTAFA TO GET AMOUNT FROM CLIENTS HOME',54,9,'','','','',52),(23,38,2,44,1,89,'2015-12-28 18:34:13','MILK PACKETS-2',54,9,'','','','',52),(24,38,2,1300,1,89,'2015-12-28 18:35:17','DTH RECHARGE FOR CENTER T.VS',54,9,'','','','',52),(25,38,2,44,1,89,'2015-12-28 18:35:39','MILK PACKETS-2',54,9,'','','','',52),(26,38,2,278,1,89,'2015-12-28 18:36:49','PAID TO KIRAN FOR SKIN MEDICINE FOR TREATMENT',54,9,'','','','',52),(27,38,2,80,1,89,'2015-12-28 18:38:29','PAID TO KISHORE TO BRING LIPO MACHINE WIRE',54,9,'','','','',52),(28,38,2,127,1,89,'2015-12-28 18:43:13','PAID TO KISHORE TO MEDICINE FOR CLIENT',54,9,'','','','',52),(29,38,2,30,1,89,'2015-12-28 18:44:56','PAID TO MUSTAFA TO COCONUT WATER FOR CLIENT',54,9,'','','','',52),(30,38,2,44,1,89,'2015-12-28 18:45:24','MILK PACKETS-2',54,9,'','','','',52),(31,38,2,22,1,89,'2015-12-28 18:46:22','MILK PACKET-1',54,9,'','','','',52),(32,38,2,50,1,89,'2015-12-28 18:47:19','PAID KISHORE TO BRING MONEY FROM CLIENT HOME',54,9,'','','','',52),(33,38,2,1000,1,89,'2015-12-28 18:49:34','PAID TO KISHORE FOR CHRISTMAS FESTIVAL DECORATION ITEMS',54,9,'','','','',52),(34,38,2,44,1,89,'2015-12-28 18:51:06','MILK PACKETS-2',54,9,'','','','',52),(35,38,2,44,1,89,'2015-12-28 18:51:50','MILK PACKETS-2',54,9,'','','','',52),(36,38,2,1000,1,89,'2015-12-28 18:52:33','FOR DIESEL',54,9,'','','','',52),(37,38,2,44,1,89,'2015-12-28 18:53:18','MILK PACKETS-2',54,9,'','','','',52),(38,38,2,36805,1,89,'2015-12-28 18:54:54','PAID TO INCENTIVES OF NOVEMBER MONTH AMOUNT FOR TOTAL STAFF',54,9,'','','','',52),(39,38,2,50,1,89,'2015-12-28 18:55:42','PAID TO MUSTAFA TO GET MONEY FROM CLIENT HOME',54,9,'','','','',52),(40,38,2,2775,1,89,'2015-12-28 18:58:32','CHRISTMAS FESTIVAL LUNCH FOR STAFF',54,9,'','','','',52),(41,38,2,500,1,89,'2015-12-28 19:00:11','FOR DIET EVENT SHOW',54,9,'','','','',52),(42,38,2,44,1,89,'2015-12-28 19:00:55','MILK PACKETS-2',54,9,'','','','',52),(43,38,2,60,1,89,'2015-12-28 19:03:25','PUMPKIN FOR POOJA AT  OFFICE',54,9,'','','','',52),(44,38,2,150,1,89,'2015-12-28 19:04:21','PAID TO KISHORE FOR XEROX COPIES FOR DIET ',54,9,'','','','',52),(45,38,2,200,1,89,'2015-12-28 19:05:12','PAID TO KIRAN TO TAKE CLIENTS TO BANJARAHILLS FOR TREATMENT',54,9,'','','','',52),(46,38,2,44,1,89,'2015-12-28 19:05:35','MILK PACKETS-2',54,9,'','','','',52),(47,38,2,50,1,89,'2015-12-28 19:07:33','PAID TO KIRAN FOR MEDICINE FOR SKIN TREATMENT',54,9,'','','','',52),(48,38,2,44,1,89,'2015-12-29 19:44:48','milk packets-2',54,9,'','','','',52),(49,38,2,56,1,89,'2015-12-29 19:45:18','pumpkin to pooja at office',54,9,'','','','',52),(50,38,2,10,1,89,'2015-12-29 19:45:43','coffee powder to client',54,9,'','','','',52),(51,38,2,22,1,89,'2015-12-29 19:45:59','milk packet-1',54,9,'','','','',52),(52,38,2,44,1,89,'2015-12-31 14:51:51','milk packets-2',54,9,'','','','',52),(53,38,2,66,1,89,'2015-12-31 14:52:19','dhoop sticks+agarbathi',54,9,'','','','',52),(54,38,2,250,1,89,'2015-12-31 14:53:05','paid to meena went to banjara hills with client for treatment',54,9,'','','','',52),(55,38,2,150,1,89,'2015-12-31 14:54:14','paid to praveen for petrol charges to get ups machine to service center',54,9,'','','','',52),(56,38,2,60,1,89,'2015-12-31 14:56:03','paid to kishore to went to service center with ups machine',54,9,'','','','',52),(57,38,2,1485,1,89,'2015-12-31 19:35:11','PAID TO BHAVYA(DIETICIAN) FOR TRAVEL ALLOWENSESS TO GO VIJAYAWADA',54,9,'','','','',52),(58,38,2,30,1,89,'2016-01-01 18:47:51','COCONUT+FLOWERS',54,9,'','','','',52),(59,38,2,15,1,89,'2016-01-02 16:42:00','BULD FOR LIFT AT OUR OFFICE BUILDING',54,9,'','','','',52),(60,38,2,595,1,89,'2016-01-02 16:42:51','ELECTRICAL ITEMS&VASELINE BOX',54,9,'','','','',52),(61,38,2,8230,1,89,'2016-01-02 19:54:47','PAID FOR LAUNDRY BILL',54,9,'','','','',52),(62,38,2,920,1,89,'2016-01-03 17:20:00','paid for water bill',54,9,'','','','',52),(63,38,2,510,1,89,'2016-01-03 17:20:21','paid for paper bill',54,9,'','','','',52),(64,38,2,22,1,89,'2016-01-05 18:35:48','MILK PACKET',54,9,'','','','',52),(65,38,2,44,1,89,'2016-01-05 18:36:07','MILK PACKETS-2',54,9,'','','','',52),(66,38,2,50,1,89,'2016-01-05 18:36:43','PUMPKIN FOR CENTER',54,9,'','','','',52),(67,38,2,250,1,89,'2016-01-06 19:00:00','GARBBAGE CLEANING',54,9,'','','','',52),(68,38,2,36,1,89,'2016-01-06 19:03:07','BAKING POWDER',54,9,'','','','',52),(69,38,2,150,1,89,'2016-01-06 19:03:37','CALCULATOR FOR OFFICE USE',54,9,'','','','',52),(70,38,2,50,1,89,'2016-01-06 19:04:33','PETROL CHARGES TO GO HIMAYATHNAGAR TO GET SALARY AMOUNT',54,9,'','','','',52),(71,38,2,22,1,89,'2016-01-06 19:05:02','MILK PACKET',54,9,'','','','',52),(72,38,2,44,1,89,'2016-01-07 17:09:05','milk packets',54,9,'','','','',52),(73,38,2,7500,1,89,'2016-01-07 17:10:32','paid to praveen for ups service charges',54,9,'','','','',52),(74,38,2,70000,1,89,'2016-01-07 17:11:01','paid to rajesh sir ',54,9,'','','','',52),(75,38,2,30,1,89,'2016-01-08 19:42:39','PAID FOR GANDHAM AND FLOWERS FOR POOJA AT OFFICE',54,9,'','','','',52),(76,38,2,500,1,89,'2016-01-08 19:43:18','PAID TO TOMARROW DIET EVENT EXPENCES',54,9,'','','','',52),(77,38,2,6323,1,89,'2016-01-08 19:44:06','PAID TO RAJESHWARI THERAPIST SALARY OF DECEMBER MONTH',54,9,'','','','',52),(78,30,2,100,1,92,'2016-01-09 16:37:26','BRING MONEY FROM CLIENT ON 31/12/2015',59,9,'','','','',52),(79,30,2,300,1,92,'2016-01-09 16:40:38','ALLOWENCES TO BRING MONEY FROM CHEBROLU  ON 1/1/2016  VOUCHER NO:02',59,9,'','','','',52),(80,30,2,350,1,92,'2016-01-09 16:44:15','ALLOWENCES TO BRING MONEY FROM BAPATLA ON 1/1/2016 VOUCHER NO:3',59,9,'','','','',52),(81,30,2,1070,1,92,'2016-01-09 16:46:52','NOTEBOOKS&BINDING WORKS ON 2/1/2016  VOUCHER NO:4',59,9,'','','','',52),(82,30,2,6150,1,92,'2016-01-09 16:49:38','GROCERICES FOR THE  MONTH OF JANUARY ON 2/1/2016  VOCCHER NO :05',59,9,'','','','',52),(83,30,2,100,1,92,'2016-01-09 16:51:03','AUTO CHARGES TO BRIN GROCCERICS  ON 2/1/2016  VOCUHER NO 6',59,9,'','','','',52),(84,30,2,50,1,92,'2016-01-09 16:51:54','PETROL ALLOWENCES OM ON 2/1/2016  VOUCHER NO 07',59,9,'','','','',52),(85,38,2,44,1,89,'2016-01-09 19:32:16','MILK PACKETS-2',54,9,'','','','',52),(86,38,2,71300,1,89,'2016-01-09 19:32:44','PAID FOR RENT AND ALLOWENCES',54,9,'','','','',52),(87,38,2,85,1,89,'2016-01-09 19:33:12','D.N WATER FOR TREATMENT',54,9,'','','','',52),(88,38,2,75,1,89,'2016-01-09 19:33:40','SYRENGE FOR HAIR TREATMENT',54,9,'','','','',52),(89,38,2,22,1,89,'2016-01-09 19:33:54','MILK PACKET',54,9,'','','','',52),(90,38,2,400,1,89,'2016-01-09 19:34:28','PAID TO AUTO DRIVER TO GET STOCK TO CENTER',54,9,'','','','',52),(91,30,2,5985,1,92,'2016-01-12 11:00:35','GELS,GAZUE PATTIS,CAPS,COTTEN BANDLES  ON 2/1/2016 VOUCHER NO 8',59,9,'','','','',52),(92,30,2,100,1,92,'2016-01-12 11:01:43','PETROL ALLOWENCES OM ON 4/1/2016 VOUCHER NO 09',59,9,'','','','',52),(93,30,2,190,1,92,'2016-01-12 11:02:44','PARCEL CHARGE TO SEND MECHINE TO CORPORATE ON 4/1/2016 VOUCHER NO 10',59,9,'','','','',52),(94,30,2,512,1,92,'2016-01-12 11:03:26','CELLO WRAP COVER FOR TREATMENT ON 4/1/2016 VOUCHER NO 11',59,9,'','','','',52),(95,30,2,14700,1,92,'2016-01-12 11:04:59','FANS IN TREATMENT ROOMS WITH KRISHNA SIR APPROVAL VOUCHE NO12',59,9,'','','','',52),(96,30,2,338,1,92,'2016-01-12 11:05:51','HUCKS IN TREATMENT ROOMS  ON 4/1/2016 VOUCHER NO 13',59,9,'','','','',52),(97,30,2,1800,1,92,'2016-01-12 11:08:12','BUZZEROS  IN TREATMENT ROOMS  ON 4/1/2016 VOUCHER NO 14',59,9,'','','','',52),(98,30,2,3940,1,92,'2016-01-12 11:12:56','THERMO PACK POWERS-30P,PAPAYA GEL-4B,SILVER GEL-3 ',59,9,'','','','',52),(99,30,2,320,1,92,'2016-01-12 11:19:24','GODREJ LOCK ON 4/1/2016  VOUCHER NO 16',59,9,'','','','',52),(100,30,2,50,1,92,'2016-01-12 11:20:02','LEMONS ON 4/1/2016  VOUCHER NO 17',59,9,'','','','',52),(101,30,2,250,1,92,'2016-01-12 12:19:22','AUTO CHARGES TO BRING GROCERICS ON 4/1/2016 VOUCHER NO 18',59,9,'','','','',52),(102,30,2,150,1,92,'2016-01-12 12:24:33','AUTO CHARGES TO PRANITHA MADAM FROM RAILWAY STATION VOUCHER NO 19',59,9,'','','','',52),(103,30,2,8600,1,92,'2016-01-12 12:26:05','PRAVEENA MADAM ROOM RENT ON 5/1/2016 VOUCHER NO:20',59,9,'','','','',52),(104,30,2,120,1,92,'2016-01-12 12:29:07','PRANEETHA MADAM DINNER ON 5/1/2016 VOUCHER NO 21',59,9,'','','','',52),(105,30,2,120,1,92,'2016-01-12 12:31:51','PRANETHA MADAM DINNER VOCHER NO 21 ON 5/1/2016',59,9,'','','','',52),(106,30,2,160,1,92,'2016-01-12 12:45:46','EENADU PAPER BILL ON 5/1/2016  VOUCHER NO 22',59,9,'','','','',52),(107,30,2,130,1,92,'2016-01-12 12:47:20','HINDU PAPER BILL ON 5/1/2016  VOUCHER NO 23',59,9,'','','','',52),(108,30,2,640,1,92,'2016-01-12 12:48:28','SAKSHI,ANDHRA JYOTHI,D.C PAPER BILLS   ON 5/1/2016 VOCHER NO 24',59,9,'','','','',52),(109,30,2,1320,1,92,'2016-01-12 12:49:15','WATER CANS BILLS  ON 5/1/2016 VOUCHER NO 25',59,9,'','','','',52),(110,30,2,50,1,92,'2016-01-12 12:50:03','LEMONS ON 5/1/2016  VOUCHER NO  26',59,9,'','','','',52),(111,30,2,65,1,92,'2016-01-12 12:52:26','PRANITHA MADAM LUNCH ON 5/1/2016 VOCHER NO 27',59,9,'','','','',52),(112,30,2,700,1,92,'2016-01-12 12:54:08','PETROL ALLOWENCES TO BRING MONEY FROM CLIENT FROM TADEPALLIGUDEM(350 K.M) ON 5/1/2016 VOUCHER NO 28',59,9,'','','','',52),(113,30,2,250,1,92,'2016-01-12 12:55:39','ALLOWENCES TO BRING MONEY FROM CLIENT ON 5/1/2016  VOUCHER NO 29',59,9,'','','','',52),(114,30,2,30674,1,92,'2016-01-12 12:56:33','REFUND TO CLINT SINDHURA CHOWADRY APPROVAL FROM RAJSEKHAR SIR  ON 6/1/2016 VOUCHER NO 30',59,9,'','','','',52),(115,30,2,90,1,92,'2016-01-12 12:57:42','PRANITHA MADAM MILK&TIFFEN ON 6/1/2016  VOCHER NO 31',59,9,'','','','',52);

--
-- Table structure for table `WhatsAppMsg`
--

CREATE TABLE `WhatsAppMsg` (
  `Id` double NOT NULL AUTO_INCREMENT,
  `BranchID` double DEFAULT NULL,
  `BranchName` varchar(100) COLLATE utf8mb4_general_ci DEFAULT NULL,
  `Message` text COLLATE utf8mb4_general_ci,
  PRIMARY KEY (`Id`)
) ENGINE=InnoDB AUTO_INCREMENT=4 DEFAULT CHARSET=utf8mb4 COLLATE=utf8mb4_general_ci;

--
-- Dumping data for table `WhatsAppMsg`
--

INSERT INTO `WhatsAppMsg` VALUES (1,68,'T Nagar','Thanks+for+enquiring+with+us+and+hope+you+received+the+required+details.%0AWalk+in+for+free+consultation+with+our+Dermatologist+at%2C%0AWelona+-++Skin+%26+Hair+Care+Clinic+Chennai.%0A24%2F1+%2CRaman+st%2C+Parthasarathypuram%2C%0AT+nagar%2C+Chennai-17%0A%0AGoogle+maps+-+%0Ahttps%3A%2F%2Fgoo.gl%2Fmaps%2Fz5wMLdPshwEKtuFc8%0A%0AInstagram+-%0Ahttps%3A%2F%2Fwww.instagram.com%2Fwelonaclinicchennai%2F%0A%0AGoogle+reviews+-%0AFor+Google+review+click+on+the+link+and+go+to+the+review+section.%0Ahttps%3A%2F%2Fg.co%2Fkgs%2FxrJZtQ'),(2,66,'Adyar','Welona+-+Slimming%2C+Skin+%26+Hair+Care+Clinic%0A163%2C+SMS+Building+2nd+Floor%2C+LB+Road+Thiruvanmiyur+Opp+to+LB+road+Bus+Depot%2C+Chennai%2C+Tamil+Nadu+-+600041.%0A%0AGoogle+maps-%0Ahttps%3A%2F%2Fmaps.app.goo.gl%2Fthod7zjpy8zuxzCeA%0A%0AInstagram-%0Ahttps%3A%2F%2Fwww.instagram.com%2Fwelonaclinicchennai%2F%0A%0AGoogle+reviews-%0AFor+Google+review+click+on+the+link+and+go+to+review+section.%0Ahttps%3A%2F%2Fg.co%2Fkgs%2FxrJZtQ'),(3,67,'Anna Nagar','Walk+in+for+free+consultation+today.%0AWelona+-+Slimming%2C+Skin+%26+Hair+Care+Clinic+Chennai%0AY-205%2Cold+no+32%2C+Westwood+building+1+st+Floor%2C+%0A5th+Avenue+%2CAnnanagar+West%2Copp+to+church+%0AChennai-40%0A%0AGoogle+Maps-%0Ahttps%3A%2F%2Fmaps.app.goo.gl%2Fq5oNSpqRYobb4qQKA%3Fg_st%3Dic%0A%0AInstagram-%0Ahttps%3A%2F%2Fwww.instagram.com%2Fwelonaclinicchennai%2F%0A%0AGoogle+reviews-%0AFor+Google+review+click+on+the+link+and+go+to+review+section.%0Ahttps%3A%2F%2Fg.co%2Fkgs%2FxrJZtQ');

--
-- Table structure for table `apkAppointment`
--

CREATE TABLE `apkAppointment` (
  `id` int NOT NULL AUTO_INCREMENT,
  `user_id` int NOT NULL,
  `emp_id` int NOT NULL,
  `skinhair_details_id` varchar(11) COLLATE utf8mb4_general_ci NOT NULL DEFAULT '0',
  `appointmentStart` varchar(50) CHARACTER SET utf8mb4 COLLATE utf8mb4_general_ci DEFAULT NULL,
  `appointmentEnd` varchar(50) CHARACTER SET utf8mb4 COLLATE utf8mb4_general_ci DEFAULT NULL,
  `appointment_date_time` varchar(50) COLLATE utf8mb4_general_ci NOT NULL,
  `branch_id` varchar(11) COLLATE utf8mb4_general_ci NOT NULL DEFAULT '0',
  `status` int NOT NULL DEFAULT '1',
  `created` varchar(50) COLLATE utf8mb4_general_ci DEFAULT NULL,
  `created_by` int NOT NULL DEFAULT '0',
  `updated` varchar(50) COLLATE utf8mb4_general_ci DEFAULT NULL,
  `updated_by` int NOT NULL DEFAULT '0',
  `ipAddress` varchar(50) COLLATE utf8mb4_general_ci DEFAULT NULL,
  `category_id` varchar(50) COLLATE utf8mb4_general_ci DEFAULT NULL,
  `paymentStatus` varchar(50) COLLATE utf8mb4_general_ci DEFAULT NULL,
  `order_id` varchar(100) COLLATE utf8mb4_general_ci DEFAULT NULL,
  `payment_id` varchar(100) COLLATE utf8mb4_general_ci DEFAULT NULL,
  PRIMARY KEY (`id`)
) ENGINE=InnoDB AUTO_INCREMENT=21 DEFAULT CHARSET=utf8mb4 COLLATE=utf8mb4_general_ci;

--
-- Dumping data for table `apkAppointment`
--

INSERT INTO `apkAppointment` VALUES (1,4,50917,'undefined','2024-02-15 06:46','2024-02-15 07:16:00','2024-02-15 06:46','undefined',1,'2024-02-15 13:14:10',4,NULL,0,'117.98.195.239',NULL,'1','order_Nc4GxAkri84NJJ','1'),(2,4,50917,'undefined','2024-02-15 17:26','2024-02-15 17:56:00','2024-02-15 17:26','undefined',1,'2024-02-18 09:51:02',4,NULL,0,'152.58.196.57',NULL,'1','order_NcIjSoIBlOi35j','2'),(3,4,50917,'undefined','2024-02-15 17:26','2024-02-15 17:56:00','2024-02-15 17:26','undefined',1,'2024-02-18 09:51:02',4,NULL,0,'152.58.196.57',NULL,'2','','6'),(4,4,50917,'undefined','2024-02-15 10:10','2024-02-15 10:40:00','2024-02-15 10:10','undefined',1,'2024-02-18 13:11:07',4,NULL,0,'152.58.196.245',NULL,'1','order_NcMatw3e1kwoKP','3'),(5,12,50917,'undefined','2024-02-19 12:30','2024-02-19 13:00:00','2024-02-19 12:30','undefined',1,'2024-02-19 05:51:55',12,NULL,0,'122.174.141.187',NULL,'1','order_NcdDsB18aiijla','4'),(6,18,50917,'undefined','2024-02-19 13:08','2024-02-19 13:38:00','2024-02-19 13:08','undefined',1,'2024-02-19 06:30:04',18,NULL,0,'49.43.216.3',NULL,NULL,NULL,NULL),(7,12,50917,'undefined','2024-02-19 11:00','2024-02-19 11:30:00','2024-02-19 11:00','undefined',3,'2024-02-19 06:30:04',12,'2024-03-13 20:24:58',1,'122.174.141.187',NULL,'1','order_Nce8H8yu2bFXTT','5'),(8,4,30891,'undefined','2024-02-20 19:00','2024-02-20 19:30:00','2024-02-20 19:00','undefined',1,'2024-02-20 12:49:00',4,NULL,0,'122.179.38.141',NULL,NULL,NULL,NULL),(9,21,61116,'undefined','2024-02-23 4:00:00 PM','2024-02-23 16:30:00','2024-02-23 4:00:00 PM','undefined',3,'2024-02-22 05:15:59',21,'2024-03-13 20:24:58',1,'49.47.232.118',NULL,'1',NULL,NULL),(10,21,61116,'undefined','2024-02-24 18:30:00','2024-02-24 19:00:00','2024-02-24 18:30:00','undefined',1,'2024-02-22 05:15:59',21,NULL,4,'49.47.232.118',NULL,'1',NULL,NULL),(11,21,50909,'undefined','2024-02-24 20:00:00','2024-02-24 20:30:00','2024-02-24 20:00:00','undefined',2,'2024-02-22 05:15:59',21,'2024-03-13 20:24:58',1,'49.47.232.118',NULL,'1','order_Ndsw518mvSVsIC','7'),(12,12,50917,'undefined','2024-02-22 15:00:00','2024-02-22 15:30:00','2024-02-22 15:00:00','undefined',3,'2024-02-22 05:15:59',12,'2024-03-13 20:24:58',1,'122.179.38.141',NULL,'1','','8'),(13,12,50917,'undefined','2024-02-22 16:30:00','2024-02-22 17:00:00','2024-02-22 16:30:00','undefined',1,'2024-02-22 05:15:59',12,NULL,4,'122.179.38.141',NULL,'1','','9'),(14,22,50905,'undefined','2024-02-22 16:30:00','2024-02-22 17:00:00','2024-02-22 16:30:00','undefined',3,'2024-02-22 05:15:59',22,'2024-03-13 20:24:58',1,'122.179.38.141',NULL,'1','','10'),(15,24,61116,'undefined','2024-02-22 20:00:00','2024-02-22 20:30:00','2024-02-22 20:00:00','undefined',2,'2024-02-22 05:15:59',24,'2024-04-04 07:33:23',1,'122.179.38.141',NULL,'1',NULL,NULL),(16,21,61116,'undefined','2024-03-13 15:30:00','2024-03-13 16:00:00','2024-03-13 15:30:00','undefined',2,'2024-03-11 09:23:15',21,'2024-04-02 06:29:00',4,'152.59.199.66',NULL,'1','','13'),(17,18,61116,'undefined','2024-03-12 19:30:00','2024-03-12 20:00:00','2024-03-12 19:30:00','undefined',3,'2024-03-11 13:07:45',18,'2024-03-13 20:24:58',4,'152.59.198.135',NULL,'1','','11'),(18,32,40899,'undefined','2024-03-15 15:30:00','2024-03-15 16:00:00','2024-03-15 15:30:00','undefined',3,'2024-03-12 10:15:50',32,'2024-03-13 20:24:58',4,'152.59.197.123',NULL,'1','','12'),(19,18,61116,'undefined','2024-03-13 13:30:00','2024-03-13 14:00:00','2024-03-13 13:30:00','undefined',2,'2024-03-13 07:06:54',18,'2024-04-02 06:29:00',4,'49.37.159.254',NULL,'1',NULL,NULL),(20,33,61116,'undefined','2024-04-06 16:00:00','2024-04-06 16:30:00','2024-04-06 16:00:00','undefined',2,'2024-04-04 07:33:23',33,'2024-04-17 07:40:27',4,'152.58.197.45',NULL,'1','order_NuVWwtExmUUEr7','14');

--
-- Table structure for table `app_faq`
--

CREATE TABLE `app_faq` (
  `id` int NOT NULL AUTO_INCREMENT,
  `category_id` int NOT NULL,
  `question` varchar(255) COLLATE utf8mb4_general_ci DEFAULT NULL,
  `answer` text COLLATE utf8mb4_general_ci,
  `status` int NOT NULL DEFAULT '1',
  `created` varchar(50) COLLATE utf8mb4_general_ci DEFAULT NULL,
  `createdBy` int NOT NULL DEFAULT '0',
  `updated` varchar(50) COLLATE utf8mb4_general_ci DEFAULT NULL,
  `updatedBy` int NOT NULL DEFAULT '0',
  PRIMARY KEY (`id`)
) ENGINE=InnoDB AUTO_INCREMENT=18 DEFAULT CHARSET=utf8mb4 COLLATE=utf8mb4_general_ci;

--
-- Dumping data for table `app_faq`
--

INSERT INTO `app_faq` VALUES (1,9,'how you will rate our service','average',1,'2024-03-05 06:44:59',1,'2024-03-05 08:30:10',3),(2,49,'','',0,'2024-03-05 09:34:26',1,'2024-03-05 09:38:53',1),(3,48,'What is you age?','23',1,'2024-03-05 09:34:26',1,NULL,0),(4,1,'What is the your DOB ?','15th may 2000',1,'2024-03-05 10:17:59',1,'2024-03-05 10:58:43',1),(5,46,'How often should I wash my hair?',' Maintain a consistent skincare routine, cleanse your face regularly, avoid touching your face, and use non-comedogenic products. Consult a dermatologist for personalized advice.',1,'2024-03-11 06:57:31',1,NULL,0),(6,46,'What can I do to prevent hair loss?',' Maintain a balanced diet, avoid excessive heat styling, and treat your hair gently. Consult with a healthcare professional to identify any underlying causes of hair loss.',1,'2024-03-11 06:57:31',1,NULL,0),(7,46,'Is it okay to color or bleach my hair?','Coloring and bleaching can damage hair, so its important to follow proper procedures and use quality products. Consider consulting a professional stylist for best results.',1,'2024-03-11 09:02:20',1,NULL,0),(8,46,'How can I control frizz?','Use a sulfate-free shampoo, deep condition regularly, and avoid excessive heat styling. Applying a serum or oil can also help control frizz.',1,'2024-03-11 09:15:18',1,NULL,0),(9,46,'What is the best way to promote hair growth?','Maintain a healthy diet rich in vitamins and minerals, avoid excessive heat and chemical treatments, and consider using products with ingredients known to promote hair growth.',1,'2024-03-11 09:15:18',1,NULL,0),(10,42,'How can I prevent acne?','Maintain a consistent skincare routine, cleanse your face regularly, avoid touching your face, and use non-comedogenic products. Consult a dermatologist for personalized advice.',1,'2024-03-11 09:15:18',1,NULL,0),(11,42,'What is the best way to treat dry skin?','Stay hydrated, use a moisturizer suitable for your skin type, and avoid hot showers. Consider incorporating products with hyaluronic acid or ceramides.',1,'2024-03-11 09:15:18',1,NULL,0),(12,42,'How do I protect my skin from the sun?','Use sunscreen with at least SPF 30, reapply every 2 hours, and limit sun exposure during peak hours (10 am to 4 pm). Wear protective clothing and accessories.',1,'2024-03-11 09:21:38',1,NULL,0),(13,42,'What skincare routine should I follow?','A basic routine includes cleansing, toning, moisturizing, and applying sunscreen in the morning. Consider additional steps like exfoliation or using serums based on your skin needs.',1,'2024-03-11 09:21:38',1,NULL,0),(14,58,'How can I reduce dark spots and hyperpigmentation?','Use products with ingredients like vitamin C, retinoids, or niacinamide. Regular exfoliation and sunscreen use are also crucial. Consult with a dermatologist for targeted treatments.',1,'2024-03-11 09:23:15',1,'2024-03-14 07:35:59',1),(15,58,'6yuiol;','rftgyhjk,l',1,'2024-03-14 07:35:59',1,NULL,0),(16,46,'how long you had hair probl','3days',0,'2024-03-14 14:04:39',1,'2024-03-14 14:04:39',1),(17,42,'how long do have skin problem','last one month',1,'2024-04-04 07:33:23',1,NULL,0);

--
-- Table structure for table `banners`
--

CREATE TABLE `banners` (
  `id` int NOT NULL AUTO_INCREMENT,
  `category_id` int NOT NULL,
  `banner_image` text,
  `banner_imagePath` varchar(255) DEFAULT NULL,
  `banner_position` varchar(100) NOT NULL,
  `created_date` varchar(100) NOT NULL,
  `expiry_date` varchar(100) CHARACTER SET latin1 COLLATE latin1_swedish_ci DEFAULT NULL,
  `status` int NOT NULL DEFAULT '1',
  `created` varchar(50) DEFAULT NULL,
  `createdBy` int NOT NULL DEFAULT '0',
  `updated` varchar(50) DEFAULT NULL,
  `updatedBy` int NOT NULL DEFAULT '0',
  `deleted` varchar(50) DEFAULT NULL,
  `deletedBy` int NOT NULL DEFAULT '0',
  PRIMARY KEY (`id`)
) ENGINE=MyISAM AUTO_INCREMENT=60 DEFAULT CHARSET=latin1;

--
-- Dumping data for table `banners`
--

INSERT INTO `banners` VALUES (1,2,'https://www.welona.in/wp-content/uploads/2021/07/slide3.jpg','https://www.welona.in/wp-content/uploads/2021/07/slide3.jpg','1','2024-02-28 09:18:06','2023-08-26',1,'2022-08-26 18:09:43',1,'2024-03-04 09:55:14',1,NULL,1),(2,1,'https://www.welona.in/wp-content/uploads/2021/07/slide1.jpg','https://www.welona.in/wp-content/uploads/2021/07/slide1.jpg','4','2024-02-28 07:27:10','2023-08-26',1,'2022-08-26 18:13:33',1,'2024-03-04 09:55:14',1,NULL,25),(3,113,'https://www.welona.in/wp-content/uploads/2021/07/slide2-1.jpg','https://www.welona.in/wp-content/uploads/2021/07/slide2-1.jpg','3','2022-09-02','2023-09-02',1,'2022-09-02 12:53:58',1,'2024-03-04 09:55:14',1,'2024-03-04 11:14:23',1),(30,43,'http://54.83.163.72/apkBanners/Screenshot-(1)-1709629264248.png','apkBanners/Screenshot-(1)-1709629264248.png','11','2024-03-05 08:30:10',NULL,1,'2024-03-05 08:30:10',1,NULL,0,NULL,0),(29,45,'http://54.83.163.72/apkBanners/Screenshot-(1)-1709628757768.png','apkBanners/Screenshot-(1)-1709628757768.png','7','2024-03-05 08:30:10',NULL,1,'2024-03-05 08:30:10',1,NULL,0,NULL,0),(23,45,'http://54.83.163.72/apkBanners/giftcard-1709621148810.png','apkBanners/giftcard-1709621148810.png','1','2024-03-05 06:44:59',NULL,1,'2024-03-04 12:02:36',1,NULL,1,'2024-03-04 12:29:52',1),(24,43,'http://54.83.163.72/apkBanners/Screenshot-(1)-1709628366086.png','apkBanners/Screenshot-(1)-1709628366086.png','10','2024-03-05 08:30:10',NULL,0,'2024-03-05 08:30:10',1,NULL,0,'2024-04-02 06:29:00',1),(25,43,'http://54.83.163.72/apkBanners/Screenshot-(2)-1709628421553.png','apkBanners/Screenshot-(2)-1709628421553.png','4','2024-03-05 08:30:10',NULL,1,'2024-03-05 08:30:10',1,NULL,0,NULL,0),(28,43,'http://54.83.163.72/apkBanners/Screenshot-(1)-1709628653006.png','apkBanners/Screenshot-(1)-1709628653006.png','5','2024-03-05 08:30:10',NULL,1,'2024-03-05 08:30:10',1,NULL,0,NULL,0),(27,43,'http://54.83.163.72/apkBanners/Screenshot-(1)-1709628657200.png','apkBanners/Screenshot-(1)-1709628657200.png','5','2024-03-05 08:30:10',NULL,1,'2024-03-05 08:30:10',1,NULL,0,NULL,0),(26,44,'http://54.83.163.72/apkBanners/Screenshot-(3)-1709628483737.png','apkBanners/Screenshot-(3)-1709628483737.png','8','2024-03-05 08:30:10',NULL,1,'2024-03-05 08:30:10',1,NULL,0,'2024-03-06 09:54:01',1),(31,47,'http://54.83.163.72/apkBanners/103.-1709639256288.jpg','apkBanners/103.-1709639256288.jpg','8','2024-03-05 11:21:50',NULL,1,'2024-03-05 11:21:50',1,NULL,0,NULL,0),(32,47,'http://54.83.163.72/apkBanners/103.-1709639267653.jpg','apkBanners/103.-1709639267653.jpg','8','2024-03-05 11:21:50',NULL,1,'2024-03-05 11:21:50',1,NULL,0,NULL,0),(33,47,'http://54.83.163.72/apkBanners/103.-1709639388975.jpg','apkBanners/103.-1709639388975.jpg','8','2024-03-05 11:21:50',NULL,1,'2024-03-05 11:21:50',1,NULL,0,NULL,0),(34,47,'http://54.83.163.72/apkBanners/103.-1709639265476.jpg','apkBanners/103.-1709639265476.jpg','8','2024-03-05 11:21:50',NULL,1,'2024-03-05 11:21:50',1,NULL,0,NULL,0),(35,47,'http://54.83.163.72/apkBanners/103.-1709639266422.jpg','apkBanners/103.-1709639266422.jpg','8','2024-03-05 11:21:50',NULL,1,'2024-03-05 11:21:50',1,NULL,0,NULL,0),(36,47,'http://54.83.163.72/apkBanners/103.-1709639274097.jpg','apkBanners/103.-1709639274097.jpg','8','2024-03-05 11:21:50',NULL,1,'2024-03-05 11:21:50',1,NULL,0,NULL,0),(37,47,'http://54.83.163.72/apkBanners/103.-1709639297496.jpg','apkBanners/103.-1709639297496.jpg','8','2024-03-05 11:21:50',NULL,1,'2024-03-05 11:21:50',1,NULL,0,NULL,0),(38,47,'http://54.83.163.72/apkBanners/103.-1709639265729.jpg','apkBanners/103.-1709639265729.jpg','8','2024-03-05 11:21:50',NULL,1,'2024-03-05 11:21:50',1,NULL,0,NULL,0),(39,47,'http://54.83.163.72/apkBanners/103.-1709639284877.jpg','apkBanners/103.-1709639284877.jpg','8','2024-03-05 11:21:50',NULL,1,'2024-03-05 11:21:50',1,NULL,0,NULL,0),(40,47,'http://54.83.163.72/apkBanners/103.-1709639293381.jpg','apkBanners/103.-1709639293381.jpg','8','2024-03-05 11:21:50',NULL,1,'2024-03-05 11:21:50',1,NULL,0,NULL,0),(41,47,'http://54.83.163.72/apkBanners/103.-1709639311246.jpg','apkBanners/103.-1709639311246.jpg','8','2024-03-05 11:21:50',NULL,1,'2024-03-05 11:21:50',1,NULL,0,NULL,0),(42,47,'http://54.83.163.72/apkBanners/103.-1709639307045.jpg','apkBanners/103.-1709639307045.jpg','8','2024-03-05 11:21:50',NULL,1,'2024-03-05 11:21:50',1,NULL,0,NULL,0),(43,47,'http://54.83.163.72/apkBanners/103.-1709639394216.jpg','apkBanners/103.-1709639394216.jpg','8','2024-03-05 11:21:50',NULL,1,'2024-03-05 11:21:50',1,NULL,0,NULL,0),(44,47,'http://54.83.163.72/apkBanners/103.-1709639295599.jpg','apkBanners/103.-1709639295599.jpg','8','2024-03-05 11:21:50',NULL,1,'2024-03-05 11:21:50',1,NULL,0,NULL,0),(45,47,'http://54.83.163.72/apkBanners/103.-1709639387721.jpg','apkBanners/103.-1709639387721.jpg','8','2024-03-05 11:21:50',NULL,1,'2024-03-05 11:21:50',1,NULL,0,NULL,0),(46,47,'http://54.83.163.72/apkBanners/103.-1709639344544.jpg','apkBanners/103.-1709639344544.jpg','8','2024-03-05 11:21:50',NULL,1,'2024-03-05 11:21:50',1,NULL,0,NULL,0),(47,47,'http://54.83.163.72/apkBanners/103.-1709639343456.jpg','apkBanners/103.-1709639343456.jpg','8','2024-03-05 11:21:50',NULL,1,'2024-03-05 11:21:50',1,NULL,0,NULL,0),(48,47,'http://54.83.163.72/apkBanners/103.-1709639365352.jpg','apkBanners/103.-1709639365352.jpg','8','2024-03-05 11:21:50',NULL,1,'2024-03-05 11:21:50',1,NULL,0,NULL,0),(49,47,'http://54.83.163.72/apkBanners/103.-1709639336480.jpg','apkBanners/103.-1709639336480.jpg','8','2024-03-05 11:21:50',NULL,1,'2024-03-05 11:21:50',1,NULL,0,NULL,0),(50,47,'http://54.83.163.72/apkBanners/103.-1709639342866.jpg','apkBanners/103.-1709639342866.jpg','8','2024-03-05 11:21:50',NULL,1,'2024-03-05 11:21:50',1,NULL,0,NULL,0),(51,47,'http://54.83.163.72/apkBanners/103.-1709639365725.jpg','apkBanners/103.-1709639365725.jpg','8','2024-03-05 11:21:50',NULL,1,'2024-03-05 11:21:50',1,NULL,0,NULL,0),(52,47,'http://54.83.163.72/apkBanners/103.-1709639381250.jpg','apkBanners/103.-1709639381250.jpg','8','2024-03-05 11:21:50',NULL,1,'2024-03-05 11:21:50',1,NULL,0,NULL,0),(53,47,'http://54.83.163.72/apkBanners/103.-1709639379422.jpg','apkBanners/103.-1709639379422.jpg','8','2024-03-05 11:21:50',NULL,1,'2024-03-05 11:21:50',1,NULL,0,NULL,0),(54,47,'http://54.83.163.72/apkBanners/103.-1709639382436.jpg','apkBanners/103.-1709639382436.jpg','8','2024-03-05 11:21:50',NULL,1,'2024-03-05 11:21:50',1,NULL,0,NULL,0),(55,47,'http://54.83.163.72/apkBanners/103.-1709639374220.jpg','apkBanners/103.-1709639374220.jpg','8','2024-03-05 11:21:50',NULL,1,'2024-03-05 11:21:50',1,NULL,0,NULL,0),(56,47,'http://54.83.163.72/apkBanners/103.-1709639394917.jpg','apkBanners/103.-1709639394917.jpg','8','2024-03-05 11:21:50',NULL,1,'2024-03-05 11:21:50',1,NULL,0,NULL,0),(57,47,'http://54.83.163.72/apkBanners/103.-1709639396496.jpg','apkBanners/103.-1709639396496.jpg','8','2024-03-05 11:21:50',NULL,1,'2024-03-05 11:21:50',1,NULL,0,NULL,0),(58,48,'http://54.83.163.72/apkBanners/106-1709641863135.jpg','apkBanners/106-1709641863135.jpg','6','2024-03-05 11:57:12',NULL,1,'2024-03-05 11:57:12',1,NULL,0,NULL,0),(59,42,'http://54.83.163.72/apkBanners/Screenshot-(1)-1710407567155.png','apkBanners/Screenshot-(1)-1710407567155.png','4','2024-03-14 09:04:14',NULL,0,'2024-03-06 05:05:27',1,NULL,1,'2024-04-02 06:29:00',1);

--
-- Table structure for table `category_banners`
--

CREATE TABLE `category_banners` (
  `id` int NOT NULL AUTO_INCREMENT,
  `category_id` int NOT NULL,
  `banner_image` text,
  `banner_imagePath` varchar(255) DEFAULT NULL,
  `banner_position` varchar(100) NOT NULL,
  `created_date` varchar(100) NOT NULL,
  `expiry_date` varchar(100) DEFAULT NULL,
  `status` int NOT NULL DEFAULT '1',
  `created` varchar(50) DEFAULT NULL,
  `createdBy` int NOT NULL DEFAULT '0',
  `updated` varchar(50) DEFAULT NULL,
  `updatedBy` int NOT NULL DEFAULT '0',
  `deleted` varchar(50) DEFAULT NULL,
  `deletedBy` int NOT NULL DEFAULT '0',
  PRIMARY KEY (`id`)
) ENGINE=MyISAM AUTO_INCREMENT=6 DEFAULT CHARSET=latin1;

--
-- Dumping data for table `category_banners`
--

INSERT INTO `category_banners` VALUES (1,2,'http://54.83.163.72/undefined','undefined','4','2024-03-05 07:10:02',NULL,1,'2024-03-05 07:10:02',1,NULL,1,NULL,0),(2,3,'http://54.83.163.72/path','path','4','2024-03-05 07:10:02',NULL,1,'2024-03-05 07:10:02',1,NULL,0,'2024-03-05 10:06:29',1),(3,46,'http://54.83.163.72/apkBanners/Screenshot-(1)-1709630041589.png','apkBanners/Screenshot-(1)-1709630041589.png','5','2024-03-05 09:03:02',NULL,1,'2024-03-05 09:03:02',1,NULL,0,'2024-03-05 10:06:29',1),(4,46,'http://54.83.163.72/categoryImages/Screenshot-(2)-1710335768602.png','categoryImages/Screenshot-(2)-1710335768602.png','11','2024-03-13 12:29:15',NULL,1,'2024-03-05 10:17:59',1,NULL,1,NULL,0),(5,1,'http://54.83.163.72/categoryImages/Screenshot-(2)-1710335803875.png','categoryImages/Screenshot-(2)-1710335803875.png','6','2024-03-13 12:29:15',NULL,0,'2024-03-13 12:29:15',1,NULL,0,'2024-03-13 12:29:15',1);

--
-- Table structure for table `consultantInvoice`
--

CREATE TABLE `consultantInvoice` (
  `id` int NOT NULL AUTO_INCREMENT,
  `userId` int NOT NULL,
  `apptId` int NOT NULL,
  `invoiceDate` varchar(50) COLLATE utf8mb4_general_ci DEFAULT NULL,
  `planAmount` decimal(13,2) NOT NULL,
  `couponDiscountAmount` decimal(13,2) NOT NULL,
  `couponCode` varchar(100) COLLATE utf8mb4_general_ci DEFAULT NULL,
  `netPaybleAmount` decimal(13,2) NOT NULL,
  `gst` decimal(13,2) NOT NULL DEFAULT '0.00',
  `cgst` decimal(13,2) NOT NULL DEFAULT '0.00',
  `igst` decimal(13,2) NOT NULL DEFAULT '0.00',
  `grandTotalAmount` decimal(13,2) NOT NULL DEFAULT '0.00',
  `roundedToRupee` decimal(13,2) NOT NULL DEFAULT '0.00',
  `order_id` varchar(255) COLLATE utf8mb4_general_ci DEFAULT NULL,
  `paymentType` varchar(50) COLLATE utf8mb4_general_ci DEFAULT NULL,
  `payment_status` varchar(255) COLLATE utf8mb4_general_ci DEFAULT NULL,
  `status` int NOT NULL DEFAULT '1',
  `created` varchar(50) COLLATE utf8mb4_general_ci DEFAULT NULL,
  `createdBy` int NOT NULL DEFAULT '0',
  `updated` varchar(50) COLLATE utf8mb4_general_ci DEFAULT NULL,
  `updatedBy` int NOT NULL DEFAULT '0',
  PRIMARY KEY (`id`)
) ENGINE=InnoDB AUTO_INCREMENT=15 DEFAULT CHARSET=utf8mb4 COLLATE=utf8mb4_general_ci;

--
-- Dumping data for table `consultantInvoice`
--

INSERT INTO `consultantInvoice` VALUES (1,4,1,'2024-02-17',1000.00,100.00,'wapk10',900.00,162.00,81.00,81.00,1062.00,1062.00,'order_Nc4GxAkri84NJJ','Consultant Fees','success',1,'2024-02-17 19:48:42',4,NULL,0),(2,4,2,'2024-02-18',1000.00,0.00,'undefined',1000.00,180.00,90.00,90.00,1180.00,1180.00,'order_NcIjSoIBlOi35j','Consultant Fees','success',1,'2024-02-18 09:51:02',4,NULL,0),(3,4,4,'2024-02-18',1000.00,150.00,'Wapk150',850.00,153.00,76.50,76.50,1003.00,1003.00,'order_NcMatw3e1kwoKP','Consultant Fees','success',1,'2024-02-18 13:11:07',4,NULL,0),(4,12,5,'2024-02-19',1000.00,0.00,'welona',1000.00,180.00,90.00,90.00,1180.00,1180.00,'order_NcdDsB18aiijla','Consultant Fees','success',1,'2024-02-19 06:00:30',12,NULL,0),(5,12,7,'2024-02-19',1000.00,100.00,'wapk10',900.00,162.00,81.00,81.00,1062.00,1062.00,'order_Nce8H8yu2bFXTT','Consultant Fees','success',1,'2024-02-19 06:30:04',12,NULL,0),(6,4,3,'2024-02-20',1000.00,0.00,'',1180.00,180.00,90.00,90.00,1180.00,1180.00,'','Consultant Fees','pending',0,'2024-02-20 12:49:00',4,NULL,0),(7,21,11,'2024-02-22',1000.00,100.00,'wapk10',900.00,162.00,81.00,81.00,1062.00,1062.00,'order_Ndsw518mvSVsIC','Consultant Fees','success',1,'2024-02-22 05:15:59',21,NULL,0),(8,12,12,'2024-02-22',1000.00,0.00,'',1180.00,180.00,90.00,90.00,1180.00,1180.00,'','Consultant Fees','pending',0,'2024-02-22 05:15:59',12,NULL,0),(9,12,13,'2024-02-22',1000.00,0.00,'',1180.00,180.00,90.00,90.00,1180.00,1180.00,'','Consultant Fees','pending',0,'2024-02-22 05:15:59',12,NULL,0),(10,22,14,'2024-02-22',1000.00,0.00,'',1180.00,180.00,90.00,90.00,1180.00,1180.00,'','Consultant Fees','pending',0,'2024-02-22 05:15:59',22,NULL,0),(11,18,17,'2024-03-11',1000.00,0.00,'',1180.00,180.00,90.00,90.00,1180.00,1180.00,'','Consultant Fees','pending',0,'2024-03-11 13:07:45',18,NULL,0),(12,32,18,'2024-03-13',1000.00,0.00,'',1180.00,180.00,90.00,90.00,1180.00,1180.00,'','Consultant Fees','pending',0,'2024-03-12 10:15:50',32,NULL,0),(13,21,16,'2024-03-13',1000.00,0.00,'',1180.00,180.00,90.00,90.00,1180.00,1180.00,'','Consultant Fees','pending',0,'2024-03-13 07:06:54',21,NULL,0),(14,33,20,'2024-04-04',1000.00,10.00,'welona123',990.00,178.20,89.10,89.10,1168.20,1168.20,'order_NuVWwtExmUUEr7','Consultant Fees','success',1,'2024-04-04 07:33:23',33,NULL,0);

--
-- Table structure for table `coupons`
--

CREATE TABLE `coupons` (
  `id` int NOT NULL AUTO_INCREMENT,
  `coupon_code` varchar(255) COLLATE utf8mb4_general_ci DEFAULT NULL,
  `discountType` varchar(50) COLLATE utf8mb4_general_ci DEFAULT NULL,
  `couponDiscount` varchar(100) COLLATE utf8mb4_general_ci DEFAULT NULL,
  `minOrderAmount` decimal(13,2) NOT NULL DEFAULT '0.00',
  `maxOrderAmount` decimal(13,2) NOT NULL DEFAULT '0.00',
  `startDate` varchar(255) COLLATE utf8mb4_general_ci DEFAULT NULL,
  `endDate` varchar(255) COLLATE utf8mb4_general_ci DEFAULT NULL,
  `status` int NOT NULL DEFAULT '1',
  `created` varchar(50) COLLATE utf8mb4_general_ci DEFAULT NULL,
  `cretaedBy` int NOT NULL DEFAULT '0',
  `updated` varchar(50) COLLATE utf8mb4_general_ci DEFAULT NULL,
  `updatedBy` int NOT NULL DEFAULT '0',
  `deleted` varchar(50) COLLATE utf8mb4_general_ci DEFAULT NULL,
  `deletedBy` int NOT NULL DEFAULT '0',
  PRIMARY KEY (`id`)
) ENGINE=InnoDB AUTO_INCREMENT=7 DEFAULT CHARSET=utf8mb4 COLLATE=utf8mb4_general_ci;

--
-- Dumping data for table `coupons`
--

INSERT INTO `coupons` VALUES (1,'WAPK10','Percentage','10',900.00,1999.00,'2024-02-16','2024-04-16',1,'2024-02-16 17:45:32',1,NULL,0,NULL,0),(2,'WAPK150','Amount','150',999.00,2999.00,'2024-02-16','2024-04-16',1,'2024-02-16 17:45:32',1,'2024-03-04 13:00:10',1,'2024-03-04 12:02:36',25),(3,'welona123','In Percentage','10',100.00,0.00,'2024-03-04','2024-03-05',1,'2024-03-04 12:49:39',1,'2024-03-13 12:29:15',1,NULL,0),(4,'ww','In Percentage','150',24.00,0.00,'2024-03-20','2024-03-18',0,'2024-03-04 12:57:56',1,NULL,0,'2024-03-04 13:00:10',25),(5,'eerr','In Percentage','150',100.00,0.00,'2024-03-28','2024-03-24',1,'2024-03-13 12:29:15',1,NULL,0,NULL,0),(6,'welona123','In Percentage','10',200.00,0.00,'2024-04-04','2024-04-07',1,'2024-04-04 07:33:23',1,NULL,0,NULL,0);

--
-- Table structure for table `emp_rating`
--

CREATE TABLE `emp_rating` (
  `id` int NOT NULL AUTO_INCREMENT,
  `user_id` int NOT NULL,
  `emp_id` int NOT NULL,
  `rating` int NOT NULL,
  `status` int NOT NULL DEFAULT '1',
  `created` varchar(50) COLLATE utf8mb4_general_ci DEFAULT NULL,
  `createdBy` int NOT NULL DEFAULT '0',
  `updated` varchar(50) COLLATE utf8mb4_general_ci DEFAULT NULL,
  `updatedBy` int NOT NULL DEFAULT '0',
  PRIMARY KEY (`id`)
) ENGINE=InnoDB AUTO_INCREMENT=11 DEFAULT CHARSET=utf8mb4 COLLATE=utf8mb4_general_ci;

--
-- Dumping data for table `emp_rating`
--

INSERT INTO `emp_rating` VALUES (1,1,5,4,1,'2024-01-25 09:57:58',1,NULL,0),(4,3,50917,4,1,'2024-01-25 09:58:50',3,NULL,0),(7,0,0,0,1,'2024-01-25 10:21:08',0,NULL,0),(10,1,50917,4,1,'2024-01-25 12:09:00',1,NULL,0);

--
-- Table structure for table `hairsection_a`
--

CREATE TABLE `hairsection_a` (
  `id` int NOT NULL AUTO_INCREMENT,
  `reason` varchar(100) COLLATE utf8mb4_general_ci DEFAULT NULL,
  `status` int NOT NULL DEFAULT '1',
  `created` varchar(50) COLLATE utf8mb4_general_ci DEFAULT NULL,
  `createdBy` int NOT NULL DEFAULT '0',
  `updated` varchar(50) COLLATE utf8mb4_general_ci DEFAULT NULL,
  `updatedBy` int NOT NULL DEFAULT '0',
  PRIMARY KEY (`id`)
) ENGINE=InnoDB AUTO_INCREMENT=8 DEFAULT CHARSET=utf8mb4 COLLATE=utf8mb4_general_ci;

--
-- Dumping data for table `hairsection_a`
--

INSERT INTO `hairsection_a` VALUES (1,'Breakage',1,NULL,0,NULL,0),(2,'Dryness',1,NULL,0,NULL,0),(3,'Dandruff',1,NULL,0,NULL,0),(4,'Slow Growth',1,NULL,0,NULL,0),(5,'Shedding',1,NULL,0,NULL,0),(6,'Thinning',1,NULL,0,NULL,0),(7,'Scalp Itch',1,NULL,0,NULL,0);

--
-- Table structure for table `hairsection_c`
--

CREATE TABLE `hairsection_c` (
  `id` int NOT NULL AUTO_INCREMENT,
  `reason` varchar(100) COLLATE utf8mb4_general_ci DEFAULT NULL,
  `status` int NOT NULL DEFAULT '1',
  `created` varchar(50) COLLATE utf8mb4_general_ci DEFAULT NULL,
  `createdBy` int NOT NULL DEFAULT '0',
  `updated` varchar(50) COLLATE utf8mb4_general_ci DEFAULT NULL,
  `updatedBy` int NOT NULL DEFAULT '0',
  PRIMARY KEY (`id`)
) ENGINE=InnoDB AUTO_INCREMENT=5 DEFAULT CHARSET=utf8mb4 COLLATE=utf8mb4_general_ci;

--
-- Dumping data for table `hairsection_c`
--

INSERT INTO `hairsection_c` VALUES (1,'1-2 times a week',1,NULL,0,NULL,0),(2,'3-4 times a week',1,NULL,0,NULL,0),(3,'5-6 times a week',1,NULL,0,NULL,0),(4,'Daily',1,NULL,0,NULL,0);

--
-- Table structure for table `newApkEnquiry`
--

CREATE TABLE `newApkEnquiry` (
  `id` int NOT NULL AUTO_INCREMENT,
  `enquiryId` int NOT NULL,
  `categoryId` int NOT NULL,
  `sectionDesc` varchar(100) COLLATE utf8mb4_general_ci NOT NULL,
  `sectionOptions` text COLLATE utf8mb4_general_ci,
  `status` int NOT NULL DEFAULT '1',
  `created` varchar(50) COLLATE utf8mb4_general_ci DEFAULT NULL,
  `created_by` int NOT NULL DEFAULT '0',
  `updated` varchar(50) COLLATE utf8mb4_general_ci DEFAULT NULL,
  `updated_by` int NOT NULL DEFAULT '0',
  `ipAddress` varchar(20) COLLATE utf8mb4_general_ci DEFAULT NULL,
  PRIMARY KEY (`id`)
) ENGINE=InnoDB AUTO_INCREMENT=389 DEFAULT CHARSET=utf8mb4 COLLATE=utf8mb4_general_ci;

--
-- Dumping data for table `newApkEnquiry`
--

INSERT INTO `newApkEnquiry` VALUES (1,1,11,'Reason for visiting Welona','iching',1,'2024-01-22 14:12:29',1,NULL,0,'171.61.106.129'),(2,1,11,'Reason for visiting Welona','allergy',1,'2024-01-22 14:12:29',1,NULL,0,'171.61.106.129'),(3,1,11,'Do you use','skin',1,'2024-01-22 14:12:29',1,NULL,0,'171.61.106.129'),(4,1,11,'Do you use','halls',1,'2024-01-22 14:12:29',1,NULL,0,'171.61.106.129'),(5,1,11,'Do you use','hir',1,'2024-01-22 14:12:29',1,NULL,0,'171.61.106.129'),(6,1,11,'Do you visit parlors for','halls',1,'2024-01-22 14:12:29',1,NULL,0,'171.61.106.129'),(7,1,11,'Do you visit parlors for','hir',1,'2024-01-22 14:12:29',1,NULL,0,'171.61.106.129'),(8,1,11,'Reason for visiting Welona','allergy',1,'2024-01-22 14:12:29',1,NULL,0,'171.61.106.129'),(9,1,11,'Do you use','skin',1,'2024-01-22 14:12:29',1,NULL,0,'171.61.106.129'),(10,1,11,'Do you use','halls',1,'2024-01-22 14:12:29',1,NULL,0,'171.61.106.129'),(11,1,11,'Do you use','hir',1,'2024-01-22 14:12:29',1,NULL,0,'171.61.106.129'),(12,1,11,'Do you visit parlors for','hir',1,'2024-01-22 14:12:29',1,NULL,0,'171.61.106.129'),(13,1,11,'Do you visit parlors for','halls',1,'2024-01-22 14:12:29',1,NULL,0,'171.61.106.129'),(14,1,11,'Reason for visiting Welona','iching',1,'2024-01-22 14:12:29',1,NULL,0,'171.61.106.129'),(15,445,11,'Reason for visiting Welona','iching',1,'2024-01-22 14:26:46',1,NULL,0,'171.61.106.129'),(16,445,11,'Reason for visiting Welona','allergy',1,'2024-01-22 14:26:46',1,NULL,0,'171.61.106.129'),(17,445,11,'Do you use','skin',1,'2024-01-22 14:26:46',1,NULL,0,'171.61.106.129'),(18,445,11,'Do you use','halls',1,'2024-01-22 14:26:46',1,NULL,0,'171.61.106.129'),(19,445,11,'Do you use','hir',1,'2024-01-22 14:26:46',1,NULL,0,'171.61.106.129'),(20,445,11,'Do you visit parlors for','halls',1,'2024-01-22 14:26:46',1,NULL,0,'171.61.106.129'),(21,445,11,'Do you visit parlors for','hir',1,'2024-01-22 14:26:46',1,NULL,0,'171.61.106.129'),(22,446,11,'Reason for visiting Welona','allergy',1,'2024-01-22 14:26:46',1,NULL,0,'171.61.106.129'),(23,446,11,'Do you use','skin',1,'2024-01-22 14:26:46',1,NULL,0,'171.61.106.129'),(24,446,11,'Do you use','halls',1,'2024-01-22 14:26:46',1,NULL,0,'171.61.106.129'),(25,446,11,'Do you use','hir',1,'2024-01-22 14:26:46',1,NULL,0,'171.61.106.129'),(26,446,11,'Do you visit parlors for','halls',1,'2024-01-22 14:26:46',1,NULL,0,'171.61.106.129'),(27,446,11,'Do you visit parlors for','hir',1,'2024-01-22 14:26:46',1,NULL,0,'171.61.106.129'),(28,446,11,'Reason for visiting Welona','iching',1,'2024-01-22 14:26:46',1,NULL,0,'171.61.106.129'),(29,447,11,'Reason for visiting Welona','allergy',1,'2024-01-22 14:26:46',1,NULL,0,'171.61.106.129'),(30,447,11,'Do you use','skin',1,'2024-01-22 14:26:46',1,NULL,0,'171.61.106.129'),(31,447,11,'Do you use','halls',1,'2024-01-22 14:26:46',1,NULL,0,'171.61.106.129'),(32,447,11,'Do you use','hir',1,'2024-01-22 14:26:46',1,NULL,0,'171.61.106.129'),(33,447,11,'Do you visit parlors for','halls',1,'2024-01-22 14:26:46',1,NULL,0,'171.61.106.129'),(34,447,11,'Do you visit parlors for','hir',1,'2024-01-22 14:26:46',1,NULL,0,'171.61.106.129'),(35,447,11,'Reason for visiting Welona','iching',1,'2024-01-22 14:26:46',1,NULL,0,'171.61.106.129'),(36,448,11,'Reason for visiting Welona','iching',1,'2024-01-22 14:34:20',1,NULL,0,'171.61.106.129'),(37,448,11,'Reason for visiting Welona','allergy',1,'2024-01-22 14:34:20',1,NULL,0,'171.61.106.129'),(38,448,11,'Do you use','skin',1,'2024-01-22 14:34:20',1,NULL,0,'171.61.106.129'),(39,448,11,'Do you use','halls',1,'2024-01-22 14:34:20',1,NULL,0,'171.61.106.129'),(40,448,11,'Do you use','hir',1,'2024-01-22 14:34:20',1,NULL,0,'171.61.106.129'),(41,448,11,'Do you visit parlors for','halls',1,'2024-01-22 14:34:20',1,NULL,0,'171.61.106.129'),(42,448,11,'Do you visit parlors for','hir',1,'2024-01-22 14:34:20',1,NULL,0,'171.61.106.129'),(43,450,11,'Do you suffer from any of the following','halls',1,'2024-01-22 14:54:59',1,NULL,0,'171.61.106.129'),(44,450,11,'Do you suffer from any of the following','hir',1,'2024-01-22 14:54:59',1,NULL,0,'171.61.106.129'),(45,450,11,'Do you suffer from any of the following','skin',1,'2024-01-22 14:54:59',1,NULL,0,'171.61.106.129'),(46,450,11,'How do you normally take care of your hair','hair',1,'2024-01-22 14:54:59',1,NULL,0,'171.61.106.129'),(47,450,11,'How often do you wash your hair','halls',1,'2024-01-22 14:54:59',1,NULL,0,'171.61.106.129'),(48,450,11,'How often do you wash your hair','hir',1,'2024-01-22 14:54:59',1,NULL,0,'171.61.106.129'),(49,451,11,'Do you suffer from any of the following','halls',1,'2024-01-22 14:54:59',1,NULL,0,'171.61.106.129'),(50,451,11,'Do you suffer from any of the following','skin',1,'2024-01-22 14:54:59',1,NULL,0,'171.61.106.129'),(51,451,11,'How do you normally take care of your hair','hair',1,'2024-01-22 14:54:59',1,NULL,0,'171.61.106.129'),(52,451,11,'How often do you wash your hair','halls',1,'2024-01-22 14:54:59',1,NULL,0,'171.61.106.129'),(53,451,11,'How often do you wash your hair','hir',1,'2024-01-22 14:54:59',1,NULL,0,'171.61.106.129'),(54,451,11,'Do you suffer from any of the following','hir',1,'2024-01-22 14:54:59',1,NULL,0,'171.61.106.129'),(55,453,11,'Do you suffer from any of the following','halls',1,'2024-01-23 04:37:28',1,NULL,0,'171.61.106.129'),(56,453,11,'Do you suffer from any of the following','hir',1,'2024-01-23 04:37:28',1,NULL,0,'171.61.106.129'),(57,453,11,'Do you suffer from any of the following','skin',1,'2024-01-23 04:37:28',1,NULL,0,'171.61.106.129'),(58,453,11,'How do you normally take care of your hair','hair',1,'2024-01-23 04:37:28',1,NULL,0,'171.61.106.129'),(59,453,11,'How often do you wash your hair','halls',1,'2024-01-23 04:37:28',1,NULL,0,'171.61.106.129'),(60,453,11,'How often do you wash your hair','hir',1,'2024-01-23 04:37:28',1,NULL,0,'171.61.106.129'),(61,454,14,'Reason for visiting Welona','itching',1,'2024-01-23 04:37:28',1,NULL,0,'171.61.106.129'),(62,454,14,'Do you use','kin',1,'2024-01-23 04:37:28',1,NULL,0,'171.61.106.129'),(63,454,14,'Do you use','halls',1,'2024-01-23 04:37:28',1,NULL,0,'171.61.106.129'),(64,454,14,'Do you use','hir',1,'2024-01-23 04:37:28',1,NULL,0,'171.61.106.129'),(65,454,14,'Do you visit parlors for','halls',1,'2024-01-23 04:37:28',1,NULL,0,'171.61.106.129'),(66,454,14,'Reason for visiting Welona','rashes',1,'2024-01-23 04:37:28',1,NULL,0,'171.61.106.129'),(67,454,14,'Do you visit parlors for','hir',1,'2024-01-23 04:37:28',1,NULL,0,'171.61.106.129'),(68,455,11,'Do you suffer from any of the following','hir',1,'2024-01-23 04:37:28',1,NULL,0,'171.61.106.129'),(69,455,11,'Do you suffer from any of the following','skin',1,'2024-01-23 04:37:28',1,NULL,0,'171.61.106.129'),(70,455,11,'How do you normally take care of your hair','hair',1,'2024-01-23 04:37:28',1,NULL,0,'171.61.106.129'),(71,455,11,'How often do you wash your hair','halls',1,'2024-01-23 04:37:28',1,NULL,0,'171.61.106.129'),(72,455,11,'How often do you wash your hair','hir',1,'2024-01-23 04:37:28',1,NULL,0,'171.61.106.129'),(73,455,11,'Do you suffer from any of the following','halls',1,'2024-01-23 04:37:28',1,NULL,0,'171.61.106.129'),(74,456,11,'Do you suffer from any of the following','hir',1,'2024-01-23 04:37:28',1,NULL,0,'171.61.106.129'),(75,456,11,'Do you suffer from any of the following','skin',1,'2024-01-23 04:37:28',1,NULL,0,'171.61.106.129'),(76,456,11,'How do you normally take care of your hair','hair',1,'2024-01-23 04:37:28',1,NULL,0,'171.61.106.129'),(77,456,11,'How often do you wash your hair','halls',1,'2024-01-23 04:37:28',1,NULL,0,'171.61.106.129'),(78,456,11,'How often do you wash your hair','hir',1,'2024-01-23 04:37:28',1,NULL,0,'171.61.106.129'),(79,456,11,'Do you suffer from any of the following','halls',1,'2024-01-23 04:37:28',1,NULL,0,'171.61.106.129'),(80,457,11,'Do you suffer from any of the following','hir',1,'2024-01-23 04:37:28',1,NULL,0,'171.61.106.129'),(81,457,11,'Do you suffer from any of the following','skin',1,'2024-01-23 04:37:28',1,NULL,0,'171.61.106.129'),(82,457,11,'How do you normally take care of your hair','hair',1,'2024-01-23 04:37:28',1,NULL,0,'171.61.106.129'),(83,457,11,'How often do you wash your hair','halls',1,'2024-01-23 04:37:28',1,NULL,0,'171.61.106.129'),(84,457,11,'How often do you wash your hair','hir',1,'2024-01-23 04:37:28',1,NULL,0,'171.61.106.129'),(85,457,11,'Do you suffer from any of the following','halls',1,'2024-01-23 04:37:28',1,NULL,0,'171.61.106.129'),(86,458,11,'Do you suffer from any of the following','hir',1,'2024-01-23 04:37:28',1,NULL,0,'171.61.106.129'),(87,458,11,'Do you suffer from any of the following','skin',1,'2024-01-23 04:37:28',1,NULL,0,'171.61.106.129'),(88,458,11,'How do you normally take care of your hair','hair',1,'2024-01-23 04:37:28',1,NULL,0,'171.61.106.129'),(89,458,11,'How often do you wash your hair','halls',1,'2024-01-23 04:37:28',1,NULL,0,'171.61.106.129'),(90,458,11,'How often do you wash your hair','hir',1,'2024-01-23 04:37:28',1,NULL,0,'171.61.106.129'),(91,458,11,'Do you suffer from any of the following','halls',1,'2024-01-23 04:37:28',1,NULL,0,'171.61.106.129'),(92,459,14,'Reason for visiting Welona','rashes',1,'2024-01-23 04:37:28',1,NULL,0,'171.61.106.129'),(93,459,14,'Reason for visiting Welona','itching',1,'2024-01-23 04:37:28',1,NULL,0,'171.61.106.129'),(94,459,14,'Do you use','kin',1,'2024-01-23 04:37:28',1,NULL,0,'171.61.106.129'),(95,459,14,'Do you use','halls',1,'2024-01-23 04:37:28',1,NULL,0,'171.61.106.129'),(96,459,14,'Do you use','hir',1,'2024-01-23 04:37:28',1,NULL,0,'171.61.106.129'),(97,459,14,'Do you visit parlors for','halls',1,'2024-01-23 04:37:28',1,NULL,0,'171.61.106.129'),(98,459,14,'Do you visit parlors for','hir',1,'2024-01-23 04:37:28',1,NULL,0,'171.61.106.129'),(99,461,42,'Reason for visiting Welona','Specific Skin Concern',1,'2024-01-23 14:29:17',1,NULL,0,'171.61.106.129'),(100,461,42,'Reason for visiting Welona','Hair Fall',1,'2024-01-23 14:29:17',1,NULL,0,'171.61.106.129'),(101,461,42,'Do you use','kin',1,'2024-01-23 14:29:17',1,NULL,0,'171.61.106.129'),(102,461,42,'Do you use','halls',1,'2024-01-23 14:29:17',1,NULL,0,'171.61.106.129'),(103,461,42,'Do you use','hir',1,'2024-01-23 14:29:17',1,NULL,0,'171.61.106.129'),(104,461,42,'Do you visit parlors for','halls',1,'2024-01-23 14:29:17',1,NULL,0,'171.61.106.129'),(105,461,42,'Do you visit parlors for','hir',1,'2024-01-23 14:29:17',1,NULL,0,'171.61.106.129'),(106,462,42,'Do you use','kin',1,'2024-01-23 14:29:17',1,NULL,0,'171.61.106.129'),(107,462,42,'Do you use','halls',1,'2024-01-23 14:29:17',1,NULL,0,'171.61.106.129'),(108,462,42,'Do you use','hir',1,'2024-01-23 14:29:17',1,NULL,0,'171.61.106.129'),(109,462,42,'Do you visit parlors for','halls',1,'2024-01-23 14:29:17',1,NULL,0,'171.61.106.129'),(110,462,42,'Do you visit parlors for','hir',1,'2024-01-23 14:29:17',1,NULL,0,'171.61.106.129'),(111,462,42,'Reason for visiting Welona','Specific Skin Concern',1,'2024-01-23 14:29:17',1,NULL,0,'171.61.106.129'),(112,463,42,'Reason for visiting Welona','Dandruff',1,'2024-01-23 14:29:17',1,NULL,0,'171.61.106.129'),(113,463,42,'Do you use','kin',1,'2024-01-23 14:29:17',1,NULL,0,'171.61.106.129'),(114,463,42,'Do you use','halls',1,'2024-01-23 14:29:17',1,NULL,0,'171.61.106.129'),(115,463,42,'Do you use','hir',1,'2024-01-23 14:29:17',1,NULL,0,'171.61.106.129'),(116,463,42,'Do you visit parlors for','halls',1,'2024-01-23 14:29:17',1,NULL,0,'171.61.106.129'),(117,463,42,'Do you visit parlors for','hir',1,'2024-01-23 14:29:17',1,NULL,0,'171.61.106.129'),(118,463,42,'Reason for visiting Welona','Permanent Hair Reduction',1,'2024-01-23 14:29:17',1,NULL,0,'171.61.106.129'),(119,464,42,'Do you use','kin',1,'2024-01-23 14:41:34',1,NULL,0,'171.61.106.129'),(120,464,42,'Do you use','Moisturizer',1,'2024-01-23 14:41:34',1,NULL,0,'171.61.106.129'),(121,464,42,'Do you use','Sunscreen',1,'2024-01-23 14:41:34',1,NULL,0,'171.61.106.129'),(122,464,42,'Do you visit parlors for','halls',1,'2024-01-23 14:41:34',1,NULL,0,'171.61.106.129'),(123,464,42,'Do you visit parlors for','hir',1,'2024-01-23 14:41:34',1,NULL,0,'171.61.106.129'),(124,465,42,'Reason for visiting Welona','Specific Skin Concern',1,'2024-01-23 14:41:34',1,NULL,0,'171.61.106.129'),(125,465,42,'Reason for visiting Welona','Dandruff',1,'2024-01-23 14:41:34',1,NULL,0,'171.61.106.129'),(126,465,42,'Do you use','kin',1,'2024-01-23 14:41:34',1,NULL,0,'171.61.106.129'),(127,465,42,'Do you use','Moisturizer',1,'2024-01-23 14:41:34',1,NULL,0,'171.61.106.129'),(128,465,42,'Do you use','Sunscreen',1,'2024-01-23 14:41:34',1,NULL,0,'171.61.106.129'),(129,465,42,'Do you visit parlors for','halls',1,'2024-01-23 14:41:34',1,NULL,0,'171.61.106.129'),(130,465,42,'Do you visit parlors for','hir',1,'2024-01-23 14:41:34',1,NULL,0,'171.61.106.129'),(131,466,44,'Do you suffer from any of the following','Shedding',1,'2024-01-24 05:17:05',1,NULL,0,'157.47.91.212'),(132,466,44,'Do you suffer from any of the following','Breakage',1,'2024-01-24 05:17:05',1,NULL,0,'157.47.91.212'),(133,467,42,'Do you use','ponds',1,'2024-01-24 07:10:22',1,NULL,0,'117.98.217.69'),(134,468,44,'Do you suffer from any of the following','Shedding',1,'2024-01-24 07:10:22',1,NULL,0,'117.98.217.69'),(135,468,44,'Do you suffer from any of the following','Breakage',1,'2024-01-24 07:10:22',1,NULL,0,'117.98.217.69'),(136,469,44,'Do you suffer from any of the following','Shedding',1,'2024-01-24 07:10:22',1,NULL,0,'117.98.217.69'),(137,469,44,'Do you suffer from any of the following','Breakage',1,'2024-01-24 07:10:22',1,NULL,0,'117.98.217.69'),(138,469,44,'Do you suffer from any of the following','dandruff',1,'2024-01-24 07:10:22',1,NULL,0,'117.98.217.69'),(139,469,44,'How do you normally take care of your hair','slow growth',1,'2024-01-24 07:10:22',1,NULL,0,'117.98.217.69'),(140,470,44,'Do you suffer from any of the following','Dandruff',1,'2024-01-24 07:10:22',1,NULL,0,'117.98.217.69'),(141,470,44,'How often do you wash your hair','1-2 times a week',1,'2024-01-24 07:10:22',1,NULL,0,'117.98.217.69'),(142,470,44,'How often do you wash your hair','3-4 times a week',1,'2024-01-24 07:10:22',1,NULL,0,'117.98.217.69'),(143,470,44,'Do you suffer from any of the following','Breakage',1,'2024-01-24 07:10:22',1,NULL,0,'117.98.217.69'),(144,471,43,'Do you suffer from any of the following','Breakage',1,'2024-01-24 10:16:12',1,NULL,0,'117.98.217.69'),(145,471,43,'Do you suffer from any of the following','Shedding',1,'2024-01-24 10:16:12',1,NULL,0,'117.98.217.69'),(146,472,43,'Do you suffer from any of the following','Breakage',1,'2024-01-24 10:16:12',1,NULL,0,'117.98.217.69'),(147,472,43,'Do you suffer from any of the following','Shedding',1,'2024-01-24 10:16:12',1,NULL,0,'117.98.217.69'),(148,472,43,'Do you suffer from any of the following','scalp',1,'2024-01-24 10:16:12',1,NULL,0,'117.98.217.69'),(149,473,43,'Do you suffer from any of the following','Breakage',1,'2024-01-24 10:16:12',1,NULL,0,'117.98.217.69'),(150,473,43,'Do you suffer from any of the following','Shedding',1,'2024-01-24 10:16:12',1,NULL,0,'117.98.217.69'),(151,473,43,'Do you suffer from any of the following','scalp',1,'2024-01-24 10:16:12',1,NULL,0,'117.98.217.69'),(152,473,43,'How do you normally take care of your hair','daily',1,'2024-01-24 10:16:12',1,NULL,0,'117.98.217.69'),(153,473,43,'How often do you wash your hair','1-2 times a week',1,'2024-01-24 10:16:12',1,NULL,0,'117.98.217.69'),(154,473,43,'How often do you wash your hair','Daily',1,'2024-01-24 10:16:12',1,NULL,0,'117.98.217.69'),(155,479,42,'Reason for visiting Welona','Regular skin care',1,'2024-01-26 05:25:44',1,NULL,0,'117.98.217.69'),(156,479,42,'Reason for visiting Welona','Hair Fall',1,'2024-01-26 05:25:44',1,NULL,0,'117.98.217.69'),(157,479,42,'Do you use','Cleanser',1,'2024-01-26 05:25:44',1,NULL,0,'117.98.217.69'),(158,480,42,'Reason for visiting Welona','Specific Skin Concern',1,'2024-01-26 10:28:41',1,NULL,0,'117.98.217.69'),(159,480,42,'Reason for visiting Welona','Permanent Hair Reduction',1,'2024-01-26 10:28:41',1,NULL,0,'117.98.217.69'),(160,480,42,'Reason for visiting Welona','Dandruff',1,'2024-01-26 10:28:41',1,NULL,0,'117.98.217.69'),(161,480,42,'Do you use','Cleanser',1,'2024-01-26 10:28:41',1,NULL,0,'117.98.217.69'),(162,480,42,'Do you use','Sunscreen',1,'2024-01-26 10:28:41',1,NULL,0,'117.98.217.69'),(163,482,42,'Reason for visiting Welona','Specific Skin Concern',1,'2024-01-26 11:24:08',1,NULL,0,'117.98.217.69'),(164,482,42,'Reason for visiting Welona','Regular skin care',1,'2024-01-26 11:24:08',1,NULL,0,'117.98.217.69'),(165,483,42,'Reason for visiting Welona','Specific Skin Concern',1,'2024-01-26 11:26:18',1,NULL,0,'117.98.217.69'),(166,483,42,'Reason for visiting Welona','Regular skin care',1,'2024-01-26 11:26:18',1,NULL,0,'117.98.217.69'),(167,485,42,'Reason for visiting Welona','Specific Skin Concern',1,'2024-01-26 11:31:57',1,NULL,0,'117.98.217.69'),(168,485,42,'Reason for visiting Welona','Regular skin care',1,'2024-01-26 11:31:57',1,NULL,0,'117.98.217.69'),(169,486,42,'Reason for visiting Welona','Specific Skin Concern',1,'2024-01-26 11:33:24',1,NULL,0,'117.98.217.69'),(170,486,42,'Reason for visiting Welona','Regular skin care',1,'2024-01-26 11:33:24',1,NULL,0,'117.98.217.69'),(171,488,42,'Reason for visiting Welona','Specific Skin Concern',1,'2024-01-26 12:05:57',1,NULL,0,'117.98.217.69'),(172,488,42,'Reason for visiting Welona','Regular skin care',1,'2024-01-26 12:05:57',1,NULL,0,'117.98.217.69'),(173,488,42,'Do you use','Cleanser',1,'2024-01-26 12:05:57',1,NULL,0,'117.98.217.69'),(174,488,42,'Do you use','Moisturizer',1,'2024-01-26 12:05:57',1,NULL,0,'117.98.217.69'),(175,488,42,'Do you visit parlors for','Facials',1,'2024-01-26 12:05:57',1,NULL,0,'117.98.217.69'),(176,488,42,'Do you visit parlors for','Clean ups',1,'2024-01-26 12:05:57',1,NULL,0,'117.98.217.69'),(177,489,42,'Reason for visiting Welona','Specific Skin Concern',1,'2024-01-26 12:11:22',1,NULL,0,'117.98.217.69'),(178,489,42,'Reason for visiting Welona','Regular skin care',1,'2024-01-26 12:11:22',1,NULL,0,'117.98.217.69'),(179,489,42,'Do you use','Cleanser',1,'2024-01-26 12:11:22',1,NULL,0,'117.98.217.69'),(180,489,42,'Do you use','Moisturizer',1,'2024-01-26 12:11:22',1,NULL,0,'117.98.217.69'),(181,489,42,'Do you visit parlors for','Facials',1,'2024-01-26 12:11:22',1,NULL,0,'117.98.217.69'),(182,489,42,'Do you visit parlors for','Clean ups',1,'2024-01-26 12:11:22',1,NULL,0,'117.98.217.69'),(183,490,42,'Reason for visiting Welona','Specific Skin Concern',1,'2024-01-26 12:17:29',1,NULL,0,'117.98.217.69'),(184,490,42,'Reason for visiting Welona','Regular skin care',1,'2024-01-26 12:17:29',1,NULL,0,'117.98.217.69'),(185,490,42,'Do you use','Cleanser',1,'2024-01-26 12:17:29',1,NULL,0,'117.98.217.69'),(186,490,42,'Do you use','Moisturizer',1,'2024-01-26 12:17:29',1,NULL,0,'117.98.217.69'),(187,490,42,'Do you visit parlors for','Facials',1,'2024-01-26 12:17:29',1,NULL,0,'117.98.217.69'),(188,491,42,'Reason for visiting Welona','Specific Skin Concern',1,'2024-01-26 12:21:49',1,NULL,0,'117.98.217.69'),(189,491,42,'Reason for visiting Welona','Regular skin care',1,'2024-01-26 12:21:49',1,NULL,0,'117.98.217.69'),(190,491,42,'Do you use','Cleanser',1,'2024-01-26 12:21:49',1,NULL,0,'117.98.217.69'),(191,491,42,'Do you use','Moisturizer',1,'2024-01-26 12:21:49',1,NULL,0,'117.98.217.69'),(192,491,42,'Do you visit parlors for','Facials',1,'2024-01-26 12:21:49',1,NULL,0,'117.98.217.69'),(193,492,44,'Do you suffer from any of the following','nothing',1,'2024-02-04 10:52:56',1,NULL,0,'122.171.116.25'),(194,492,44,'Do you suffer from any of the following','Slow Growth',1,'2024-02-04 10:52:56',1,NULL,0,'122.171.116.25'),(195,492,44,'How often do you wash your hair','1-2 times a week',1,'2024-02-04 10:52:56',1,NULL,0,'122.171.116.25'),(196,492,44,'How do you normally take care of your hair','regular washing',1,'2024-02-04 10:52:56',1,NULL,0,'122.171.116.25'),(197,493,42,'Do you use','Cleanser',1,'2024-02-04 10:52:56',1,NULL,0,'122.171.116.25'),(198,493,42,'Do you visit parlors for','Facials',1,'2024-02-04 10:52:56',1,NULL,0,'122.171.116.25'),(199,493,42,'Reason for visiting Welona','Dandruff',1,'2024-02-04 10:52:56',1,NULL,0,'122.171.116.25'),(200,494,42,'Reason for visiting Welona','Dandruff',1,'2024-02-05 03:09:21',4,NULL,0,'152.59.196.77'),(201,494,42,'Reason for visiting Welona','Specific Skin Concern',1,'2024-02-05 03:09:21',4,NULL,0,'152.59.196.77'),(202,494,42,'Do you use','No',1,'2024-02-05 03:09:21',4,NULL,0,'152.59.196.77'),(203,494,42,'Do you visit parlors for','Bleaching',1,'2024-02-05 03:09:21',4,NULL,0,'152.59.196.77'),(204,495,42,'Reason for visiting Welona','Permanent Hair Reduction',1,'2024-02-05 03:09:21',5,NULL,0,'122.175.99.147'),(205,495,42,'Do you visit parlors for','Facials',1,'2024-02-05 03:09:21',5,NULL,0,'122.175.99.147'),(206,495,42,'Reason for visiting Welona','Specific Skin Concern',1,'2024-02-05 03:09:21',5,NULL,0,'122.175.99.147'),(207,496,14,'Reason for visiting Welona','itching',1,'2024-03-06 13:01:32',1,NULL,0,'136.185.70.239'),(208,496,14,'Do you use','kin',1,'2024-03-06 13:01:32',1,NULL,0,'136.185.70.239'),(209,496,14,'Do you use','hir',1,'2024-03-06 13:01:32',1,NULL,0,'136.185.70.239'),(210,496,14,'Do you visit parlors for','halls',1,'2024-03-06 13:01:32',1,NULL,0,'136.185.70.239'),(211,496,14,'Do you visit parlors for','hir',1,'2024-03-06 13:01:32',1,NULL,0,'136.185.70.239'),(212,496,14,'Do you use','halls',1,'2024-03-06 13:01:32',1,NULL,0,'136.185.70.239'),(213,496,14,'Reason for visiting Welona','rashes',1,'2024-03-06 13:01:32',1,NULL,0,'136.185.70.239'),(214,497,42,'Do you use','1-2 times a week',1,'2024-03-06 14:02:11',26,NULL,0,'136.185.70.239'),(215,497,42,'Do you use','Henna',1,'2024-03-06 14:02:11',26,NULL,0,'136.185.70.239'),(216,497,42,'Do you use','',1,'2024-03-06 14:02:11',26,NULL,0,'136.185.70.239'),(217,498,42,'Do you use',',Daily',1,'2024-03-06 14:02:11',26,NULL,0,'136.185.70.239'),(218,498,42,'Do you use','1-2 times a week',1,'2024-03-06 14:02:11',26,NULL,0,'136.185.70.239'),(219,498,42,'Do you visit parlors for','null',1,'2024-03-06 14:02:11',26,NULL,0,'136.185.70.239'),(220,498,42,'Do you visit parlors for','null',1,'2024-03-06 14:02:11',26,NULL,0,'136.185.70.239'),(221,498,42,'Do you visit parlors for','null',1,'2024-03-06 14:02:11',26,NULL,0,'136.185.70.239'),(222,498,42,'Do you visit parlors for','null',1,'2024-03-06 14:02:11',26,NULL,0,'136.185.70.239'),(223,498,42,'Do you visit parlors for','null',1,'2024-03-06 14:02:11',26,NULL,0,'136.185.70.239'),(224,498,42,'Do you visit parlors for','null',1,'2024-03-06 14:02:11',26,NULL,0,'136.185.70.239'),(225,498,42,'Do you visit parlors for','112',1,'2024-03-06 14:02:11',26,NULL,0,'136.185.70.239'),(226,498,42,'Do you visit parlors for','No',1,'2024-03-06 14:02:11',26,NULL,0,'136.185.70.239'),(227,499,42,'Do you use','Rarely',1,'2024-03-13 08:06:42',21,NULL,0,'49.37.159.254'),(228,499,42,'Do you use','Clean ups',1,'2024-03-13 08:06:42',21,NULL,0,'49.37.159.254'),(229,499,42,'Do you use','Permanent hair reduction',1,'2024-03-13 08:06:42',21,NULL,0,'49.37.159.254'),(230,499,42,'Do you use','Only on T zone',1,'2024-03-13 08:06:42',21,NULL,0,'49.37.159.254'),(231,499,42,'Do you use','Moisturizer',1,'2024-03-13 08:06:42',21,NULL,0,'49.37.159.254'),(232,500,42,'Do you use','Moisturizer',1,'2024-03-13 08:06:42',21,NULL,0,'49.37.159.254'),(233,500,42,'Do you use','Clean ups',1,'2024-03-13 08:06:42',21,NULL,0,'49.37.159.254'),(234,500,42,'Do you use','Only on T zone',1,'2024-03-13 08:06:42',21,NULL,0,'49.37.159.254'),(235,500,42,'Do you use','Rarely',1,'2024-03-13 08:06:42',21,NULL,0,'49.37.159.254'),(236,500,42,'Do you use','Permanent hair reduction',1,'2024-03-13 08:06:42',21,NULL,0,'49.37.159.254'),(237,501,42,'Do you use','Moisturizer',1,'2024-03-13 08:06:42',21,NULL,0,'49.37.159.254'),(238,501,42,'Do you use','Clean ups',1,'2024-03-13 08:06:42',21,NULL,0,'49.37.159.254'),(239,501,42,'Do you use','Only on T zone',1,'2024-03-13 08:06:42',21,NULL,0,'49.37.159.254'),(240,501,42,'Do you use','Rarely',1,'2024-03-13 08:06:42',21,NULL,0,'49.37.159.254'),(241,501,42,'Do you use','Permanent hair reduction',1,'2024-03-13 08:06:42',21,NULL,0,'49.37.159.254'),(242,502,42,'Do you use','Permanent hair reduction',1,'2024-03-13 08:06:42',21,NULL,0,'49.37.159.254'),(243,502,42,'Do you use','Moisturizer',1,'2024-03-13 08:06:42',21,NULL,0,'49.37.159.254'),(244,502,42,'Do you use','Clean ups',1,'2024-03-13 08:06:42',21,NULL,0,'49.37.159.254'),(245,502,42,'Do you use','Only on T zone',1,'2024-03-13 08:06:42',21,NULL,0,'49.37.159.254'),(246,502,42,'Do you use','Rarely',1,'2024-03-13 08:06:42',21,NULL,0,'49.37.159.254'),(247,503,42,'Do you use','Moisturizer',1,'2024-03-13 08:06:42',21,NULL,0,'49.37.159.254'),(248,503,42,'Do you use','Clean ups',1,'2024-03-13 08:06:42',21,NULL,0,'49.37.159.254'),(249,503,42,'Do you use','Only on T zone',1,'2024-03-13 08:06:42',21,NULL,0,'49.37.159.254'),(250,503,42,'Do you use','Rarely',1,'2024-03-13 08:06:42',21,NULL,0,'49.37.159.254'),(251,503,42,'Do you use','Permanent hair reduction',1,'2024-03-13 08:06:42',21,NULL,0,'49.37.159.254'),(252,504,42,'Do you use','Specific skin concern',1,'2024-03-13 11:17:35',26,NULL,0,'223.230.51.97'),(253,504,42,'Do you use','Permanent hair reduction',1,'2024-03-13 11:17:35',26,NULL,0,'223.230.51.97'),(254,504,42,'Do you use','Moisturizer',1,'2024-03-13 11:17:35',26,NULL,0,'223.230.51.97'),(255,504,42,'Do you use','Clean ups',1,'2024-03-13 11:17:35',26,NULL,0,'223.230.51.97'),(256,504,42,'Do you use','All over the face',1,'2024-03-13 11:17:35',26,NULL,0,'223.230.51.97'),(257,504,42,'Do you visit parlors for','null',1,'2024-03-13 11:17:35',26,NULL,0,'223.230.51.97'),(258,504,42,'Do you visit parlors for','null',1,'2024-03-13 11:17:35',26,NULL,0,'223.230.51.97'),(259,504,42,'Do you visit parlors for','null',1,'2024-03-13 11:17:35',26,NULL,0,'223.230.51.97'),(260,504,42,'Do you visit parlors for','null',1,'2024-03-13 11:17:35',26,NULL,0,'223.230.51.97'),(261,504,42,'Do you visit parlors for','null',1,'2024-03-13 11:17:35',26,NULL,0,'223.230.51.97'),(262,504,42,'Do you visit parlors for','null',1,'2024-03-13 11:17:35',26,NULL,0,'223.230.51.97'),(263,504,42,'Do you visit parlors for','32',1,'2024-03-13 11:17:35',26,NULL,0,'223.230.51.97'),(264,504,42,'Do you visit parlors for','Yes',1,'2024-03-13 11:17:35',26,NULL,0,'223.230.51.97'),(265,505,42,'Do you visit parlors for','null',1,'2024-03-13 11:23:11',26,NULL,0,'223.230.51.97'),(266,505,42,'Do you visit parlors for','null',1,'2024-03-13 11:23:11',26,NULL,0,'223.230.51.97'),(267,505,42,'Do you visit parlors for','null',1,'2024-03-13 11:23:11',26,NULL,0,'223.230.51.97'),(268,505,42,'Do you visit parlors for','null',1,'2024-03-13 11:23:11',26,NULL,0,'223.230.51.97'),(269,505,42,'Do you visit parlors for','null',1,'2024-03-13 11:23:11',26,NULL,0,'223.230.51.97'),(270,505,42,'Do you use','Regular skin care',1,'2024-03-13 11:23:11',26,NULL,0,'223.230.51.97'),(271,505,42,'Do you visit parlors for','32',1,'2024-03-13 11:23:11',26,NULL,0,'223.230.51.97'),(272,505,42,'Do you visit parlors for','null',1,'2024-03-13 11:23:11',26,NULL,0,'223.230.51.97'),(273,505,42,'Do you visit parlors for','Yes',1,'2024-03-13 11:23:11',26,NULL,0,'223.230.51.97'),(274,506,42,'Do you use','Cleanser',1,'2024-03-13 11:23:11',26,NULL,0,'223.230.51.97'),(275,506,42,'Do you use','Sunscreen',1,'2024-03-13 11:23:11',26,NULL,0,'223.230.51.97'),(276,506,42,'Do you use','Facials',1,'2024-03-13 11:23:11',26,NULL,0,'223.230.51.97'),(277,506,42,'Do you use','Clean ups',1,'2024-03-13 11:23:11',26,NULL,0,'223.230.51.97'),(278,506,42,'Do you visit parlors for','null',1,'2024-03-13 11:23:11',26,NULL,0,'223.230.51.97'),(279,506,42,'Do you visit parlors for','null',1,'2024-03-13 11:23:11',26,NULL,0,'223.230.51.97'),(280,506,42,'Do you visit parlors for','null',1,'2024-03-13 11:23:11',26,NULL,0,'223.230.51.97'),(281,506,42,'Do you visit parlors for','null',1,'2024-03-13 11:23:11',26,NULL,0,'223.230.51.97'),(282,506,42,'Do you visit parlors for','null',1,'2024-03-13 11:23:11',26,NULL,0,'223.230.51.97'),(283,506,42,'Do you visit parlors for','null',1,'2024-03-13 11:23:11',26,NULL,0,'223.230.51.97'),(284,506,42,'Do you visit parlors for','32',1,'2024-03-13 11:23:11',26,NULL,0,'223.230.51.97'),(285,506,42,'Do you visit parlors for','Yes',1,'2024-03-13 11:23:11',26,NULL,0,'223.230.51.97'),(286,507,42,'Do you use','Cleanser',1,'2024-03-13 13:35:02',26,NULL,0,'223.230.51.97'),(287,507,42,'Do you use','Sunscreen',1,'2024-03-13 13:35:02',26,NULL,0,'223.230.51.97'),(288,507,42,'Do you use','Facials',1,'2024-03-13 13:35:02',26,NULL,0,'223.230.51.97'),(289,507,42,'Do you use','Clean ups',1,'2024-03-13 13:35:02',26,NULL,0,'223.230.51.97'),(290,507,42,'Do you visit parlors for','null',1,'2024-03-13 13:35:02',26,NULL,0,'223.230.51.97'),(291,507,42,'Do you visit parlors for','null',1,'2024-03-13 13:35:02',26,NULL,0,'223.230.51.97'),(292,507,42,'Do you visit parlors for','null',1,'2024-03-13 13:35:02',26,NULL,0,'223.230.51.97'),(293,507,42,'Do you visit parlors for','null',1,'2024-03-13 13:35:02',26,NULL,0,'223.230.51.97'),(294,507,42,'Do you visit parlors for','null',1,'2024-03-13 13:35:02',26,NULL,0,'223.230.51.97'),(295,507,42,'Do you visit parlors for','null',1,'2024-03-13 13:35:02',26,NULL,0,'223.230.51.97'),(296,507,42,'Do you visit parlors for','32',1,'2024-03-13 13:35:02',26,NULL,0,'223.230.51.97'),(297,507,42,'Do you visit parlors for','Yes',1,'2024-03-13 13:35:02',26,NULL,0,'223.230.51.97'),(298,508,42,'Do you use','Toner',1,'2024-03-13 13:35:02',26,NULL,0,'223.230.51.97'),(299,508,42,'Do you use','Cleanser',1,'2024-03-13 13:35:02',26,NULL,0,'223.230.51.97'),(300,509,42,'Do you use','Sunscreen',1,'2024-03-13 13:35:02',26,NULL,0,'223.230.51.97'),(301,509,42,'Do you use','Moisturizer',1,'2024-03-13 13:35:02',26,NULL,0,'223.230.51.97'),(302,510,42,'Do you use','Sunscreen',1,'2024-03-13 13:35:02',26,NULL,0,'223.230.51.97'),(303,510,42,'Do you use','Moisturizer',1,'2024-03-13 13:35:02',26,NULL,0,'223.230.51.97'),(304,511,42,'Do you use','Toner',1,'2024-03-13 13:35:02',26,NULL,0,'223.230.51.97'),(305,511,42,'Do you use','Moisturizer',1,'2024-03-13 13:35:02',26,NULL,0,'223.230.51.97'),(306,512,42,'Do you use','Toner',1,'2024-03-13 13:35:02',26,NULL,0,'223.230.51.97'),(307,512,42,'Do you use','Moisturizer',1,'2024-03-13 13:35:02',26,NULL,0,'223.230.51.97'),(308,513,42,'Do you use','Hair fall',1,'2024-03-13 13:35:02',26,NULL,0,'223.230.51.97'),(309,513,42,'Do you use','Facials',1,'2024-03-13 13:35:02',26,NULL,0,'223.230.51.97'),(310,513,42,'Do you visit parlors for','null',1,'2024-03-13 13:35:02',26,NULL,0,'223.230.51.97'),(311,513,42,'Do you visit parlors for','null',1,'2024-03-13 13:35:02',26,NULL,0,'223.230.51.97'),(312,513,42,'Do you visit parlors for','null',1,'2024-03-13 13:35:02',26,NULL,0,'223.230.51.97'),(313,513,42,'Do you visit parlors for','null',1,'2024-03-13 13:35:02',26,NULL,0,'223.230.51.97'),(314,513,42,'Do you visit parlors for','null',1,'2024-03-13 13:35:02',26,NULL,0,'223.230.51.97'),(315,513,42,'Do you visit parlors for','null',1,'2024-03-13 13:35:02',26,NULL,0,'223.230.51.97'),(316,513,42,'Do you visit parlors for','32',1,'2024-03-13 13:35:02',26,NULL,0,'223.230.51.97'),(317,513,42,'Do you visit parlors for','Yes',1,'2024-03-13 13:35:02',26,NULL,0,'223.230.51.97'),(318,513,42,'Do you use','Regular skin care',1,'2024-03-13 13:35:02',26,NULL,0,'223.230.51.97'),(319,514,42,'Do you use','Permanent hair reduction',1,'2024-03-13 18:30:37',4,NULL,0,'152.59.194.15'),(320,514,42,'Do you use','Moisturizer',1,'2024-03-13 18:30:37',4,NULL,0,'152.59.194.15'),(321,514,42,'Do you use','Facials',1,'2024-03-13 18:30:37',4,NULL,0,'152.59.194.15'),(322,514,42,'Do you use','Only on T zone',1,'2024-03-13 18:30:37',4,NULL,0,'152.59.194.15'),(323,514,42,'Do you use','Rarely',1,'2024-03-13 18:30:37',4,NULL,0,'152.59.194.15'),(324,514,42,'Do you use','Specific skin concern',1,'2024-03-13 18:30:37',4,NULL,0,'152.59.194.15'),(325,515,42,'Do you use','Permanent hair reduction',1,'2024-03-13 18:30:37',4,NULL,0,'152.59.194.15'),(326,515,42,'Do you use','Moisturizer',1,'2024-03-13 18:30:37',4,NULL,0,'152.59.194.15'),(327,515,42,'Do you use','Facials',1,'2024-03-13 18:30:37',4,NULL,0,'152.59.194.15'),(328,515,42,'Do you use','Only on T zone',1,'2024-03-13 18:30:37',4,NULL,0,'152.59.194.15'),(329,515,42,'Do you use','Rarely',1,'2024-03-13 18:30:37',4,NULL,0,'152.59.194.15'),(330,515,42,'Do you use','Only on T zone',1,'2024-03-13 18:30:37',4,NULL,0,'152.59.194.15'),(331,515,42,'Do you visit parlors for','null',1,'2024-03-13 18:30:37',4,NULL,0,'152.59.194.15'),(332,515,42,'Do you visit parlors for','null',1,'2024-03-13 18:30:37',4,NULL,0,'152.59.194.15'),(333,515,42,'Do you visit parlors for','null',1,'2024-03-13 18:30:37',4,NULL,0,'152.59.194.15'),(334,515,42,'Do you visit parlors for','null',1,'2024-03-13 18:30:37',4,NULL,0,'152.59.194.15'),(335,515,42,'Do you visit parlors for','null',1,'2024-03-13 18:30:37',4,NULL,0,'152.59.194.15'),(336,515,42,'Do you visit parlors for','null',1,'2024-03-13 18:30:37',4,NULL,0,'152.59.194.15'),(337,515,42,'Do you visit parlors for','33',1,'2024-03-13 18:30:37',4,NULL,0,'152.59.194.15'),(338,515,42,'Do you visit parlors for','No',1,'2024-03-13 18:30:37',4,NULL,0,'152.59.194.15'),(339,515,42,'Do you use','Specific skin concern',1,'2024-03-13 18:30:37',4,NULL,0,'152.59.194.15'),(340,516,42,'Checkbox','Moisturizer',1,'2024-03-13 20:24:58',4,NULL,0,'152.59.194.15'),(341,516,42,'Checkbox','Sunscreen',1,'2024-03-13 20:24:58',4,NULL,0,'152.59.194.15'),(342,516,42,'Checkbox','All over the face',1,'2024-03-13 20:24:58',4,NULL,0,'152.59.194.15'),(343,516,42,'Checkbox','Cleanser',1,'2024-03-13 20:24:58',4,NULL,0,'152.59.194.15'),(344,516,42,'Checkbox','Only on T zone',1,'2024-03-13 20:24:58',4,NULL,0,'152.59.194.15'),(345,516,42,'Checkbox','Never',1,'2024-03-13 20:24:58',4,NULL,0,'152.59.194.15'),(346,516,42,'Checkbox','Only on T zone',1,'2024-03-13 20:24:58',4,NULL,0,'152.59.194.15'),(347,516,42,'Radio','32',1,'2024-03-13 20:24:58',4,NULL,0,'152.59.194.15'),(348,516,42,'Radio','Yes',1,'2024-03-13 20:24:58',4,NULL,0,'152.59.194.15'),(349,517,42,'Checkbox','Clean ups',1,'2024-03-13 20:24:58',4,NULL,0,'152.59.194.15'),(350,517,42,'Checkbox','Bleaching',1,'2024-03-13 20:24:58',4,NULL,0,'152.59.194.15'),(351,517,42,'Checkbox','Rarely',1,'2024-03-13 20:24:58',4,NULL,0,'152.59.194.15'),(352,517,42,'Checkbox','Never',1,'2024-03-13 20:24:58',4,NULL,0,'152.59.194.15'),(353,517,42,'Checkbox','Only on T zone',1,'2024-03-13 20:24:58',4,NULL,0,'152.59.194.15'),(354,517,42,'Checkbox','Rarely',1,'2024-03-13 20:24:58',4,NULL,0,'152.59.194.15'),(355,517,42,'Radio','32',1,'2024-03-13 20:24:58',4,NULL,0,'152.59.194.15'),(356,517,42,'Radio','Yes',1,'2024-03-13 20:24:58',4,NULL,0,'152.59.194.15'),(357,517,42,'Checkbox','Facials',1,'2024-03-13 20:24:58',4,NULL,0,'152.59.194.15'),(358,518,46,'Checkbox','Shedding',1,'2024-03-13 20:24:58',4,NULL,0,'152.59.194.15'),(359,518,46,'Checkbox','Dandruff',1,'2024-03-13 20:24:58',4,NULL,0,'152.59.194.15'),(360,518,46,'Checkbox','3-4 times a week',1,'2024-03-13 20:24:58',4,NULL,0,'152.59.194.15'),(361,518,46,'Checkbox','5-6 times a week',1,'2024-03-13 20:24:58',4,NULL,0,'152.59.194.15'),(362,518,46,'Checkbox','Less than 4 glasses',1,'2024-03-13 20:24:58',4,NULL,0,'152.59.194.15'),(363,518,46,'Checkbox','Tea/Coffee',1,'2024-03-13 20:24:58',4,NULL,0,'152.59.194.15'),(364,518,46,'Checkbox','Asthama',1,'2024-03-13 20:24:58',4,NULL,0,'152.59.194.15'),(365,518,46,'Radio','135',1,'2024-03-13 20:24:58',4,NULL,0,'152.59.194.15'),(366,518,46,'Radio','136',1,'2024-03-13 20:24:58',4,NULL,0,'152.59.194.15'),(367,518,46,'Radio','138',1,'2024-03-13 20:24:58',4,NULL,0,'152.59.194.15'),(368,518,46,'Radio','141',1,'2024-03-13 20:24:58',4,NULL,0,'152.59.194.15'),(369,518,46,'Input','test. y ganesh',1,'2024-03-13 20:24:58',4,NULL,0,'152.59.194.15'),(370,519,42,'Checkbox','Permanent hair reduction',1,'2024-04-29 06:41:05',1,NULL,0,'104.133.219.36'),(371,519,42,'Checkbox','Regular skin care',1,'2024-04-29 06:41:05',1,NULL,0,'104.133.219.36'),(372,519,42,'Checkbox','Hair fall',1,'2024-04-29 06:41:05',1,NULL,0,'104.133.219.36'),(373,520,42,'Checkbox','Permanent hair reduction',1,'2024-04-29 06:41:05',1,NULL,0,'104.133.219.36'),(374,520,42,'Checkbox','Regular skin care',1,'2024-04-29 06:41:05',1,NULL,0,'104.133.219.36'),(375,520,42,'Checkbox','Never',1,'2024-04-29 06:41:05',1,NULL,0,'104.133.219.36'),(376,520,42,'Checkbox','Hair fall',1,'2024-04-29 06:41:05',1,NULL,0,'104.133.219.36'),(377,521,42,'Checkbox','Permanent hair reduction',1,'2024-04-29 06:41:05',1,NULL,0,'104.133.219.36'),(378,521,42,'Checkbox','Never',1,'2024-04-29 06:41:05',1,NULL,0,'104.133.219.36'),(379,521,42,'Checkbox','Regular skin care',1,'2024-04-29 06:41:05',1,NULL,0,'104.133.219.36'),(380,521,42,'Checkbox','Hair fall',1,'2024-04-29 06:41:05',1,NULL,0,'104.133.219.36'),(381,522,42,'Checkbox','Permanent hair reduction',1,'2024-04-29 06:41:05',1,NULL,0,'104.133.219.36'),(382,522,42,'Checkbox','Regular skin care',1,'2024-04-29 06:41:05',1,NULL,0,'104.133.219.36'),(383,522,42,'Checkbox','Never',1,'2024-04-29 06:41:05',1,NULL,0,'104.133.219.36'),(384,522,42,'Checkbox','Hair fall',1,'2024-04-29 06:41:05',1,NULL,0,'104.133.219.36'),(385,523,42,'Checkbox','Regular skin care',1,'2024-04-29 06:41:05',1,NULL,0,'104.133.219.36'),(386,523,42,'Checkbox','Permanent hair reduction',1,'2024-04-29 06:41:05',1,NULL,0,'104.133.219.36'),(387,523,42,'Checkbox','Never',1,'2024-04-29 06:41:05',1,NULL,0,'104.133.219.36'),(388,523,42,'Checkbox','Hair fall',1,'2024-04-29 06:41:05',1,NULL,0,'104.133.219.36');

--
-- Table structure for table `onlinePaymentDetails`
--

CREATE TABLE `onlinePaymentDetails` (
  `id` int NOT NULL AUTO_INCREMENT,
  `userId` int NOT NULL,
  `name` varchar(255) DEFAULT NULL,
  `amount` varchar(255) DEFAULT NULL,
  `currency` varchar(255) DEFAULT NULL,
  `email` varchar(255) DEFAULT NULL,
  `receipt_no` varchar(255) CHARACTER SET latin1 COLLATE latin1_swedish_ci DEFAULT NULL,
  `description` varchar(255) DEFAULT NULL,
  `order_Id` varchar(255) DEFAULT NULL,
  `transactionId` varchar(255) DEFAULT NULL,
  `signature` text,
  `paymentStatus` varchar(255) DEFAULT NULL,
  `error_code` varchar(255) DEFAULT NULL,
  `errorMessage` text,
  `status` int DEFAULT '0',
  `created` varchar(255) DEFAULT NULL,
  `createdBy` int NOT NULL DEFAULT '0',
  `updated` varchar(255) DEFAULT NULL,
  `updatedBy` int NOT NULL DEFAULT '0',
  PRIMARY KEY (`id`)
) ENGINE=InnoDB AUTO_INCREMENT=40 DEFAULT CHARSET=latin1;

--
-- Dumping data for table `onlinePaymentDetails`
--

INSERT INTO `onlinePaymentDetails` VALUES (1,4,'Ganesh','118000','INR','null','1','Consultant Fees','order_Nc1fcVODgEFYgB',NULL,NULL,NULL,NULL,NULL,0,'2024-02-17 17:15:56',4,NULL,0),(2,4,'Ganesh','118000','INR','null','1','Consultant Fees','order_Nc1kdbW0r8m2ss',NULL,NULL,NULL,NULL,NULL,0,'2024-02-17 17:21:10',4,NULL,0),(3,4,'Ganesh','118000','INR','null','1','Consultant Fees','order_Nc1kdbW0r8m2ss',NULL,NULL,NULL,NULL,NULL,0,'2024-02-17 17:21:10',4,NULL,0),(4,4,'Ganesh','118000','INR','null','1','Consultant Fees','order_Nc1q99fozJV7fR',NULL,NULL,NULL,NULL,NULL,0,'2024-02-17 17:26:14',4,NULL,0),(5,4,'Ganesh','118000','INR','null','1','Consultant Fees','order_Nc1vMEL07ojtzd',NULL,NULL,NULL,NULL,NULL,0,'2024-02-17 17:31:25',4,NULL,0),(6,4,'Ganesh','118000','INR','null','1','Consultant Fees','order_Nc1zA7R4zYoJMk',NULL,NULL,NULL,NULL,NULL,0,'2024-02-17 17:31:25',4,NULL,0),(7,4,'Ganesh','118000','INR','null','1','Consultant Fees','order_Nc22620GonoLRn',NULL,NULL,NULL,NULL,NULL,0,'2024-02-17 17:31:25',4,NULL,0),(8,4,'Ganesh','118000','INR','null','1','Consultant Fees','order_Nc23b70TqItnSy',NULL,NULL,NULL,NULL,NULL,0,'2024-02-17 17:31:25',4,NULL,0),(9,4,'Ganesh','118000','INR','null','1','Consultant Fees','order_Nc24cGQsvR52Cl',NULL,NULL,NULL,NULL,NULL,0,'2024-02-17 17:31:25',4,NULL,0),(10,4,'Ganesh','118000','INR','null','1','Consultant Fees','order_Nc27KU1b7uqNvu',NULL,NULL,NULL,NULL,NULL,0,'2024-02-17 17:31:25',4,NULL,0),(11,4,'Ganesh','118000','INR','null','1','Consultant Fees','order_Nc2AlRDbCjrmkP',NULL,NULL,NULL,NULL,NULL,0,'2024-02-17 17:31:25',4,NULL,0),(12,4,'Ganesh','118000','INR','null','1','Consultant Fees','order_Nc2DKfhZsPOnGQ',NULL,NULL,NULL,NULL,NULL,0,'2024-02-17 17:31:25',4,NULL,0),(13,4,'Ganesh','118000','INR','null','1','Consultant Fees','order_Nc3roHoY5eB7lo',NULL,NULL,NULL,NULL,NULL,0,'2024-02-17 19:25:28',4,NULL,0),(14,4,'Ganesh','118000','INR','null','1','Consultant Fees','order_Nc3sklEgQVYjb2',NULL,NULL,NULL,NULL,NULL,0,'2024-02-17 19:25:28',4,NULL,0),(15,4,'Ganesh','118000','INR','null','1','Consultant Fees','order_Nc4AHH5jVhogBr',NULL,NULL,NULL,NULL,NULL,0,'2024-02-17 19:42:34',4,NULL,0),(16,4,'Ganesh','118000','INR','null','1','Consultant Fees','order_Nc4BPdqnDutJK6',NULL,NULL,NULL,NULL,NULL,0,'2024-02-17 19:42:34',4,NULL,0),(17,4,'Ganesh','106200','INR','null','1','Consultant Fees','order_Nc4GxAkri84NJJ','pay_Nc4HgjNt28XTNI','4480d65008fe0c057a7c8ce7ab792ca10e60ecafaae96a16c82c497028474159','success','','',1,'2024-02-17 19:48:42',4,NULL,0),(18,4,'Ganesh','118000','INR','null','2','Consultant Fees','order_NcIjSoIBlOi35j','pay_NcIjua7L6uJedL','9afcec8562202a188dcf7a19ed187292e274060b501c84f9d1508370c977738d','success','','',1,'2024-02-18 09:51:02',4,NULL,0),(19,4,'Ganesh','100300','INR','null','4','Consultant Fees','order_NcMatw3e1kwoKP','pay_NcMbLHmlVGHz1e','a7ecfc63e06e0d077c4182892b9270c777875953ef44f27e5a0950d859ca0d4f','success','','',1,'2024-02-18 13:11:07',4,NULL,0),(20,12,'null','118000','INR','null','5','Consultant Fees','order_NcdDsB18aiijla','pay_NcdEOJludO9UfP','3ca71f45c236294bdee9a5b257ffb9ce1263b0550803e09904c56429677ee37c','success','','',1,'2024-02-19 06:00:30',12,NULL,0),(21,12,'null','106200','INR','null','7','Consultant Fees','order_Nce6SK8PvNEEAR',NULL,NULL,NULL,NULL,NULL,0,'2024-02-19 06:30:04',12,NULL,0),(22,12,'null','106200','INR','null','7','Consultant Fees','order_Nce8H8yu2bFXTT','pay_Nce8YBdiORkP0O','8eb8b60c5e3570a9ad382a6def1aa2282d489cf77cdc4f69a5c479e1ac831ab6','success','','',1,'2024-02-19 06:30:04',12,NULL,0),(23,21,'null','106200','INR','null','11','Consultant Fees','order_Ndsw518mvSVsIC','pay_NdswMcxBtcxUIx','758360d374d3c8a775681d8eabb52b3daaefdca5f9ecd3f1a72a1f1c6b4b6de0','success','','',1,'2024-02-22 05:15:59',21,NULL,0),(24,21,'PREETHI','11200','INR','desai@gmail.com','rechargeMasterId10','Wallet Recharge','order_Nl0QtidrwVbaoV',NULL,NULL,NULL,NULL,NULL,0,'2024-03-11 09:23:15',21,NULL,0),(25,21,'PREETHI','1002000','INR','desai@gmail.com','rechargeMasterId2','Wallet Recharge','order_Nl0SzF0m0K8g6S',NULL,NULL,NULL,NULL,NULL,0,'2024-03-11 09:23:15',21,NULL,0),(26,21,'PREETHI','12000','INR','desai@gmail.com','rechargeId_6','Wallet Recharge','order_Nl0cXd7lSSd4uA',NULL,NULL,NULL,NULL,NULL,0,'2024-03-11 09:23:15',21,NULL,0),(27,21,'PREETHI','11000','INR','desai@gmail.com','rechargeId_9','Wallet Recharge','order_Nl1DJ2xNgV23ia','pay_Nl1DfP5RURQgmK','2da5a51c40292de979f1b84fb2dcc4f207d83a7cb3c5c7a98a4621f0c4eb6f99','success','','',1,'2024-03-11 10:40:17',21,NULL,0),(28,21,'PREETHI','12000','INR','desai@gmail.com','rechargeId_5','Wallet Recharge','order_Nl1Fbkj51vru8G','pay_Nl1Fx27qYiA24V','6a239a03fe880385f857c122c52795ef5f8dada7c98958215565ab265afcc67c','success','','',1,'2024-03-11 10:40:17',21,NULL,0),(29,21,'PREETHI','11000','INR','desai@gmail.com','rechargeId_9','Wallet Recharge','order_Nl1NUyqyEwwjg6','pay_Nl1NvI4QpCruFz','ba98ad59438c4823778d2f82edc13d32ca684c56ee0a6e7140f80affb63ac4fe','success','','',1,'2024-03-11 10:40:17',21,NULL,0),(30,18,'null','11000','INR','null','rechargeId_9','Wallet Recharge','order_Nl4SQG4PuZ215y','pay_Nl4Skv7RLY1KVJ','1a8d0c52c4665076a917691ee887a3ac0e2501ca4af1bf86d08a331426e8d989','success','','',1,'2024-03-11 13:07:45',18,NULL,0),(31,4,'Ganesh Yemekar','11000','INR','null','rechargeId_9','Wallet Recharge','order_Nlj4nHKuEtROLq','pay_Nlj5FVYjfexIjJ','5c42343b96743f1892122f8aeba7268861dada4e9f6cb9227afb897d7b3a5bff','success','','',1,'2024-03-12 10:15:50',4,NULL,0),(32,4,'Ganesh Yemekar','12000','INR','null','rechargeId_4','Wallet Recharge','order_NllOv1GvAfhxZe',NULL,NULL,NULL,NULL,NULL,0,'2024-03-13 07:06:54',4,NULL,0),(33,18,'Test','11000','INR','null','rechargeId_9','Wallet Recharge','order_NllPEC25s70njQ','pay_NllQr709GkZtVa','be65fcec86f7303b354fba889f75886f3d804150626db399283c4d8a78b029a6','success','','',1,'2024-03-13 07:06:54',18,NULL,0),(34,21,'PREETHI','11000','INR','desai@gmail.com','rechargeId_9','Wallet Recharge','order_Nlpw3ev7fKiXQh','pay_NlpxFRBaWbPubO','8a707f6d0f49b0c5621d0ac67abb7714c1cfc90194cd96687468f2a103e93f67','success','','',1,'2024-03-13 11:23:11',21,NULL,0),(35,4,'Ganesh Yemekar','11200','INR','null','rechargeId_10','Wallet Recharge','order_NlyiS8HYkw9aaC',NULL,NULL,NULL,NULL,NULL,0,'2024-03-13 20:24:58',4,NULL,0),(36,4,'Ganesh Yemekar','100000','INR','null','rechargeId_1','Wallet Recharge','order_NlyinIl646UGiL',NULL,NULL,NULL,NULL,NULL,0,'2024-03-13 20:24:58',4,NULL,0),(37,4,'Ganesh Yemekar','12000','INR','null','rechargeId_4','Wallet Recharge','order_NlyjO163ehRaB2',NULL,NULL,NULL,NULL,NULL,0,'2024-03-13 20:24:58',4,NULL,0),(38,33,'null','116800','INR','null','20','Consultant Fees','order_NuVWwtExmUUEr7','pay_NuVXMUraoLbISd','0f03a241d504cf7597467859d9f7665e61bf77e4fc584f0dc7f86fc54f45c0bc','success','','',1,'2024-04-04 07:33:23',33,NULL,0),(39,33,'null','11000','INR','null','rechargeId_9','Wallet Recharge','order_NuVZD4HVq3VVLQ','pay_NuVZWaPkWZzlzp','bb47384f68d13ef48db75cdd96a5da7f66c9cfa869b6a91c640e10a76d79d70b','success','','',1,'2024-04-04 07:33:23',33,NULL,0);

--
-- Table structure for table `reasonforvisting`
--

CREATE TABLE `reasonforvisting` (
  `id` int NOT NULL AUTO_INCREMENT,
  `reason` varchar(100) COLLATE utf8mb4_general_ci DEFAULT NULL,
  `status` int NOT NULL DEFAULT '1',
  `created` varchar(50) COLLATE utf8mb4_general_ci DEFAULT NULL,
  `createdBy` int NOT NULL DEFAULT '0',
  `updated` varchar(50) COLLATE utf8mb4_general_ci DEFAULT NULL,
  `updatedBy` int NOT NULL DEFAULT '0',
  PRIMARY KEY (`id`)
) ENGINE=InnoDB AUTO_INCREMENT=6 DEFAULT CHARSET=utf8mb4 COLLATE=utf8mb4_general_ci;

--
-- Dumping data for table `reasonforvisting`
--

INSERT INTO `reasonforvisting` VALUES (1,'Specific Skin Concern',1,NULL,0,NULL,0),(2,'Regular skin care',1,NULL,0,NULL,0),(3,'Permanent Hair Reduction',1,NULL,0,NULL,0),(4,'Hair Fall',1,NULL,0,NULL,0),(5,'Dandruff',1,NULL,0,NULL,0);

--
-- Table structure for table `rechargeInvoice`
--

CREATE TABLE `rechargeInvoice` (
  `id` int NOT NULL AUTO_INCREMENT,
  `userId` int NOT NULL,
  `apptId` int NOT NULL,
  `invoiceDate` varchar(50) COLLATE utf8mb4_general_ci DEFAULT NULL,
  `planAmount` decimal(13,2) NOT NULL,
  `couponDiscountAmount` decimal(13,2) NOT NULL,
  `couponCode` varchar(100) COLLATE utf8mb4_general_ci DEFAULT NULL,
  `netPaybleAmount` decimal(13,2) NOT NULL,
  `gst` decimal(13,2) NOT NULL DEFAULT '0.00',
  `cgst` decimal(13,2) NOT NULL DEFAULT '0.00',
  `igst` decimal(13,2) NOT NULL DEFAULT '0.00',
  `grandTotalAmount` decimal(13,2) NOT NULL DEFAULT '0.00',
  `roundedToRupee` decimal(13,2) NOT NULL DEFAULT '0.00',
  `order_id` varchar(255) COLLATE utf8mb4_general_ci DEFAULT NULL,
  `paymentType` varchar(50) COLLATE utf8mb4_general_ci DEFAULT NULL,
  `payment_status` varchar(255) COLLATE utf8mb4_general_ci DEFAULT NULL,
  `status` int NOT NULL DEFAULT '1',
  `created` varchar(50) COLLATE utf8mb4_general_ci DEFAULT NULL,
  `createdBy` int NOT NULL DEFAULT '0',
  `updated` varchar(50) COLLATE utf8mb4_general_ci DEFAULT NULL,
  `updatedBy` int NOT NULL DEFAULT '0',
  PRIMARY KEY (`id`)
) ENGINE=InnoDB AUTO_INCREMENT=9 DEFAULT CHARSET=utf8mb4 COLLATE=utf8mb4_general_ci;

--
-- Dumping data for table `rechargeInvoice`
--

INSERT INTO `rechargeInvoice` VALUES (1,21,9,'2024-03-11',110.00,121.00,'10.00',110.00,19.80,9.90,9.90,110.00,110.00,'order_Nl1DJ2xNgV23ia','Wallet Recharge','success',1,'2024-03-11 10:40:17',21,NULL,0),(2,21,5,'2024-03-11',120.00,180.00,'50.00',120.00,21.60,10.80,10.80,120.00,120.00,'order_Nl1Fbkj51vru8G','Wallet Recharge','success',1,'2024-03-11 10:40:17',21,NULL,0),(3,21,9,'2024-03-11',110.00,121.00,'10.00',110.00,19.80,9.90,9.90,110.00,110.00,'order_Nl1NUyqyEwwjg6','Wallet Recharge','success',1,'2024-03-11 10:40:17',21,NULL,0),(4,18,9,'2024-03-11',110.00,121.00,'10.00',110.00,19.80,9.90,9.90,110.00,110.00,'order_Nl4SQG4PuZ215y','Wallet Recharge','success',1,'2024-03-11 13:07:45',18,NULL,0),(5,4,9,'2024-03-13',110.00,121.00,'10.00',110.00,19.80,9.90,9.90,110.00,110.00,'order_Nlj4nHKuEtROLq','Wallet Recharge','success',1,'2024-03-12 10:15:50',4,NULL,0),(6,18,9,'2024-03-13',110.00,121.00,'10.00',110.00,19.80,9.90,9.90,110.00,110.00,'order_NllPEC25s70njQ','Wallet Recharge','success',1,'2024-03-13 07:06:54',18,NULL,0),(7,21,9,'2024-03-13',110.00,121.00,'10.00',110.00,19.80,9.90,9.90,110.00,110.00,'order_Nlpw3ev7fKiXQh','Wallet Recharge','success',1,'2024-03-13 11:23:11',21,NULL,0),(8,33,9,'2024-04-04',110.00,121.00,'10.00',110.00,19.80,9.90,9.90,110.00,110.00,'order_NuVZD4HVq3VVLQ','Wallet Recharge','success',1,'2024-04-04 07:33:23',33,NULL,0);

--
-- Table structure for table `rechargeMaster`
--

CREATE TABLE `rechargeMaster` (
  `id` int NOT NULL AUTO_INCREMENT,
  `recharge` decimal(13,2) NOT NULL DEFAULT '0.00',
  `discountPer` decimal(10,2) NOT NULL DEFAULT '0.00',
  `status` int NOT NULL DEFAULT '1',
  `created` varchar(50) COLLATE utf8mb4_general_ci DEFAULT NULL,
  `createdBy` int NOT NULL DEFAULT '0',
  `updated` varchar(50) COLLATE utf8mb4_general_ci DEFAULT NULL,
  `updatedBy` int NOT NULL DEFAULT '0',
  PRIMARY KEY (`id`)
) ENGINE=InnoDB AUTO_INCREMENT=12 DEFAULT CHARSET=utf8mb4 COLLATE=utf8mb4_general_ci;

--
-- Dumping data for table `rechargeMaster`
--

INSERT INTO `rechargeMaster` VALUES (1,1000.00,50.00,1,'2024-03-06 11:44:12',9,NULL,0),(2,10020.00,50.00,1,'2024-03-06 11:44:12',9,NULL,0),(3,120.00,50.00,1,'2024-03-06 11:44:12',9,'2024-03-06 11:53:28',9),(4,120.00,50.00,1,'2024-03-06 11:44:12',9,'2024-03-06 11:53:28',9),(5,120.00,50.00,1,'2024-03-06 11:44:12',9,NULL,0),(6,120.00,50.00,1,'2024-03-06 11:44:12',9,NULL,0),(7,120.00,50.00,1,'2024-03-06 11:44:12',9,'2024-03-06 11:55:22',39),(8,120.00,50.00,1,'2024-03-06 11:51:16',9,NULL,0),(9,110.00,10.00,1,'2024-03-11 06:15:22',1,'2024-03-11 06:15:22',1),(10,112.00,11.00,1,'2024-03-11 06:50:20',1,'2024-03-14 07:35:59',1),(11,0.00,11.00,1,'2024-03-14 07:35:59',1,NULL,0);

--
-- Table structure for table `reflinkdetails`
--

CREATE TABLE `reflinkdetails` (
  `id` int NOT NULL AUTO_INCREMENT,
  `sponcercode` varchar(30) COLLATE utf8mb4_general_ci DEFAULT NULL,
  `ipaddress` varchar(30) COLLATE utf8mb4_general_ci DEFAULT NULL,
  `created` varchar(50) COLLATE utf8mb4_general_ci DEFAULT NULL,
  PRIMARY KEY (`id`)
) ENGINE=InnoDB AUTO_INCREMENT=6 DEFAULT CHARSET=utf8mb4 COLLATE=utf8mb4_general_ci;

--
-- Dumping data for table `reflinkdetails`
--

INSERT INTO `reflinkdetails` VALUES (1,'ctvo3d','152.59.198.109','2024-03-03 19:04:22'),(5,'ctvo3d','152.58.197.59','2024-03-14 04:59:03');

--
-- Table structure for table `serviceWiseUserPhoto`
--

CREATE TABLE `serviceWiseUserPhoto` (
  `Id` int NOT NULL AUTO_INCREMENT,
  `serviceId` int NOT NULL,
  `ServiceName` varchar(255) COLLATE utf8mb4_general_ci DEFAULT NULL,
  `customerId` int NOT NULL,
  `EmployeeId` int NOT NULL DEFAULT '0',
  `uploadType` varchar(10) COLLATE utf8mb4_general_ci DEFAULT NULL,
  `servicePhoto` varchar(255) COLLATE utf8mb4_general_ci DEFAULT NULL,
  `created` varchar(50) COLLATE utf8mb4_general_ci DEFAULT NULL,
  `createdBy` int NOT NULL DEFAULT '0',
  `updated` varchar(50) COLLATE utf8mb4_general_ci DEFAULT NULL,
  `updatedBy` int NOT NULL DEFAULT '0',
  PRIMARY KEY (`Id`)
) ENGINE=InnoDB AUTO_INCREMENT=5 DEFAULT CHARSET=utf8mb4 COLLATE=utf8mb4_general_ci;

--
-- Dumping data for table `serviceWiseUserPhoto`
--

INSERT INTO `serviceWiseUserPhoto` VALUES (1,20850,'GFC-V',66368,96,'before','http://54.83.163.72/userProfile/profileBeforekiv944ciba.jpg','2024-03-10 23:12:03',21,NULL,0),(2,20850,'GFC-V',66368,96,'after','http://54.83.163.72/userProfile/profileAftera247xcfq3d.jpg','2024-03-10 23:22:47',21,NULL,0),(3,612,'Laser Lower Half Face',12686,252,'before','http://54.83.163.72/userProfile/profileBeforeppp2663whe.jpg','2024-03-13 18:30:37',33,NULL,0),(4,612,'Laser Lower Half Face',12686,252,'after','http://54.83.163.72/userProfile/profileAftero5gxqrzje5.jpg','2024-03-13 18:30:37',33,NULL,0);

--
-- Table structure for table `skinsection_a`
--

CREATE TABLE `skinsection_a` (
  `id` int NOT NULL AUTO_INCREMENT,
  `reason` varchar(100) COLLATE utf8mb4_general_ci DEFAULT NULL,
  `status` int NOT NULL DEFAULT '1',
  `created` varchar(50) COLLATE utf8mb4_general_ci DEFAULT NULL,
  `createdBy` int NOT NULL DEFAULT '0',
  `updated` varchar(50) COLLATE utf8mb4_general_ci DEFAULT NULL,
  `updatedBy` int NOT NULL DEFAULT '0',
  PRIMARY KEY (`id`)
) ENGINE=InnoDB AUTO_INCREMENT=5 DEFAULT CHARSET=utf8mb4 COLLATE=utf8mb4_general_ci;

--
-- Dumping data for table `skinsection_a`
--

INSERT INTO `skinsection_a` VALUES (1,'Cleanser',1,NULL,0,NULL,0),(2,'Moisturizer',1,NULL,0,NULL,0),(3,'Toner',1,NULL,0,NULL,0),(4,'Sunscreen',1,NULL,0,NULL,0);

--
-- Table structure for table `skinsection_b`
--

CREATE TABLE `skinsection_b` (
  `id` int NOT NULL AUTO_INCREMENT,
  `reason` varchar(100) COLLATE utf8mb4_general_ci DEFAULT NULL,
  `status` int NOT NULL DEFAULT '1',
  `created` varchar(50) COLLATE utf8mb4_general_ci DEFAULT NULL,
  `createdBy` int NOT NULL DEFAULT '0',
  `updated` varchar(50) COLLATE utf8mb4_general_ci DEFAULT NULL,
  `updatedBy` int NOT NULL DEFAULT '0',
  PRIMARY KEY (`id`)
) ENGINE=InnoDB AUTO_INCREMENT=4 DEFAULT CHARSET=utf8mb4 COLLATE=utf8mb4_general_ci;

--
-- Dumping data for table `skinsection_b`
--

INSERT INTO `skinsection_b` VALUES (1,'Facials',1,NULL,0,NULL,0),(2,'Clean ups',1,NULL,0,NULL,0),(3,'Bleaching',1,NULL,0,NULL,0);

--
-- Table structure for table `sysdiagrams`
--

CREATE TABLE `sysdiagrams` (
  `id` int NOT NULL AUTO_INCREMENT,
  `name` varchar(100) COLLATE utf8mb4_general_ci DEFAULT NULL,
  `principal_id` varchar(10) COLLATE utf8mb4_general_ci DEFAULT NULL,
  `diagram_id` varchar(10) COLLATE utf8mb4_general_ci DEFAULT NULL,
  `version` varchar(10) COLLATE utf8mb4_general_ci DEFAULT NULL,
  `definition` varchar(10) COLLATE utf8mb4_general_ci DEFAULT NULL,
  PRIMARY KEY (`id`)
) ENGINE=InnoDB DEFAULT CHARSET=utf8mb4 COLLATE=utf8mb4_general_ci;

--
-- Dumping data for table `sysdiagrams`
--


--
-- Table structure for table `tempCutDetails`
--

CREATE TABLE `tempCutDetails` (
  `id` int NOT NULL AUTO_INCREMENT,
  `CustName` varchar(10) COLLATE utf8mb4_general_ci DEFAULT NULL,
  `mobile` varchar(10) COLLATE utf8mb4_general_ci DEFAULT NULL,
  PRIMARY KEY (`id`)
) ENGINE=InnoDB DEFAULT CHARSET=utf8mb4 COLLATE=utf8mb4_general_ci;

--
-- Dumping data for table `tempCutDetails`
--


--
-- Table structure for table `userApkFeedback`
--

CREATE TABLE `userApkFeedback` (
  `id` int NOT NULL AUTO_INCREMENT,
  `user_id` int NOT NULL,
  `comments` varchar(255) COLLATE utf8mb4_general_ci DEFAULT NULL,
  `startCount` int NOT NULL DEFAULT '0',
  `created` varchar(50) COLLATE utf8mb4_general_ci DEFAULT NULL,
  `createdBy` int NOT NULL DEFAULT '0',
  `updated` varchar(50) COLLATE utf8mb4_general_ci DEFAULT NULL,
  `updatedBy` int NOT NULL DEFAULT '0',
  PRIMARY KEY (`id`)
) ENGINE=InnoDB AUTO_INCREMENT=7 DEFAULT CHARSET=utf8mb4 COLLATE=utf8mb4_general_ci;

--
-- Dumping data for table `userApkFeedback`
--

INSERT INTO `userApkFeedback` VALUES (3,4,'welona feedback by ganesh',3,'2024-03-12 10:15:50',4,NULL,0);

--
-- Table structure for table `userFavList`
--

CREATE TABLE `userFavList` (
  `id` int NOT NULL AUTO_INCREMENT,
  `user_id` int NOT NULL,
  `employee_id` int NOT NULL,
  `created` varchar(255) DEFAULT NULL,
  `updated` varchar(255) DEFAULT NULL,
  `status` int NOT NULL DEFAULT '1',
  `ipaddress` varchar(255) DEFAULT NULL,
  PRIMARY KEY (`id`)
) ENGINE=InnoDB AUTO_INCREMENT=31 DEFAULT CHARSET=latin1;

--
-- Dumping data for table `userFavList`
--

INSERT INTO `userFavList` VALUES (11,1,50917,'2024-01-30 05:14:20',NULL,1,'223.181.144.51'),(14,4,50917,'2024-02-05 03:09:21',NULL,1,'152.59.196.77'),(16,4,50908,'2024-02-14 10:31:13',NULL,1,'122.183.166.141'),(17,4,50926,'2024-02-14 10:31:13',NULL,1,'122.183.166.141'),(18,4,50909,'2024-02-14 10:31:13',NULL,1,'122.183.166.141'),(19,4,50919,'2024-02-14 10:31:13',NULL,1,'122.183.166.141'),(20,4,30879,'2024-02-14 12:04:31',NULL,1,'122.183.166.141'),(21,4,40893,'2024-02-15 06:23:38',NULL,1,'122.183.166.141'),(23,4,30891,'2024-02-18 09:51:02',NULL,1,'152.58.196.57'),(24,17,30891,'2024-02-19 06:00:30',NULL,1,'122.174.141.187'),(25,18,50911,'2024-02-19 06:30:04',NULL,1,'49.43.216.3'),(27,21,61116,'2024-03-01 13:54:41',NULL,1,'152.59.198.199'),(28,18,61116,'2024-03-11 13:07:45',NULL,1,'152.59.198.135'),(29,21,50913,'2024-03-13 08:06:42',NULL,1,'49.37.159.254'),(30,1,61116,'2024-04-29 06:41:05',NULL,1,'104.133.49.100');

--
-- Table structure for table `user_wallets`
--

CREATE TABLE `user_wallets` (
  `id` int NOT NULL AUTO_INCREMENT,
  `user_id` int NOT NULL,
  `creditedForUser` varchar(50) DEFAULT NULL,
  `creditFor` varchar(50) DEFAULT NULL,
  `credit` decimal(10,0) NOT NULL DEFAULT '0',
  `debit` decimal(10,0) NOT NULL DEFAULT '0',
  `amount` decimal(10,0) NOT NULL DEFAULT '0',
  `created` varchar(255) DEFAULT NULL,
  `createdBy` int NOT NULL DEFAULT '0',
  `status` int NOT NULL DEFAULT '1',
  PRIMARY KEY (`id`)
) ENGINE=InnoDB AUTO_INCREMENT=15 DEFAULT CHARSET=latin1;

--
-- Dumping data for table `user_wallets`
--

INSERT INTO `user_wallets` VALUES (1,1,'30','referralSignUp',100,0,100,'2024-03-03 19:04:00',30,1),(2,30,'1','newSignUp',50,0,50,'2024-03-03 19:04:00',30,1),(3,21,'1','recharge',121,0,121,'2024-03-11 10:40:17',21,1),(4,21,'2','recharge',180,0,301,'2024-03-11 10:40:17',21,1),(5,21,'3','recharge',121,0,422,'2024-03-11 10:40:17',21,1),(6,18,'4','recharge',121,0,121,'2024-03-11 13:07:45',18,1),(7,4,'5','recharge',121,0,121,'2024-03-12 10:15:50',4,1),(8,4,'32','referralSignUp',100,0,221,'2024-03-12 10:15:50',32,1),(9,32,'4','newSignUp',50,0,171,'2024-03-12 10:15:50',32,1),(10,18,'6','recharge',121,0,242,'2024-03-13 07:06:54',18,1),(11,18,'21','referralSignUp',100,0,342,'2024-03-13 07:06:54',21,1),(12,21,'18','newSignUp',50,0,292,'2024-03-13 07:06:54',21,1),(13,21,'7','recharge',121,0,413,'2024-03-13 11:23:11',21,1),(14,33,'8','recharge',121,0,121,'2024-04-04 07:33:23',33,1);


