--
-- Host: localhost    Database: welona
-- ------------------------------------------------------


--
-- Table structure for table `Appointment`
--

CREATE TABLE `Appointment` (
  `Id` int NOT NULL AUTO_INCREMENT,
  `Title` varchar(255) COLLATE utf8mb4_general_ci DEFAULT NULL,
  `SomeImportantKey` varchar(50) COLLATE utf8mb4_general_ci DEFAULT NULL,
  `DateTimeScheduled` varchar(50) COLLATE utf8mb4_general_ci DEFAULT NULL,
  `AppointmentLength` varchar(10) COLLATE utf8mb4_general_ci DEFAULT NULL,
  `StatusENUM` varchar(10) COLLATE utf8mb4_general_ci DEFAULT NULL,
  `FromTime` varchar(50) COLLATE utf8mb4_general_ci DEFAULT NULL,
  `ToTime` varchar(50) COLLATE utf8mb4_general_ci DEFAULT NULL,
  `StatusString` varchar(50) COLLATE utf8mb4_general_ci DEFAULT NULL,
  `StatusColor` varchar(50) COLLATE utf8mb4_general_ci DEFAULT NULL,
  `ClassName` varchar(50) COLLATE utf8mb4_general_ci DEFAULT NULL,
  `CategoryId` mediumint DEFAULT NULL,
  `CustomerId` mediumint DEFAULT NULL,
  `EmployeeId` mediumint DEFAULT NULL,
  `RoomId` tinyint DEFAULT NULL,
  `PackageId` mediumint DEFAULT NULL,
  `ServiceId` smallint DEFAULT NULL,
  `BranchId` mediumint DEFAULT NULL,
  `CreatedBy` varchar(50) COLLATE utf8mb4_general_ci DEFAULT NULL,
  `CreatedDate` varchar(50) COLLATE utf8mb4_general_ci DEFAULT NULL,
  `IsActive` varchar(10) COLLATE utf8mb4_general_ci DEFAULT NULL,
  `Remarks` varchar(255) COLLATE utf8mb4_general_ci DEFAULT NULL,
  `ModifiedBy` varchar(50) COLLATE utf8mb4_general_ci DEFAULT NULL,
  `ModifiedDate` varchar(50) COLLATE utf8mb4_general_ci DEFAULT NULL,
  `IPAddress` varchar(20) COLLATE utf8mb4_general_ci DEFAULT NULL,
  PRIMARY KEY (`Id`)
) ENGINE=InnoDB AUTO_INCREMENT=13 DEFAULT CHARSET=utf8mb4 COLLATE=utf8mb4_general_ci;

--
-- Dumping data for table `Appointment`
--

INSERT INTO `Appointment` VALUES (1,'tummy tuck(Candace Durhamr) - Charan','0','2015-05-18 09:00:00','0','0','2015-05-18 09:00:00','2015-05-18 10:30:00','','red','',1,436,37,1,1255,9,2,'','','1','','','',''),(2,'GFC-V',NULL,'2024-03-09 13:00',NULL,NULL,'13:00','19:15',NULL,NULL,NULL,NULL,66368,96,NULL,NULL,20850,NULL,'21','2024-03-08 07:51:59','0',NULL,NULL,NULL,'223.230.37.122'),(3,'GFC-V',NULL,'2024-03-13 10:30',NULL,NULL,'2024-03-13 10:30','2024-03-13 18:30',NULL,NULL,NULL,NULL,66368,96,NULL,NULL,20850,NULL,'21','2024-03-10 19:52:01','1',NULL,NULL,NULL,'152.58.197.236'),(4,'GFC-V',NULL,'undefined undefined',NULL,NULL,'undefined undefined','undefined undefined',NULL,NULL,NULL,NULL,66368,96,NULL,NULL,20850,NULL,'21','2024-03-10 21:15:14','0',NULL,NULL,NULL,'152.58.197.236'),(5,'GFC-V',NULL,'2024-03-15 10:30',NULL,NULL,'2024-03-15 10:30','2024-03-15 16:30',NULL,NULL,NULL,NULL,66368,96,NULL,NULL,20850,NULL,'21','2024-03-11 13:07:45','1',NULL,NULL,NULL,'152.59.198.135'),(6,'GFC-V',NULL,'2024-03-13 10:00:00',NULL,NULL,'2024-03-13 10:00:00','2024-03-13 2024-03-13 10:00:00',NULL,NULL,NULL,NULL,66368,96,NULL,NULL,20850,NULL,'21','2024-03-11 13:07:45','1',NULL,NULL,NULL,'152.58.196.134'),(7,'GFC-V',NULL,'2024-03-14 09:30:00',NULL,NULL,'2024-03-14 09:30:00','2024-03-14 10:00:00',NULL,NULL,NULL,NULL,66368,96,NULL,NULL,20850,NULL,'21','2024-03-12 02:21:20','1',NULL,NULL,NULL,'152.58.196.134'),(8,'GFC-V',NULL,'2024-03-12 16:00:00',NULL,NULL,'2024-03-12 16:00:00','2024-03-12 16:30:00',NULL,NULL,NULL,NULL,66368,96,NULL,NULL,20850,NULL,'21','2024-03-12 02:21:20','1',NULL,NULL,NULL,'152.58.196.134'),(9,'GFC-V',NULL,'2024-03-13 17:00:00',NULL,NULL,'2024-03-13 17:00:00','2024-03-13 17:30:00',NULL,NULL,NULL,NULL,66368,96,NULL,NULL,20850,NULL,'21','2024-03-13 07:06:54','1',NULL,NULL,NULL,'49.37.159.254'),(10,'GFC-V',NULL,'2024-03-14 17:30:00',NULL,NULL,'2024-03-14 17:30:00','2024-03-14 18:00:00',NULL,NULL,NULL,NULL,66368,96,NULL,NULL,20850,NULL,'21','2024-03-13 08:06:42','1',NULL,NULL,NULL,'49.37.159.254'),(11,'GFC-V',NULL,'2024-03-14 18:00:00',NULL,NULL,'2024-03-14 18:00:00','2024-03-14 18:30:00',NULL,NULL,NULL,NULL,66368,96,NULL,NULL,20850,NULL,'21','2024-03-13 11:23:11','1',NULL,NULL,NULL,'49.37.159.254'),(12,'GFC-V',NULL,'2024-03-13 18:30:00',NULL,NULL,'2024-03-13 18:30:00','2024-03-13 19:00:00',NULL,NULL,NULL,NULL,66368,96,NULL,NULL,20850,NULL,'21','2024-03-13 11:23:11','1',NULL,NULL,NULL,'49.37.159.254');

--
-- Table structure for table `Appointment_1`
--

CREATE TABLE `Appointment_1` (
  `Id` int NOT NULL AUTO_INCREMENT,
  `PackageName` varchar(38) COLLATE utf8mb4_general_ci NOT NULL,
  `Code` varchar(16) COLLATE utf8mb4_general_ci NOT NULL,
  `Amount` decimal(10,2) NOT NULL,
  `FrontImage` varchar(67) COLLATE utf8mb4_general_ci DEFAULT NULL,
  `BackImage` varchar(36) COLLATE utf8mb4_general_ci DEFAULT NULL,
  `Remarks` varchar(174) COLLATE utf8mb4_general_ci DEFAULT NULL,
  `PackageFromDate` varchar(19) COLLATE utf8mb4_general_ci NOT NULL,
  `PackageToDate` varchar(19) COLLATE utf8mb4_general_ci NOT NULL,
  `CreatedBy` bit(1) NOT NULL,
  `CreatedDate` varchar(19) COLLATE utf8mb4_general_ci NOT NULL,
  `ModifiedBy` bit(1) NOT NULL,
  `ModifiedDate` varchar(19) COLLATE utf8mb4_general_ci NOT NULL,
  `IsActive` bit(1) NOT NULL,
  `MaxAmount` int DEFAULT NULL,
  PRIMARY KEY (`Id`)
) ENGINE=InnoDB AUTO_INCREMENT=97 DEFAULT CHARSET=utf8mb4 COLLATE=utf8mb4_general_ci;

--
-- Dumping data for table `Appointment_1`
--

INSERT INTO `Appointment_1` VALUES (15,'charan.m','0045',10000.00,'/Images/PackageImages/Penguins.jpg','/Images/PackageImages/Tulips.jpg',NULL,'2015-07-17 00:00:00','2015-07-31 00:00:00',_binary '','2015-07-06 00:00:00',_binary '\0','2015-07-06 00:00:00',_binary '\0',NULL),(16,'Rajeshtest','0046',20000.00,'/Images/PackageImages/Penguins.jpg','/Images/PackageImages/Tulips.jpg','sdfsdfsdf','2015-07-06 00:00:00','2015-07-31 00:00:00',_binary '','2015-07-06 00:00:00',_binary '\0','2015-07-06 00:00:00',_binary '\0',NULL),(17,'charantest','23423',20000.00,'/Images/PackageImages/Penguins.jpg','/Images/PackageImages/Tulips.jpg',NULL,'2015-05-06 00:00:00','2015-07-31 00:00:00',_binary '','2015-07-06 00:00:00',_binary '\0','2015-07-06 00:00:00',_binary '\0',NULL),(18,'abcd1','0078',100000.00,'/Images/PackageImages/Penguins.jpg','/Images/PackageImages/Koala.jpg','fgsfgfgdf','2015-07-07 00:00:00','2015-08-30 00:00:00',_binary '','2015-07-07 00:00:00',_binary '\0','2015-07-07 00:00:00',_binary '\0',NULL),(19,'Tummy+Sclupting','0058',15000.00,'/Images/PackageImages/Chrysanthemum.jpg','/Images/PackageImages/Hydrangeas.jpg','uyuyy','2015-07-14 00:00:00','2015-08-28 00:00:00',_binary '','2015-07-14 00:00:00',_binary '\0','2015-07-14 00:00:00',_binary '\0',NULL),(20,'MDA offer','DSNR SP PKG 01',499.00,NULL,NULL,'One MDA + Cvit mask','2016-02-11 00:00:00','2016-02-11 00:00:00',_binary '','2016-02-11 00:00:00',_binary '\0','2016-02-11 00:00:00',_binary '\0',NULL),(21,'Skin and Hair Mini COMBO','15-30 feb',4999.00,NULL,NULL,'1 Face RF, 1 Hi-Frq, 1 MDA, 1 Hair HFT, 1 PBT + 1 mask 4999','2016-02-15 00:00:00','2016-02-29 00:00:00',_binary '','2016-02-15 00:00:00',_binary '\0','2016-02-15 00:00:00',_binary '\0',NULL),(22,'Combo Offer','15-29 combo',1111.00,NULL,NULL,'2 Face RF, 2 FBT, 2 HFT, 2 HI-FReq face neck, 2 PBT, 2 MDA, 2 C vit amp, 2 Masks, 1 lakme SPF, 1 Annephase shampoo','2016-02-15 00:00:00','2016-02-29 00:00:00',_binary '','2016-02-15 00:00:00',_binary '\0','2016-02-15 00:00:00',_binary '\0',NULL),(23,'SO-FBT-4999','SO-FEB-2016',4999.00,NULL,NULL,'5 FULL BODYOIL AND GEL THERAPY','2016-02-18 00:00:00','2016-02-29 00:00:00',_binary '','2016-02-18 00:00:00',_binary '\0','2016-02-18 00:00:00',_binary '\0',NULL),(24,'SO-TT-2345','SO-FEB-2016',2345.00,NULL,NULL,'5 TUMMY TUCKS GEL AND OIL','2016-02-18 00:00:00','2016-02-29 00:00:00',_binary '','2016-02-18 00:00:00',_binary '\0','2016-02-18 00:00:00',_binary '\0',NULL),(25,'SO-TRF-4999','SO-FEB-2016',4999.00,NULL,NULL,'5 EXTREME TUMMY RF','2016-02-18 00:00:00','2016-02-29 00:00:00',_binary '','2016-02-18 00:00:00',_binary '\0','2016-02-18 00:00:00',_binary '\0',NULL),(26,'SO-THRF-4999','SO-FEB-2016',4999.00,NULL,NULL,'5 EXTREME THIGH RF','2016-02-18 00:00:00','2016-02-29 00:00:00',_binary '','2016-02-18 00:00:00',_binary '\0','2016-02-18 00:00:00',_binary '\0',NULL),(27,'SO-FSTGRF-4444','SO-FEB-2016',4444.00,NULL,NULL,'5 FACE SKIN TIGHT & GLOW SKIN','2016-02-18 00:00:00','2016-02-29 00:00:00',_binary '','2016-02-18 00:00:00',_binary '\0','2016-02-18 00:00:00',_binary '\0',NULL),(28,'SO-DCR-2999','SO-FEB-2016',2999.00,NULL,NULL,'5 DOUBLE CHIN REDUCTION','2016-02-18 00:00:00','2016-02-29 00:00:00',_binary '','2016-02-18 00:00:00',_binary '\0','2016-02-18 00:00:00',_binary '\0',NULL),(29,'SO-FNAAHFT-2999','SO-FEB-2016',2999.00,NULL,NULL,'5 FACE & NECK ANTI AGING HI-FREQ','2016-02-18 00:00:00','2016-02-29 00:00:00',_binary '','2016-02-18 00:00:00',_binary '\0','2016-02-18 00:00:00',_binary '\0',NULL),(30,'SO-ANTI D HFT-2999','SO-FEB-2016',2999.00,NULL,NULL,'5 ANTI DANDRUFF HFT','2016-02-18 00:00:00','2016-02-29 00:00:00',_binary '','2016-02-18 00:00:00',_binary '\0','2016-02-18 00:00:00',_binary '\0',NULL),(31,'SO-HS&HF COMBO-9999','SO-FEB-2016',9999.00,NULL,NULL,'10 ANTI HAIR FALL+10 PBT','2016-02-18 00:00:00','2016-02-29 00:00:00',_binary '','2016-02-18 00:00:00',_binary '\0','2016-02-18 00:00:00',_binary '\0',NULL),(32,'HAIR S & HF COMBO-4999','SO-FEB-2016',4999.00,NULL,NULL,'5 ANTI HAIR FALL HFT+5PBT','2016-02-18 00:00:00','2016-02-29 00:00:00',_binary '','2016-02-18 00:00:00',_binary '\0','2016-02-18 00:00:00',_binary '\0',NULL),(33,'tewt','fgdfg',5000.00,'/Images/PackageImages/images.jpg','/Images/PackageImages/logo.png','gdf','2016-07-07 00:00:00','2016-08-31 00:00:00',_binary '','2016-07-07 00:00:00',_binary '\0','2016-07-07 00:00:00',_binary '\0',NULL),(34,'rajesh test','125863',1000000.00,NULL,NULL,'for all','2017-03-10 00:00:00','2017-12-22 00:00:00',_binary '','2017-03-10 00:00:00',_binary '\0','2017-03-10 00:00:00',_binary '\0',NULL),(35,'testing by bhuvan','LF123',100000.00,'/Images/PackageImages/MCSE+Cloud+Platform+and+Infrastructure-01.png',NULL,'test by bhuvan','2017-06-29 00:00:00','2017-06-30 00:00:00',_binary '','2017-06-29 00:00:00',_binary '\0','2017-06-29 00:00:00',_binary '\0',NULL),(36,'Testing By Bhuvan','Test for Pack',10000.00,'/Images/PackageImages/download.jpg',NULL,'Testing  03','2018-03-02 00:00:00','2018-03-02 00:00:00',_binary '','2018-03-02 00:00:00',_binary '\0','2018-03-02 00:00:00',_binary '\0',NULL),(39,'Offers','JULY!@',222.00,NULL,NULL,'no','2018-07-19 00:00:00','2018-07-20 00:00:00',_binary '','2018-07-18 00:00:00',_binary '\0','2018-07-18 00:00:00',_binary '\0',NULL),(40,'SLIMMING','1234569',25000.00,NULL,NULL,'OK','2018-07-19 00:00:00','2018-08-31 00:00:00',_binary '','2018-07-19 00:00:00',_binary '\0','2018-07-19 00:00:00',_binary '\0',NULL),(41,'SLIMMING','1234569',25000.00,'/Images/PackageImages/Desert.jpg',NULL,'OK','2018-07-19 00:00:00','2018-08-31 00:00:00',_binary '','2018-07-19 00:00:00',_binary '\0','2018-07-19 00:00:00',_binary '\0',NULL),(42,'SLIMMING','1234569',25000.00,'/Images/PackageImages/Desert.jpg',NULL,'OK','2018-07-19 00:00:00','2018-08-31 00:00:00',_binary '','2018-07-19 00:00:00',_binary '\0','2018-07-19 00:00:00',_binary '\0',NULL),(43,'SLIMMING','1234569',25000.00,'/Images/PackageImages/Desert.jpg',NULL,'OK','2018-07-19 00:00:00','2018-08-31 00:00:00',_binary '','2018-07-19 00:00:00',_binary '\0','2018-07-19 00:00:00',_binary '\0',NULL),(44,'SLIMMING','1234569',25000.00,'/Images/PackageImages/Desert.jpg',NULL,'OK','2018-07-19 00:00:00','2018-08-31 00:00:00',_binary '','2018-07-19 00:00:00',_binary '\0','2018-07-19 00:00:00',_binary '\0',NULL),(45,'RAVI','1234569',25000.00,'/Images/PackageImages/Desert.jpg',NULL,'OK','2018-07-19 00:00:00','2018-08-31 00:00:00',_binary '','2018-07-19 00:00:00',_binary '\0','2018-07-19 00:00:00',_binary '\0',NULL),(46,'RAVI','1234569',25000.00,'/Images/PackageImages/Desert.jpg',NULL,'OK','2018-07-19 00:00:00','2018-08-31 00:00:00',_binary '','2018-07-19 00:00:00',_binary '\0','2018-07-19 00:00:00',_binary '\0',NULL),(47,'RAVI','1234569',25000.00,'/Images/PackageImages/Desert.jpg',NULL,'OK','2018-07-19 00:00:00','2018-08-31 00:00:00',_binary '','2018-07-19 00:00:00',_binary '\0','2018-07-19 00:00:00',_binary '\0',NULL),(48,'SURESH','456986',26000.00,'/Images/PackageImages/Tulips.jpg',NULL,'ALL OK','2018-07-19 00:00:00','2018-07-31 00:00:00',_binary '','2018-07-19 00:00:00',_binary '\0','2018-07-19 00:00:00',_binary '\0',NULL),(49,'SURESH','456986',26000.00,'/Images/PackageImages/Tulips.jpg',NULL,'ALL OK','2018-07-19 00:00:00','2018-07-31 00:00:00',_binary '','2018-07-19 00:00:00',_binary '\0','2018-07-19 00:00:00',_binary '\0',NULL),(50,'SURESH','456986',26000.00,'/Images/PackageImages/Tulips.jpg',NULL,'ALL OK','2018-07-19 00:00:00','2018-07-31 00:00:00',_binary '','2018-07-19 00:00:00',_binary '\0','2018-07-19 00:00:00',_binary '\0',NULL),(51,'SURESH','456986',26000.00,'/Images/PackageImages/Tulips.jpg',NULL,'ALL OK','2018-07-19 00:00:00','2018-07-31 00:00:00',_binary '','2018-07-19 00:00:00',_binary '\0','2018-07-19 00:00:00',_binary '\0',NULL),(52,'RAVI','4569',18000.00,'/Images/PackageImages/Koala.jpg',NULL,'ALL','2018-07-20 00:00:00','2018-07-31 00:00:00',_binary '','2018-07-19 00:00:00',_binary '\0','2018-07-19 00:00:00',_binary '\0',NULL),(53,'bhuvan test 121','bhuvan test 121',100000.00,'/Images/PackageImages/kid 1.jpg',NULL,'1lk package including all dkmnscjklnsdcmkscnsdjkncjksdncjksdnjn','2018-07-19 00:00:00','2018-07-20 00:00:00',_binary '','2018-07-19 00:00:00',_binary '\0','2018-07-19 00:00:00',_binary '\0',NULL),(54,'Testing','AUG15',100.00,NULL,NULL,NULL,'2018-08-27 00:00:00','2018-08-27 00:00:00',_binary '','2018-08-27 00:00:00',_binary '\0','2018-08-27 00:00:00',_binary '\0',NULL),(55,'packag ename','package code',1000.00,'/Images/PackageImages/baby pic.jpg',NULL,'tesing ooooooooooooooooooooooooooooooooooooooooooooooooooooooooooooooooooooooooooooooooooooooooooooooooooooooooooooooooooooooooooooooooooooooooooooooooooooooooooooooooooooooo','2018-08-30 00:00:00','2018-08-30 00:00:00',_binary '','2018-08-30 00:00:00',_binary '\0','2018-08-30 00:00:00',_binary '\0',NULL),(56,'SEP','123',200.00,NULL,NULL,NULL,'2018-09-09 00:00:00','2018-09-10 00:00:00',_binary '','2018-09-08 00:00:00',_binary '\0','2018-09-08 00:00:00',_binary '\0',NULL),(80,'test','test',10000.00,NULL,NULL,'test','2019-11-18 00:00:00','2019-11-30 00:00:00',_binary '','2019-11-18 00:00:00',_binary '\0','2020-01-07 19:27:51',_binary '\0',NULL),(81,'test','test',10000.00,NULL,NULL,'test','2019-11-18 00:00:00','2019-11-30 00:00:00',_binary '','2019-11-18 00:00:00',_binary '\0','2019-11-18 00:00:00',_binary '\0',NULL),(82,'test','test',10000.00,NULL,NULL,'test','2019-11-18 00:00:00','2019-11-30 00:00:00',_binary '','2019-11-18 00:00:00',_binary '\0','2019-11-18 00:00:00',_binary '\0',NULL),(90,'test','test',10000.00,NULL,NULL,'test','2019-11-19 00:00:00','2019-11-30 00:00:00',_binary '','2019-11-19 00:00:00',_binary '\0','2019-11-19 00:00:00',_binary '\0',NULL),(91,'test','test',10000.00,NULL,NULL,'test','2019-11-19 00:00:00','2019-11-30 00:00:00',_binary '','2019-11-19 00:00:00',_binary '\0','2019-11-19 00:00:00',_binary '\0',NULL),(92,'LFT-UCP','LFT-UCP',40000.00,NULL,NULL,'test','2019-11-20 00:00:00','2019-11-20 00:00:00',_binary '','2019-11-20 00:00:00',_binary '\0','2019-11-20 00:00:00',_binary '\0',NULL),(93,'DERMA GLOW NEW YEAR OFFER','DG New Year Of',10000.00,NULL,NULL,'SPL FOR ALL BRANCHES for the New Year','2019-12-30 00:00:00','2020-01-05 00:00:00',_binary '','2019-12-30 00:00:00',_binary '\0','2019-12-30 00:00:00',_binary '\0',NULL),(94,'26 FEB OFFER  Hair Transplantation(HT)','26 OFF HT',127118.00,NULL,NULL,'Hair Transplantation offer 2 days only 26th and 27th feb 2020','2020-01-27 00:00:00','2020-01-27 00:00:00',_binary '','2020-01-27 00:00:00',_binary '\0','2020-01-27 13:11:10',_binary '\0',150000),(95,'26 FEB OFFER  Hair Transplantation(HT)','26 FEB 2020 HT',127000.00,NULL,NULL,NULL,'2020-01-27 00:00:00','2020-01-27 00:00:00',_binary '','2020-01-27 00:00:00',_binary '\0','2020-01-27 00:00:00',_binary '\0',150000),(96,'Papaya Gel (Therapy)','Papaya Gel',1270.00,NULL,NULL,'gel therapy on request of client selling under special offer','2020-01-28 00:00:00','2020-01-28 00:00:00',_binary '','2020-01-28 00:00:00',_binary '\0','2020-01-28 00:00:00',_binary '\0',1270);

--
-- Table structure for table `AspNetRoles`
--

CREATE TABLE `AspNetRoles` (
  `Id` int NOT NULL AUTO_INCREMENT,
  `Name` varchar(30) COLLATE utf8mb4_general_ci DEFAULT NULL,
  PRIMARY KEY (`Id`)
) ENGINE=InnoDB DEFAULT CHARSET=utf8mb4 COLLATE=utf8mb4_general_ci;

--
-- Dumping data for table `AspNetRoles`
--


--
-- Table structure for table `AspNetUserClaims`
--

CREATE TABLE `AspNetUserClaims` (
  `Id` int NOT NULL AUTO_INCREMENT,
  `PackageName` varchar(38) COLLATE utf8mb4_general_ci NOT NULL,
  `Code` varchar(16) COLLATE utf8mb4_general_ci NOT NULL,
  `Amount` decimal(10,2) NOT NULL,
  `FrontImage` varchar(67) COLLATE utf8mb4_general_ci DEFAULT NULL,
  `BackImage` varchar(36) COLLATE utf8mb4_general_ci DEFAULT NULL,
  `Remarks` varchar(174) COLLATE utf8mb4_general_ci DEFAULT NULL,
  `PackageFromDate` varchar(19) COLLATE utf8mb4_general_ci NOT NULL,
  `PackageToDate` varchar(19) COLLATE utf8mb4_general_ci NOT NULL,
  `CreatedBy` bit(1) NOT NULL,
  `CreatedDate` varchar(19) COLLATE utf8mb4_general_ci NOT NULL,
  `ModifiedBy` bit(1) NOT NULL,
  `ModifiedDate` varchar(19) COLLATE utf8mb4_general_ci NOT NULL,
  `IsActive` bit(1) NOT NULL,
  `MaxAmount` int DEFAULT NULL,
  PRIMARY KEY (`Id`)
) ENGINE=InnoDB AUTO_INCREMENT=97 DEFAULT CHARSET=utf8mb4 COLLATE=utf8mb4_general_ci;

--
-- Dumping data for table `AspNetUserClaims`
--

INSERT INTO `AspNetUserClaims` VALUES (15,'charan.m','0045',10000.00,'/Images/PackageImages/Penguins.jpg','/Images/PackageImages/Tulips.jpg',NULL,'2015-07-17 00:00:00','2015-07-31 00:00:00',_binary '','2015-07-06 00:00:00',_binary '\0','2015-07-06 00:00:00',_binary '\0',NULL),(16,'Rajeshtest','0046',20000.00,'/Images/PackageImages/Penguins.jpg','/Images/PackageImages/Tulips.jpg','sdfsdfsdf','2015-07-06 00:00:00','2015-07-31 00:00:00',_binary '','2015-07-06 00:00:00',_binary '\0','2015-07-06 00:00:00',_binary '\0',NULL),(17,'charantest','23423',20000.00,'/Images/PackageImages/Penguins.jpg','/Images/PackageImages/Tulips.jpg',NULL,'2015-05-06 00:00:00','2015-07-31 00:00:00',_binary '','2015-07-06 00:00:00',_binary '\0','2015-07-06 00:00:00',_binary '\0',NULL),(18,'abcd1','0078',100000.00,'/Images/PackageImages/Penguins.jpg','/Images/PackageImages/Koala.jpg','fgsfgfgdf','2015-07-07 00:00:00','2015-08-30 00:00:00',_binary '','2015-07-07 00:00:00',_binary '\0','2015-07-07 00:00:00',_binary '\0',NULL),(19,'Tummy+Sclupting','0058',15000.00,'/Images/PackageImages/Chrysanthemum.jpg','/Images/PackageImages/Hydrangeas.jpg','uyuyy','2015-07-14 00:00:00','2015-08-28 00:00:00',_binary '','2015-07-14 00:00:00',_binary '\0','2015-07-14 00:00:00',_binary '\0',NULL),(20,'MDA offer','DSNR SP PKG 01',499.00,NULL,NULL,'One MDA + Cvit mask','2016-02-11 00:00:00','2016-02-11 00:00:00',_binary '','2016-02-11 00:00:00',_binary '\0','2016-02-11 00:00:00',_binary '\0',NULL),(21,'Skin and Hair Mini COMBO','15-30 feb',4999.00,NULL,NULL,'1 Face RF, 1 Hi-Frq, 1 MDA, 1 Hair HFT, 1 PBT + 1 mask 4999','2016-02-15 00:00:00','2016-02-29 00:00:00',_binary '','2016-02-15 00:00:00',_binary '\0','2016-02-15 00:00:00',_binary '\0',NULL),(22,'Combo Offer','15-29 combo',1111.00,NULL,NULL,'2 Face RF, 2 FBT, 2 HFT, 2 HI-FReq face neck, 2 PBT, 2 MDA, 2 C vit amp, 2 Masks, 1 lakme SPF, 1 Annephase shampoo','2016-02-15 00:00:00','2016-02-29 00:00:00',_binary '','2016-02-15 00:00:00',_binary '\0','2016-02-15 00:00:00',_binary '\0',NULL),(23,'SO-FBT-4999','SO-FEB-2016',4999.00,NULL,NULL,'5 FULL BODYOIL AND GEL THERAPY','2016-02-18 00:00:00','2016-02-29 00:00:00',_binary '','2016-02-18 00:00:00',_binary '\0','2016-02-18 00:00:00',_binary '\0',NULL),(24,'SO-TT-2345','SO-FEB-2016',2345.00,NULL,NULL,'5 TUMMY TUCKS GEL AND OIL','2016-02-18 00:00:00','2016-02-29 00:00:00',_binary '','2016-02-18 00:00:00',_binary '\0','2016-02-18 00:00:00',_binary '\0',NULL),(25,'SO-TRF-4999','SO-FEB-2016',4999.00,NULL,NULL,'5 EXTREME TUMMY RF','2016-02-18 00:00:00','2016-02-29 00:00:00',_binary '','2016-02-18 00:00:00',_binary '\0','2016-02-18 00:00:00',_binary '\0',NULL),(26,'SO-THRF-4999','SO-FEB-2016',4999.00,NULL,NULL,'5 EXTREME THIGH RF','2016-02-18 00:00:00','2016-02-29 00:00:00',_binary '','2016-02-18 00:00:00',_binary '\0','2016-02-18 00:00:00',_binary '\0',NULL),(27,'SO-FSTGRF-4444','SO-FEB-2016',4444.00,NULL,NULL,'5 FACE SKIN TIGHT & GLOW SKIN','2016-02-18 00:00:00','2016-02-29 00:00:00',_binary '','2016-02-18 00:00:00',_binary '\0','2016-02-18 00:00:00',_binary '\0',NULL),(28,'SO-DCR-2999','SO-FEB-2016',2999.00,NULL,NULL,'5 DOUBLE CHIN REDUCTION','2016-02-18 00:00:00','2016-02-29 00:00:00',_binary '','2016-02-18 00:00:00',_binary '\0','2016-02-18 00:00:00',_binary '\0',NULL),(29,'SO-FNAAHFT-2999','SO-FEB-2016',2999.00,NULL,NULL,'5 FACE & NECK ANTI AGING HI-FREQ','2016-02-18 00:00:00','2016-02-29 00:00:00',_binary '','2016-02-18 00:00:00',_binary '\0','2016-02-18 00:00:00',_binary '\0',NULL),(30,'SO-ANTI D HFT-2999','SO-FEB-2016',2999.00,NULL,NULL,'5 ANTI DANDRUFF HFT','2016-02-18 00:00:00','2016-02-29 00:00:00',_binary '','2016-02-18 00:00:00',_binary '\0','2016-02-18 00:00:00',_binary '\0',NULL),(31,'SO-HS&HF COMBO-9999','SO-FEB-2016',9999.00,NULL,NULL,'10 ANTI HAIR FALL+10 PBT','2016-02-18 00:00:00','2016-02-29 00:00:00',_binary '','2016-02-18 00:00:00',_binary '\0','2016-02-18 00:00:00',_binary '\0',NULL),(32,'HAIR S & HF COMBO-4999','SO-FEB-2016',4999.00,NULL,NULL,'5 ANTI HAIR FALL HFT+5PBT','2016-02-18 00:00:00','2016-02-29 00:00:00',_binary '','2016-02-18 00:00:00',_binary '\0','2016-02-18 00:00:00',_binary '\0',NULL),(33,'tewt','fgdfg',5000.00,'/Images/PackageImages/images.jpg','/Images/PackageImages/logo.png','gdf','2016-07-07 00:00:00','2016-08-31 00:00:00',_binary '','2016-07-07 00:00:00',_binary '\0','2016-07-07 00:00:00',_binary '\0',NULL),(34,'rajesh test','125863',1000000.00,NULL,NULL,'for all','2017-03-10 00:00:00','2017-12-22 00:00:00',_binary '','2017-03-10 00:00:00',_binary '\0','2017-03-10 00:00:00',_binary '\0',NULL),(35,'testing by bhuvan','LF123',100000.00,'/Images/PackageImages/MCSE+Cloud+Platform+and+Infrastructure-01.png',NULL,'test by bhuvan','2017-06-29 00:00:00','2017-06-30 00:00:00',_binary '','2017-06-29 00:00:00',_binary '\0','2017-06-29 00:00:00',_binary '\0',NULL),(36,'Testing By Bhuvan','Test for Pack',10000.00,'/Images/PackageImages/download.jpg',NULL,'Testing  03','2018-03-02 00:00:00','2018-03-02 00:00:00',_binary '','2018-03-02 00:00:00',_binary '\0','2018-03-02 00:00:00',_binary '\0',NULL),(39,'Offers','JULY!@',222.00,NULL,NULL,'no','2018-07-19 00:00:00','2018-07-20 00:00:00',_binary '','2018-07-18 00:00:00',_binary '\0','2018-07-18 00:00:00',_binary '\0',NULL),(40,'SLIMMING','1234569',25000.00,NULL,NULL,'OK','2018-07-19 00:00:00','2018-08-31 00:00:00',_binary '','2018-07-19 00:00:00',_binary '\0','2018-07-19 00:00:00',_binary '\0',NULL),(41,'SLIMMING','1234569',25000.00,'/Images/PackageImages/Desert.jpg',NULL,'OK','2018-07-19 00:00:00','2018-08-31 00:00:00',_binary '','2018-07-19 00:00:00',_binary '\0','2018-07-19 00:00:00',_binary '\0',NULL),(42,'SLIMMING','1234569',25000.00,'/Images/PackageImages/Desert.jpg',NULL,'OK','2018-07-19 00:00:00','2018-08-31 00:00:00',_binary '','2018-07-19 00:00:00',_binary '\0','2018-07-19 00:00:00',_binary '\0',NULL),(43,'SLIMMING','1234569',25000.00,'/Images/PackageImages/Desert.jpg',NULL,'OK','2018-07-19 00:00:00','2018-08-31 00:00:00',_binary '','2018-07-19 00:00:00',_binary '\0','2018-07-19 00:00:00',_binary '\0',NULL),(44,'SLIMMING','1234569',25000.00,'/Images/PackageImages/Desert.jpg',NULL,'OK','2018-07-19 00:00:00','2018-08-31 00:00:00',_binary '','2018-07-19 00:00:00',_binary '\0','2018-07-19 00:00:00',_binary '\0',NULL),(45,'RAVI','1234569',25000.00,'/Images/PackageImages/Desert.jpg',NULL,'OK','2018-07-19 00:00:00','2018-08-31 00:00:00',_binary '','2018-07-19 00:00:00',_binary '\0','2018-07-19 00:00:00',_binary '\0',NULL),(46,'RAVI','1234569',25000.00,'/Images/PackageImages/Desert.jpg',NULL,'OK','2018-07-19 00:00:00','2018-08-31 00:00:00',_binary '','2018-07-19 00:00:00',_binary '\0','2018-07-19 00:00:00',_binary '\0',NULL),(47,'RAVI','1234569',25000.00,'/Images/PackageImages/Desert.jpg',NULL,'OK','2018-07-19 00:00:00','2018-08-31 00:00:00',_binary '','2018-07-19 00:00:00',_binary '\0','2018-07-19 00:00:00',_binary '\0',NULL),(48,'SURESH','456986',26000.00,'/Images/PackageImages/Tulips.jpg',NULL,'ALL OK','2018-07-19 00:00:00','2018-07-31 00:00:00',_binary '','2018-07-19 00:00:00',_binary '\0','2018-07-19 00:00:00',_binary '\0',NULL),(49,'SURESH','456986',26000.00,'/Images/PackageImages/Tulips.jpg',NULL,'ALL OK','2018-07-19 00:00:00','2018-07-31 00:00:00',_binary '','2018-07-19 00:00:00',_binary '\0','2018-07-19 00:00:00',_binary '\0',NULL),(50,'SURESH','456986',26000.00,'/Images/PackageImages/Tulips.jpg',NULL,'ALL OK','2018-07-19 00:00:00','2018-07-31 00:00:00',_binary '','2018-07-19 00:00:00',_binary '\0','2018-07-19 00:00:00',_binary '\0',NULL),(51,'SURESH','456986',26000.00,'/Images/PackageImages/Tulips.jpg',NULL,'ALL OK','2018-07-19 00:00:00','2018-07-31 00:00:00',_binary '','2018-07-19 00:00:00',_binary '\0','2018-07-19 00:00:00',_binary '\0',NULL),(52,'RAVI','4569',18000.00,'/Images/PackageImages/Koala.jpg',NULL,'ALL','2018-07-20 00:00:00','2018-07-31 00:00:00',_binary '','2018-07-19 00:00:00',_binary '\0','2018-07-19 00:00:00',_binary '\0',NULL),(53,'bhuvan test 121','bhuvan test 121',100000.00,'/Images/PackageImages/kid 1.jpg',NULL,'1lk package including all dkmnscjklnsdcmkscnsdjkncjksdncjksdnjn','2018-07-19 00:00:00','2018-07-20 00:00:00',_binary '','2018-07-19 00:00:00',_binary '\0','2018-07-19 00:00:00',_binary '\0',NULL),(54,'Testing','AUG15',100.00,NULL,NULL,NULL,'2018-08-27 00:00:00','2018-08-27 00:00:00',_binary '','2018-08-27 00:00:00',_binary '\0','2018-08-27 00:00:00',_binary '\0',NULL),(55,'packag ename','package code',1000.00,'/Images/PackageImages/baby pic.jpg',NULL,'tesing ooooooooooooooooooooooooooooooooooooooooooooooooooooooooooooooooooooooooooooooooooooooooooooooooooooooooooooooooooooooooooooooooooooooooooooooooooooooooooooooooooooooo','2018-08-30 00:00:00','2018-08-30 00:00:00',_binary '','2018-08-30 00:00:00',_binary '\0','2018-08-30 00:00:00',_binary '\0',NULL),(56,'SEP','123',200.00,NULL,NULL,NULL,'2018-09-09 00:00:00','2018-09-10 00:00:00',_binary '','2018-09-08 00:00:00',_binary '\0','2018-09-08 00:00:00',_binary '\0',NULL),(80,'test','test',10000.00,NULL,NULL,'test','2019-11-18 00:00:00','2019-11-30 00:00:00',_binary '','2019-11-18 00:00:00',_binary '\0','2020-01-07 19:27:51',_binary '\0',NULL),(81,'test','test',10000.00,NULL,NULL,'test','2019-11-18 00:00:00','2019-11-30 00:00:00',_binary '','2019-11-18 00:00:00',_binary '\0','2019-11-18 00:00:00',_binary '\0',NULL),(82,'test','test',10000.00,NULL,NULL,'test','2019-11-18 00:00:00','2019-11-30 00:00:00',_binary '','2019-11-18 00:00:00',_binary '\0','2019-11-18 00:00:00',_binary '\0',NULL),(90,'test','test',10000.00,NULL,NULL,'test','2019-11-19 00:00:00','2019-11-30 00:00:00',_binary '','2019-11-19 00:00:00',_binary '\0','2019-11-19 00:00:00',_binary '\0',NULL),(91,'test','test',10000.00,NULL,NULL,'test','2019-11-19 00:00:00','2019-11-30 00:00:00',_binary '','2019-11-19 00:00:00',_binary '\0','2019-11-19 00:00:00',_binary '\0',NULL),(92,'LFT-UCP','LFT-UCP',40000.00,NULL,NULL,'test','2019-11-20 00:00:00','2019-11-20 00:00:00',_binary '','2019-11-20 00:00:00',_binary '\0','2019-11-20 00:00:00',_binary '\0',NULL),(93,'DERMA GLOW NEW YEAR OFFER','DG New Year Of',10000.00,NULL,NULL,'SPL FOR ALL BRANCHES for the New Year','2019-12-30 00:00:00','2020-01-05 00:00:00',_binary '','2019-12-30 00:00:00',_binary '\0','2019-12-30 00:00:00',_binary '\0',NULL),(94,'26 FEB OFFER  Hair Transplantation(HT)','26 OFF HT',127118.00,NULL,NULL,'Hair Transplantation offer 2 days only 26th and 27th feb 2020','2020-01-27 00:00:00','2020-01-27 00:00:00',_binary '','2020-01-27 00:00:00',_binary '\0','2020-01-27 13:11:10',_binary '\0',150000),(95,'26 FEB OFFER  Hair Transplantation(HT)','26 FEB 2020 HT',127000.00,NULL,NULL,NULL,'2020-01-27 00:00:00','2020-01-27 00:00:00',_binary '','2020-01-27 00:00:00',_binary '\0','2020-01-27 00:00:00',_binary '\0',150000),(96,'Papaya Gel (Therapy)','Papaya Gel',1270.00,NULL,NULL,'gel therapy on request of client selling under special offer','2020-01-28 00:00:00','2020-01-28 00:00:00',_binary '','2020-01-28 00:00:00',_binary '\0','2020-01-28 00:00:00',_binary '\0',1270);

--
-- Table structure for table `AspNetUserLogins`
--

CREATE TABLE `AspNetUserLogins` (
  `id` int NOT NULL AUTO_INCREMENT,
  `LoginProvider` varchar(10) COLLATE utf8mb4_general_ci DEFAULT NULL,
  `ProviderKey` varchar(17) COLLATE utf8mb4_general_ci NOT NULL,
  `UserId` varchar(36) COLLATE utf8mb4_general_ci NOT NULL,
  PRIMARY KEY (`id`)
) ENGINE=InnoDB AUTO_INCREMENT=2 DEFAULT CHARSET=utf8mb4 COLLATE=utf8mb4_general_ci;

--
-- Dumping data for table `AspNetUserLogins`
--

INSERT INTO `AspNetUserLogins` VALUES (1,'Facebook','10203964101880886','2c55e9e4-e0b4-4889-b60a-f5ba9ddf9a7a');

--
-- Table structure for table `AspNetUserRoles`
--

CREATE TABLE `AspNetUserRoles` (
  `Id` int NOT NULL AUTO_INCREMENT,
  `UserId` int NOT NULL,
  `RoleId` int NOT NULL,
  `IsActive` bit(1) NOT NULL,
  PRIMARY KEY (`Id`)
) ENGINE=InnoDB AUTO_INCREMENT=101 DEFAULT CHARSET=utf8mb4 COLLATE=utf8mb4_general_ci;

--
-- Dumping data for table `AspNetUserRoles`
--

INSERT INTO `AspNetUserRoles` VALUES (1,59,14,_binary ''),(2,59,8,_binary ''),(3,60,14,_binary ''),(4,60,8,_binary ''),(5,61,19,_binary ''),(6,62,12,_binary ''),(7,63,12,_binary ''),(8,64,12,_binary ''),(9,65,12,_binary ''),(10,66,7,_binary ''),(11,66,3,_binary ''),(12,66,7,_binary ''),(13,67,3,_binary ''),(14,68,7,_binary ''),(15,69,14,_binary ''),(16,70,3,_binary ''),(17,71,3,_binary ''),(18,72,7,_binary ''),(19,73,3,_binary ''),(20,74,3,_binary ''),(21,75,7,_binary ''),(22,75,10,_binary ''),(23,75,7,_binary ''),(24,75,10,_binary ''),(25,75,14,_binary ''),(26,76,3,_binary ''),(27,76,3,_binary ''),(28,76,7,_binary ''),(29,76,3,_binary ''),(30,76,7,_binary ''),(31,76,10,_binary ''),(32,76,3,_binary ''),(33,76,7,_binary ''),(34,76,10,_binary ''),(35,76,14,_binary ''),(36,76,3,_binary ''),(37,76,7,_binary ''),(38,76,10,_binary ''),(39,76,14,_binary ''),(40,76,12,_binary ''),(41,76,3,_binary ''),(42,76,7,_binary ''),(43,76,10,_binary ''),(44,76,14,_binary ''),(45,76,8,_binary ''),(46,76,12,_binary ''),(47,76,3,_binary ''),(48,76,7,_binary ''),(49,76,10,_binary ''),(50,76,14,_binary ''),(51,76,8,_binary ''),(52,76,12,_binary ''),(53,76,15,_binary ''),(54,76,3,_binary ''),(55,76,7,_binary ''),(56,76,10,_binary ''),(57,76,14,_binary ''),(58,76,8,_binary ''),(59,76,12,_binary ''),(60,76,15,_binary ''),(61,76,18,_binary ''),(62,76,3,_binary ''),(63,76,7,_binary ''),(64,76,10,_binary ''),(65,76,14,_binary ''),(66,76,8,_binary ''),(67,76,12,_binary ''),(68,76,15,_binary ''),(69,76,18,_binary ''),(70,76,19,_binary ''),(71,76,3,_binary ''),(72,76,7,_binary ''),(73,76,10,_binary ''),(74,76,14,_binary ''),(75,76,8,_binary ''),(76,76,12,_binary ''),(77,76,15,_binary ''),(78,76,18,_binary ''),(79,76,17,_binary ''),(80,76,19,_binary ''),(81,76,3,_binary ''),(82,76,7,_binary ''),(83,76,10,_binary ''),(84,76,14,_binary ''),(85,76,8,_binary ''),(86,76,12,_binary ''),(87,76,15,_binary ''),(88,76,18,_binary ''),(89,76,6,_binary ''),(90,76,17,_binary ''),(91,76,19,_binary ''),(92,76,3,_binary ''),(93,76,7,_binary ''),(94,76,10,_binary ''),(95,76,14,_binary ''),(96,76,8,_binary ''),(97,76,12,_binary ''),(98,76,15,_binary ''),(99,76,18,_binary ''),(100,76,5,_binary '');

--
-- Table structure for table `AspNetUsers`
--

CREATE TABLE `AspNetUsers` (
  `Id` int NOT NULL AUTO_INCREMENT,
  `PackageName` varchar(38) COLLATE utf8mb4_general_ci NOT NULL,
  `Code` varchar(16) COLLATE utf8mb4_general_ci NOT NULL,
  `Amount` decimal(10,2) NOT NULL,
  `FrontImage` varchar(67) COLLATE utf8mb4_general_ci DEFAULT NULL,
  `BackImage` varchar(36) COLLATE utf8mb4_general_ci DEFAULT NULL,
  `Remarks` varchar(174) COLLATE utf8mb4_general_ci DEFAULT NULL,
  `PackageFromDate` varchar(19) COLLATE utf8mb4_general_ci NOT NULL,
  `PackageToDate` varchar(19) COLLATE utf8mb4_general_ci NOT NULL,
  `CreatedBy` bit(1) NOT NULL,
  `CreatedDate` varchar(19) COLLATE utf8mb4_general_ci NOT NULL,
  `ModifiedBy` bit(1) NOT NULL,
  `ModifiedDate` varchar(19) COLLATE utf8mb4_general_ci NOT NULL,
  `IsActive` bit(1) NOT NULL,
  `MaxAmount` int DEFAULT NULL,
  PRIMARY KEY (`Id`)
) ENGINE=InnoDB AUTO_INCREMENT=97 DEFAULT CHARSET=utf8mb4 COLLATE=utf8mb4_general_ci;

--
-- Dumping data for table `AspNetUsers`
--

INSERT INTO `AspNetUsers` VALUES (15,'charan.m','0045',10000.00,'/Images/PackageImages/Penguins.jpg','/Images/PackageImages/Tulips.jpg',NULL,'2015-07-17 00:00:00','2015-07-31 00:00:00',_binary '','2015-07-06 00:00:00',_binary '\0','2015-07-06 00:00:00',_binary '\0',NULL),(16,'Rajeshtest','0046',20000.00,'/Images/PackageImages/Penguins.jpg','/Images/PackageImages/Tulips.jpg','sdfsdfsdf','2015-07-06 00:00:00','2015-07-31 00:00:00',_binary '','2015-07-06 00:00:00',_binary '\0','2015-07-06 00:00:00',_binary '\0',NULL),(17,'charantest','23423',20000.00,'/Images/PackageImages/Penguins.jpg','/Images/PackageImages/Tulips.jpg',NULL,'2015-05-06 00:00:00','2015-07-31 00:00:00',_binary '','2015-07-06 00:00:00',_binary '\0','2015-07-06 00:00:00',_binary '\0',NULL),(18,'abcd1','0078',100000.00,'/Images/PackageImages/Penguins.jpg','/Images/PackageImages/Koala.jpg','fgsfgfgdf','2015-07-07 00:00:00','2015-08-30 00:00:00',_binary '','2015-07-07 00:00:00',_binary '\0','2015-07-07 00:00:00',_binary '\0',NULL),(19,'Tummy+Sclupting','0058',15000.00,'/Images/PackageImages/Chrysanthemum.jpg','/Images/PackageImages/Hydrangeas.jpg','uyuyy','2015-07-14 00:00:00','2015-08-28 00:00:00',_binary '','2015-07-14 00:00:00',_binary '\0','2015-07-14 00:00:00',_binary '\0',NULL),(20,'MDA offer','DSNR SP PKG 01',499.00,NULL,NULL,'One MDA + Cvit mask','2016-02-11 00:00:00','2016-02-11 00:00:00',_binary '','2016-02-11 00:00:00',_binary '\0','2016-02-11 00:00:00',_binary '\0',NULL),(21,'Skin and Hair Mini COMBO','15-30 feb',4999.00,NULL,NULL,'1 Face RF, 1 Hi-Frq, 1 MDA, 1 Hair HFT, 1 PBT + 1 mask 4999','2016-02-15 00:00:00','2016-02-29 00:00:00',_binary '','2016-02-15 00:00:00',_binary '\0','2016-02-15 00:00:00',_binary '\0',NULL),(22,'Combo Offer','15-29 combo',1111.00,NULL,NULL,'2 Face RF, 2 FBT, 2 HFT, 2 HI-FReq face neck, 2 PBT, 2 MDA, 2 C vit amp, 2 Masks, 1 lakme SPF, 1 Annephase shampoo','2016-02-15 00:00:00','2016-02-29 00:00:00',_binary '','2016-02-15 00:00:00',_binary '\0','2016-02-15 00:00:00',_binary '\0',NULL),(23,'SO-FBT-4999','SO-FEB-2016',4999.00,NULL,NULL,'5 FULL BODYOIL AND GEL THERAPY','2016-02-18 00:00:00','2016-02-29 00:00:00',_binary '','2016-02-18 00:00:00',_binary '\0','2016-02-18 00:00:00',_binary '\0',NULL),(24,'SO-TT-2345','SO-FEB-2016',2345.00,NULL,NULL,'5 TUMMY TUCKS GEL AND OIL','2016-02-18 00:00:00','2016-02-29 00:00:00',_binary '','2016-02-18 00:00:00',_binary '\0','2016-02-18 00:00:00',_binary '\0',NULL),(25,'SO-TRF-4999','SO-FEB-2016',4999.00,NULL,NULL,'5 EXTREME TUMMY RF','2016-02-18 00:00:00','2016-02-29 00:00:00',_binary '','2016-02-18 00:00:00',_binary '\0','2016-02-18 00:00:00',_binary '\0',NULL),(26,'SO-THRF-4999','SO-FEB-2016',4999.00,NULL,NULL,'5 EXTREME THIGH RF','2016-02-18 00:00:00','2016-02-29 00:00:00',_binary '','2016-02-18 00:00:00',_binary '\0','2016-02-18 00:00:00',_binary '\0',NULL),(27,'SO-FSTGRF-4444','SO-FEB-2016',4444.00,NULL,NULL,'5 FACE SKIN TIGHT & GLOW SKIN','2016-02-18 00:00:00','2016-02-29 00:00:00',_binary '','2016-02-18 00:00:00',_binary '\0','2016-02-18 00:00:00',_binary '\0',NULL),(28,'SO-DCR-2999','SO-FEB-2016',2999.00,NULL,NULL,'5 DOUBLE CHIN REDUCTION','2016-02-18 00:00:00','2016-02-29 00:00:00',_binary '','2016-02-18 00:00:00',_binary '\0','2016-02-18 00:00:00',_binary '\0',NULL),(29,'SO-FNAAHFT-2999','SO-FEB-2016',2999.00,NULL,NULL,'5 FACE & NECK ANTI AGING HI-FREQ','2016-02-18 00:00:00','2016-02-29 00:00:00',_binary '','2016-02-18 00:00:00',_binary '\0','2016-02-18 00:00:00',_binary '\0',NULL),(30,'SO-ANTI D HFT-2999','SO-FEB-2016',2999.00,NULL,NULL,'5 ANTI DANDRUFF HFT','2016-02-18 00:00:00','2016-02-29 00:00:00',_binary '','2016-02-18 00:00:00',_binary '\0','2016-02-18 00:00:00',_binary '\0',NULL),(31,'SO-HS&HF COMBO-9999','SO-FEB-2016',9999.00,NULL,NULL,'10 ANTI HAIR FALL+10 PBT','2016-02-18 00:00:00','2016-02-29 00:00:00',_binary '','2016-02-18 00:00:00',_binary '\0','2016-02-18 00:00:00',_binary '\0',NULL),(32,'HAIR S & HF COMBO-4999','SO-FEB-2016',4999.00,NULL,NULL,'5 ANTI HAIR FALL HFT+5PBT','2016-02-18 00:00:00','2016-02-29 00:00:00',_binary '','2016-02-18 00:00:00',_binary '\0','2016-02-18 00:00:00',_binary '\0',NULL),(33,'tewt','fgdfg',5000.00,'/Images/PackageImages/images.jpg','/Images/PackageImages/logo.png','gdf','2016-07-07 00:00:00','2016-08-31 00:00:00',_binary '','2016-07-07 00:00:00',_binary '\0','2016-07-07 00:00:00',_binary '\0',NULL),(34,'rajesh test','125863',1000000.00,NULL,NULL,'for all','2017-03-10 00:00:00','2017-12-22 00:00:00',_binary '','2017-03-10 00:00:00',_binary '\0','2017-03-10 00:00:00',_binary '\0',NULL),(35,'testing by bhuvan','LF123',100000.00,'/Images/PackageImages/MCSE+Cloud+Platform+and+Infrastructure-01.png',NULL,'test by bhuvan','2017-06-29 00:00:00','2017-06-30 00:00:00',_binary '','2017-06-29 00:00:00',_binary '\0','2017-06-29 00:00:00',_binary '\0',NULL),(36,'Testing By Bhuvan','Test for Pack',10000.00,'/Images/PackageImages/download.jpg',NULL,'Testing  03','2018-03-02 00:00:00','2018-03-02 00:00:00',_binary '','2018-03-02 00:00:00',_binary '\0','2018-03-02 00:00:00',_binary '\0',NULL),(39,'Offers','JULY!@',222.00,NULL,NULL,'no','2018-07-19 00:00:00','2018-07-20 00:00:00',_binary '','2018-07-18 00:00:00',_binary '\0','2018-07-18 00:00:00',_binary '\0',NULL),(40,'SLIMMING','1234569',25000.00,NULL,NULL,'OK','2018-07-19 00:00:00','2018-08-31 00:00:00',_binary '','2018-07-19 00:00:00',_binary '\0','2018-07-19 00:00:00',_binary '\0',NULL),(41,'SLIMMING','1234569',25000.00,'/Images/PackageImages/Desert.jpg',NULL,'OK','2018-07-19 00:00:00','2018-08-31 00:00:00',_binary '','2018-07-19 00:00:00',_binary '\0','2018-07-19 00:00:00',_binary '\0',NULL),(42,'SLIMMING','1234569',25000.00,'/Images/PackageImages/Desert.jpg',NULL,'OK','2018-07-19 00:00:00','2018-08-31 00:00:00',_binary '','2018-07-19 00:00:00',_binary '\0','2018-07-19 00:00:00',_binary '\0',NULL),(43,'SLIMMING','1234569',25000.00,'/Images/PackageImages/Desert.jpg',NULL,'OK','2018-07-19 00:00:00','2018-08-31 00:00:00',_binary '','2018-07-19 00:00:00',_binary '\0','2018-07-19 00:00:00',_binary '\0',NULL),(44,'SLIMMING','1234569',25000.00,'/Images/PackageImages/Desert.jpg',NULL,'OK','2018-07-19 00:00:00','2018-08-31 00:00:00',_binary '','2018-07-19 00:00:00',_binary '\0','2018-07-19 00:00:00',_binary '\0',NULL),(45,'RAVI','1234569',25000.00,'/Images/PackageImages/Desert.jpg',NULL,'OK','2018-07-19 00:00:00','2018-08-31 00:00:00',_binary '','2018-07-19 00:00:00',_binary '\0','2018-07-19 00:00:00',_binary '\0',NULL),(46,'RAVI','1234569',25000.00,'/Images/PackageImages/Desert.jpg',NULL,'OK','2018-07-19 00:00:00','2018-08-31 00:00:00',_binary '','2018-07-19 00:00:00',_binary '\0','2018-07-19 00:00:00',_binary '\0',NULL),(47,'RAVI','1234569',25000.00,'/Images/PackageImages/Desert.jpg',NULL,'OK','2018-07-19 00:00:00','2018-08-31 00:00:00',_binary '','2018-07-19 00:00:00',_binary '\0','2018-07-19 00:00:00',_binary '\0',NULL),(48,'SURESH','456986',26000.00,'/Images/PackageImages/Tulips.jpg',NULL,'ALL OK','2018-07-19 00:00:00','2018-07-31 00:00:00',_binary '','2018-07-19 00:00:00',_binary '\0','2018-07-19 00:00:00',_binary '\0',NULL),(49,'SURESH','456986',26000.00,'/Images/PackageImages/Tulips.jpg',NULL,'ALL OK','2018-07-19 00:00:00','2018-07-31 00:00:00',_binary '','2018-07-19 00:00:00',_binary '\0','2018-07-19 00:00:00',_binary '\0',NULL),(50,'SURESH','456986',26000.00,'/Images/PackageImages/Tulips.jpg',NULL,'ALL OK','2018-07-19 00:00:00','2018-07-31 00:00:00',_binary '','2018-07-19 00:00:00',_binary '\0','2018-07-19 00:00:00',_binary '\0',NULL),(51,'SURESH','456986',26000.00,'/Images/PackageImages/Tulips.jpg',NULL,'ALL OK','2018-07-19 00:00:00','2018-07-31 00:00:00',_binary '','2018-07-19 00:00:00',_binary '\0','2018-07-19 00:00:00',_binary '\0',NULL),(52,'RAVI','4569',18000.00,'/Images/PackageImages/Koala.jpg',NULL,'ALL','2018-07-20 00:00:00','2018-07-31 00:00:00',_binary '','2018-07-19 00:00:00',_binary '\0','2018-07-19 00:00:00',_binary '\0',NULL),(53,'bhuvan test 121','bhuvan test 121',100000.00,'/Images/PackageImages/kid 1.jpg',NULL,'1lk package including all dkmnscjklnsdcmkscnsdjkncjksdncjksdnjn','2018-07-19 00:00:00','2018-07-20 00:00:00',_binary '','2018-07-19 00:00:00',_binary '\0','2018-07-19 00:00:00',_binary '\0',NULL),(54,'Testing','AUG15',100.00,NULL,NULL,NULL,'2018-08-27 00:00:00','2018-08-27 00:00:00',_binary '','2018-08-27 00:00:00',_binary '\0','2018-08-27 00:00:00',_binary '\0',NULL),(55,'packag ename','package code',1000.00,'/Images/PackageImages/baby pic.jpg',NULL,'tesing ooooooooooooooooooooooooooooooooooooooooooooooooooooooooooooooooooooooooooooooooooooooooooooooooooooooooooooooooooooooooooooooooooooooooooooooooooooooooooooooooooooooo','2018-08-30 00:00:00','2018-08-30 00:00:00',_binary '','2018-08-30 00:00:00',_binary '\0','2018-08-30 00:00:00',_binary '\0',NULL),(56,'SEP','123',200.00,NULL,NULL,NULL,'2018-09-09 00:00:00','2018-09-10 00:00:00',_binary '','2018-09-08 00:00:00',_binary '\0','2018-09-08 00:00:00',_binary '\0',NULL),(80,'test','test',10000.00,NULL,NULL,'test','2019-11-18 00:00:00','2019-11-30 00:00:00',_binary '','2019-11-18 00:00:00',_binary '\0','2020-01-07 19:27:51',_binary '\0',NULL),(81,'test','test',10000.00,NULL,NULL,'test','2019-11-18 00:00:00','2019-11-30 00:00:00',_binary '','2019-11-18 00:00:00',_binary '\0','2019-11-18 00:00:00',_binary '\0',NULL),(82,'test','test',10000.00,NULL,NULL,'test','2019-11-18 00:00:00','2019-11-30 00:00:00',_binary '','2019-11-18 00:00:00',_binary '\0','2019-11-18 00:00:00',_binary '\0',NULL),(90,'test','test',10000.00,NULL,NULL,'test','2019-11-19 00:00:00','2019-11-30 00:00:00',_binary '','2019-11-19 00:00:00',_binary '\0','2019-11-19 00:00:00',_binary '\0',NULL),(91,'test','test',10000.00,NULL,NULL,'test','2019-11-19 00:00:00','2019-11-30 00:00:00',_binary '','2019-11-19 00:00:00',_binary '\0','2019-11-19 00:00:00',_binary '\0',NULL),(92,'LFT-UCP','LFT-UCP',40000.00,NULL,NULL,'test','2019-11-20 00:00:00','2019-11-20 00:00:00',_binary '','2019-11-20 00:00:00',_binary '\0','2019-11-20 00:00:00',_binary '\0',NULL),(93,'DERMA GLOW NEW YEAR OFFER','DG New Year Of',10000.00,NULL,NULL,'SPL FOR ALL BRANCHES for the New Year','2019-12-30 00:00:00','2020-01-05 00:00:00',_binary '','2019-12-30 00:00:00',_binary '\0','2019-12-30 00:00:00',_binary '\0',NULL),(94,'26 FEB OFFER  Hair Transplantation(HT)','26 OFF HT',127118.00,NULL,NULL,'Hair Transplantation offer 2 days only 26th and 27th feb 2020','2020-01-27 00:00:00','2020-01-27 00:00:00',_binary '','2020-01-27 00:00:00',_binary '\0','2020-01-27 13:11:10',_binary '\0',150000),(95,'26 FEB OFFER  Hair Transplantation(HT)','26 FEB 2020 HT',127000.00,NULL,NULL,NULL,'2020-01-27 00:00:00','2020-01-27 00:00:00',_binary '','2020-01-27 00:00:00',_binary '\0','2020-01-27 00:00:00',_binary '\0',150000),(96,'Papaya Gel (Therapy)','Papaya Gel',1270.00,NULL,NULL,'gel therapy on request of client selling under special offer','2020-01-28 00:00:00','2020-01-28 00:00:00',_binary '','2020-01-28 00:00:00',_binary '\0','2020-01-28 00:00:00',_binary '\0',1270);

--
-- Table structure for table `Asset`
--

CREATE TABLE `Asset` (
  `ID` int NOT NULL AUTO_INCREMENT,
  `AssetName` varchar(4) COLLATE utf8mb4_general_ci NOT NULL,
  `Units` int NOT NULL,
  `Remarks` varchar(4) COLLATE utf8mb4_general_ci NOT NULL,
  `Status` bit(1) NOT NULL,
  `CreatedBy` bit(1) NOT NULL,
  `CreatedDate` varchar(19) COLLATE utf8mb4_general_ci NOT NULL,
  `ModifiedBy` varchar(30) COLLATE utf8mb4_general_ci DEFAULT NULL,
  `ModifiedDate` varchar(30) COLLATE utf8mb4_general_ci DEFAULT NULL,
  `ISACTIVE` varchar(9) COLLATE utf8mb4_general_ci NOT NULL,
  `IPAddress` varchar(15) COLLATE utf8mb4_general_ci NOT NULL,
  PRIMARY KEY (`ID`)
) ENGINE=InnoDB AUTO_INCREMENT=3 DEFAULT CHARSET=utf8mb4 COLLATE=utf8mb4_general_ci;

--
-- Dumping data for table `Asset`
--

INSERT INTO `Asset` VALUES (1,'land',25,'Land',_binary '',_binary '','2015-02-11 05:50:24',NULL,NULL,'NotActive','122.169.131.209'),(2,'gold',10,'Gold',_binary '',_binary '','2015-02-11 05:51:19',NULL,NULL,'NotActive','122.169.131.209');

--
-- Table structure for table `AuthActions`
--

CREATE TABLE `AuthActions` (
  `Id` int NOT NULL AUTO_INCREMENT,
  `ActionCode` varchar(40) COLLATE utf8mb4_general_ci NOT NULL,
  `MenuId` int NOT NULL,
  `ActionName` varchar(40) COLLATE utf8mb4_general_ci NOT NULL,
  `ActionDescription` varchar(40) COLLATE utf8mb4_general_ci NOT NULL,
  `IsActive` bit(1) NOT NULL,
  `CreatedBy` bit(1) DEFAULT NULL,
  `CreatedDate` varchar(19) COLLATE utf8mb4_general_ci DEFAULT NULL,
  `ActionDisplayName` varchar(30) COLLATE utf8mb4_general_ci NOT NULL,
  `ActionType` varchar(6) COLLATE utf8mb4_general_ci NOT NULL,
  PRIMARY KEY (`Id`)
) ENGINE=InnoDB AUTO_INCREMENT=2053 DEFAULT CHARSET=utf8mb4 COLLATE=utf8mb4_general_ci;

--
-- Dumping data for table `AuthActions`
--

INSERT INTO `AuthActions` VALUES (1,'customermanage',2,'CustomersList','List of customers',_binary '\0',NULL,NULL,'Customer List','Branch'),(2,'customerregistration',2,'Registration','Create Customer',_binary '',NULL,NULL,'Register Customer','Branch'),(3,'enquirynewenq',3,'NewEnq','Create Enquiry',_binary '',NULL,NULL,'Save Enquiry','Branch'),(4,'enquiryfollowup',3,'Followup','New Followup',_binary '',NULL,NULL,'Save Followup','Branch'),(5,'enquirypagegetenquirylist',3,'List','List of Enquiries',_binary '\0',NULL,NULL,'Enquiries List','Branch'),(6,'reconciliationclearamount',4,'ClearAmount','ClearAmount',_binary '',NULL,NULL,'Clear Amount','Branch'),(7,'voucherentrynewvoucherentry',7,'NewVoucherEntry','NewVoucherEntry',_binary '',NULL,NULL,'Save Voucher','Branch'),(8,'voucherentrypagegetvoucherslist',7,'List','List',_binary '\0',NULL,NULL,'List of Voucher Entries','Branch'),(9,'cashdenominationcreate',8,'Create','Create',_binary '',NULL,NULL,'Save Cash Denomination','Branch'),(10,'cashdenominationgetdenomination',8,'List','List',_binary '\0',NULL,NULL,'List of Cash Denominations','Branch'),(11,'reconciliationcancelduplicatereceipt',9,'CancelDuplicateReceipt','Cancel Receipt',_binary '',NULL,NULL,'Cancel Receipt','Branch'),(12,'reconciliationprintreceipt',9,'Printreceipt','Print Receipt',_binary '',NULL,NULL,'Print Receipt','Branch'),(13,'customerbookings',2,'Bookings','Bookings',_binary '',NULL,NULL,'Save Booking/Package','Branch'),(14,'dashboardgetuserdashboard',1,'GetUserDashboard','GetUserDashboard',_binary '',NULL,NULL,'Dashboard','Branch'),(1002,'appointmentcreate',38,'Create','To save new appointment',_binary '',_binary '','2016-06-09 11:33:56','Save Appointment','Branch'),(1003,'appointmentedit',38,'Edit','To modify appointment details',_binary '',_binary '','2016-06-09 11:40:56','Edit Appointment','Branch'),(1004,'appointmentdelete',38,'Delete','To Delete appointment',_binary '',_binary '','2016-06-09 11:52:19','Delete Appointment','Branch'),(1005,'branchtransferbranchtransfer',10,'BranchTransfer','BranchTransfer',_binary '',_binary '','2016-06-09 11:54:40','Branch Transfer','Branch'),(1006,'customersavefile',2,'ProfilePic Upload','ProfilePic Upload',_binary '\0',_binary '','2016-06-09 11:58:52','ProfilePic Upload','Branch'),(1007,'customerpayment',2,'Payment','Bill Payment',_binary '',_binary '','2016-06-09 12:03:31','Bill Payment','Branch'),(1008,'customersavesessionfiles',2,'SaveSessionFiles','Upload Session Images',_binary '\0',_binary '','2016-06-09 12:05:40','Upload Session Images','Branch'),(1009,'customercustomerfollowups',2,'CustomerFollowups','Joined Customer Followups',_binary '',_binary '','2016-06-09 12:06:19','Save Joined Customer Followups','Branch'),(1010,'customermedicalhistory',2,'MedicalHistory','Medical History',_binary '',_binary '','2016-06-09 12:07:01','Medical History','Branch'),(1011,'customerfeedback',2,'FeedBack','Save Feedback',_binary '',_binary '','2016-06-09 12:07:49','Feedback','Branch'),(1012,'customerdietchart',2,'DietChart','Save DietChart',_binary '',_binary '','2016-06-09 12:08:37','Diet Chart','Branch'),(1013,'customerprintreceipt',2,'Printreceipt','Printreceipt',_binary '',_binary '','2016-06-09 12:09:08','Print Receipt','Branch'),(1014,'dietchartcreate',2,'Create','to save diet chart',_binary '\0',_binary '','2016-06-09 12:11:44','Save Diet Chart','Branch'),(1015,'doctorschedulersavescheduler',39,'SaveScheduler','to save Scheduler',_binary '',_binary '','2016-06-09 12:14:48','Save Scheduler','Branch'),(1016,'doctorschedulereditscheduler',39,'EditScheduler','to edit Scheduler',_binary '',_binary '','2016-06-09 12:15:17','Edit Scheduler','Branch'),(1017,'doctorschedulerdelete',39,'Delete','to delete Scheduler',_binary '',_binary '','2016-06-09 12:15:52','Delete Scheduler','Branch'),(1018,'prescriptioncreate',2,'Create Prescription','Create Prescription',_binary '',_binary '','2016-06-09 12:18:14','Create Prescription','Branch'),(1019,'reportemployeewisecollectionreport',24,'EmployeewiseCollectionReport','EmployeewiseCollectionReport',_binary '',_binary '','2016-06-09 12:20:09','EmployeewiseCollectionReport','Branch'),(1020,'customernewsession',2,'NewSession','NewSession',_binary '',_binary '','2016-06-09 12:52:51','Save Session','Branch'),(1021,'reportempdetailsreport',12,'EmpDetailsReport','Download',_binary '',_binary '','2016-06-09 14:45:22','Download','Branch'),(1022,'reporttelecaller',26,'TeleCaller','TeleCaller',_binary '',_binary '','2016-06-09 17:22:31','Download','Branch'),(1023,'reportmedia',25,'Media','Media',_binary '',_binary '','2016-06-09 17:23:26','Download','Branch'),(1024,'reportcashcheckingreport',34,'CashCheckingReport','CashCheckingReport',_binary '',_binary '','2016-06-09 17:24:19','Download','Branch'),(1025,'reportcashforecastreport',37,'CashForecastReport','ForecastReport',_binary '',_binary '','2016-06-09 17:25:22','Download','Branch'),(1026,'reportcomboreport',27,'ComboReport','ComboReport',_binary '',_binary '','2016-06-09 17:26:13','Download','Branch'),(1027,'reportexpense',35,'Expense','Expense',_binary '',_binary '','2016-06-09 17:26:42','Download','Branch'),(1028,'employeedetailswithctc',0,'EmployeeDetailsWithCTC','EmployeeDetailsWithCTC',_binary '',_binary '','2016-06-09 17:27:46','Download','Branch'),(1029,'reportemployeedetailswithctc',0,'EmployeeDetailsWithCTC','EmployeeDetailsWithCTC',_binary '',_binary '','2016-06-09 17:28:12','Download','Branch'),(1030,'clientreportsalesreport',28,'salesreport','SalesReport',_binary '',_binary '','2016-06-09 17:28:58','Download','Branch'),(1031,'reportcashstatement',36,'CashStatement','CashStatement',_binary '',_binary '','2016-06-09 17:30:22','Download','Branch'),(1032,'clientreportmediacallsreport',14,'MediaCallsReport','MediaCallsReport',_binary '',_binary '','2016-06-09 17:32:14','Download','Branch'),(1033,'clientreportpackagecompletionreport',15,'PackageCompletionReport','PackageCompletionReport',_binary '',_binary '','2016-06-09 17:32:59','Download','Branch'),(1034,'clientreportmonthlytracksreport',16,'MonthlyTracksReport','MonthlyTracksReport',_binary '',_binary '','2016-06-09 17:33:37','Download','Branch'),(1035,'clientreportenrolementeeportget',17,'EnrolementReportGet','EnrolementReportGet',_binary '',_binary '','2016-06-09 17:34:25','Download','Branch'),(1036,'reportrevenue',32,'Revenue','Revenue Report',_binary '',_binary '','2016-06-09 17:37:40','Download','Branch'),(2002,'reportemployeewisecollectionview',24,'EmployeewiseCollection','View',_binary '\0',_binary '','2016-06-14 12:31:54','Can View','Branch'),(2003,'reporttelecallerview',26,'TeleCallerReport','View',_binary '\0',_binary '','2016-06-14 12:33:18','Can View','Branch'),(2004,'reporttelecallerreportasync',26,'TeleCallerReportAsync','Search',_binary '',_binary '','2016-06-14 12:34:34','Search','Branch'),(2005,'reportmediareportnasync',25,'MediaReportnAsync','Search',_binary '',_binary '','2016-06-14 12:36:43','Search','Branch'),(2006,'reportmediareportview',25,'MediaReport','View',_binary '\0',_binary '','2016-06-14 12:37:45','View','Branch'),(2007,'reportcashcheckingasync',34,'CashCheckingAsync','Search',_binary '',_binary '','2016-06-14 12:40:03','Search','Branch'),(2008,'reportcashcheckingview',34,'CashChecking','View',_binary '\0',_binary '','2016-06-14 12:40:19','View','Branch'),(2009,'reportcashforecastview',37,'CashForecast','View',_binary '\0',_binary '','2016-06-14 12:41:22','View','Branch'),(2010,'reportcashforecastasync',37,'CashForecastAsync','Search',_binary '',_binary '','2016-06-14 12:41:59','Search','Branch'),(2011,'reportcomboview',27,'Combo','View',_binary '\0',_binary '','2016-06-14 12:42:50','View','Branch'),(2012,'reportcomboasync',27,'ComboAsync','Search',_binary '',_binary '','2016-06-14 12:43:04','Search','Branch'),(2013,'reportexpenseasync',35,'ExpensesAsync','Search',_binary '',_binary '','2016-06-14 12:44:13','Search','Branch'),(2014,'reportexpenseview',35,'ExpenseReport','View',_binary '\0',_binary '','2016-06-14 12:44:39','View','Branch'),(2015,'ClientRegularityandirregularityReportGet',18,'ClientRegularityandirregularityReportGet','ClientRegularityandirregularityReportGet',_binary '',_binary '','2016-06-14 20:05:37','Download','Branch'),(2016,'reportbranchtransfer',19,'BranchTransfer','Download',_binary '',_binary '','2016-06-14 20:06:26','Download','Branch'),(2017,'reportleadtransferdownload',20,'LeadTransfer','Download',_binary '',_binary '','2016-06-14 20:07:18','Download','Branch'),(2018,'reportbreakdownload',21,'Break','Download',_binary '',_binary '','2016-06-14 20:08:09','Download','Branch'),(2019,'reporttreatmentwisedownload',29,'TreatmentWise','Download',_binary '',_binary '','2016-06-14 20:10:39','Download','Branch'),(2020,'reportphoneenquiryreportdownload',30,'PhoneEnquiryReport','Download',_binary '',_binary '','2016-06-14 20:11:52','Download','Branch'),(2021,'reportwalkIneetailsreportsearch',31,'WalkInDetailsAsync','Search',_binary '',_binary '','2016-06-14 20:12:56','Search','Branch'),(2022,'reportwalkIneetailsreportdownload',31,'WalkInDetailsReport','Download',_binary '',_binary '','2016-06-14 20:13:11','Download','Branch'),(2023,'clientreportdailytreatmentreport',22,'DailyTreatmentReport','DailyTreatmentReport',_binary '',_binary '','2016-06-14 20:17:33','Download','Branch'),(2024,'reconciliationchangepaymentmode',5,'ChangePaymentMode','ChangePaymentMode',_binary '',_binary '','2016-06-14 20:21:14','Change Payment Mode','Branch'),(2025,'reconciliationpendingbillslist',6,'PendingBills_List','List/Search',_binary '',_binary '','2016-06-14 20:23:52','List/Search','Branch'),(2026,'admindashboardgetbranchdetails',20003,'Index','Dashboard',_binary '',_binary '','2016-06-15 16:55:05','Dashboard','Admin'),(2027,'adminstatecreate',20005,'Create','Create',_binary '',_binary '','2016-06-15 16:57:54','Create','Admin'),(2028,'adminstateedit',20005,'Edit','Edit',_binary '\0',_binary '','2016-06-15 16:58:24','Edit','Admin'),(2029,'adminstatestatedelete',20005,'stateDelete','Delete',_binary '',_binary '','2016-06-15 16:59:06','Delete','Admin'),(2030,'adminbranchcreate',20006,'Create','Create',_binary '',_binary '','2016-06-15 17:01:21','Create','Admin'),(2031,'adminbranchedit',20006,'Edit','Edit',_binary '',_binary '','2016-06-15 17:01:54','Edit','Admin'),(2032,'adminbranchdelete',20006,'branchDelete','Delete',_binary '',_binary '','2016-06-15 17:02:21','Delete','Admin'),(2033,'adminservicecreate',20007,'Create','Create',_binary '',_binary '','2016-06-15 17:03:49','Create','Admin'),(2034,'adminserviceedit',20007,'Edit','Edit',_binary '\0',_binary '','2016-06-15 17:04:10','Edit','Admin'),(2035,'adminservicedelete',20007,'ServiceDelete','Delete',_binary '',_binary '','2016-06-15 17:04:37','Delete','Admin'),(2036,'adminledgercreate',20008,'Create','Create',_binary '',_binary '','2016-06-15 17:05:20','Create','Admin'),(2037,'adminledgeredit',20008,'Edit','Edit',_binary '\0',_binary '','2016-06-15 17:05:40','Edit','Admin'),(2038,'adminledgerdelete',20008,'ledgerDelete','Delete',_binary '',_binary '','2016-06-15 17:06:05','Delete','Admin'),(2039,'adminpaymodecreate',20009,'Create','Create',_binary '',_binary '','2016-06-15 17:06:52','Create','Admin'),(2040,'adminpaymodeedit',20009,'Edit','Edit',_binary '\0',_binary '','2016-06-15 17:07:17','Edit','Admin'),(2041,'adminpaymodedelete',20009,'PaymodeDelete','Delete',_binary '',_binary '','2016-06-15 17:07:46','Delete','Admin'),(2042,'admintaxCreate',20010,'Create','Create',_binary '',_binary '','2016-06-15 17:08:30','Create','Admin'),(2043,'adminelectronicmediacreate',20011,'Create','Create',_binary '',_binary '','2016-06-15 17:09:19','Create','Admin'),(2044,'adminelectronicmediaedit',20011,'Edit','Edit',_binary '\0',_binary '','2016-06-15 17:09:45','Edit','Admin'),(2045,'adminelelectronicmediadelete',20011,'Delete','Delete',_binary '',_binary '','2016-06-15 17:10:13','Delete','Admin'),(2046,'adminrolecreate',20012,'Create','Create',_binary '',_binary '','2016-06-15 17:10:57','Create','Admin'),(2047,'adminroleedit',20012,'Edit','Edit',_binary '',_binary '','2016-06-15 17:11:16','Edit','Admin'),(2048,'admindesignationcreate',20014,'Create','Create',_binary '',_binary '','2016-06-15 17:12:13','Create','Admin'),(2049,'admindesignationedit',20014,'Edit','Edit',_binary '\0',_binary '','2016-06-15 17:12:37','Edit','Admin'),(2050,'admindesignationdelete',20014,'DesigDelete','Delete',_binary '',_binary '','2016-06-15 17:13:12','Delete','Admin'),(2051,'admindepartmentcreate',20015,'Create','Create',_binary '',_binary '','2016-06-15 17:13:52','Create','Admin'),(2052,'admindepartmentedit',20015,'Edit','Edit',_binary '\0',_binary '','2016-06-15 17:14:26','Edit','Admin');

--
-- Table structure for table `AuthEmpRoleMapping`
--

CREATE TABLE `AuthEmpRoleMapping` (
  `Id` int NOT NULL AUTO_INCREMENT,
  `EmpId` int NOT NULL,
  `RoleId` int NOT NULL,
  `IsActive` bit(1) NOT NULL,
  `CreatedBy` bit(1) NOT NULL,
  `CreatedDate` varchar(19) COLLATE utf8mb4_general_ci NOT NULL,
  `UserId` int NOT NULL,
  PRIMARY KEY (`Id`)
) ENGINE=InnoDB AUTO_INCREMENT=454 DEFAULT CHARSET=utf8mb4 COLLATE=utf8mb4_general_ci;

--
-- Dumping data for table `AuthEmpRoleMapping`
--

INSERT INTO `AuthEmpRoleMapping` VALUES (2,310,2,_binary '',_binary '\0','2016-06-17 12:25:27',103),(4,335,2,_binary '\0',_binary '\0','2016-06-17 12:25:27',109),(8,303,2,_binary '',_binary '\0','2016-06-17 12:25:27',112),(13,221,2,_binary '',_binary '\0','2016-06-17 12:25:27',116),(14,203,16,_binary '',_binary '\0','2016-08-08 00:25:47',117),(15,127,17,_binary '',_binary '\0','2016-08-08 00:32:11',118),(17,335,18,_binary '',_binary '\0','2016-08-24 04:49:59',120),(28,10450,2,_binary '',_binary '\0','2017-02-14 05:06:43',131),(29,10449,21,_binary '',_binary '\0','2017-02-14 05:09:50',132),(32,310,23,_binary '',_binary '\0','2017-04-28 01:21:01',133),(33,310,24,_binary '',_binary '\0','2017-04-29 07:47:19',134),(37,310,23,_binary '',_binary '\0','2017-05-02 00:37:46',138),(40,335,2,_binary '',_binary '\0','2017-05-02 23:51:08',129),(42,335,28,_binary '',_binary '\0','2017-05-03 22:44:59',140),(43,113,2,_binary '',_binary '\0','2017-08-19 03:30:08',141),(44,113,17,_binary '',_binary '\0','2017-08-19 03:30:08',141),(45,113,18,_binary '',_binary '\0','2017-08-19 03:30:08',141),(46,179,1,_binary '',_binary '\0','2018-01-30 03:35:14',119),(47,179,16,_binary '',_binary '\0','2018-01-30 03:35:14',119),(48,179,23,_binary '',_binary '\0','2018-01-30 03:35:14',119),(53,231,2,_binary '',_binary '\0','2018-02-08 13:24:06',113),(54,335,29,_binary '',_binary '\0','2018-02-19 21:54:39',142),(71,303,30,_binary '',_binary '\0','2018-05-14 02:38:01',144),(117,303,32,_binary '',_binary '\0','2018-07-21 00:00:15',148),(118,303,32,_binary '',_binary '\0','2018-07-21 01:00:38',149),(205,179,20,_binary '',_binary '\0','2019-03-06 04:28:30',145),(214,310,31,_binary '',_binary '\0','2019-04-08 20:40:48',146),(257,179,24,_binary '',_binary '\0','2019-05-04 01:46:24',151),(258,179,22,_binary '',_binary '\0','2019-05-04 01:49:44',152),(261,310,16,_binary '',_binary '\0','2019-05-18 00:11:54',137),(262,303,32,_binary '',_binary '\0','2019-05-18 00:12:53',150),(276,303,30,_binary '',_binary '\0','2019-06-28 03:18:19',153),(284,303,25,_binary '',_binary '\0','2019-06-28 20:20:45',147),(294,288,18,_binary '',_binary '\0','2019-07-02 16:24:55',154),(303,335,18,_binary '',_binary '\0','2019-07-17 00:12:33',122),(310,118,18,_binary '',_binary '\0','2019-07-17 04:43:26',155),(349,20727,18,_binary '',_binary '\0','2019-12-24 03:52:43',156),(361,335,18,_binary '',_binary '\0','2019-12-30 00:57:31',127),(379,303,30,_binary '',_binary '\0','2020-01-09 00:08:07',157),(380,303,25,_binary '',_binary '\0','2020-01-09 00:08:07',157),(385,10495,2,_binary '',_binary '\0','2020-01-09 02:43:54',139),(430,323,1,_binary '',_binary '\0','2020-03-16 23:28:28',1),(431,10459,2,_binary '',_binary '\0','2020-03-17 02:09:08',143),(432,335,2,_binary '',_binary '\0','2020-03-17 02:19:16',109),(433,394,2,_binary '',_binary '\0','2020-03-17 02:24:40',113),(436,303,2,_binary '',_binary '\0','2020-03-17 03:18:19',135),(437,113,2,_binary '',_binary '\0','2020-03-17 03:26:20',114),(438,320,2,_binary '',_binary '\0','2020-03-17 03:28:47',110),(439,111,2,_binary '',_binary '\0','2020-03-17 03:56:53',115),(440,310,27,_binary '',_binary '\0','2020-03-17 04:32:47',136),(441,335,18,_binary '',_binary '\0','2020-03-19 02:37:16',128),(442,142,2,_binary '',_binary '\0','2020-03-19 23:05:34',111),(443,116,2,_binary '',_binary '\0','2020-03-19 23:07:55',108),(444,335,18,_binary '',_binary '\0','2020-03-21 02:27:37',121),(445,335,18,_binary '',_binary '\0','2020-03-21 02:43:27',125),(446,335,18,_binary '',_binary '\0','2020-03-21 02:46:19',126),(447,335,18,_binary '',_binary '\0','2020-03-21 02:56:10',124),(448,335,18,_binary '',_binary '\0','2020-03-21 03:00:33',123),(449,30878,2,_binary '',_binary '\0','2020-08-13 22:55:43',159),(450,30878,1,_binary '',_binary '\0','2020-08-13 22:55:43',1),(451,30878,18,_binary '',_binary '\0','2020-08-13 22:55:43',159),(452,50905,2,_binary '',_binary '\0','2022-09-02 21:57:19',160),(453,50904,2,_binary '',_binary '\0','2022-09-02 21:59:40',161);

--
-- Table structure for table `AuthRole`
--

CREATE TABLE `AuthRole` (
  `Id` int NOT NULL AUTO_INCREMENT,
  `RoleName` varchar(100) CHARACTER SET utf8mb4 COLLATE utf8mb4_general_ci DEFAULT NULL,
  `IsActive` int NOT NULL DEFAULT '1',
  `Remarks` varchar(38) COLLATE utf8mb4_general_ci DEFAULT NULL,
  `CreatedBy` int NOT NULL,
  `CreatedDate` varchar(50) CHARACTER SET utf8mb4 COLLATE utf8mb4_general_ci NOT NULL,
  `ModifiedBy` int DEFAULT '0',
  `ModifiedDate` varchar(50) CHARACTER SET utf8mb4 COLLATE utf8mb4_general_ci DEFAULT NULL,
  `RoleType` varchar(50) CHARACTER SET utf8mb4 COLLATE utf8mb4_general_ci DEFAULT NULL,
  `IsSuperAdmin` int NOT NULL DEFAULT '0',
  PRIMARY KEY (`Id`)
) ENGINE=InnoDB AUTO_INCREMENT=47 DEFAULT CHARSET=utf8mb4 COLLATE=utf8mb4_general_ci;

--
-- Dumping data for table `AuthRole`
--

INSERT INTO `AuthRole` VALUES (1,'HO-Super Admin',1,'HO-Super Admin',79,'2016-06-17 12:00:10',NULL,NULL,'Admin',1),(2,'Branch-Super Admingyhf',0,'Branch-Super Adminvgt5',79,'2016-06-17 12:32:29',1,'2024-02-14 10:31:13','Branchghy',1),(16,'HR',0,'gf',1,'2016-08-08 00:15:56',1,'2024-01-31 12:45:59','Admin',0),(17,'Diet',1,NULL,1,'2016-08-08 00:31:36',NULL,NULL,'Branch',0),(18,'Treatmentzone',0,'Treatmentzone Session Execution',1,'2016-08-24 04:47:27',1,'2024-01-31 12:45:59','Branch',0),(19,'Callcenter',1,'Callcenter Head in CP',1,'2017-02-04 05:36:36',NULL,NULL,'Admin',0),(20,'rth',1,'regional sales and technical head',1,'2017-02-04 05:43:13',NULL,NULL,'Admin',0),(21,'Call Center Lead',1,'Can Only see Media Report.',1,'2017-02-06 00:09:10',NULL,NULL,'Admin',0),(22,'employee',1,'recruiter',1,'2017-02-10 07:33:19',5,'2024-02-05 07:37:28','user',0),(23,'marketing',1,'for marketing staff',1,'2017-04-28 01:18:51',NULL,NULL,'Admin',0),(24,'Stock and purchase',1,'for stock and purchase manager login',1,'2017-04-29 06:48:47',NULL,NULL,'Admin',0),(25,'Sales Head',1,'Only sales  heads to check sales',1,'2017-04-29 07:02:18',NULL,NULL,'Admin',0),(26,'Results Manager',1,'services and results',1,'2017-04-29 07:06:20',NULL,'2024-01-30 11:51:08','Adminggggg',0),(27,'CP Accounts',1,'for corporate accounts activities',1,'2017-05-02 00:26:03',NULL,NULL,'Admin',0),(28,'Testaccount',1,'test',1,'2017-05-03 22:43:54',NULL,NULL,'Admin',0),(29,'CCF',1,'for call center customer feedback line',1,'2018-02-19 21:52:02',NULL,NULL,'Admin',0),(30,'AUDIT',1,'for corporate audit managers',1,'2018-05-14 02:36:19',NULL,NULL,'Admin',0),(31,'corporate Accounts',1,'corporate accounts log in purpose',1,'2018-05-15 02:59:47',NULL,NULL,'Admin',0),(32,'Welona Customer Care',0,'client feedback corporate purpose',1,'2018-07-20 22:26:29',1,'2024-01-30 09:58:12','Admin',0),(33,'MDyty',0,'super adminuj',3,'2024-01-30 06:26:23',1,'2024-01-30 09:58:12','admin usergggggggggggg',0),(34,'MD',1,'super admin',1,'2024-01-30 12:32:42',0,NULL,'admin user',0),(35,'rasft',1,'111',1,'2024-01-30 12:32:42',1,'2024-03-12 10:15:50','chinni',0),(36,'rasft',1,'111111',1,'2024-01-30 18:17:47',0,'2024-01-31 07:51:36','chinniranaa',0),(37,'ranii',1,'11',1,'2024-01-31 07:51:36',1,'2024-03-04 13:00:10','chinni',0),(38,'Admin Role 38',1,'ADmin Role 38 Remarks',1,'2024-01-31 10:29:05',0,'2024-01-31 12:45:59','Admin 38',0),(39,'xyz',1,'11',1,'2024-01-31 11:00:03',1,'2024-03-04 12:34:20','admin useruu',0),(40,'Branch Head MAster',1,'Branch Head Master REmarks',1,'2024-01-31 12:45:59',1,'2024-03-04 12:34:20','',0),(41,'rasft',1,'23',1,'2024-02-01 05:48:27',1,'2024-03-04 10:23:44','categoryy',0),(42,'ERRT',1,'weddxd',1,'2024-03-04 11:02:13',1,'2024-03-14 07:13:14','YYy',0),(43,'ERRTh',1,'wedd',1,'2024-03-14 07:13:14',0,'2024-03-14 09:04:14','YYy',0),(44,'dsddf',0,'good',1,'2024-03-14 09:04:14',1,'2024-03-14 09:04:14','YY',0),(45,'Welona',0,'Welona',1,'2024-03-14 13:08:36',1,'2024-03-14 13:08:36','Welona',0),(46,'admin',1,'admin',1,'2024-03-14 13:08:36',0,NULL,'admin ',0);

--
-- Table structure for table `AuthRoleDetail`
--

CREATE TABLE `AuthRoleDetail` (
  `Id` int NOT NULL AUTO_INCREMENT,
  `RoleId` int NOT NULL,
  `ActionId` int NOT NULL,
  `IsActive` bit(1) NOT NULL,
  `CreatedBy` int NOT NULL,
  `CreatedDate` varchar(19) COLLATE utf8mb4_general_ci NOT NULL,
  PRIMARY KEY (`Id`)
) ENGINE=InnoDB AUTO_INCREMENT=101 DEFAULT CHARSET=utf8mb4 COLLATE=utf8mb4_general_ci;

--
-- Dumping data for table `AuthRoleDetail`
--

INSERT INTO `AuthRoleDetail` VALUES (1,1,2026,_binary '',79,'2016-06-17 12:00:10'),(2,1,2027,_binary '',79,'2016-06-17 12:00:10'),(3,1,2028,_binary '',79,'2016-06-17 12:00:10'),(4,1,2029,_binary '',79,'2016-06-17 12:00:10'),(5,1,2030,_binary '',79,'2016-06-17 12:00:10'),(6,1,2031,_binary '',79,'2016-06-17 12:00:10'),(7,1,2032,_binary '',79,'2016-06-17 12:00:10'),(8,1,2033,_binary '',79,'2016-06-17 12:00:10'),(9,1,2034,_binary '',79,'2016-06-17 12:00:10'),(10,1,2035,_binary '',79,'2016-06-17 12:00:10'),(11,1,2036,_binary '',79,'2016-06-17 12:00:10'),(12,1,2037,_binary '',79,'2016-06-17 12:00:10'),(13,1,2038,_binary '',79,'2016-06-17 12:00:10'),(14,1,2039,_binary '',79,'2016-06-17 12:00:10'),(15,1,2040,_binary '',79,'2016-06-17 12:00:10'),(16,1,2041,_binary '',79,'2016-06-17 12:00:10'),(17,1,2042,_binary '',79,'2016-06-17 12:00:10'),(18,1,2043,_binary '',79,'2016-06-17 12:00:10'),(19,1,2044,_binary '',79,'2016-06-17 12:00:10'),(20,1,2045,_binary '',79,'2016-06-17 12:00:10'),(21,1,2046,_binary '',79,'2016-06-17 12:00:10'),(22,1,2047,_binary '',79,'2016-06-17 12:00:10'),(23,1,2048,_binary '',79,'2016-06-17 12:00:10'),(24,1,2049,_binary '',79,'2016-06-17 12:00:10'),(25,1,2050,_binary '',79,'2016-06-17 12:00:10'),(26,1,2051,_binary '',79,'2016-06-17 12:00:10'),(27,1,2052,_binary '',79,'2016-06-17 12:00:10'),(28,1,2053,_binary '',79,'2016-06-17 12:00:10'),(29,1,2054,_binary '',79,'2016-06-17 12:00:10'),(30,1,2055,_binary '',79,'2016-06-17 12:00:10'),(31,1,2056,_binary '',79,'2016-06-17 12:00:10'),(32,1,2057,_binary '',79,'2016-06-17 12:00:10'),(33,1,2058,_binary '',79,'2016-06-17 12:00:10'),(34,1,2059,_binary '',79,'2016-06-17 12:00:10'),(35,1,2060,_binary '',79,'2016-06-17 12:00:10'),(36,1,2062,_binary '',79,'2016-06-17 12:00:10'),(37,1,2061,_binary '',79,'2016-06-17 12:00:10'),(38,1,2095,_binary '',79,'2016-06-17 12:00:10'),(39,1,2096,_binary '',79,'2016-06-17 12:00:10'),(40,1,2097,_binary '',79,'2016-06-17 12:00:10'),(41,1,2098,_binary '',79,'2016-06-17 12:00:10'),(42,1,2101,_binary '',79,'2016-06-17 12:00:10'),(43,1,2102,_binary '',79,'2016-06-17 12:00:10'),(44,1,2085,_binary '',79,'2016-06-17 12:00:10'),(45,1,2086,_binary '',79,'2016-06-17 12:00:10'),(46,1,2103,_binary '',79,'2016-06-17 12:00:10'),(47,1,2104,_binary '',79,'2016-06-17 12:00:10'),(48,1,2083,_binary '',79,'2016-06-17 12:00:10'),(49,1,2084,_binary '',79,'2016-06-17 12:00:10'),(50,1,2067,_binary '',79,'2016-06-17 12:00:10'),(51,1,2068,_binary '',79,'2016-06-17 12:00:10'),(52,1,2071,_binary '',79,'2016-06-17 12:00:10'),(53,1,2072,_binary '',79,'2016-06-17 12:00:10'),(54,1,2107,_binary '',79,'2016-06-17 12:00:10'),(55,1,2108,_binary '',79,'2016-06-17 12:00:10'),(56,1,2116,_binary '',79,'2016-06-17 12:00:10'),(57,1,2117,_binary '',79,'2016-06-17 12:00:10'),(58,1,2075,_binary '',79,'2016-06-17 12:00:10'),(59,1,2076,_binary '',79,'2016-06-17 12:00:10'),(60,1,2111,_binary '',79,'2016-06-17 12:00:10'),(61,1,2112,_binary '',79,'2016-06-17 12:00:10'),(62,1,2077,_binary '',79,'2016-06-17 12:00:10'),(63,1,2078,_binary '',79,'2016-06-17 12:00:10'),(64,1,2073,_binary '',79,'2016-06-17 12:00:10'),(65,1,2074,_binary '',79,'2016-06-17 12:00:10'),(66,1,2069,_binary '',79,'2016-06-17 12:00:10'),(67,1,2070,_binary '',79,'2016-06-17 12:00:10'),(68,1,2105,_binary '',79,'2016-06-17 12:00:10'),(69,1,2106,_binary '',79,'2016-06-17 12:00:10'),(70,1,2065,_binary '',79,'2016-06-17 12:00:10'),(71,1,2066,_binary '',79,'2016-06-17 12:00:10'),(72,1,2091,_binary '',79,'2016-06-17 12:00:10'),(73,1,2092,_binary '',79,'2016-06-17 12:00:10'),(74,1,2087,_binary '',79,'2016-06-17 12:00:10'),(75,1,2088,_binary '',79,'2016-06-17 12:00:10'),(76,1,2081,_binary '',79,'2016-06-17 12:00:10'),(77,1,2082,_binary '',79,'2016-06-17 12:00:10'),(78,1,2063,_binary '',79,'2016-06-17 12:00:10'),(79,1,2064,_binary '',79,'2016-06-17 12:00:10'),(80,1,2113,_binary '',79,'2016-06-17 12:00:10'),(81,1,2114,_binary '',79,'2016-06-17 12:00:10'),(82,1,2099,_binary '',79,'2016-06-17 12:00:10'),(83,1,2100,_binary '',79,'2016-06-17 12:00:10'),(84,1,2079,_binary '',79,'2016-06-17 12:00:10'),(85,1,2080,_binary '',1,'2016-06-17 12:00:10'),(86,1,2089,_binary '',79,'2016-06-17 12:00:10'),(87,1,2090,_binary '',79,'2016-06-17 12:00:10'),(88,1,2093,_binary '',79,'2016-06-17 12:00:10'),(89,1,2094,_binary '',79,'2016-06-17 12:00:10'),(90,1,2115,_binary '',79,'2016-06-17 12:00:10'),(91,1,2118,_binary '',79,'2016-06-17 12:00:10'),(92,1,2109,_binary '',79,'2016-06-17 12:00:10'),(93,1,2110,_binary '',79,'2016-06-17 12:00:10'),(94,2,14,_binary '',79,'2016-06-17 12:32:29'),(95,2,2,_binary '',79,'2016-06-17 12:32:29'),(96,2,13,_binary '',79,'2016-06-17 12:32:29'),(97,2,1007,_binary '',79,'2016-06-17 12:32:29'),(98,2,1009,_binary '',79,'2016-06-17 12:32:29'),(99,2,1010,_binary '',79,'2016-06-17 12:32:29'),(100,2,1011,_binary '',79,'2016-06-17 12:32:29');

--
-- Table structure for table `BCAM`
--

CREATE TABLE `BCAM` (
  `Id` int NOT NULL AUTO_INCREMENT,
  `PackageId` int NOT NULL,
  `CustomerId` int NOT NULL,
  `SessionNo` int NOT NULL,
  `BranchId` int NOT NULL,
  `BMR` varchar(5) COLLATE utf8mb4_general_ci DEFAULT NULL,
  `Fat` varchar(5) COLLATE utf8mb4_general_ci DEFAULT NULL,
  `Lean` varchar(5) COLLATE utf8mb4_general_ci DEFAULT NULL,
  `LeanWt` varchar(7) COLLATE utf8mb4_general_ci DEFAULT NULL,
  `Water` varchar(4) COLLATE utf8mb4_general_ci DEFAULT NULL,
  `TGTWt` varchar(6) COLLATE utf8mb4_general_ci DEFAULT NULL,
  `TGTFat` varchar(4) COLLATE utf8mb4_general_ci DEFAULT NULL,
  `BMI` varchar(6) COLLATE utf8mb4_general_ci DEFAULT NULL,
  `WH` varchar(8) COLLATE utf8mb4_general_ci DEFAULT NULL,
  `FatTo` varchar(8) COLLATE utf8mb4_general_ci DEFAULT NULL,
  `Neck` varchar(4) COLLATE utf8mb4_general_ci DEFAULT NULL,
  `Chest` varchar(6) COLLATE utf8mb4_general_ci DEFAULT NULL,
  `Tummy` varchar(4) COLLATE utf8mb4_general_ci DEFAULT NULL,
  `Waist` varchar(4) COLLATE utf8mb4_general_ci DEFAULT NULL,
  `Hip` varchar(6) COLLATE utf8mb4_general_ci DEFAULT NULL,
  `ThighsRight` varchar(4) COLLATE utf8mb4_general_ci DEFAULT NULL,
  `ThighsLeft` varchar(5) COLLATE utf8mb4_general_ci DEFAULT NULL,
  `ArmsRight` varchar(4) COLLATE utf8mb4_general_ci DEFAULT NULL,
  `ArmsLeft` varchar(4) COLLATE utf8mb4_general_ci DEFAULT NULL,
  `Biceps` varchar(4) COLLATE utf8mb4_general_ci DEFAULT NULL,
  `Triceps` varchar(5) COLLATE utf8mb4_general_ci DEFAULT NULL,
  `Subscapullar` varchar(6) COLLATE utf8mb4_general_ci DEFAULT NULL,
  `ServiceId` int DEFAULT NULL,
  `CreatedDate` varchar(30) COLLATE utf8mb4_general_ci DEFAULT NULL,
  PRIMARY KEY (`Id`)
) ENGINE=InnoDB AUTO_INCREMENT=102 DEFAULT CHARSET=utf8mb4 COLLATE=utf8mb4_general_ci;

--
-- Dumping data for table `BCAM`
--

INSERT INTO `BCAM` VALUES (1,1092,391,10,2,'12','56','56','323','56','56','232','95','26','56','65','56','23','46','6','56','56','23','23','6','23','6',NULL,NULL),(2,1097,391,1,2,'12','12','12','12','12','12','12','12','12','12','12','12','12','12','12','12','12','12','12','12','12','12',NULL,NULL),(3,1092,391,20,2,'12','12','12','12','212','12','12','21','212','12','12','12','12','12','12','12','12','12','12','12','12','2',NULL,NULL),(4,1099,391,1,2,'15','635','366','56646','464','646','46','46','464','4','46','46','46','464','64','646','46','46','46','46','46','46',NULL,NULL),(5,1101,395,1,8,'45','45','45','45',NULL,'5','45','45','45','45','45','45','45','4','56','56','56','56','56','56','6','56',NULL,NULL),(6,1118,401,1,2,'56','56','56','56','56','2','543','2','56','3','65','323','53','23','65','56','56','56','56','56','55','546',NULL,NULL),(7,1100,394,1,8,'56','565','56','56','6','656','565','656','3','6','65','6','56','56','6','56','656','56','56','56','6','46',NULL,NULL),(8,1139,396,1,8,'6','656','656','65','656','6','6','6','6','464','46','64','64','46','6','46','46','6','4','66','6','6',NULL,NULL),(9,1138,407,1,8,'46','64','646','4','646','46','64','646','6','464','6464','4','464','46','464','464','464','4646','646','646','64','46',NULL,NULL),(10,1144,408,1,8,'a','j','j','j','kj','ll','l','l','l','nn','k','k','k','k','k','k','k','k','k','k','k','k',NULL,NULL),(11,1156,409,1,8,'1','2','6','6.5','12','100','6','3','65','6','6','6','5','5','5','5.9','23','23','32','18','6','3',NULL,NULL),(12,1156,409,10,8,'1','1','11','1','1','1','1','1','1','1','1','1','1','1','1','1','1','11','1','1','1','1',NULL,NULL),(13,1156,409,20,8,'0 0','0','0','0','0','0','0','0','0','0','0','0','0','0','0','0','0','0','0','0','0','0',NULL,NULL),(14,1156,409,30,8,'1','0','1','0','1','01','0','10','10','01','01','01','0','0','0','0','0','0','0','00','0','0',NULL,NULL),(15,1156,409,40,8,'0','0','0','0','0','0','0','0','0','0','0','0','0','0','0','0','0','0','0','0','0','0',NULL,NULL),(16,1157,410,1,8,'0 00','0','0','0','0','0','0','0','0','0','0','0','0','0','0','0','0','0','0','0','0','0',NULL,NULL),(17,1157,410,10,8,'1','6','5','5','5','5','5','5','5','5','5','5','5','5','5','5','5','5','5','5','6','6',NULL,NULL),(18,1157,410,20,8,'0 2','2','2','2','2','22','222','2','2','2','2','23','23','23','2','45','45','42','42','20','3','200',NULL,NULL),(19,1091,390,1,2,'54','43','55','55','33','33','66','33','66','22','55','44','55','44','55','77','77','76','76','6767','67','7',NULL,NULL),(20,1175,415,1,8,'0.1','0.1','0.1','0.1','0.1','0.1','0.1','0.1','0.1','0.1','0.1','0.1','0.1','0.1','0.1','0.1','0.1','0.1','0.1','0.1','0.1','0.1',NULL,NULL),(21,1176,391,1,2,'12','45','56','56','26','6','46','464','64','646','464','646','46','46','64','646','46','46','46','46','46','646',NULL,NULL),(22,1175,415,10,8,'0.5','0.5','0.5','0.5','0.5','0.5','0.5','0.5','0.5','0.5','0.5','0.5','0.5','0.5','0.5','0.5','0.5','0.5','0.5','0.5','0.5','0.5',NULL,NULL),(23,1175,415,20,8,'0.25','0.25','0.25','0.25','0.25','0.25','0.25','0.25','0.25','0.25','0.25','0.25','0.25','0.25','0.25','0.25','0.25','0.25','0.25','0.25','0.25','0.25',NULL,NULL),(24,1178,417,1,8,'21.5','10','10','10','10','10','10','10','10','10','10','10','10','10','1','10','10','10','10','10','10','10',NULL,NULL),(26,1177,416,1,2,'78','7','878','7','87','45','46','6456','46','464','64','64','646','46','464','64','646','46','46','464','64','64',NULL,NULL),(27,1186,420,1,2,'63','6','66','464','646','6','664','646','464','64','646','46','464','64','646','46','46','46','464','64','64','646',NULL,NULL),(28,1188,422,1,8,'464','64','4','464','5','5641','5','45','65','64','4','496','464','64','646','64','46','4646','46','64','46','46',NULL,NULL),(29,1188,422,10,8,'4','64646','64','646','4646','4646','464','646','464','646','646','46','464','646','46','464','646','464','646','46','46','464',NULL,NULL),(30,1189,420,1,2,'gfg','dfg','dfdf','dfdfgdf','fgf','dfgdfg','dfg','gdfgdf','dfgdfgdf','dfgdfgdf','gdfg','dfdfdf','gdf','dff','gdfgdf','dfg','dfgdf','df','dfg','dfg','dfgfg','dfgdfg',NULL,NULL),(31,1236,436,1,2,'3','131','313','131','313','13','131','313','13','131','31','313','13','13','131','31','313','13','13','131','313','1',NULL,NULL),(32,1238,432,1,5,'7','7','7','7','7','7','7','7','7','7','7','7','7','7','7','7','7','7','7','7','7','7',NULL,NULL),(33,1285,442,1,2,NULL,NULL,NULL,NULL,NULL,NULL,NULL,NULL,NULL,NULL,NULL,NULL,NULL,NULL,NULL,NULL,NULL,NULL,NULL,NULL,NULL,NULL,NULL,NULL),(34,1392,466,0,51,'1400','27','14','50','35','50','22','28','1.2','22','40','107','120','115','119','65','64','32','33','0','0','0',NULL,NULL),(35,1394,470,0,54,'1435','27','21','50','34','45','12','28','1.5','7','42','48','115','118','115','65','66','42','41','14',NULL,NULL,NULL,NULL),(36,1397,476,0,55,NULL,NULL,NULL,NULL,NULL,NULL,NULL,NULL,NULL,NULL,NULL,NULL,NULL,NULL,NULL,NULL,NULL,NULL,NULL,NULL,NULL,NULL,NULL,NULL),(37,1393,472,0,51,NULL,NULL,NULL,NULL,NULL,NULL,NULL,NULL,NULL,NULL,NULL,NULL,NULL,NULL,NULL,NULL,NULL,NULL,NULL,NULL,NULL,NULL,NULL,NULL),(38,1396,474,0,51,NULL,NULL,NULL,NULL,NULL,NULL,NULL,NULL,NULL,NULL,NULL,NULL,NULL,NULL,NULL,NULL,NULL,NULL,NULL,NULL,NULL,NULL,NULL,NULL),(39,1411,496,0,52,NULL,NULL,NULL,NULL,NULL,NULL,NULL,NULL,NULL,NULL,NULL,NULL,NULL,NULL,NULL,NULL,NULL,NULL,NULL,NULL,NULL,NULL,NULL,NULL),(40,1410,495,0,52,NULL,NULL,NULL,NULL,NULL,NULL,NULL,NULL,NULL,NULL,NULL,NULL,NULL,NULL,NULL,NULL,NULL,NULL,NULL,NULL,NULL,NULL,NULL,NULL),(41,1413,498,0,56,'1389','42.4','23.5','54.6','30.2','49.6','23.5','34.5','1.57','14.4','50','52',NULL,NULL,NULL,NULL,NULL,NULL,NULL,NULL,NULL,NULL,NULL,NULL),(42,1418,502,0,54,'1346','22.3','18','56.4','30.6','51.3','18','25.8','0.93','4','37','65','84','95','105','68','66','36','36',NULL,NULL,NULL,NULL,NULL),(43,1504,587,0,51,NULL,NULL,NULL,NULL,NULL,NULL,NULL,NULL,NULL,NULL,NULL,NULL,NULL,NULL,NULL,NULL,NULL,NULL,NULL,NULL,NULL,NULL,NULL,NULL),(44,1725,788,0,54,'1450',NULL,NULL,NULL,NULL,NULL,NULL,NULL,NULL,NULL,NULL,NULL,NULL,NULL,NULL,NULL,NULL,NULL,NULL,NULL,NULL,NULL,NULL,NULL),(45,1454,540,0,54,'1609','40.4',NULL,'45','35.1','58.1',NULL,'29.5','1.02',NULL,NULL,NULL,NULL,NULL,NULL,NULL,NULL,NULL,NULL,NULL,NULL,NULL,NULL,NULL),(46,1454,540,0,54,'1609','40.4',NULL,NULL,'35.1','58.1','21','29.5','1.02','10',NULL,NULL,'110','112',NULL,NULL,NULL,NULL,NULL,NULL,NULL,NULL,NULL,NULL),(47,1726,787,0,54,'1322','28.5','20','52.5','27.3','52.2','21','20.8','0.77','0.3','35','32','79','84','95','60','58','30','32',NULL,NULL,NULL,NULL,NULL),(48,1726,787,0,54,NULL,NULL,NULL,NULL,NULL,NULL,NULL,NULL,NULL,NULL,NULL,NULL,NULL,NULL,NULL,NULL,NULL,NULL,NULL,NULL,NULL,NULL,NULL,NULL),(49,1988,995,0,54,NULL,NULL,NULL,NULL,NULL,NULL,NULL,NULL,NULL,NULL,NULL,NULL,NULL,NULL,NULL,NULL,NULL,NULL,NULL,NULL,NULL,NULL,NULL,NULL),(50,1988,995,0,54,'1825','29','24','69','44','68','16','28.5','1.2','8','45','108','114','121','124','65','64','24','25',NULL,NULL,NULL,NULL,NULL),(51,3326,2036,0,57,'1410','55.3',NULL,'50','36.5','40.8','34','53','1.39','21','45','124','130','135','144','75','74','71','70',NULL,NULL,NULL,NULL,NULL),(52,1671,741,0,54,NULL,NULL,NULL,NULL,NULL,NULL,NULL,NULL,NULL,NULL,NULL,NULL,NULL,NULL,NULL,NULL,NULL,NULL,NULL,NULL,NULL,NULL,NULL,NULL),(53,13592,12224,0,54,NULL,NULL,NULL,NULL,NULL,NULL,NULL,NULL,NULL,NULL,NULL,NULL,NULL,NULL,NULL,NULL,NULL,NULL,NULL,NULL,NULL,NULL,NULL,NULL),(54,13664,12282,0,54,NULL,'50','49.3','46','36','51','25','43.3','1.23','24','40','117','115','126','121','71','69','36','35',NULL,NULL,NULL,NULL,NULL),(55,13658,12273,0,51,NULL,NULL,NULL,NULL,NULL,NULL,NULL,NULL,NULL,NULL,NULL,NULL,NULL,NULL,NULL,NULL,NULL,NULL,NULL,NULL,NULL,NULL,NULL,NULL),(56,13627,12252,0,51,'1415','30','40','45','57','60','28','24','1.0',NULL,'24','48','50','55','58',NULL,NULL,NULL,NULL,NULL,NULL,NULL,NULL,NULL),(57,13699,12312,0,54,'1719','29.8','59.5','55.7','43.4','67.6','6.8','27.7','.90','8.2','45','115',NULL,NULL,NULL,NULL,NULL,NULL,NULL,NULL,NULL,NULL,NULL,NULL),(58,13574,12209,0,51,NULL,NULL,NULL,NULL,NULL,NULL,NULL,NULL,NULL,NULL,NULL,NULL,NULL,NULL,NULL,NULL,NULL,NULL,NULL,NULL,NULL,NULL,NULL,NULL),(59,2612,1502,0,55,'34.4','44.9','45.3','45.9','35.3','10','10','33.4','1.09','13','51','98','105','120','137','85','87','40','41',NULL,NULL,NULL,NULL,NULL),(60,13652,12267,0,55,'33.4','31.6','46.9','65.7','51.2','10','15','33.4','1.06','10','44','110','122','120','121','70','71','39','40',NULL,NULL,NULL,NULL,NULL),(61,3404,2087,0,51,'1304','36.0','24.6','41.0','31.1','59.9','14','25.1','104/117','14','40',NULL,'91','104','117','78','78','35','35',NULL,NULL,NULL,NULL,NULL),(62,3015,1814,0,51,NULL,NULL,NULL,NULL,NULL,NULL,NULL,NULL,NULL,NULL,NULL,NULL,NULL,NULL,NULL,NULL,NULL,NULL,NULL,NULL,NULL,NULL,NULL,NULL),(63,13584,12217,0,55,'109.5','39.2','52.0','85.0','56.8','85.0','30.0','33.4','1.02','15.0','42','110','118','114','118','71','70','38','39',NULL,NULL,NULL,NULL,NULL),(64,13676,12293,0,54,NULL,NULL,NULL,NULL,NULL,NULL,NULL,NULL,NULL,NULL,NULL,NULL,NULL,NULL,NULL,NULL,NULL,NULL,NULL,NULL,NULL,NULL,NULL,NULL),(65,13533,12182,0,51,NULL,'28.6','61.2',NULL,'47.4',NULL,NULL,'30.6',NULL,NULL,'49','109','104','106','118','71','70','38','37',NULL,NULL,NULL,NULL,NULL),(66,13664,12282,1,54,NULL,'50','49.3','46','36','51','25','43.3','1.23','30','40',NULL,'115','116','121','71','69','36','35',NULL,NULL,NULL,95,NULL),(67,13664,12282,1,54,NULL,NULL,NULL,NULL,NULL,NULL,NULL,NULL,NULL,NULL,NULL,NULL,NULL,NULL,NULL,NULL,NULL,NULL,NULL,NULL,NULL,NULL,95,NULL),(68,13664,12282,1,54,NULL,NULL,NULL,NULL,NULL,NULL,NULL,NULL,NULL,NULL,NULL,NULL,NULL,NULL,NULL,NULL,NULL,NULL,NULL,NULL,NULL,NULL,95,NULL),(69,13664,12282,1,54,NULL,NULL,NULL,NULL,NULL,NULL,NULL,NULL,NULL,NULL,NULL,NULL,NULL,NULL,NULL,NULL,NULL,NULL,NULL,NULL,NULL,NULL,95,NULL),(70,13664,12282,1,54,NULL,'50','49.3','46','36','51','25','43.3','1.23','24','40',NULL,'115','126','121','71','69','36','35',NULL,NULL,NULL,95,NULL),(71,13664,12282,1,54,'1950','50','49.3','46','36','51','25','43.3','1.23','24','40',NULL,'115','126','121','71','69','36','35',NULL,NULL,NULL,95,NULL),(72,13866,12415,0,54,NULL,NULL,NULL,NULL,NULL,NULL,NULL,NULL,NULL,NULL,NULL,NULL,NULL,NULL,NULL,NULL,NULL,NULL,NULL,NULL,NULL,NULL,NULL,NULL),(73,13866,12415,4,54,NULL,NULL,NULL,NULL,NULL,NULL,NULL,NULL,NULL,NULL,NULL,NULL,NULL,NULL,NULL,NULL,NULL,NULL,NULL,NULL,NULL,NULL,32,NULL),(74,13869,12415,0,54,NULL,NULL,NULL,NULL,NULL,NULL,NULL,NULL,NULL,NULL,NULL,NULL,NULL,NULL,NULL,NULL,NULL,NULL,NULL,NULL,NULL,NULL,NULL,NULL),(75,13869,12415,4,54,NULL,NULL,NULL,NULL,NULL,NULL,NULL,NULL,NULL,NULL,NULL,NULL,NULL,NULL,NULL,NULL,NULL,NULL,NULL,NULL,NULL,NULL,2,NULL),(76,13873,12415,0,54,NULL,NULL,NULL,NULL,NULL,NULL,NULL,NULL,NULL,NULL,NULL,NULL,NULL,NULL,NULL,NULL,NULL,NULL,NULL,NULL,NULL,NULL,NULL,NULL),(77,13664,12282,1,54,'1950','50','49.3','46','36','51','25','43.3','1.23','24','40','117','115','126','121','71','69','36','35',NULL,NULL,NULL,95,NULL),(78,13875,12415,0,54,NULL,NULL,NULL,NULL,NULL,NULL,NULL,NULL,NULL,NULL,NULL,NULL,NULL,NULL,NULL,NULL,NULL,NULL,NULL,NULL,NULL,NULL,NULL,NULL),(79,13865,12431,0,54,'1230','45.4','49.1','45.9','35.8','44.7','38','40','1.16','15','37','120','125','132','146','70','70','34','33',NULL,NULL,NULL,NULL,NULL),(80,2855,1692,0,54,'1230','37.7','62.3','44.2','34.5','62','22%','28.9','0.99','15','36','105','112','113','121','65','64','31','30',NULL,NULL,NULL,NULL,NULL),(81,3098,508,0,54,'1560','37.2','73.8','43.5','33.9','61','25%','28.6','0.98','7kgs','40','85','95','101','106','67','65','32','31',NULL,NULL,NULL,NULL,NULL),(82,3197,1946,0,55,'1577','40.9',NULL,NULL,'40.9','10 kgs','17.2','33.2','1.11','17.2','54','100','112','113','119','85','84','35','34',NULL,NULL,NULL,NULL,NULL),(83,3218,1961,0,56,'1476','38.5','61.5','50.9','37.2','54.9','43.0','34.1','1.09','13.5','36','100','113','1221','124','78','76','37','36',NULL,NULL,NULL,NULL,NULL),(84,1890,927,0,54,'1450','39.7%','60.3','48.3','37.7','60','25%','33.5','1.04','15kgs','36','103','97','105','108','70','69','35','34',NULL,NULL,NULL,NULL,NULL),(85,1890,927,4,54,'83.8','39.7%','60.3%','48.3','37.7','60','25%','33.5','1.04','15kgs','36','103','97','105','108','70','69','35','34',NULL,NULL,NULL,189,NULL),(86,2031,1027,0,54,'91.4','42.2%','57.8%','43.6','39.1','60','30%','34.5','1.08','20KGS','42','95','100','120','118','83','83','47','46',NULL,NULL,NULL,NULL,NULL),(87,2031,1027,4,54,'1400','42.2%','57.8','48.2','37.6','60','30%','35.2','1.07','16KGS','33','95','88','115','113','69','68','35','34',NULL,NULL,NULL,189,NULL),(88,2031,1027,8,54,'1480','42.2','67.8','43.6','3.07','60','26','34.5','1.07','15','30','92','82','110','110','67','65','33','32',NULL,NULL,NULL,189,NULL),(89,2031,1027,9,54,NULL,NULL,NULL,NULL,NULL,NULL,NULL,NULL,NULL,NULL,NULL,NULL,NULL,NULL,NULL,NULL,NULL,NULL,NULL,NULL,NULL,NULL,189,NULL),(90,2031,1027,9,54,'1427',NULL,NULL,NULL,NULL,NULL,NULL,NULL,NULL,NULL,NULL,NULL,NULL,NULL,NULL,NULL,NULL,NULL,NULL,NULL,NULL,NULL,189,NULL),(91,2031,1027,9,54,'1427','37.9','62.1','50.5','36.8','52.2','21','32.2','1.01','29.1','33','100','88','115','113','69','68','35','34',NULL,NULL,NULL,189,NULL),(92,2518,1422,0,54,'90.9','40.5','59.5','50.6','39.5','65','30','34.6','1.07','20','46','104','106','112','118','71','72','36','37',NULL,NULL,NULL,NULL,NULL),(93,3006,1807,0,54,'1500','41.6','58.4','37.5','29.2','55','25','29.8','1.04','15','37','85','96','109','119','75','75','39','38',NULL,NULL,NULL,NULL,NULL),(94,3087,1870,0,54,'1800','38.1','61.9','37.7','29.4','52','20','28.6','0.98','12','38','95','100','102','99','62','61','35','34',NULL,NULL,NULL,NULL,NULL),(95,3164,1924,0,54,'50.6','32.7','68.2','31.7','24.7','53','10','22.2','0.92','2KGS','31','90','83','88','89','55','55','35','35',NULL,NULL,NULL,NULL,NULL),(96,13656,1924,0,54,'50.6','32.7','31.7','67.7','24.7','53','10','22.2','0.92','2KGS','31','95','83','88','89','55','55','35','35',NULL,NULL,NULL,NULL,NULL),(97,1952,967,0,54,'1600','39.6','60.4','43.3','33.8','57','25','31.1','1.01','12','40','103','99','105','112','70','69','35','34',NULL,NULL,NULL,NULL,NULL),(98,1561,643,0,54,'62.5','31.4','68.6','40.0','31.2','60','12','25','0.90','2','36','95','89','98','99','59','58','35','34',NULL,NULL,NULL,NULL,NULL),(99,1561,643,4,54,'62.4','26.3','59.1','40.9','33.5','58','24','25','0.87','1.8','35','93','90','96','98','56','55','31','30',NULL,NULL,NULL,75,NULL),(100,1561,643,8,54,'1268','31.4','68.6','38.8','30.3','63','22','24.3','0.92','2','35','90','92','94','97','55','54','32','31',NULL,NULL,NULL,75,NULL),(101,1561,643,8,54,'1268','31.4','68.6','38.8','30.3','63','22','24.3','0.92','2','35','90','92','94','97','55','54','32','31',NULL,NULL,NULL,75,NULL);

--
-- Table structure for table `Billing`
--

CREATE TABLE `Billing` (
  `Id` int NOT NULL AUTO_INCREMENT,
  `BillingTokenId` varchar(30) COLLATE utf8mb4_general_ci DEFAULT NULL,
  `BillingType` int NOT NULL,
  `BillNo` varchar(28) COLLATE utf8mb4_general_ci NOT NULL,
  `IsNewCustomer` bit(1) NOT NULL,
  `CustomerId` int NOT NULL,
  `ServiceCategoryId` bit(1) NOT NULL,
  `ServiceTaxNo` varchar(36) COLLATE utf8mb4_general_ci NOT NULL,
  `BillingAmount` decimal(9,2) NOT NULL,
  `OfferType` bit(1) NOT NULL,
  `OfferDiscount` decimal(4,2) NOT NULL,
  `CurrentVatPercentage` decimal(4,2) NOT NULL,
  `NetBillingAmount` decimal(9,2) NOT NULL,
  `BranchId` int NOT NULL,
  `IsActive` bit(1) NOT NULL,
  `CreatedBy` int NOT NULL,
  `CreatedDate` varchar(19) COLLATE utf8mb4_general_ci NOT NULL,
  `ModifiedBy` varchar(30) COLLATE utf8mb4_general_ci DEFAULT NULL,
  `ModifiedDate` varchar(19) COLLATE utf8mb4_general_ci NOT NULL,
  `Remarks` varchar(20) COLLATE utf8mb4_general_ci DEFAULT NULL,
  `IPAddress` varchar(30) COLLATE utf8mb4_general_ci DEFAULT NULL,
  `Consultant` int NOT NULL,
  `Telecaller` int DEFAULT NULL,
  `TokenNumbers` varchar(30) COLLATE utf8mb4_general_ci DEFAULT NULL,
  `BillingDate` varchar(30) COLLATE utf8mb4_general_ci DEFAULT NULL,
  `ConsultationNo` varchar(30) COLLATE utf8mb4_general_ci DEFAULT NULL,
  `Media` int DEFAULT NULL,
  `TaxPercentage` decimal(5,2) NOT NULL,
  `TaxAmount` decimal(8,2) NOT NULL,
  `IncentiveEmpId` int DEFAULT NULL,
  `SuccessStatus` varchar(30) COLLATE utf8mb4_general_ci DEFAULT NULL,
  `PackageStatus` int NOT NULL,
  `DoctorId` int NOT NULL,
  `Validity` varchar(19) COLLATE utf8mb4_general_ci NOT NULL,
  `BreakDate` varchar(30) COLLATE utf8mb4_general_ci DEFAULT NULL,
  `RenewalDate` varchar(30) COLLATE utf8mb4_general_ci DEFAULT NULL,
  `TargetWeight` decimal(4,2) NOT NULL,
  `DueDate` varchar(19) COLLATE utf8mb4_general_ci NOT NULL,
  `DiscountAmount` decimal(5,2) NOT NULL,
  `Breakgivenby` varchar(30) COLLATE utf8mb4_general_ci DEFAULT NULL,
  `Reasonforbreak` varchar(30) COLLATE utf8mb4_general_ci DEFAULT NULL,
  PRIMARY KEY (`Id`)
) ENGINE=InnoDB AUTO_INCREMENT=175709 DEFAULT CHARSET=utf8mb4 COLLATE=utf8mb4_general_ci;

--
-- Dumping data for table `Billing`
--

INSERT INTO `Billing` VALUES (175609,NULL,45,'#MEDICAL/SKINADYAR-0',_binary '',2406,_binary '\0','d61103cd-04d8-43cf-959f-22ac35759f21',424.00,_binary '\0',0.00,0.00,500.32,66,_binary '',159,'2020-11-01 09:54:41',NULL,'2020-11-01 09:54:41',NULL,NULL,30890,30890,NULL,NULL,NULL,10132,18.00,76.32,NULL,NULL,52,30888,'2020-11-16 00:00:00',NULL,NULL,0.00,'2020-11-16 00:00:00',0.00,NULL,NULL),(175610,NULL,43,'#LASERADYAR-0',_binary '',2407,_binary '\0','87d37e22-f590-4db9-be0f-bc5dcc10c1d8',8478.00,_binary '\0',0.00,0.00,10000.04,66,_binary '',159,'2020-11-01 17:28:24',NULL,'2020-11-01 17:28:24',NULL,NULL,30880,30890,NULL,NULL,NULL,10134,18.00,1526.04,NULL,NULL,52,30888,'2021-04-30 00:00:00',NULL,NULL,0.00,'2021-04-30 00:00:00',4.00,NULL,NULL),(175611,NULL,43,'#LASERADYAR-1',_binary '',2408,_binary '\0','81bd36d2-dadd-48dc-803d-cc5f62c18bcc',1695.00,_binary '\0',0.00,0.00,2000.10,66,_binary '',159,'2020-11-01 17:33:58',NULL,'2020-11-01 17:33:58',NULL,NULL,30880,30890,NULL,NULL,NULL,10134,18.00,305.10,NULL,NULL,52,30888,'2021-04-30 00:00:00',NULL,NULL,0.00,'2021-04-30 00:00:00',0.00,NULL,NULL),(175612,NULL,44,'#HAIRADYAR-0',_binary '',2409,_binary '\0','859af3f4-e54d-48b1-abbb-2fa9b828560a',8478.00,_binary '\0',0.00,0.00,10000.04,66,_binary '',159,'2020-11-01 11:49:10',NULL,'2020-11-01 11:49:10',NULL,NULL,30882,30883,NULL,NULL,NULL,10126,18.00,1526.04,NULL,NULL,52,30888,'2021-04-30 00:00:00',NULL,NULL,0.00,'2021-04-30 00:00:00',4.00,NULL,NULL),(175613,NULL,44,'#HAIRADYAR-1',_binary '',2410,_binary '\0','22c9793f-d270-4563-860c-bfba2f23e5a0',84750.00,_binary '\0',0.00,0.00,100000.00,66,_binary '',159,'2020-11-02 11:56:13',NULL,'2020-11-02 11:56:13',NULL,NULL,30878,30890,NULL,NULL,NULL,10126,18.00,15255.00,NULL,NULL,52,30888,'2021-12-31 00:00:00',NULL,NULL,0.00,'2021-12-31 00:00:00',5.00,NULL,NULL),(175614,NULL,42,'#SKINADYAR-0',_binary '',2411,_binary '\0','97010047-a919-4d78-aeff-3eaea08256e4',42373.00,_binary '\0',0.00,0.00,50000.14,66,_binary '',159,'2020-11-02 12:28:15',NULL,'2020-11-02 12:28:15',NULL,NULL,30878,30890,NULL,NULL,NULL,10134,18.00,7627.14,NULL,NULL,52,30888,'2021-04-30 00:00:00',NULL,NULL,0.00,'2021-04-30 00:00:00',0.00,NULL,NULL),(175615,NULL,43,'#LASERADYAR-2',_binary '',2412,_binary '\0','72a44793-6e06-4d3e-b901-d87f23ff6842',10170.00,_binary '\0',0.00,0.00,11999.60,66,_binary '',159,'2020-11-02 12:28:15',NULL,'2020-11-02 12:28:15',NULL,NULL,30880,30883,NULL,NULL,NULL,10126,18.00,1830.60,NULL,NULL,52,30888,'2021-04-30 00:00:00',NULL,NULL,0.00,'2021-04-30 00:00:00',1.00,NULL,NULL),(175616,NULL,1,'#SLMADYAR-1',_binary '',2350,_binary '\0','2976e0b4-8553-4f8d-bb53-2041a03f0cf1',7560.00,_binary '\0',0.00,0.00,8899.80,66,_binary '',159,'2020-11-02 12:42:49',NULL,'2020-11-02 12:42:49',NULL,NULL,30878,30890,NULL,NULL,NULL,10134,18.00,1360.80,NULL,NULL,52,30890,'2021-12-31 00:00:00',NULL,NULL,0.00,'2021-12-31 00:00:00',21.00,NULL,NULL),(175617,NULL,43,'#LASERADYAR-3',_binary '',2413,_binary '\0','2437a1f5-ec4c-4472-85ab-c8cf5a3bbb5c',12714.00,_binary '\0',0.00,0.00,14999.52,66,_binary '',159,'2020-11-03 13:10:04',NULL,'2020-11-03 13:10:04',NULL,NULL,30878,30890,NULL,NULL,NULL,10126,18.00,2288.52,NULL,NULL,52,30888,'2021-12-31 00:00:00',NULL,NULL,0.00,'2021-12-31 00:00:00',3.00,NULL,NULL),(175618,NULL,43,'#LASERADYAR-4',_binary '',2414,_binary '\0','80277098-a69e-44d4-915b-d2fb4ce2e53a',12714.00,_binary '\0',0.00,0.00,14999.52,66,_binary '',159,'2020-11-03 13:15:30',NULL,'2020-11-03 13:15:30',NULL,NULL,30883,30890,NULL,NULL,NULL,10134,18.00,2288.52,NULL,NULL,52,30888,'2021-12-31 00:00:00',NULL,NULL,0.00,'2021-12-31 00:00:00',3.00,NULL,NULL),(175619,NULL,42,'#SKINADYAR-1',_binary '',2159,_binary '\0','2309f756-2246-444b-9eff-fc2e3763bd77',42378.00,_binary '\0',0.00,0.00,50000.04,66,_binary '\0',159,'2020-11-17 13:24:13',NULL,'2020-11-17 13:24:13','Her package is 35000',NULL,30880,30890,NULL,NULL,NULL,10126,18.00,7628.04,NULL,NULL,54,30888,'2021-04-30 00:00:00',NULL,NULL,0.00,'2021-04-30 00:00:00',6.00,NULL,NULL),(175620,NULL,42,'#SKINADYAR-2',_binary '\0',2159,_binary '\0','d6c7983c-2b07-4495-8e71-b6e3395cecf3',29664.00,_binary '\0',0.00,0.00,34999.52,66,_binary '',159,'2020-11-03 13:29:35',NULL,'2020-11-03 13:29:35',NULL,NULL,30880,NULL,NULL,NULL,NULL,NULL,18.00,5339.52,NULL,NULL,52,30888,'2021-04-30 00:00:00',NULL,NULL,0.00,'2021-04-30 00:00:00',4.00,NULL,NULL),(175621,NULL,42,'#SKINADYAR-3',_binary '',2415,_binary '\0','1e8996b0-897e-4c15-ac26-1fa93f2eebe3',8478.00,_binary '\0',0.00,0.00,10000.04,66,_binary '',159,'2020-11-03 13:39:00',NULL,'2020-11-03 13:39:00',NULL,NULL,30878,30883,NULL,NULL,NULL,10126,18.00,1526.04,NULL,NULL,52,30888,'2021-12-31 00:00:00',NULL,NULL,0.00,'2021-12-31 00:00:00',4.00,NULL,NULL),(175622,NULL,43,'#LASERADYAR-5',_binary '',2367,_binary '\0','8950e2ae-0239-459a-b8c3-ef81599874ae',2542.00,_binary '\0',0.00,0.00,2999.56,66,_binary '',159,'2020-11-03 13:43:59',NULL,'2020-11-03 13:43:59',NULL,NULL,30883,30890,NULL,NULL,NULL,10134,18.00,457.56,NULL,NULL,52,30888,'2020-11-18 00:00:00',NULL,NULL,0.00,'2020-11-18 00:00:00',0.00,NULL,NULL),(175623,NULL,42,'#SKINADYAR-4',_binary '',2416,_binary '\0','8cec01db-bff8-4151-8d96-6a703a7a8cae',30000.00,_binary '\0',0.00,0.00,35400.00,66,_binary '',159,'2020-11-04 13:55:44',NULL,'2020-11-04 13:55:44',NULL,NULL,30878,30890,NULL,NULL,NULL,10134,18.00,5400.00,NULL,NULL,52,30888,'2021-12-31 00:00:00',NULL,NULL,0.00,'2021-12-31 00:00:00',0.00,NULL,NULL),(175624,NULL,42,'#SKINADYAR-5',_binary '',1113,_binary '\0','20ce0101-e97a-4b3b-a96c-ddc798710784',7076.00,_binary '\0',0.00,0.00,8349.68,66,_binary '',159,'2020-11-05 13:59:46',NULL,'2020-11-05 13:59:46',NULL,NULL,30880,30890,NULL,NULL,NULL,10136,18.00,1273.68,NULL,NULL,52,30888,'2020-11-18 00:00:00',NULL,NULL,0.00,'2020-11-18 00:00:00',0.00,NULL,NULL),(175625,NULL,44,'#HAIRADYAR-2',_binary '',2417,_binary '\0','50eb7cd4-4678-409d-8390-857b60a2f05c',48000.00,_binary '\0',0.00,0.00,56640.00,66,_binary '',159,'2020-11-05 14:08:01',NULL,'2020-11-05 14:08:01',NULL,NULL,30888,30890,NULL,NULL,NULL,10134,18.00,8640.00,NULL,NULL,52,30888,'2021-12-31 00:00:00',NULL,NULL,0.00,'2021-12-31 00:00:00',0.00,NULL,NULL),(175626,NULL,42,'#SKINADYAR-6',_binary '',2418,_binary '\0','58e4903a-86bb-43ef-afaf-2d1ff2a10bd4',3051.00,_binary '\0',0.00,0.00,3600.18,66,_binary '',159,'2020-11-05 14:13:45',NULL,'2020-11-05 14:13:45',NULL,NULL,30882,30890,NULL,NULL,NULL,10126,18.00,549.18,NULL,NULL,52,30888,'2020-11-18 00:00:00',NULL,NULL,0.00,'2020-11-18 00:00:00',0.00,NULL,NULL),(175627,NULL,43,'#LASERADYAR-6',_binary '',2419,_binary '\0','992d0d82-777e-4c27-b27e-41e76d7b2163',2542.00,_binary '\0',0.00,0.00,2999.56,66,_binary '',159,'2020-11-05 14:20:24',NULL,'2020-11-05 14:20:24',NULL,NULL,30880,30890,NULL,NULL,NULL,10134,18.00,457.56,NULL,NULL,52,30888,'2020-11-18 00:00:00',NULL,NULL,0.00,'2020-11-18 00:00:00',0.00,NULL,NULL),(175628,NULL,42,'#SKINADYAR-7',_binary '',835,_binary '\0','047128e5-7b0f-4251-87a3-56409d6f2513',7500.00,_binary '\0',0.00,0.00,8850.00,66,_binary '',159,'2020-11-05 14:30:08',NULL,'2020-11-05 14:30:08',NULL,NULL,30880,30890,NULL,NULL,NULL,10126,18.00,1350.00,NULL,NULL,52,30888,'2020-11-18 00:00:00',NULL,NULL,0.00,'2020-11-18 00:00:00',0.00,NULL,NULL),(175629,NULL,1,'#SLMADYAR-2',_binary '',695,_binary '\0','070bd307-b708-4bef-869f-5c6fa7dc5923',5940.00,_binary '\0',0.00,0.00,7000.20,66,_binary '',159,'2020-11-05 14:35:40',NULL,'2020-11-05 14:35:40',NULL,NULL,30884,30890,NULL,NULL,NULL,10126,18.00,1069.20,NULL,NULL,52,30890,'2021-04-30 00:00:00',NULL,NULL,0.00,'2021-04-30 00:00:00',9.00,NULL,NULL),(175630,NULL,42,'#SKINADYAR-8',_binary '',2420,_binary '\0','fe4fb29e-efcd-496c-be37-c7f6888a5095',21187.00,_binary '\0',0.00,0.00,24999.66,66,_binary '',159,'2020-11-06 14:39:04',NULL,'2020-11-06 14:39:04',NULL,NULL,30880,30883,NULL,NULL,NULL,10126,18.00,3813.66,NULL,NULL,52,30888,'2020-11-30 00:00:00',NULL,NULL,0.00,'2020-11-30 00:00:00',1.00,NULL,NULL),(175631,NULL,42,'#SKINADYAR-9',_binary '',2421,_binary '\0','4fb902c7-f350-496c-b531-776703484d52',33900.00,_binary '\0',0.00,0.00,40000.00,66,_binary '',159,'2020-11-07 15:40:54',NULL,'2020-11-07 15:40:54',NULL,NULL,30882,30882,NULL,NULL,NULL,10131,18.00,6102.00,NULL,NULL,52,30888,'2021-12-31 00:00:00',NULL,NULL,0.00,'2021-12-31 00:00:00',2.00,NULL,NULL),(175632,NULL,42,'#SKINADYAR-10',_binary '',2422,_binary '\0','346c824d-e7be-40c7-9f1c-ff7233ceec0c',10678.00,_binary '\0',0.00,0.00,12600.04,66,_binary '',159,'2020-11-07 15:57:31',NULL,'2020-11-07 15:57:31',NULL,NULL,30880,30890,NULL,NULL,NULL,10134,18.00,1922.04,NULL,NULL,52,30888,'2021-04-30 00:00:00',NULL,NULL,0.00,'2021-04-30 00:00:00',0.00,NULL,NULL),(175633,NULL,44,'#HAIRADYAR-3',_binary '',2312,_binary '\0','3c66d671-b4bb-4c13-a590-c25631a4793c',2000.00,_binary '\0',0.00,0.00,2360.00,66,_binary '',159,'2020-11-07 16:00:34',NULL,'2020-11-07 16:00:34',NULL,NULL,30880,30890,NULL,NULL,NULL,10126,18.00,360.00,NULL,NULL,52,30888,'2020-11-30 00:00:00',NULL,NULL,0.00,'2020-11-30 00:00:00',0.00,NULL,NULL),(175634,NULL,45,'#MEDICAL/SKINADYAR-1',_binary '',2423,_binary '\0','4b09d819-ee16-43d8-8bda-c540f15b0aef',424.00,_binary '\0',0.00,0.00,500.32,66,_binary '',159,'2020-11-07 16:04:22',NULL,'2020-11-07 16:04:22',NULL,NULL,30890,30890,NULL,NULL,NULL,10134,18.00,76.32,NULL,NULL,52,30888,'2020-11-18 00:00:00',NULL,NULL,0.00,'2020-11-18 00:00:00',0.00,NULL,NULL),(175635,NULL,44,'#HAIRADYAR-4',_binary '',2424,_binary '\0','08aa7366-efaa-427c-b705-18e7d9069709',33900.00,_binary '\0',0.00,0.00,40000.00,66,_binary '',159,'2020-11-08 16:11:22',NULL,'2020-11-08 16:11:22',NULL,NULL,30883,30890,NULL,NULL,NULL,10126,18.00,6102.00,NULL,NULL,52,30888,'2021-12-31 00:00:00',NULL,NULL,0.00,'2021-12-31 00:00:00',2.00,NULL,NULL),(175636,NULL,42,'#SKINADYAR-11',_binary '',139,_binary '\0','9ddea515-f072-4f36-8c83-4f67e279ee02',5932.00,_binary '\0',0.00,0.00,6999.76,66,_binary '',159,'2020-11-08 16:13:42',NULL,'2020-11-08 16:13:42',NULL,NULL,30883,30890,NULL,NULL,NULL,10134,18.00,1067.76,NULL,NULL,52,30888,'2020-11-18 00:00:00',NULL,NULL,0.00,'2020-11-18 00:00:00',0.00,NULL,NULL),(175637,NULL,43,'#LASERADYAR-7',_binary '',2425,_binary '\0','de8a2a1c-2ae5-4d61-8b8f-de281d410d4d',2542.00,_binary '\0',0.00,0.00,2999.56,66,_binary '',159,'2020-11-09 16:16:29',NULL,'2020-11-09 16:16:29',NULL,NULL,30883,30890,NULL,NULL,NULL,10134,18.00,457.56,NULL,NULL,52,30888,'2020-11-30 00:00:00',NULL,NULL,0.00,'2020-11-30 00:00:00',0.00,NULL,NULL),(175638,NULL,43,'#LASERADYAR-8',_binary '',2426,_binary '\0','b9a80505-f098-4dec-b37f-e54deb8e2c1b',2542.00,_binary '\0',0.00,0.00,2999.56,66,_binary '',159,'2020-11-09 16:18:41',NULL,'2020-11-09 16:18:41',NULL,NULL,30883,30890,NULL,NULL,NULL,10134,18.00,457.56,NULL,NULL,52,30888,'2020-11-30 00:00:00',NULL,NULL,0.00,'2020-11-30 00:00:00',0.00,NULL,NULL),(175639,NULL,43,'#LASERADYAR-9',_binary '',2427,_binary '\0','7e147544-ae09-409a-8af5-1240600fb507',2542.00,_binary '\0',0.00,0.00,2999.56,66,_binary '',159,'2020-11-09 16:20:31',NULL,'2020-11-09 16:20:31',NULL,NULL,30883,30890,NULL,NULL,NULL,10134,18.00,457.56,NULL,NULL,52,30888,'2020-11-30 00:00:00',NULL,NULL,0.00,'2020-11-30 00:00:00',0.00,NULL,NULL),(175640,NULL,42,'#SKINADYAR-12',_binary '',2428,_binary '\0','42f0c046-b5ff-43fe-84fc-cd9cae620dc7',75000.00,_binary '\0',0.00,0.00,88500.00,66,_binary '',159,'2020-11-09 16:34:48',NULL,'2020-11-09 16:34:48',NULL,NULL,30878,30890,NULL,NULL,NULL,10134,18.00,13500.00,NULL,NULL,52,30888,'2021-12-31 00:00:00',NULL,NULL,0.00,'2021-12-31 00:00:00',0.00,NULL,NULL),(175641,NULL,1,'#SLMADYAR-3',_binary '\0',2428,_binary '\0','657c3e7f-122b-4693-890d-eb0e7d508b21',35000.00,_binary '\0',0.00,0.00,41300.00,66,_binary '',159,'2020-11-11 16:35:29',NULL,'2020-11-11 16:35:29',NULL,NULL,30878,NULL,NULL,NULL,NULL,NULL,18.00,6300.00,NULL,NULL,52,30888,'2021-12-31 00:00:00',NULL,NULL,0.00,'2021-12-31 00:00:00',0.00,NULL,NULL),(175642,NULL,43,'#LASERADYAR-10',_binary '',2233,_binary '\0','546bcdb0-360a-4a90-867a-87c48d89151f',8476.00,_binary '\0',0.00,0.00,9999.68,66,_binary '',159,'2020-11-10 16:39:58',NULL,'2020-11-10 16:39:58',NULL,NULL,30883,30890,NULL,NULL,NULL,10134,18.00,1525.68,NULL,NULL,52,30888,'2021-04-30 00:00:00',NULL,NULL,0.00,'2021-04-30 00:00:00',2.00,NULL,NULL),(175643,NULL,1,'#SLMADYAR-4',_binary '',2429,_binary '\0','fc97351d-5bdb-49d0-af21-ddbf5d35ac70',25425.00,_binary '\0',0.00,0.00,29999.50,66,_binary '',159,'2020-11-10 16:49:50',NULL,'2020-11-10 16:49:50',NULL,NULL,30880,30883,NULL,NULL,NULL,10131,18.00,4576.50,NULL,NULL,52,30890,'2021-12-31 00:00:00',NULL,NULL,0.00,'2021-12-31 00:00:00',2.00,NULL,NULL),(175644,NULL,44,'#HAIRADYAR-5',_binary '',2430,_binary '\0','8d0b7ee1-d0e6-4e48-9754-356f6e8f2422',50850.00,_binary '\0',0.00,0.00,60000.00,66,_binary '',159,'2020-11-10 16:59:06',NULL,'2020-11-10 16:59:06',NULL,NULL,30880,30883,NULL,NULL,NULL,10131,18.00,9153.00,NULL,NULL,52,30888,'2021-12-31 00:00:00',NULL,NULL,0.00,'2021-12-31 00:00:00',3.00,NULL,NULL),(175645,NULL,44,'#HAIRADYAR-6',_binary '',2431,_binary '\0','e9be724d-2a2f-4cce-a167-431481083933',16950.00,_binary '\0',0.00,0.00,20000.00,66,_binary '',159,'2020-11-10 17:13:53',NULL,'2020-11-10 17:13:53',NULL,NULL,30880,30882,NULL,NULL,NULL,10134,18.00,3051.00,NULL,NULL,52,30888,'2021-05-31 00:00:00',NULL,NULL,0.00,'2021-05-31 00:00:00',1.00,NULL,NULL),(175646,NULL,46,'#HAIR TRANSPLANTATIONADYAR-0',_binary '',2432,_binary '\0','175bbd6f-ff88-4ca0-a325-b22d0775c630',127120.00,_binary '\0',0.00,0.00,149999.60,66,_binary '',159,'2020-11-10 17:20:06',NULL,'2020-11-10 17:20:06',NULL,NULL,30888,30882,NULL,NULL,NULL,10134,18.00,22881.60,NULL,NULL,52,30888,'2020-11-30 00:00:00',NULL,NULL,0.00,'2020-11-30 00:00:00',2.00,NULL,NULL),(175647,NULL,42,'#SKINADYAR-13',_binary '',2433,_binary '\0','07aa56a0-8947-4cad-908b-69adaf4ab0d6',38000.00,_binary '\0',0.00,0.00,44840.00,66,_binary '',159,'2020-11-10 17:41:09',NULL,'2020-11-10 17:41:09',NULL,NULL,30878,30882,NULL,NULL,NULL,10131,18.00,6840.00,NULL,NULL,52,30888,'2021-12-31 00:00:00',NULL,NULL,0.00,'2021-12-31 00:00:00',0.00,NULL,NULL),(175648,NULL,43,'#LASERADYAR-11',_binary '',2434,_binary '\0','5a727388-2487-4592-972b-dbc880ab11fa',2542.00,_binary '\0',0.00,0.00,2999.56,66,_binary '',159,'2020-11-12 17:43:51',NULL,'2020-11-12 17:43:51',NULL,NULL,30883,30890,NULL,NULL,NULL,10134,18.00,457.56,NULL,NULL,52,30888,'2020-11-18 00:00:00',NULL,NULL,0.00,'2020-11-18 00:00:00',0.00,NULL,NULL),(175649,NULL,43,'#LASERADYAR-12',_binary '',315,_binary '\0','1915121d-e977-4f3b-853f-51386edc261a',42378.00,_binary '\0',0.00,0.00,50000.04,66,_binary '',159,'2020-11-02 18:06:33',NULL,'2020-11-02 18:06:33',NULL,NULL,30878,30890,NULL,NULL,NULL,10126,18.00,7628.04,NULL,NULL,52,30888,'2021-12-31 00:00:00',NULL,NULL,0.00,'2021-12-31 00:00:00',6.00,NULL,NULL),(175650,NULL,42,'#SKINADYAR-14',_binary '\0',315,_binary '\0','71f55d8a-64ad-40fc-9e5f-545e32777718',12715.00,_binary '\0',0.00,0.00,14999.70,66,_binary '\0',159,'2020-11-17 18:13:24',NULL,'2020-11-17 18:13:24','17700 is the package',NULL,30878,NULL,NULL,NULL,NULL,NULL,18.00,2288.70,NULL,NULL,54,30888,'2021-12-31 00:00:00',NULL,NULL,0.00,'2021-12-31 00:00:00',4.00,NULL,NULL),(175651,NULL,1,'#SLMADYAR-5',_binary '\0',315,_binary '\0','8ed19901-e9a0-447f-955d-865c73276d9b',27377.00,_binary '\0',0.00,0.00,32299.86,66,_binary '',159,'2020-11-17 18:20:47',NULL,'2020-11-17 18:20:47',NULL,NULL,30878,NULL,NULL,NULL,NULL,NULL,18.00,4927.86,NULL,NULL,52,30888,'2021-12-31 00:00:00',NULL,NULL,0.00,'2021-12-31 00:00:00',5.00,NULL,NULL),(175652,NULL,42,'#SKINADYAR-15',_binary '\0',315,_binary '\0','6f27e77a-1d8d-4d2b-812a-14cf9c20cc6d',15000.00,_binary '\0',0.00,0.00,17700.00,66,_binary '',159,'2020-11-17 18:26:51',NULL,'2020-11-17 18:26:51',NULL,NULL,30878,NULL,NULL,NULL,NULL,NULL,18.00,2700.00,NULL,NULL,52,30888,'2021-12-31 00:00:00',NULL,NULL,0.00,'2021-12-31 00:00:00',0.00,NULL,NULL),(175653,NULL,43,'#LASERADYAR-13',_binary '',2435,_binary '\0','a3f328e1-bf12-4940-b55d-7c5d164ac802',2542.00,_binary '\0',0.00,0.00,2999.56,66,_binary '',159,'2020-11-12 18:30:41',NULL,'2020-11-12 18:30:41',NULL,NULL,30878,30890,NULL,NULL,NULL,10134,18.00,457.56,NULL,NULL,52,30888,'2020-11-30 00:00:00',NULL,NULL,0.00,'2020-11-30 00:00:00',0.00,NULL,NULL),(175654,NULL,43,'#LASERADYAR-14',_binary '\0',2412,_binary '\0','06b39674-5f58-400d-9540-ad301ab6a4db',2500.00,_binary '\0',0.00,0.00,2950.00,66,_binary '',159,'2020-11-16 09:54:41',NULL,'2020-11-16 09:54:41',NULL,NULL,30882,NULL,NULL,NULL,NULL,NULL,18.00,450.00,NULL,NULL,52,30888,'2020-11-18 00:00:00',NULL,NULL,0.00,'2020-11-18 00:00:00',0.00,NULL,NULL),(175655,NULL,44,'#HAIRADYAR-7',_binary '',2235,_binary '\0','8696c8cb-a960-463d-b57c-a4dc32f2b08d',12715.00,_binary '\0',0.00,0.00,14999.70,66,_binary '',159,'2020-11-16 19:22:46',NULL,'2020-11-16 19:22:46',NULL,NULL,30880,30884,NULL,NULL,NULL,10134,18.00,2288.70,NULL,NULL,52,30888,'2021-12-31 00:00:00',NULL,NULL,0.00,'2021-12-31 00:00:00',4.00,NULL,NULL),(175656,NULL,43,'#LASERADYAR-15',_binary '\0',2235,_binary '\0','7070ec0a-2ed7-4e85-b09f-669b50f5a411',1695.00,_binary '\0',0.00,0.00,2000.10,66,_binary '',159,'2020-11-16 19:44:47',NULL,'2020-11-16 19:44:47',NULL,NULL,30883,NULL,NULL,NULL,NULL,NULL,18.00,305.10,NULL,NULL,52,30888,'2021-04-30 00:00:00',NULL,NULL,0.00,'2021-04-30 00:00:00',0.00,NULL,NULL),(175657,NULL,42,'#SKINADYAR-16',_binary '',2436,_binary '\0','a1ebc322-55a4-4857-bb2b-dcd16c1bd608',9322.00,_binary '\0',0.00,0.00,10999.96,66,_binary '',159,'2020-11-16 19:48:45',NULL,'2020-11-16 19:48:45',NULL,NULL,30890,NULL,NULL,NULL,NULL,10134,18.00,1677.96,NULL,NULL,52,30888,'2021-04-30 00:00:00',NULL,NULL,0.00,'2021-04-30 00:00:00',0.00,NULL,NULL),(175658,NULL,42,'#SKINADYAR-17',_binary '',2437,_binary '\0','73ed5ed6-497c-489b-9b5a-0f237e20c664',13559.00,_binary '\0',0.00,0.00,15999.62,66,_binary '',159,'2020-11-16 19:56:38',NULL,'2020-11-16 19:56:38',NULL,NULL,30878,30890,NULL,NULL,NULL,10134,18.00,2440.62,NULL,NULL,52,30888,'2021-04-30 00:00:00',NULL,NULL,0.00,'2021-04-30 00:00:00',0.00,NULL,NULL),(175659,NULL,42,'#SKINADYAR-18',_binary '',215,_binary '\0','e5e27887-2234-4257-bf68-ca7a25bb626f',848.00,_binary '\0',0.00,0.00,999.64,66,_binary '',159,'2020-11-16 19:59:09',NULL,'2020-11-16 19:59:09',NULL,NULL,30883,30890,NULL,NULL,NULL,10126,18.00,152.64,NULL,NULL,52,30888,'2020-11-18 00:00:00',NULL,NULL,0.00,'2020-11-18 00:00:00',1.00,NULL,NULL),(175660,NULL,46,'#HAIR TRANSPLANTATIONADYAR-1',_binary '',2037,_binary '\0','192a4f68-ade1-48ac-a588-2df5ef9fde6f',105944.00,_binary '\0',0.00,0.00,124999.92,66,_binary '',159,'2020-11-16 20:05:22',NULL,'2020-11-16 20:05:22',NULL,NULL,30878,30890,NULL,NULL,NULL,10126,18.00,19069.92,NULL,NULL,52,30890,'2021-04-30 00:00:00',NULL,NULL,0.00,'2021-04-30 00:00:00',14.00,NULL,NULL),(175661,NULL,42,'#SKINADYAR-19',_binary '',2438,_binary '\0','2a23a6ba-e072-478b-aaee-199432a97f91',4000.00,_binary '\0',0.00,0.00,4720.00,66,_binary '',159,'2020-11-18 12:03:04',NULL,'2020-11-18 12:03:04',NULL,NULL,30888,30890,NULL,NULL,NULL,10134,18.00,720.00,NULL,NULL,52,30888,'2020-11-30 00:00:00',NULL,NULL,0.00,'2020-11-30 00:00:00',0.00,NULL,NULL),(175662,NULL,1,'#SLMADYAR-5',_binary '\0',2438,_binary '\0','89cb092c-ff7b-444d-b262-b9da52603525',3000.00,_binary '\0',0.00,0.00,3540.00,66,_binary '',159,'2020-11-18 12:04:42',NULL,'2020-11-18 12:04:42',NULL,NULL,30888,NULL,NULL,NULL,NULL,NULL,18.00,540.00,NULL,NULL,52,30888,'2020-11-30 00:00:00',NULL,NULL,0.00,'2020-11-30 00:00:00',0.00,NULL,NULL),(175663,NULL,43,'#LASERADYAR-16',_binary '',1717,_binary '\0','accaf9e7-6a4f-4649-b3ee-6726fe46d0b4',5000.00,_binary '\0',0.00,0.00,5900.00,66,_binary '',159,'2020-11-18 19:02:23',NULL,'2020-11-18 19:02:23',NULL,NULL,30880,30890,NULL,NULL,NULL,10126,18.00,900.00,NULL,NULL,52,30888,'2020-12-08 00:00:00',NULL,NULL,0.00,'2020-12-08 00:00:00',0.00,NULL,NULL),(175664,NULL,42,'#SKINADYAR-20',_binary '',1728,_binary '\0','70b0b323-4349-46ad-a612-ff487a119495',2119.00,_binary '\0',0.00,0.00,2500.42,66,_binary '',159,'2020-11-18 19:07:00',NULL,'2020-11-18 19:07:00',NULL,NULL,30880,30890,NULL,NULL,NULL,10134,18.00,381.42,NULL,NULL,52,30888,'2020-11-30 00:00:00',NULL,NULL,0.00,'2020-11-30 00:00:00',0.00,NULL,NULL),(175665,NULL,43,'#LASERADYAR-17',_binary '',2439,_binary '\0','0d5f84de-35df-4949-84ee-0e9e90d7ab42',9746.00,_binary '\0',0.00,0.00,11500.28,66,_binary '',159,'2020-11-19 15:38:33',NULL,'2020-11-19 15:38:33',NULL,NULL,30880,30890,NULL,NULL,NULL,10126,18.00,1754.28,NULL,NULL,52,30888,'2020-12-30 00:00:00',NULL,NULL,0.00,'2020-12-30 00:00:00',0.00,NULL,NULL),(175666,NULL,42,'#SKINADYAR-21',_binary '',2440,_binary '\0','911ed6a0-967d-435e-af8f-9062ddd00b40',5509.00,_binary '\0',0.00,0.00,6500.62,66,_binary '',159,'2020-11-19 15:43:33',NULL,'2020-11-19 15:43:33',NULL,NULL,30881,30890,NULL,NULL,NULL,10134,18.00,991.62,NULL,NULL,52,30888,'2020-11-30 00:00:00',NULL,NULL,0.00,'2020-11-30 00:00:00',0.00,NULL,NULL),(175667,NULL,43,'#LASERADYAR-18',_binary '',2441,_binary '\0','51ec60e3-237c-403b-87e8-d8ac798511f1',10512.00,_binary '\0',0.00,0.00,12400.16,66,_binary '',159,'2020-11-19 18:08:52',NULL,'2020-11-19 18:08:52',NULL,NULL,30878,30882,NULL,NULL,NULL,10134,18.00,1892.16,NULL,NULL,52,30888,'2021-03-31 00:00:00',NULL,NULL,0.00,'2021-03-31 00:00:00',4.00,NULL,NULL),(175668,NULL,42,'#SKINADYAR-22',_binary '\0',835,_binary '\0','0d22a836-9bae-4eb5-887d-78d50ee4dec7',20000.00,_binary '\0',0.00,0.00,23600.00,66,_binary '',159,'2020-11-19 18:28:40',NULL,'2020-11-19 18:28:40',NULL,NULL,30878,NULL,NULL,NULL,NULL,NULL,18.00,3600.00,NULL,NULL,52,30888,'2021-03-31 00:00:00',NULL,NULL,0.00,'2021-03-31 00:00:00',0.00,NULL,NULL),(175669,NULL,44,'#HAIRADYAR-8',_binary '',2442,_binary '\0','ba71a97f-6b90-4ec9-b228-9ce50df16479',8476.00,_binary '\0',0.00,0.00,10001.68,66,_binary '',159,'2020-11-20 19:33:51',NULL,'2020-11-20 19:33:51',NULL,NULL,30880,30882,NULL,NULL,NULL,10126,18.00,1525.68,NULL,NULL,52,30888,'2021-05-30 00:00:00',NULL,NULL,0.00,'2021-05-30 00:00:00',0.00,NULL,NULL),(175670,NULL,42,'#SKINADYAR-23',_binary '\0',2442,_binary '\0','36adb093-d743-45cf-9500-e8962b8ab749',500.00,_binary '\0',0.00,0.00,590.00,66,_binary '',159,'2020-11-20 19:36:23',NULL,'2020-11-20 19:36:23',NULL,NULL,30888,NULL,NULL,NULL,NULL,NULL,18.00,90.00,NULL,NULL,52,30888,'2020-11-30 00:00:00',NULL,NULL,0.00,'2020-11-30 00:00:00',0.00,NULL,NULL),(175671,NULL,42,'#SKINADYAR-24',_binary '',2443,_binary '\0','b9f52b9f-04e0-431f-88c4-3e8179a049dd',30000.00,_binary '\0',0.00,0.00,35400.00,66,_binary '',159,'2020-11-21 19:04:35',NULL,'2020-11-21 19:04:35',NULL,NULL,30878,30882,NULL,NULL,NULL,10134,18.00,5400.00,NULL,NULL,52,30888,'2021-01-31 00:00:00',NULL,NULL,0.00,'2021-01-31 00:00:00',0.00,NULL,NULL),(175672,NULL,42,'#SKINADYAR-25',_binary '',2444,_binary '\0','a65518d2-77c3-4a85-9c83-639fd1b6320c',848.00,_binary '\0',0.00,0.00,999.64,66,_binary '',159,'2020-11-21 19:17:49',NULL,'2020-11-21 19:17:49',NULL,NULL,30878,30883,NULL,NULL,NULL,10129,18.00,152.64,NULL,NULL,52,30888,'2020-11-22 00:00:00',NULL,NULL,0.00,'2020-11-22 00:00:00',1.00,NULL,NULL),(175673,NULL,44,'#HAIRADYAR-9',_binary '',2445,_binary '\0','078e47a7-fdc1-4785-906b-e5f1cf69abb5',4237.00,_binary '\0',0.00,0.00,4999.66,66,_binary '',159,'2020-11-21 19:24:06',NULL,'2020-11-21 19:24:06',NULL,NULL,30878,30882,NULL,NULL,NULL,10134,18.00,762.66,NULL,NULL,52,30888,'2021-03-31 00:00:00',NULL,NULL,0.00,'2021-03-31 00:00:00',0.00,NULL,NULL),(175674,NULL,44,'#HAIRADYAR-10',_binary '',2446,_binary '\0','03448d01-e357-4600-8879-ecdcf5cc0ad5',25596.00,_binary '\0',0.00,0.00,30200.28,66,_binary '',159,'2020-11-21 19:29:44',NULL,'2020-11-21 19:29:44',NULL,NULL,30878,30882,NULL,NULL,NULL,10126,18.00,4607.28,NULL,NULL,52,30888,'2021-03-31 00:00:00',NULL,NULL,0.00,'2021-03-31 00:00:00',3.00,NULL,NULL),(175675,NULL,44,'#HAIRADYAR-11',_binary '',2447,_binary '\0','e4703d57-798f-494f-a360-1a5a825c90c5',14292.00,_binary '\0',0.00,0.00,16859.56,66,_binary '',159,'2020-11-21 19:35:55',NULL,'2020-11-21 19:35:55',NULL,NULL,30880,30882,NULL,NULL,NULL,10126,18.00,2572.56,30882,NULL,52,30888,'2021-03-31 00:00:00',NULL,NULL,0.00,'2021-03-31 00:00:00',5.00,NULL,NULL),(175676,NULL,43,'#LASERADYAR-19',_binary '',2448,_binary '\0','1eba67a8-468b-468c-a5ab-c3195bf55188',49998.00,_binary '\0',0.00,0.00,58997.64,66,_binary '',159,'2020-11-21 19:42:47',NULL,'2020-11-21 19:42:47',NULL,NULL,30878,30883,NULL,NULL,NULL,10131,18.00,8999.64,NULL,NULL,52,30887,'2021-03-31 00:00:00',NULL,NULL,0.00,'2021-03-31 00:00:00',0.00,NULL,NULL),(175677,NULL,42,'#SKINADYAR-26',_binary '\0',2448,_binary '\0','1336cd8f-f08e-4781-85c9-2dd5cab917c3',68710.00,_binary '\0',0.00,0.00,81001.80,66,_binary '',159,'2020-11-21 20:02:37',NULL,'2020-11-21 20:02:37',NULL,NULL,30878,NULL,NULL,NULL,NULL,NULL,18.00,12367.80,NULL,NULL,52,30887,'2021-03-31 00:00:00',NULL,NULL,0.00,'2021-03-31 00:00:00',76.00,NULL,NULL),(175678,NULL,42,'#SKINADYAR-27',_binary '',1405,_binary '\0','2b0e762b-38ad-441f-b62d-646f5b130da8',15000.00,_binary '\0',0.00,0.00,17700.00,66,_binary '',159,'2020-11-21 20:08:18',NULL,'2020-11-21 20:08:18',NULL,NULL,30880,30890,NULL,NULL,NULL,10134,18.00,2700.00,NULL,NULL,52,30887,'2021-03-31 00:00:00',NULL,NULL,0.00,'2021-03-31 00:00:00',0.00,NULL,NULL),(175679,NULL,43,'#LASERADYAR-20',_binary '\0',2418,_binary '\0','01cce51b-2f14-4059-8fc4-fe6a6e1ec110',33900.00,_binary '\0',0.00,0.00,40000.00,66,_binary '',159,'2020-11-22 13:48:27',NULL,'2020-11-22 13:48:27',NULL,NULL,30882,NULL,NULL,NULL,NULL,NULL,18.00,6102.00,NULL,NULL,52,30888,'2021-03-31 00:00:00',NULL,NULL,0.00,'2021-03-31 00:00:00',2.00,NULL,NULL),(175680,NULL,42,'#SKINADYAR-28',_binary '',2449,_binary '\0','fd565877-81a6-4b3f-a4df-dafd7211e68d',25000.00,_binary '\0',0.00,0.00,29500.00,66,_binary '',159,'2020-11-22 16:39:21',NULL,'2020-11-22 16:39:21',NULL,NULL,30880,30890,NULL,NULL,NULL,10134,18.00,4500.00,NULL,NULL,52,30887,'2021-03-31 00:00:00',NULL,NULL,0.00,'2021-03-31 00:00:00',0.00,NULL,NULL),(175681,NULL,45,'#MEDICAL/SKINADYAR-2',_binary '',2450,_binary '\0','030fec40-f983-4407-b3da-20e5c3c92403',424.00,_binary '\0',0.00,0.00,500.32,66,_binary '',159,'2020-11-22 16:45:41',NULL,'2020-11-22 16:45:41',NULL,NULL,30887,30890,NULL,NULL,NULL,10134,18.00,76.32,NULL,NULL,52,30887,'2021-03-31 00:00:00',NULL,NULL,0.00,'2021-03-31 00:00:00',0.00,NULL,NULL),(175682,NULL,43,'#LASERADYAR-21',_binary '',2451,_binary '\0','fe9c422b-8014-4daf-8da8-44c0f077a2af',2542.00,_binary '\0',0.00,0.00,2999.56,66,_binary '',159,'2020-11-22 16:47:23',NULL,'2020-11-22 16:47:23',NULL,NULL,30880,30890,NULL,NULL,NULL,10134,18.00,457.56,NULL,NULL,52,30888,'2021-03-31 00:00:00',NULL,NULL,0.00,'2021-03-31 00:00:00',0.00,NULL,NULL),(175683,NULL,45,'#MEDICAL/SKINADYAR-3',_binary '',2452,_binary '\0','ea38b4e0-3db3-4f63-9aa9-26ba5b27f1a0',848.00,_binary '\0',0.00,0.00,999.64,66,_binary '',159,'2020-11-22 17:36:33',NULL,'2020-11-22 17:36:33',NULL,NULL,30887,30890,NULL,NULL,NULL,10134,18.00,152.64,NULL,NULL,52,30887,'2021-03-31 00:00:00',NULL,NULL,0.00,'2021-03-31 00:00:00',1.00,NULL,NULL),(175684,NULL,45,'#MEDICAL/SKINADYAR-4',_binary '',2453,_binary '\0','ebe65102-d625-4789-b600-3d8e3d6a2492',848.00,_binary '\0',0.00,0.00,999.64,66,_binary '',159,'2020-11-22 17:39:29',NULL,'2020-11-22 17:39:29',NULL,NULL,30887,30890,NULL,NULL,NULL,10125,18.00,152.64,NULL,NULL,52,30887,'2021-03-31 00:00:00',NULL,NULL,0.00,'2021-03-31 00:00:00',1.00,NULL,NULL),(175685,NULL,42,'#SKINADYAR-29',_binary '',2149,_binary '\0','4890ea54-8388-4a8d-8431-5a7393d2896a',1695.00,_binary '\0',0.00,0.00,2000.10,66,_binary '',159,'2020-11-22 17:51:13',NULL,'2020-11-22 17:51:13',NULL,NULL,30879,30890,NULL,NULL,NULL,10134,18.00,305.10,NULL,NULL,52,30887,'2021-03-31 00:00:00',NULL,NULL,0.00,'2021-03-31 00:00:00',0.00,NULL,NULL),(175686,NULL,44,'#HAIRADYAR-12',_binary '',2454,_binary '\0','c641527a-833e-49a2-ac34-ba3a65b218df',20000.00,_binary '\0',0.00,0.00,23600.00,66,_binary '',159,'2020-11-23 13:00:39',NULL,'2020-11-23 13:00:39',NULL,NULL,30878,30883,NULL,NULL,NULL,10136,18.00,3600.00,30883,NULL,52,30888,'2021-03-11 00:00:00',NULL,NULL,0.00,'2021-03-11 00:00:00',0.00,NULL,NULL),(175687,NULL,42,'#SKINADYAR-30',_binary '',2317,_binary '\0','1495f7d7-88be-4fd3-a10b-a1fed424378d',8476.00,_binary '\0',0.00,0.00,9999.68,66,_binary '',159,'2020-11-23 19:51:28',NULL,'2020-11-23 19:51:28',NULL,NULL,30878,30890,NULL,NULL,NULL,10134,18.00,1525.68,NULL,NULL,52,30888,'2021-03-31 00:00:00',NULL,NULL,0.00,'2021-03-31 00:00:00',2.00,NULL,NULL),(175688,NULL,45,'#MEDICAL/SKINADYAR-5',_binary '',2455,_binary '\0','fd9de0bf-fd6c-4d27-9a7a-b6b5acb914ab',424.00,_binary '\0',0.00,0.00,500.32,66,_binary '',159,'2020-11-23 19:53:21',NULL,'2020-11-23 19:53:21',NULL,NULL,30890,30890,NULL,NULL,NULL,10125,18.00,76.32,NULL,NULL,52,30888,'2020-11-30 00:00:00',NULL,NULL,0.00,'2020-11-30 00:00:00',0.00,NULL,NULL),(175689,NULL,43,'#LASERADYAR-22',_binary '',2456,_binary '\0','46b107c4-bca3-4c1b-8ac7-29d370a19239',33054.00,_binary '\0',0.00,0.00,38999.72,66,_binary '',159,'2020-11-26 17:36:25',NULL,'2020-11-26 17:36:25',NULL,NULL,30880,30890,NULL,NULL,NULL,10134,18.00,5949.72,NULL,NULL,52,30888,'2021-03-31 00:00:00',NULL,NULL,0.00,'2021-03-31 00:00:00',4.00,NULL,NULL),(175690,NULL,44,'#HAIRADYAR-13',_binary '',2457,_binary '\0','887211fa-2144-44fd-976b-a44affd05335',32000.00,_binary '\0',0.00,0.00,37760.00,66,_binary '',159,'2020-11-26 17:41:21',NULL,'2020-11-26 17:41:21',NULL,NULL,30880,30882,NULL,NULL,NULL,10126,18.00,5760.00,NULL,NULL,52,30888,'2021-03-31 00:00:00',NULL,NULL,0.00,'2021-03-31 00:00:00',0.00,NULL,NULL),(175691,NULL,42,'#SKINADYAR-31',_binary '',2189,_binary '\0','4d5acc82-774c-44b5-88ae-25b18c13a4da',20340.00,_binary '\0',0.00,0.00,24000.20,66,_binary '',159,'2020-11-27 19:47:43',NULL,'2020-11-27 19:47:43',NULL,NULL,30878,30890,NULL,NULL,NULL,10136,18.00,3661.20,NULL,NULL,52,30888,'2021-03-31 00:00:00',NULL,NULL,0.00,'2021-03-31 00:00:00',1.00,NULL,NULL),(175692,NULL,42,'#SKINADYAR-32',_binary '',2458,_binary '\0','e5364d30-5d33-4680-bd89-3b6411dfe0aa',27966.00,_binary '\0',0.00,0.00,32999.88,66,_binary '',159,'2020-11-28 17:53:34',NULL,'2020-11-28 17:53:34',NULL,NULL,30878,30881,NULL,NULL,NULL,10134,18.00,5033.88,NULL,NULL,52,30888,'2021-05-28 00:00:00',NULL,NULL,0.00,'2021-05-28 00:00:00',0.00,NULL,NULL),(175693,NULL,43,'#LASERADYAR-23',_binary '',2305,_binary '\0','d768ad18-38ca-4bb9-a47a-5b474b8e2d63',2542.00,_binary '\0',0.00,0.00,2999.56,66,_binary '',159,'2020-11-28 19:27:41',NULL,'2020-11-28 19:27:41',NULL,NULL,30883,30890,NULL,NULL,NULL,10134,18.00,457.56,NULL,NULL,52,30888,'2021-03-31 00:00:00',NULL,NULL,0.00,'2021-03-31 00:00:00',0.00,NULL,NULL),(175694,NULL,42,'#SKINADYAR-33',_binary '',2459,_binary '\0','ca0e7b92-431d-4a74-851a-397e06cdf2b8',4237.00,_binary '\0',0.00,0.00,4999.66,66,_binary '',159,'2020-11-28 19:29:51',NULL,'2020-11-28 19:29:51',NULL,NULL,30883,30890,NULL,NULL,NULL,10126,18.00,762.66,NULL,NULL,52,30888,'2021-03-31 00:00:00',NULL,NULL,0.00,'2021-03-31 00:00:00',0.00,NULL,NULL),(175695,NULL,43,'#LASERADYAR-24',_binary '',2301,_binary '\0','709df519-640f-4afc-a544-8d2fc7e3bb4c',8476.00,_binary '\0',0.00,0.00,9999.68,66,_binary '',159,'2020-11-30 19:13:46',NULL,'2020-11-30 19:13:46',NULL,NULL,30883,30890,NULL,NULL,NULL,10134,18.00,1525.68,NULL,NULL,52,30888,'2021-03-31 00:00:00',NULL,NULL,0.00,'2021-03-31 00:00:00',2.00,NULL,NULL),(175696,NULL,42,'#SKINADYAR-34',_binary '',1930,_binary '\0','2e371b6f-4722-4e55-9027-b599b804ae1a',6442.00,_binary '\0',0.00,0.00,7599.56,66,_binary '',159,'2020-11-30 19:18:09',NULL,'2020-11-30 19:18:09',NULL,NULL,30880,30890,NULL,NULL,NULL,10129,18.00,1159.56,NULL,NULL,52,30888,'2021-03-31 00:00:00',NULL,NULL,0.00,'2021-03-31 00:00:00',2.00,NULL,NULL),(175697,NULL,43,'#LASERADYAR-25',_binary '',2362,_binary '\0','94566639-0582-4725-af16-918909ab52dc',848.00,_binary '\0',0.00,0.00,999.64,66,_binary '',159,'2020-11-30 19:21:42',NULL,'2020-11-30 19:21:42',NULL,NULL,30878,30884,NULL,NULL,NULL,10134,18.00,152.64,NULL,NULL,52,30888,'2020-12-30 00:00:00',NULL,NULL,0.00,'2020-12-30 00:00:00',1.00,NULL,NULL),(175698,NULL,1,'#SLMADYAR-6',_binary '',2379,_binary '\0','c5ce0966-c9a5-452b-a56a-337f7ed29631',3308.00,_binary '\0',0.00,0.00,3900.44,66,_binary '',159,'2020-11-30 19:30:17',NULL,'2020-11-30 19:30:17',NULL,NULL,30880,30890,NULL,NULL,NULL,10134,18.00,595.44,NULL,NULL,52,30890,'2021-03-31 00:00:00',NULL,NULL,0.00,'2021-03-31 00:00:00',3.00,NULL,NULL),(175699,NULL,44,'#HAIRADYAR-14',_binary '',2298,_binary '\0','a7d4d276-bf5b-4423-9104-3d8e7684bb8d',21190.00,_binary '\0',0.00,0.00,25000.20,66,_binary '',159,'2020-12-01 15:40:05',NULL,'2020-12-01 15:40:05',NULL,NULL,30880,30890,NULL,NULL,NULL,10129,18.00,3814.20,NULL,NULL,52,30888,'2021-03-31 00:00:00',NULL,NULL,0.00,'2021-03-31 00:00:00',4.00,NULL,NULL),(175700,NULL,44,'#HAIRADYAR-15',_binary '',1985,_binary '\0','735ddb78-08f6-483a-a59a-40cccf07419e',8476.00,_binary '\0',0.00,0.00,9999.68,66,_binary '',159,'2020-12-01 15:46:23',NULL,'2020-12-01 15:46:23',NULL,NULL,30880,30890,NULL,NULL,NULL,10134,18.00,1525.68,NULL,NULL,52,30888,'2021-03-31 00:00:00',NULL,NULL,0.00,'2021-03-31 00:00:00',2.00,NULL,NULL),(175701,NULL,42,'#SKINADYAR-35',_binary '',2460,_binary '\0','c2f549b0-fdca-4c3b-98e6-f050cfafef27',2966.00,_binary '\0',0.00,0.00,3499.88,66,_binary '',159,'2020-12-01 15:48:45',NULL,'2020-12-01 15:48:45',NULL,NULL,30888,30890,NULL,NULL,NULL,10134,18.00,533.88,NULL,NULL,52,30888,'2021-03-31 00:00:00',NULL,NULL,0.00,'2021-03-31 00:00:00',0.00,NULL,NULL),(175702,NULL,45,'#MEDICAL/SKINADYAR-6',_binary '',2461,_binary '\0','724ebc45-00d6-4775-940f-928ab3d9b644',424.00,_binary '\0',0.00,0.00,500.32,66,_binary '',159,'2020-12-03 17:33:16',NULL,'2020-12-03 17:33:16',NULL,NULL,30890,30890,NULL,NULL,NULL,10134,18.00,76.32,NULL,NULL,52,30888,'2020-12-03 00:00:00',NULL,NULL,0.00,'2020-12-03 00:00:00',0.00,NULL,NULL),(175703,NULL,1,'#SLMADYAR-7',_binary '',2121,_binary '\0','8d2b5e06-bf5f-41f5-aeb3-a26c0128d8a7',10170.00,_binary '\0',0.00,0.00,11999.60,66,_binary '',159,'2020-12-03 19:46:47',NULL,'2020-12-03 19:46:47',NULL,NULL,30878,30890,NULL,NULL,NULL,10129,18.00,1830.60,NULL,NULL,52,30888,'2021-03-31 00:00:00',NULL,NULL,0.00,'2021-03-31 00:00:00',1.00,NULL,NULL),(175704,NULL,1,'#SLMADYAR-8',_binary '',2083,_binary '\0','e1f1a190-50ed-4e09-8f94-c5bcbe8346c6',12712.00,_binary '\0',0.00,0.00,15000.16,66,_binary '',159,'2020-12-03 19:57:11',NULL,'2020-12-03 19:57:11',NULL,NULL,30878,30890,NULL,NULL,NULL,10129,18.00,2288.16,NULL,NULL,52,30888,'2021-03-31 00:00:00',NULL,NULL,0.00,'2021-03-31 00:00:00',0.00,NULL,NULL),(175705,NULL,44,'#HAIRADYAR-16',_binary '',1966,_binary '\0','c3ec4dfc-24e5-4e48-aab7-d379d575efce',30000.00,_binary '\0',0.00,0.00,35400.00,66,_binary '\0',159,'2020-12-04 12:38:35',NULL,'2020-12-04 12:38:35','wrong package',NULL,30878,30890,NULL,NULL,NULL,10126,18.00,5400.00,NULL,NULL,54,30888,'2020-06-04 00:00:00',NULL,NULL,0.00,'2020-06-04 00:00:00',0.00,NULL,NULL),(175706,NULL,44,'#HAIRADYAR-17',_binary '\0',1966,_binary '\0','aec4f77a-0664-4a2d-ae3f-25a9bb6675b2',38136.00,_binary '\0',0.00,0.00,45000.48,66,_binary '',159,'2020-12-04 13:17:53',NULL,'2020-12-04 13:17:53',NULL,NULL,30878,NULL,NULL,NULL,NULL,NULL,18.00,6864.48,NULL,NULL,52,30888,'2021-06-01 00:00:00',NULL,NULL,0.00,'2021-06-01 00:00:00',0.00,NULL,NULL),(175707,NULL,42,'#SKINADYAR-36',_binary '\0',1966,_binary '\0','db8e6b4b-48c4-4bab-9834-5fa43c9dbf95',30000.00,_binary '\0',0.00,0.00,35400.00,66,_binary '',159,'2020-12-04 13:21:28',NULL,'2020-12-04 13:21:28',NULL,NULL,30878,NULL,NULL,NULL,NULL,NULL,18.00,5400.00,NULL,NULL,52,30888,'2021-06-01 00:00:00',NULL,NULL,0.00,'2021-06-01 00:00:00',0.00,NULL,NULL),(175708,NULL,45,'#MEDICAL/SKINADYAR-7',_binary '',2462,_binary '\0','be16420c-ae93-4cb9-bb9b-9c3a10a49f4f',424.00,_binary '\0',0.00,0.00,500.32,66,_binary '',159,'2020-12-05 19:17:30',NULL,'2020-12-05 19:17:30',NULL,NULL,30890,30890,NULL,NULL,NULL,10129,18.00,76.32,NULL,NULL,52,30888,'2020-12-05 00:00:00',NULL,NULL,0.00,'2020-12-05 00:00:00',0.00,NULL,NULL);

--
-- Table structure for table `BillingDetails`
--

CREATE TABLE `BillingDetails` (
  `Id` int NOT NULL AUTO_INCREMENT,
  `BillingNo` int NOT NULL,
  `ServiceId` int NOT NULL,
  `ProductId` varchar(30) COLLATE utf8mb4_general_ci DEFAULT NULL,
  `Quantity` int NOT NULL,
  `ActualAmount` decimal(8,2) NOT NULL,
  `ServiceProductAmount` decimal(9,2) NOT NULL,
  `DiscountPercentage` decimal(4,2) NOT NULL,
  `DiscountAmount` decimal(4,2) NOT NULL,
  `ServiceGivenBy` bit(1) NOT NULL,
  `IsActive` bit(1) NOT NULL,
  `CreatedBy` int NOT NULL,
  `CreatedDate` varchar(19) COLLATE utf8mb4_general_ci NOT NULL,
  `ModifiedBy` varchar(30) COLLATE utf8mb4_general_ci DEFAULT NULL,
  `ModifiedDate` varchar(19) COLLATE utf8mb4_general_ci NOT NULL,
  `Remarks` varchar(30) COLLATE utf8mb4_general_ci DEFAULT NULL,
  `IPAddress` varchar(30) COLLATE utf8mb4_general_ci DEFAULT NULL,
  `BranchId` int NOT NULL,
  `CategoryId` int NOT NULL,
  `IsComplementary` bit(1) NOT NULL,
  `AdditionalSessions` varchar(30) COLLATE utf8mb4_general_ci DEFAULT NULL,
  PRIMARY KEY (`Id`)
) ENGINE=InnoDB AUTO_INCREMENT=197874 DEFAULT CHARSET=utf8mb4 COLLATE=utf8mb4_general_ci;

--
-- Dumping data for table `BillingDetails`
--

INSERT INTO `BillingDetails` VALUES (197774,175609,600,NULL,1,424.00,424.00,0.00,0.00,_binary '\0',_binary '',159,'2020-11-01 09:54:41',NULL,'2020-11-01 09:54:41',NULL,NULL,66,45,_binary '\0',NULL),(197775,175610,612,NULL,6,1413.00,8478.00,0.00,0.00,_binary '\0',_binary '',159,'2020-11-01 17:28:24',NULL,'2020-11-01 17:28:24',NULL,NULL,66,43,_binary '\0',NULL),(197776,175611,612,NULL,1,1695.00,1695.00,0.00,0.00,_binary '\0',_binary '',159,'2020-11-01 17:33:58',NULL,'2020-11-01 17:33:58',NULL,NULL,66,43,_binary '\0',NULL),(197777,175612,601,NULL,6,1413.00,8478.00,0.00,0.00,_binary '\0',_binary '',159,'2020-11-01 11:49:10',NULL,'2020-11-01 11:49:10',NULL,NULL,66,44,_binary '\0',NULL),(197778,175613,602,NULL,10,8475.00,84750.00,0.00,0.00,_binary '\0',_binary '',159,'2020-11-02 11:56:13',NULL,'2020-11-02 11:56:13',NULL,NULL,66,44,_binary '\0',NULL),(197779,175614,661,NULL,1,42373.00,42373.00,0.00,0.00,_binary '\0',_binary '',159,'2020-11-02 12:28:15',NULL,'2020-11-02 12:28:15',NULL,NULL,66,42,_binary '\0',NULL),(197780,175615,611,NULL,6,1695.00,10170.00,0.00,0.00,_binary '\0',_binary '',159,'2020-11-02 12:28:15',NULL,'2020-11-02 12:28:15',NULL,NULL,66,43,_binary '\0',NULL),(197781,175616,586,NULL,30,252.00,7560.00,0.00,0.00,_binary '\0',_binary '',159,'2020-11-02 12:42:49',NULL,'2020-11-02 12:42:49',NULL,NULL,66,1,_binary '\0',NULL),(197782,175617,612,NULL,6,2119.00,12714.00,0.00,0.00,_binary '\0',_binary '',159,'2020-11-03 13:10:04',NULL,'2020-11-03 13:10:04',NULL,NULL,66,43,_binary '\0',NULL),(197783,175618,612,NULL,6,2119.00,12714.00,0.00,0.00,_binary '\0',_binary '',159,'2020-11-03 13:15:30',NULL,'2020-11-03 13:15:30',NULL,NULL,66,43,_binary '\0',NULL),(197784,175619,662,NULL,6,7063.00,42378.00,0.00,0.00,_binary '\0',_binary '\0',159,'2020-11-17 13:24:13',NULL,'2020-11-17 13:24:13',NULL,NULL,66,42,_binary '\0',NULL),(197785,175620,662,NULL,6,4944.00,29664.00,0.00,0.00,_binary '\0',_binary '',159,'2020-11-03 13:29:35',NULL,'2020-11-03 13:29:35',NULL,NULL,66,42,_binary '\0',NULL),(197786,175621,624,NULL,4,1413.00,5652.00,0.00,0.00,_binary '\0',_binary '',159,'2020-11-03 13:39:00',NULL,'2020-11-03 13:39:00',NULL,NULL,66,42,_binary '\0',NULL),(197787,175621,633,NULL,2,1413.00,2826.00,0.00,0.00,_binary '\0',_binary '',159,'2020-11-03 13:39:00',NULL,'2020-11-03 13:39:00',NULL,NULL,66,42,_binary '\0',NULL),(197788,175622,612,NULL,1,2542.00,2542.00,0.00,0.00,_binary '\0',_binary '',159,'2020-11-03 13:43:59',NULL,'2020-11-03 13:43:59',NULL,NULL,66,43,_binary '\0',NULL),(197789,175623,624,NULL,3,4200.00,12600.00,0.00,0.00,_binary '\0',_binary '',159,'2020-11-04 13:55:44',NULL,'2020-11-04 13:55:44',NULL,NULL,66,42,_binary '\0',NULL),(197790,175623,633,NULL,3,4200.00,12600.00,0.00,0.00,_binary '\0',_binary '',159,'2020-11-04 13:55:44',NULL,'2020-11-04 13:55:44',NULL,NULL,66,42,_binary '\0',NULL),(197791,175623,658,NULL,1,4800.00,4800.00,0.00,0.00,_binary '\0',_binary '',159,'2020-11-04 13:55:44',NULL,'2020-11-04 13:55:44',NULL,NULL,66,42,_binary '\0',NULL),(197792,175624,663,NULL,1,7076.00,7076.00,0.00,0.00,_binary '\0',_binary '',159,'2020-11-05 13:59:46',NULL,'2020-11-05 13:59:46',NULL,NULL,66,42,_binary '\0',NULL),(197793,175625,602,NULL,6,8000.00,48000.00,0.00,0.00,_binary '\0',_binary '',159,'2020-11-05 14:08:01',NULL,'2020-11-05 14:08:01',NULL,NULL,66,44,_binary '\0',NULL),(197794,175626,652,NULL,1,3051.00,3051.00,0.00,0.00,_binary '\0',_binary '',159,'2020-11-05 14:13:45',NULL,'2020-11-05 14:13:45',NULL,NULL,66,42,_binary '\0',NULL),(197795,175627,612,NULL,1,2542.00,2542.00,0.00,0.00,_binary '\0',_binary '',159,'2020-11-05 14:20:24',NULL,'2020-11-05 14:20:24',NULL,NULL,66,43,_binary '\0',NULL),(197796,175628,658,NULL,1,7500.00,7500.00,0.00,0.00,_binary '\0',_binary '',159,'2020-11-05 14:30:08',NULL,'2020-11-05 14:30:08',NULL,NULL,66,42,_binary '\0',NULL),(197797,175629,586,NULL,10,594.00,5940.00,0.00,0.00,_binary '\0',_binary '',159,'2020-11-05 14:35:40',NULL,'2020-11-05 14:35:40',NULL,NULL,66,1,_binary '\0',NULL),(197798,175630,652,NULL,1,21187.00,21187.00,0.00,0.00,_binary '\0',_binary '',159,'2020-11-06 14:39:04',NULL,'2020-11-06 14:39:04',NULL,NULL,66,42,_binary '\0',NULL),(197799,175631,645,NULL,2,3390.00,6780.00,0.00,0.00,_binary '\0',_binary '',159,'2020-11-07 15:40:54',NULL,'2020-11-07 15:40:54',NULL,NULL,66,42,_binary '\0',NULL),(197800,175631,658,NULL,2,3390.00,6780.00,0.00,0.00,_binary '\0',_binary '',159,'2020-11-07 15:40:54',NULL,'2020-11-07 15:40:54',NULL,NULL,66,42,_binary '\0',NULL),(197801,175631,662,NULL,6,3390.00,20340.00,0.00,0.00,_binary '\0',_binary '',159,'2020-11-07 15:40:54',NULL,'2020-11-07 15:40:54',NULL,NULL,66,42,_binary '\0',NULL),(197802,175632,645,NULL,2,5339.00,10678.00,0.00,0.00,_binary '\0',_binary '',159,'2020-11-07 15:57:31',NULL,'2020-11-07 15:57:31',NULL,NULL,66,42,_binary '\0',NULL),(197803,175633,664,NULL,1,2000.00,2000.00,0.00,0.00,_binary '\0',_binary '',159,'2020-11-07 16:00:34',NULL,'2020-11-07 16:00:34',NULL,NULL,66,44,_binary '\0',NULL),(197804,175634,600,NULL,1,424.00,424.00,0.00,0.00,_binary '\0',_binary '',159,'2020-11-07 16:04:22',NULL,'2020-11-07 16:04:22',NULL,NULL,66,45,_binary '\0',NULL),(197805,175635,601,NULL,6,4150.00,24900.00,0.00,0.00,_binary '\0',_binary '',159,'2020-11-08 16:11:22',NULL,'2020-11-08 16:11:22',NULL,NULL,66,44,_binary '\0',NULL),(197806,175635,664,NULL,6,1500.00,9000.00,0.00,0.00,_binary '\0',_binary '',159,'2020-11-08 16:11:22',NULL,'2020-11-08 16:11:22',NULL,NULL,66,44,_binary '\0',NULL),(197807,175636,633,NULL,1,5932.00,5932.00,0.00,0.00,_binary '\0',_binary '',159,'2020-11-08 16:13:42',NULL,'2020-11-08 16:13:42',NULL,NULL,66,42,_binary '\0',NULL),(197808,175637,612,NULL,1,2542.00,2542.00,0.00,0.00,_binary '\0',_binary '',159,'2020-11-09 16:16:29',NULL,'2020-11-09 16:16:29',NULL,NULL,66,43,_binary '\0',NULL),(197809,175638,612,NULL,1,2542.00,2542.00,0.00,0.00,_binary '\0',_binary '',159,'2020-11-09 16:18:41',NULL,'2020-11-09 16:18:41',NULL,NULL,66,43,_binary '\0',NULL),(197810,175639,612,NULL,1,2542.00,2542.00,0.00,0.00,_binary '\0',_binary '',159,'2020-11-09 16:20:31',NULL,'2020-11-09 16:20:31',NULL,NULL,66,43,_binary '\0',NULL),(197811,175640,665,NULL,1,75000.00,75000.00,0.00,0.00,_binary '\0',_binary '',159,'2020-11-09 16:34:48',NULL,'2020-11-09 16:34:48',NULL,NULL,66,42,_binary '\0',NULL),(197812,175641,599,NULL,7,5000.00,35000.00,0.00,0.00,_binary '\0',_binary '',159,'2020-11-11 16:35:29',NULL,'2020-11-11 16:35:29',NULL,NULL,66,1,_binary '\0',NULL),(197813,175642,612,NULL,4,2119.00,8476.00,0.00,0.00,_binary '\0',_binary '',159,'2020-11-10 16:39:58',NULL,'2020-11-10 16:39:58',NULL,NULL,66,43,_binary '\0',NULL),(197814,175643,586,NULL,15,848.00,12720.00,0.00,0.00,_binary '\0',_binary '',159,'2020-11-10 16:49:50',NULL,'2020-11-10 16:49:50',NULL,NULL,66,1,_binary '\0',NULL),(197815,175643,586,NULL,15,847.00,12705.00,0.00,0.00,_binary '\0',_binary '',159,'2020-11-10 16:49:50',NULL,'2020-11-10 16:49:50',NULL,NULL,66,1,_binary '\0',NULL),(197816,175644,601,NULL,10,3585.00,35850.00,0.00,0.00,_binary '\0',_binary '',159,'2020-11-10 16:59:06',NULL,'2020-11-10 16:59:06',NULL,NULL,66,44,_binary '\0',NULL),(197817,175644,664,NULL,10,1500.00,15000.00,0.00,0.00,_binary '\0',_binary '',159,'2020-11-10 16:59:06',NULL,'2020-11-10 16:59:06',NULL,NULL,66,44,_binary '\0',NULL),(197818,175645,601,NULL,5,3390.00,16950.00,0.00,0.00,_binary '\0',_binary '',159,'2020-11-10 17:13:53',NULL,'2020-11-10 17:13:53',NULL,NULL,66,44,_binary '\0',NULL),(197819,175646,605,NULL,3632,35.00,127120.00,0.00,0.00,_binary '\0',_binary '',159,'2020-11-10 17:20:06',NULL,'2020-11-10 17:20:06',NULL,NULL,66,46,_binary '\0',NULL),(197820,175647,624,NULL,4,4500.00,18000.00,0.00,0.00,_binary '\0',_binary '',159,'2020-11-10 17:41:09',NULL,'2020-11-10 17:41:09',NULL,NULL,66,42,_binary '\0',NULL),(197821,175647,633,NULL,4,5000.00,20000.00,0.00,0.00,_binary '\0',_binary '',159,'2020-11-10 17:41:09',NULL,'2020-11-10 17:41:09',NULL,NULL,66,42,_binary '\0',NULL),(197822,175648,612,NULL,1,2542.00,2542.00,0.00,0.00,_binary '\0',_binary '',159,'2020-11-12 17:43:51',NULL,'2020-11-12 17:43:51',NULL,NULL,66,43,_binary '\0',NULL),(197823,175649,608,NULL,6,7063.00,42378.00,0.00,0.00,_binary '\0',_binary '',159,'2020-11-02 18:06:33',NULL,'2020-11-02 18:06:33',NULL,NULL,66,43,_binary '\0',NULL),(197824,175650,638,NULL,5,2543.00,12715.00,0.00,0.00,_binary '\0',_binary '\0',159,'2020-11-17 00:00:00',NULL,'2020-11-17 00:00:00',NULL,NULL,66,42,_binary '\0',NULL),(197825,175651,599,NULL,7,3911.00,27377.00,0.00,0.00,_binary '\0',_binary '',159,'2020-11-17 00:00:00',NULL,'2020-11-17 00:00:00',NULL,NULL,66,1,_binary '\0',NULL),(197826,175652,638,NULL,5,3000.00,15000.00,0.00,0.00,_binary '\0',_binary '',159,'2020-11-17 00:00:00',NULL,'2020-11-17 00:00:00',NULL,NULL,66,42,_binary '\0',NULL),(197827,175653,612,NULL,1,2542.00,2542.00,0.00,0.00,_binary '\0',_binary '',159,'2020-11-12 18:30:41',NULL,'2020-11-12 18:30:41',NULL,NULL,66,43,_binary '\0',NULL),(197828,175654,610,NULL,1,2500.00,2500.00,0.00,0.00,_binary '\0',_binary '',159,'2020-11-17 00:00:00',NULL,'2020-11-17 00:00:00',NULL,NULL,66,43,_binary '\0',NULL),(197829,175655,601,NULL,5,1271.00,6355.00,0.00,0.00,_binary '\0',_binary '',159,'2020-11-16 19:22:46',NULL,'2020-11-16 19:22:46',NULL,NULL,66,44,_binary '\0',NULL),(197830,175655,601,NULL,5,1272.00,6360.00,0.00,0.00,_binary '\0',_binary '',159,'2020-11-16 19:22:46',NULL,'2020-11-16 19:22:46',NULL,NULL,66,44,_binary '\0',NULL),(197831,175656,612,NULL,1,1695.00,1695.00,0.00,0.00,_binary '\0',_binary '',159,'2020-11-16 19:44:47',NULL,'2020-11-16 19:44:47',NULL,NULL,66,43,_binary '\0',NULL),(197832,175657,658,NULL,2,3107.00,6214.00,0.00,0.00,_binary '\0',_binary '',159,'2020-11-16 19:48:45',NULL,'2020-11-16 19:48:45',NULL,NULL,66,42,_binary '\0',NULL),(197833,175657,645,NULL,1,3108.00,3108.00,0.00,0.00,_binary '\0',_binary '',159,'2020-11-16 19:48:45',NULL,'2020-11-16 19:48:45',NULL,NULL,66,42,_binary '\0',NULL),(197834,175658,645,NULL,2,3015.00,6030.00,0.00,0.00,_binary '\0',_binary '',159,'2020-11-16 19:56:38',NULL,'2020-11-16 19:56:38',NULL,NULL,66,42,_binary '\0',NULL),(197835,175658,658,NULL,2,3015.00,6030.00,0.00,0.00,_binary '\0',_binary '',159,'2020-11-16 19:56:38',NULL,'2020-11-16 19:56:38',NULL,NULL,66,42,_binary '\0',NULL),(197836,175658,666,NULL,1,1499.00,1499.00,0.00,0.00,_binary '\0',_binary '',159,'2020-11-16 19:56:38',NULL,'2020-11-16 19:56:38',NULL,NULL,66,42,_binary '\0',NULL),(197837,175659,655,NULL,2,424.00,848.00,0.00,0.00,_binary '\0',_binary '',159,'2020-11-16 19:59:09',NULL,'2020-11-16 19:59:09',NULL,NULL,66,42,_binary '\0',NULL),(197838,175660,605,NULL,2788,38.00,105944.00,0.00,0.00,_binary '\0',_binary '',159,'2020-11-16 20:05:22',NULL,'2020-11-16 20:05:22',NULL,NULL,66,46,_binary '\0',NULL),(197839,175661,645,NULL,1,4000.00,4000.00,0.00,0.00,_binary '\0',_binary '',159,'2020-11-18 12:03:04',NULL,'2020-11-18 12:03:04',NULL,NULL,66,42,_binary '\0',NULL),(197840,175662,599,NULL,1,3000.00,3000.00,0.00,0.00,_binary '\0',_binary '',159,'2020-11-18 12:04:42',NULL,'2020-11-18 12:04:42',NULL,NULL,66,1,_binary '\0',NULL),(197841,175663,614,NULL,1,5000.00,5000.00,0.00,0.00,_binary '\0',_binary '',159,'2020-11-18 19:02:23',NULL,'2020-11-18 19:02:23',NULL,NULL,66,43,_binary '\0',NULL),(197842,175664,645,NULL,1,2119.00,2119.00,0.00,0.00,_binary '\0',_binary '',159,'2020-11-18 19:07:00',NULL,'2020-11-18 19:07:00',NULL,NULL,66,42,_binary '\0',NULL),(197843,175665,612,NULL,2,4873.00,9746.00,0.00,0.00,_binary '\0',_binary '',159,'2020-11-19 15:38:33',NULL,'2020-11-19 15:38:33',NULL,NULL,66,43,_binary '\0',NULL),(197844,175666,658,NULL,1,5509.00,5509.00,0.00,0.00,_binary '\0',_binary '',159,'2020-11-19 15:43:33',NULL,'2020-11-19 15:43:33',NULL,NULL,66,42,_binary '\0',NULL),(197845,175667,615,NULL,6,1752.00,10512.00,0.00,0.00,_binary '\0',_binary '',159,'2020-11-19 00:00:00',NULL,'2020-11-19 00:00:00',NULL,NULL,66,43,_binary '\0',NULL),(197846,175668,645,NULL,2,6000.00,12000.00,0.00,0.00,_binary '\0',_binary '',159,'2020-11-19 18:29:03',NULL,'2020-11-19 18:29:03',NULL,NULL,66,42,_binary '\0',NULL),(197847,175668,633,NULL,2,4000.00,8000.00,0.00,0.00,_binary '\0',_binary '',159,'2020-11-19 18:29:03',NULL,'2020-11-19 18:29:03',NULL,NULL,66,42,_binary '\0',NULL),(197848,175669,601,NULL,2,4238.00,8476.00,0.00,0.00,_binary '\0',_binary '',159,'2020-11-20 00:00:00',NULL,'2020-11-20 00:00:00',NULL,NULL,66,44,_binary '\0',NULL),(197849,175670,655,NULL,1,500.00,500.00,0.00,0.00,_binary '\0',_binary '',159,'2020-11-20 00:00:00',NULL,'2020-11-20 00:00:00',NULL,NULL,66,42,_binary '\0',NULL),(197850,175671,633,NULL,2,5000.00,10000.00,0.00,0.00,_binary '\0',_binary '',159,'2020-11-21 00:00:00',NULL,'2020-11-21 00:00:00',NULL,NULL,66,42,_binary '\0',NULL),(197851,175671,645,NULL,4,5000.00,20000.00,0.00,0.00,_binary '\0',_binary '',159,'2020-11-21 00:00:00',NULL,'2020-11-21 00:00:00',NULL,NULL,66,42,_binary '\0',NULL),(197852,175672,655,NULL,2,424.00,848.00,0.00,0.00,_binary '\0',_binary '',159,'2020-11-21 00:00:00',NULL,'2020-11-21 00:00:00',NULL,NULL,66,42,_binary '\0',NULL),(197853,175673,601,NULL,1,4237.00,4237.00,0.00,0.00,_binary '\0',_binary '',159,'2020-11-21 00:00:00',NULL,'2020-11-21 00:00:00',NULL,NULL,66,44,_binary '\0',NULL),(197854,175674,601,NULL,9,2844.00,25596.00,0.00,0.00,_binary '\0',_binary '',159,'2020-11-21 00:00:00',NULL,'2020-11-21 00:00:00',NULL,NULL,66,44,_binary '\0',NULL),(197855,175675,601,NULL,6,2382.00,14292.00,0.00,0.00,_binary '\0',_binary '',159,'2020-11-21 00:00:00',NULL,'2020-11-21 00:00:00',NULL,NULL,66,44,_binary '\0',NULL),(197856,175676,608,NULL,6,8333.00,49998.00,0.00,0.00,_binary '\0',_binary '',159,'2020-11-21 00:00:00',NULL,'2020-11-21 00:00:00',NULL,NULL,66,43,_binary '\0',NULL),(197857,175677,689,NULL,6,3900.00,23400.00,0.00,0.00,_binary '\0',_binary '',159,'2020-11-21 00:00:00',NULL,'2020-11-21 00:00:00',NULL,NULL,66,42,_binary '\0',NULL),(197858,175677,624,NULL,3,4450.00,13350.00,0.00,0.00,_binary '\0',_binary '',159,'2020-11-21 00:00:00',NULL,'2020-11-21 00:00:00',NULL,NULL,66,42,_binary '\0',NULL),(197859,175677,636,NULL,4,3995.00,15980.00,0.00,0.00,_binary '\0',_binary '',159,'2020-11-21 00:00:00',NULL,'2020-11-21 00:00:00',NULL,NULL,66,42,_binary '\0',NULL),(197860,175677,640,NULL,4,3995.00,15980.00,0.00,0.00,_binary '\0',_binary '',159,'2020-11-21 00:00:00',NULL,'2020-11-21 00:00:00',NULL,NULL,66,42,_binary '\0',NULL),(197861,175678,653,NULL,30,500.00,15000.00,0.00,0.00,_binary '\0',_binary '',159,'2020-11-21 00:00:00',NULL,'2020-11-21 00:00:00',NULL,NULL,66,42,_binary '\0',NULL),(197862,175679,621,NULL,6,2118.00,12708.00,0.00,0.00,_binary '\0',_binary '',159,'2020-11-22 00:00:00',NULL,'2020-11-22 00:00:00',NULL,NULL,66,43,_binary '\0',NULL),(197863,175679,622,NULL,6,2118.00,12708.00,0.00,0.00,_binary '\0',_binary '',159,'2020-11-22 00:00:00',NULL,'2020-11-22 00:00:00',NULL,NULL,66,43,_binary '\0',NULL),(197864,175679,616,NULL,6,1414.00,8484.00,0.00,0.00,_binary '\0',_binary '',159,'2020-11-22 00:00:00',NULL,'2020-11-22 00:00:00',NULL,NULL,66,43,_binary '\0',NULL),(197865,175680,689,NULL,3,5000.00,15000.00,0.00,0.00,_binary '\0',_binary '',159,'2020-11-22 00:00:00',NULL,'2020-11-22 00:00:00',NULL,NULL,66,42,_binary '\0',NULL),(197866,175680,645,NULL,2,5000.00,10000.00,0.00,0.00,_binary '\0',_binary '',159,'2020-11-22 00:00:00',NULL,'2020-11-22 00:00:00',NULL,NULL,66,42,_binary '\0',NULL),(197867,175681,600,NULL,1,424.00,424.00,0.00,0.00,_binary '\0',_binary '',159,'2020-11-22 00:00:00',NULL,'2020-11-22 00:00:00',NULL,NULL,66,45,_binary '\0',NULL),(197868,175682,612,NULL,1,2542.00,2542.00,0.00,0.00,_binary '\0',_binary '',159,'2020-11-22 00:00:00',NULL,'2020-11-22 00:00:00',NULL,NULL,66,43,_binary '\0',NULL),(197869,175683,600,NULL,2,424.00,848.00,0.00,0.00,_binary '\0',_binary '',159,'2020-11-22 00:00:00',NULL,'2020-11-22 00:00:00',NULL,NULL,66,45,_binary '\0',NULL),(197870,175684,600,NULL,2,424.00,848.00,0.00,0.00,_binary '\0',_binary '',159,'2020-11-22 00:00:00',NULL,'2020-11-22 00:00:00',NULL,NULL,66,45,_binary '\0',NULL),(197871,175685,637,NULL,1,1695.00,1695.00,0.00,0.00,_binary '\0',_binary '',159,'2020-11-22 00:00:00',NULL,'2020-11-22 00:00:00',NULL,NULL,66,42,_binary '\0',NULL),(197872,175686,603,NULL,1,15000.00,15000.00,0.00,0.00,_binary '\0',_binary '',159,'2020-11-23 00:00:00',NULL,'2020-11-23 00:00:00',NULL,NULL,66,44,_binary '\0',NULL),(197873,175686,604,NULL,1,5000.00,5000.00,0.00,0.00,_binary '\0',_binary '',159,'2020-11-23 00:00:00',NULL,'2020-11-23 00:00:00',NULL,NULL,66,44,_binary '\0',NULL);

--
-- Table structure for table `Branch`
--

CREATE TABLE `Branch` (
  `Id` int NOT NULL AUTO_INCREMENT,
  `BranchName` varchar(255) CHARACTER SET utf8mb4 COLLATE utf8mb4_general_ci DEFAULT NULL,
  `BranchCode` varchar(255) CHARACTER SET utf8mb4 COLLATE utf8mb4_general_ci DEFAULT NULL,
  `CountryId` int DEFAULT '1',
  `StateId` int DEFAULT NULL,
  `CityId` int DEFAULT NULL,
  `Address` varchar(255) CHARACTER SET utf8mb4 COLLATE utf8mb4_general_ci DEFAULT NULL,
  `Pincode` int DEFAULT NULL,
  `PhoneNo1` varchar(12) CHARACTER SET utf8mb4 COLLATE utf8mb4_general_ci DEFAULT NULL,
  `PhoneNo2` varchar(12) CHARACTER SET utf8mb4 COLLATE utf8mb4_general_ci DEFAULT NULL,
  `FaxNo` varchar(11) COLLATE utf8mb4_general_ci DEFAULT NULL,
  `MobileNo1` varchar(12) COLLATE utf8mb4_general_ci DEFAULT NULL,
  `MobileNo2` varchar(12) COLLATE utf8mb4_general_ci DEFAULT NULL,
  `ContactPerson1` varchar(100) CHARACTER SET utf8mb4 COLLATE utf8mb4_general_ci DEFAULT NULL,
  `ContactPerson2` varchar(100) CHARACTER SET utf8mb4 COLLATE utf8mb4_general_ci DEFAULT NULL,
  `IndentPercentage` decimal(13,2) DEFAULT '0.00',
  `BranchEmailId` varchar(100) CHARACTER SET utf8mb4 COLLATE utf8mb4_general_ci DEFAULT NULL,
  `Status` int NOT NULL DEFAULT '1',
  `CreatedBy` int NOT NULL DEFAULT '0',
  `CreatedDate` varchar(50) CHARACTER SET utf8mb4 COLLATE utf8mb4_general_ci DEFAULT NULL,
  `ModifiedBy` int NOT NULL DEFAULT '0',
  `ModifiedDate` varchar(50) CHARACTER SET utf8mb4 COLLATE utf8mb4_general_ci DEFAULT NULL,
  `ISACTIVE` varchar(15) CHARACTER SET utf8mb4 COLLATE utf8mb4_general_ci NOT NULL DEFAULT '1',
  `IPAddress` varchar(20) CHARACTER SET utf8mb4 COLLATE utf8mb4_general_ci DEFAULT NULL,
  `District` int DEFAULT NULL,
  `DomainName` varchar(255) CHARACTER SET utf8mb4 COLLATE utf8mb4_general_ci DEFAULT NULL,
  `IsOutSideBranch` int DEFAULT NULL,
  `IsAdminBranch` int DEFAULT NULL,
  `IsCallCenter` int DEFAULT NULL,
  `ComesInBusiness` int DEFAULT NULL,
  `IsSurvey` int DEFAULT NULL,
  `DietitianNo` varchar(100) CHARACTER SET utf8mb4 COLLATE utf8mb4_general_ci DEFAULT NULL,
  `AsstDoctorNo` varchar(100) CHARACTER SET utf8mb4 COLLATE utf8mb4_general_ci DEFAULT NULL,
  `RoleKey` varchar(50) CHARACTER SET utf8mb4 COLLATE utf8mb4_general_ci DEFAULT NULL,
  `branch_image` varchar(255) COLLATE utf8mb4_general_ci DEFAULT NULL,
  PRIMARY KEY (`Id`)
) ENGINE=InnoDB AUTO_INCREMENT=122 DEFAULT CHARSET=utf8mb4 COLLATE=utf8mb4_general_ci;

--
-- Dumping data for table `Branch`
--

INSERT INTO `Branch` VALUES (1,'HO','HO',1,3,10,'hyd',231265,'044-40114444',NULL,'56554','4123456987','5654669874','fhghfgh','ghfgh',566456.00,'welona1234@gmail.com',1,1,'2015-02-10 15:45:00',1,'2015-02-10 15:47:00','1','49.206.194.215',4,'ho.welona.in',0,1,0,0,0,NULL,NULL,'Admin',NULL),(23,'anna area','5',1,NULL,NULL,'mumbai',987654,'1234567890',NULL,NULL,NULL,NULL,NULL,NULL,NULL,'branch@gmail.com',1,0,NULL,0,NULL,'1',NULL,NULL,NULL,NULL,NULL,NULL,NULL,NULL,NULL,NULL,NULL,NULL),(66,'Adyar','ADYAR',1,48,0,'No 163, Sms building\r\nL B road  (Opp to L B road Bus depo )\r\nThiruvanmiyur\r\nChennai 600041',600041,'044-40114444',NULL,'null','87789789',NULL,'ghghgh',NULL,NULL,'welona1234@gmail.com',1,1,'2020-08-13 18:11:00',1,'2024-02-13 06:14:25','0','64.235.41.75',0,'adyar.welona.in',0,0,0,1,0,NULL,NULL,'Branch',NULL),(67,'Anna','AN',1,2,0,'HYD',600040,'044-401144',NULL,'null','99999995',NULL,'VASAVI',NULL,NULL,'welona1234@gmail.c',1,1,'2022-09-02 19:13:00',1,'2024-01-31 12:45:59','0','64.235.41.75',0,'Annanagar.welona.in',0,0,0,1,0,NULL,NULL,'Branch',NULL),(68,'hyd','12',1,48,0,'ksr nagar',789098,'0987654321',NULL,NULL,NULL,NULL,NULL,NULL,NULL,'br@gmail.com',1,1,'2022-09-02 19:35:00',78,'2024-01-26 06:10:44','0','64.235.41.75',0,'tnagar.welona.in',0,0,0,1,0,NULL,NULL,'Branch',NULL),(69,'anna area','5',1,NULL,NULL,'mumbai',987654,'1234567890',NULL,NULL,NULL,NULL,NULL,NULL,NULL,'branch@gmail.com',1,0,NULL,23,NULL,'1','::ffff:127.0.0.1',NULL,NULL,NULL,NULL,NULL,NULL,NULL,NULL,NULL,NULL,NULL),(70,'anna area','5',1,NULL,NULL,'mumbai',987654,'1234567890',NULL,NULL,NULL,NULL,NULL,NULL,NULL,'branch@gmail.com',1,0,NULL,22,NULL,'1','::ffff:127.0.0.1',NULL,NULL,NULL,NULL,NULL,NULL,NULL,NULL,NULL,NULL,NULL),(71,'anna area','5',1,NULL,NULL,'mumbai',987654,'1234567890',NULL,NULL,NULL,NULL,NULL,NULL,NULL,'branch@gmail.com',1,0,NULL,22,NULL,'1','::ffff:127.0.0.1',NULL,NULL,NULL,NULL,NULL,NULL,NULL,NULL,NULL,NULL,NULL),(72,'anna area','5',1,NULL,NULL,'mumbai',987654,'1234567890',NULL,NULL,NULL,NULL,NULL,NULL,NULL,'branch@gmail.com',1,0,NULL,22,NULL,'1','::ffff:127.0.0.1',NULL,NULL,NULL,NULL,NULL,NULL,NULL,NULL,NULL,NULL,NULL),(73,'anna area','5',1,NULL,NULL,'mumbai',987654,'1234567890',NULL,NULL,NULL,NULL,NULL,NULL,NULL,'branch@gmail.com',1,0,NULL,22,NULL,'1','::ffff:127.0.0.1',NULL,NULL,NULL,NULL,NULL,NULL,NULL,NULL,NULL,NULL,NULL),(74,'fhf','12',1,NULL,NULL,'ghf',123456,'9877776543',NULL,NULL,NULL,NULL,NULL,NULL,NULL,'ghfh',1,0,NULL,1,NULL,'1','::ffff:127.0.0.1',NULL,NULL,NULL,NULL,NULL,NULL,NULL,NULL,NULL,NULL,NULL),(75,'qer','qqqd',1,NULL,NULL,'hsjk',1234,'6543222345',NULL,NULL,NULL,NULL,NULL,NULL,NULL,'sgsws',1,0,NULL,1,NULL,'1','::ffff:127.0.0.1',NULL,NULL,NULL,NULL,NULL,NULL,NULL,NULL,NULL,NULL,NULL),(76,'hyd area','12',1,NULL,NULL,'mumbai',987654,'1234567890',NULL,NULL,NULL,NULL,NULL,NULL,NULL,'br@gmail.com',1,0,NULL,78,NULL,'1','::ffff:127.0.0.1',NULL,NULL,NULL,NULL,NULL,NULL,NULL,NULL,NULL,NULL,NULL),(77,'hyd area','12',1,NULL,NULL,'mumbai',987654,'1234567890',NULL,NULL,NULL,NULL,NULL,NULL,NULL,'br@gmail.com',1,0,NULL,78,NULL,'1','::ffff:127.0.0.1',NULL,NULL,NULL,NULL,NULL,NULL,NULL,NULL,NULL,NULL,NULL),(78,'hyd area','12',1,NULL,NULL,'mumbai',987654,'1234567890',NULL,NULL,NULL,NULL,NULL,NULL,NULL,'br@gmail.com',1,0,NULL,79,NULL,'1','::ffff:127.0.0.1',NULL,NULL,NULL,NULL,NULL,NULL,NULL,NULL,NULL,NULL,NULL),(79,'hyd area','12',1,NULL,NULL,'mumbai',987654,'1234567890',NULL,NULL,NULL,NULL,NULL,NULL,NULL,'br@gmail.com',1,0,NULL,67,NULL,'1','::ffff:127.0.0.1',NULL,NULL,NULL,NULL,NULL,NULL,NULL,NULL,NULL,NULL,NULL),(80,'hyd area','12',1,NULL,NULL,'mumbai',987654,'1234567890',NULL,NULL,NULL,NULL,NULL,NULL,NULL,'br@gmail.com',1,0,NULL,57,NULL,'1','::ffff:127.0.0.1',NULL,NULL,NULL,NULL,NULL,NULL,NULL,NULL,NULL,NULL,NULL),(81,'hyd area','12',1,NULL,NULL,'mumbai',987654,'1234567890',NULL,NULL,NULL,NULL,NULL,NULL,NULL,'br@gmail.com',1,0,NULL,7,NULL,'1','::ffff:127.0.0.1',NULL,NULL,NULL,NULL,NULL,NULL,NULL,NULL,NULL,NULL,NULL),(82,'jntu HYD','HYD',1,2,NULL,'JNTU',500231,'0987654321',NULL,NULL,'99999999999',NULL,'VASAVI',NULL,0.00,'welona1234@gmail.com',1,1,'2024-01-26 13:54:37',40,'2024-02-13 06:41:00','0','122.171.117.147',NULL,NULL,NULL,NULL,NULL,NULL,NULL,NULL,NULL,NULL,NULL),(83,'1','AN',1,45,NULL,'welona health care Pvt Ltd ,west wood building ,old number y-205 , new number 32 , 1st floor 5th Avenue ,Anna nagar west , Chennai 600040',600040,'0987654321',NULL,NULL,'9999999999',NULL,'VASAVI',NULL,0.00,'welona1234@gmail.com',1,1,'2024-01-26 14:09:05',1,'2024-02-03 16:39:28','0','122.171.117.147',NULL,NULL,NULL,NULL,NULL,NULL,NULL,NULL,NULL,NULL,NULL),(84,'qer','qqqd',1,48,NULL,'welona health care Pvt Ltd ,west wood building ,old number y-205 , new number 32 , 1st floor 5th Avenue ,Anna nagar west , Chennai 600040',66,'0987654321',NULL,NULL,'99999999999',NULL,'000000000',NULL,0.00,'welona1234@gmail.com',1,1,'2024-01-30 09:48:42',1,'2024-02-03 16:39:28','0','223.181.144.51',NULL,NULL,NULL,NULL,NULL,NULL,NULL,NULL,NULL,NULL,NULL),(85,'Anna Nagar','AN',1,45,NULL,'ksr nagar',600040,'6543222345',NULL,NULL,'666666666',NULL,'VASAVI',NULL,0.00,'welona1234@gmail.com',1,1,'2024-02-02 11:50:24',0,NULL,'1','122.171.73.24',NULL,NULL,NULL,NULL,NULL,NULL,NULL,NULL,NULL,NULL,NULL),(86,'Anna Nagar','AN',1,45,NULL,'ksr nagar',600040,'6543222345',NULL,NULL,'666666666',NULL,'VASAVI',NULL,0.00,'welona1234@gmail.com',1,1,'2024-02-02 11:52:03',0,NULL,'1','122.171.73.24',NULL,NULL,NULL,NULL,NULL,NULL,NULL,NULL,NULL,NULL,NULL),(87,'Anna Nagar','AN',1,48,NULL,'welona health care Pvt Ltd ,west wood building ,old number y-205 , new number 32 , 1st floor 5th Avenue ,Anna nagar west , Chennai 600040',600040,'0987654321',NULL,NULL,'666666666',NULL,'VASAVI',NULL,0.00,'welona1234@gmail.com',1,1,'2024-02-02 11:56:51',1,'2024-02-03 16:39:28','0','122.171.73.24',NULL,NULL,NULL,NULL,NULL,NULL,NULL,NULL,NULL,NULL,NULL),(88,'Anna Nagar','ADYAR',1,45,NULL,'test test',456456,'0987654321',NULL,NULL,'6666666',NULL,'VASAVI',NULL,0.00,'welona1234@gmail.com',1,1,'2024-02-02 14:20:27',1,'2024-02-03 16:39:28','0','122.171.73.24',NULL,NULL,NULL,NULL,NULL,NULL,NULL,NULL,NULL,NULL,NULL),(89,'Anna Nagar','AN',1,2,NULL,'welona health care Pvt Ltd ,west wood building ,old number y-205 , new number 32 , 1st floor 5th Avenue ,Anna nagar west , Chennai 600040',600040,'0987654321',NULL,NULL,'666666666',NULL,'VASAVI',NULL,0.00,'welona1234@gmail.com',1,1,'2024-02-02 14:23:13',1,'2024-02-03 16:39:28','0','122.171.73.24',NULL,NULL,NULL,NULL,NULL,NULL,NULL,NULL,NULL,NULL,NULL),(90,'Anna Nagar','AN',1,2,NULL,'welona health care Pvt Ltd ,west wood building ,old number y-205 , new number 32 , 1st floor 5th Avenue ,Anna nagar west , Chennai 600040',600040,'0987654321',NULL,NULL,'666666666',NULL,'VASAVI',NULL,0.00,'mailto:welona1234@gmail.com',1,1,'2024-02-02 14:25:59',1,'2024-02-03 16:39:28','0','122.171.73.24',NULL,NULL,NULL,NULL,NULL,NULL,NULL,NULL,NULL,NULL,NULL),(91,'Anna Nagar','AN',1,2,NULL,'welona health care Pvt Ltd ,west wood building ,old number y-205 , new number 32 , 1st floor 5th Avenue ,Anna nagar west , Chennai 600040',600040,'0987654321',NULL,NULL,'666666666',NULL,'VASAVI',NULL,0.00,'mailto:welona1234@gmail.com',1,1,'2024-02-02 14:31:00',1,'2024-02-03 16:39:28','0','122.171.73.24',NULL,NULL,NULL,NULL,NULL,NULL,NULL,NULL,NULL,NULL,NULL),(92,'Anna Nagar','AN',1,2,NULL,'welona health care Pvt Ltd ,west wood building ,old number y-205 , new number 32 , 1st floor 5th Avenue ,Anna nagar west , Chennai 600040',600040,'0987654321',NULL,NULL,'666666666',NULL,'VASAVI',NULL,0.00,'mailto:welona1234@gmail.com',1,1,'2024-02-02 14:37:34',1,'2024-02-03 16:39:28','0','122.171.73.24',NULL,NULL,NULL,NULL,NULL,NULL,NULL,NULL,NULL,NULL,NULL),(93,'Anna Nagar','AN',1,2,NULL,'welona health care Pvt Ltd ,west wood building ,old number y-205 , new number 32 , 1st floor 5th Avenue ,Anna nagar west , Chennai 600040',600040,'0987654321',NULL,NULL,'666666666',NULL,'VASAVI',NULL,0.00,'mailto:welona1234@gmail.com',1,1,'2024-02-02 14:37:34',1,'2024-02-03 16:39:28','0','122.171.73.24',NULL,NULL,NULL,NULL,NULL,NULL,NULL,NULL,NULL,NULL,NULL),(94,'JNTU','HYDJN001',1,59,NULL,'JNTU X Road , Near JNTU University , Hyderabd',500654,'0987654321',NULL,NULL,'0990908812',NULL,'Person Rammaya',NULL,0.00,'jntuhyd@gmail.com',1,1,'2024-02-02 14:46:55',1,'2024-02-03 16:39:28','0','43.241.64.136',NULL,NULL,NULL,NULL,NULL,NULL,NULL,NULL,NULL,NULL,NULL),(95,'JNTUhh','HYDJN001234',1,48,NULL,'JNTU X Road , Near JNTU University , Hyderabd',500654,'0987654321',NULL,'null','0990908812',NULL,'Person Rammaya',NULL,0.00,'jntuhyd@gmail.com',1,1,'2024-02-03 16:39:28',1,'2024-02-14 06:45:45','0','43.241.64.136',NULL,NULL,NULL,NULL,NULL,NULL,NULL,NULL,NULL,NULL,NULL),(96,'Anna Nagar','AN',1,2,NULL,'welona health care Pvt Ltd ,west wood building ,old number y-205 , new number 32 , 1st floor 5th Avenue ,Anna nagar west , Chennai 600040',600040,'0987654321',NULL,'null','666666666',NULL,'VASAVI',NULL,0.00,'mailto:welona1234@gmail.com',1,1,'2024-02-05 08:16:26',40,'2024-02-14 07:45:26','0','122.175.99.147',NULL,NULL,NULL,NULL,NULL,NULL,NULL,NULL,NULL,NULL,NULL),(97,'Anna Nagar','AN',1,2,NULL,'welona health care Pvt Ltd ,west wood building ,old number y-205 , new number 32 , 1st floor 5th Avenue ,Anna nagar west , Chennai 600040',600040,'0987654321',NULL,NULL,'666666666',NULL,'VASAVI',NULL,0.00,'mailto:welona1234@gmail.com',1,1,'2024-02-05 10:01:41',40,'2024-02-13 06:31:11','0','122.175.99.147',NULL,NULL,NULL,NULL,NULL,NULL,NULL,NULL,NULL,NULL,NULL),(98,'kbhptttt','kb',1,48,NULL,'welona health care Pvt Ltd ,west wood building ,old number y-205 , new number 32 , 1st floor 5th Avenue ,Anna nagar west , Chennai 600040',600040,'9456238961',NULL,'null','0990908812',NULL,'VASAVI',NULL,0.00,'welona1234@gmail.comm',1,1,'2024-02-05 10:01:41',1,'2024-02-13 06:31:11','0','122.175.99.147',NULL,NULL,NULL,NULL,NULL,NULL,NULL,NULL,NULL,NULL,NULL),(99,'1','12334',1,61,NULL,'welona health care Pvt Ltd ,west wood building ,old number y-205 , new number 32 , 1st floor 5th Avenue ,Anna nagar west , Chennai 600040',50324444,'9945534579',NULL,'null','65656563213',NULL,'wase',NULL,0.00,'ranirajveerr1@gmail.c',1,1,'2024-02-05 13:42:59',1,'2024-02-13 06:14:25','0','122.175.99.147',NULL,NULL,NULL,NULL,NULL,NULL,NULL,NULL,NULL,NULL,NULL),(100,'Anna Nagar','AN',1,2,NULL,'welona health care Pvt Ltd ,west wood building ,old number y-205 , new number 32 , 1st floor 5th Avenue ,Anna nagar west , Chennai 600040',600040,'0987654321',NULL,'undefined','666666669',NULL,'RANI',NULL,0.00,'mailto:welona1234@gmail.com',1,1,'2024-02-09 10:47:23',1,'2024-02-13 06:14:25','0','122.176.147.241',NULL,NULL,NULL,NULL,NULL,NULL,NULL,NULL,NULL,NULL,NULL),(101,'jntuhh','456673',1,59,NULL,'ksr nagar',600040,'0987654321',NULL,'null','0990908812',NULL,'Person Rammaya',NULL,0.00,'welona1234@gmail.commm',1,1,'2024-02-09 12:21:58',1,'2024-02-13 06:14:25','0','122.176.147.241',NULL,NULL,NULL,NULL,NULL,NULL,NULL,NULL,NULL,NULL,NULL),(102,'Adyar','563427',1,48,NULL,'ksr nagar',600040,'8622457354',NULL,'null','0990908812',NULL,'Person Rammaya',NULL,0.00,'sgsws',1,1,'2024-02-13 06:31:11',0,'2024-02-15 10:10:11','1','122.183.166.141',NULL,NULL,NULL,NULL,NULL,NULL,NULL,NULL,NULL,NULL,NULL),(103,'Anna Nagar','AN',1,2,NULL,'welona health care Pvt Ltd ,west wood building ,old number y-205 , new number 32 , 1st floor 5th Avenue ,Anna nagar west , Chennai 600040',600040,'0987654321',NULL,'null','666666666',NULL,'VASAVI',NULL,0.00,'mailto:welona1234@gmail.com',1,1,'2024-02-13 06:48:11',0,'2024-02-14 06:45:45','1','122.183.166.141',NULL,NULL,NULL,NULL,NULL,NULL,NULL,NULL,NULL,NULL,NULL),(104,'Anna Nagar','AN',1,2,NULL,'welona health care Pvt Ltd ,west wood building ,old number y-205 , new number 32 , 1st floor 5th Avenue ,Anna nagar west , Chennai 600040',600040,'0987654321',NULL,'null','666666666',NULL,'VASAVI',NULL,0.00,'mailto:welona1234@gmail.com',1,1,'2024-02-13 06:48:11',0,'2024-02-14 05:49:15','1','122.183.166.141',NULL,NULL,NULL,NULL,NULL,NULL,NULL,NULL,NULL,NULL,NULL),(105,'Anna Nagaree','AN',1,48,NULL,'welona health care Pvt Ltd ,west wood building ,old number y-205 , new number 32 , 1st floor 5th Avenue ,Anna nagar west , Chennai 600040',60004088,'0987654321',NULL,'null','666666666',NULL,'VASAVI',NULL,0.00,'mailto:welona1234@gmail.com',1,1,'2024-02-13 10:21:46',0,'2024-02-16 09:42:03','1','122.183.166.141',NULL,NULL,NULL,NULL,NULL,NULL,NULL,NULL,NULL,NULL,'branchImages/Screenshot 2024-02-08 122258.png'),(106,'gas','12',1,61,NULL,'ksr nagar',789098,'0987654321',NULL,'null','0990908812',NULL,'sri',NULL,0.00,'sri12@gmail.com',1,1,'2024-02-14 04:59:26',40,'2024-02-14 07:45:26','0','122.183.166.141',NULL,NULL,NULL,NULL,NULL,NULL,NULL,NULL,NULL,NULL,NULL),(107,'qer','qqqd',1,60,NULL,'hsjk',123,'0987654321',NULL,'null','666666666',NULL,'nani',NULL,0.00,'sdf',1,1,'2024-02-14 07:18:36',1,'2024-02-14 07:45:26','0','122.183.166.141',NULL,NULL,NULL,NULL,NULL,NULL,NULL,NULL,NULL,NULL,NULL),(108,'Perangudi','PN',1,48,NULL,'perangudi,chennai,tamilnadu',500084,'9234263772',NULL,'null','9234263772',NULL,'Swamynadhan',NULL,0.00,'welonaperangudi@gmail.com',1,1,'2024-02-15 06:04:23',0,'2024-02-16 09:40:42','1','122.183.166.141',NULL,NULL,NULL,NULL,NULL,NULL,NULL,NULL,NULL,NULL,'branchImages/asd.png'),(109,'Anna Nagar','AN',1,80,NULL,'cfgjjk',1234,'044-40114444',NULL,NULL,'99999999999',NULL,'33333333333',NULL,0.00,'sdf',1,1,'2024-02-16 09:44:20',0,NULL,'1','117.98.195.239',NULL,NULL,NULL,NULL,NULL,NULL,NULL,NULL,NULL,NULL,NULL),(110,'2','1233',1,1,NULL,'8',5032213,'99455345793',NULL,'null','12234456783',NULL,'wase3',NULL,0.00,'ranirajveerr1@gmail.com3',1,1,'2024-02-19 12:22:06',1,'2024-03-14 13:08:36','1','122.174.141.187',NULL,NULL,NULL,NULL,NULL,NULL,NULL,NULL,NULL,NULL,'http://54.83.163.72/branchImages/asd.png'),(111,'1','12',1,55,NULL,'87hjbn',503221,'9945534579',NULL,'null','6565656565',NULL,'wase',NULL,0.00,'ranirajveerr1@gmail.com',1,1,'2024-02-19 13:07:07',0,'2024-03-13 20:24:58','1','122.174.141.187',NULL,NULL,NULL,NULL,NULL,NULL,NULL,NULL,NULL,NULL,'http://54.83.163.72/null'),(112,'Adyar','AN',1,15,NULL,'ksr nagar',789098,'654322',NULL,NULL,'0990908812',NULL,'Person Rammaya',NULL,0.00,'welona1234@gmail.com',1,1,'2024-03-13 20:24:58',0,NULL,'1','223.230.51.97',NULL,NULL,NULL,NULL,NULL,NULL,NULL,NULL,NULL,NULL,NULL),(113,'sdd','AN',1,83,NULL,'welona health care Pvt Ltd ,west wood building ,old number y-205 , new number 32 , 1st floor 5th Avenue ,Anna nagar west , Chennai 600040',1234,'0987654321',NULL,NULL,'0990908812',NULL,'VASAVI',NULL,0.00,'sgsws',1,1,'2024-03-13 20:24:58',0,NULL,'1','223.230.51.97',NULL,NULL,NULL,NULL,NULL,NULL,NULL,NULL,NULL,NULL,NULL),(114,'Rajam','532127',1,1,NULL,'Indeevaram appartments flat no 402, 4 th floor',532127,'9123456784',NULL,NULL,'8483818384',NULL,'Raju',NULL,0.00,'welonarajam@gmail.com',1,1,'2024-03-14 10:15:55',0,NULL,'1','223.230.51.97',NULL,NULL,NULL,NULL,NULL,NULL,NULL,NULL,NULL,NULL,NULL),(115,'Rajam','123',1,1,NULL,'Srikakulam',532127,'235267',NULL,NULL,'9059605133',NULL,'Raju',NULL,0.00,'welonarajam@gmail.com',1,1,'2024-03-14 10:15:55',0,NULL,'1','223.230.51.97',NULL,NULL,NULL,NULL,NULL,NULL,NULL,NULL,NULL,NULL,NULL),(116,'Rajam','532127',1,1,NULL,'Srikakulam',532127,'44768756',NULL,NULL,'5436532586',NULL,'Sai',NULL,0.00,'welona1234@gmail.com',1,1,'2024-03-14 13:08:36',0,NULL,'1','223.230.51.97',NULL,NULL,NULL,NULL,NULL,NULL,NULL,NULL,NULL,NULL,NULL),(117,'Ganesh','123',1,84,NULL,'Hyderabad',532127,'9100368979',NULL,'null','9100368979',NULL,'7849',NULL,0.00,'a@gmail.com',1,1,'2024-04-04 07:33:23',1,'2024-05-02 06:11:10','1','122.162.23.123',NULL,NULL,NULL,NULL,NULL,NULL,NULL,NULL,NULL,NULL,'http://54.83.163.72/undefined'),(118,'Rajam','532127',1,1,NULL,'Indeevaram appartments flat no 402, 4 th floor',532127,'9100368979',NULL,NULL,'9100368979',NULL,'B sudheer',NULL,0.00,'test@gmail.com',1,1,'2024-04-26 07:46:14',0,NULL,'1','122.162.171.112',NULL,NULL,NULL,NULL,NULL,NULL,NULL,NULL,NULL,NULL,NULL),(119,'ladf;','233',1,94,NULL,'hyd',4333,'789044764646',NULL,'null','537383393993',NULL,'789044764646',NULL,0.00,'a@gmail.com',1,1,'2024-05-02 07:40:06',1,'2024-05-02 07:46:38','1','103.167.126.27',NULL,NULL,NULL,NULL,NULL,NULL,NULL,NULL,NULL,NULL,'http://54.83.163.72/undefined'),(120,'Perangudi','532127',1,104,NULL,'Indeevaram appartments flat no 402, 4 th floor',500089,'9100368979',NULL,NULL,'9100368979',NULL,'B sudheer',NULL,0.00,'welonaperangudi@gmail.com',1,1,'2024-05-02 11:18:22',0,NULL,'1','117.96.207.92',NULL,NULL,NULL,NULL,NULL,NULL,NULL,NULL,NULL,NULL,NULL),(121,'KPHB','WEL-KPHB',1,2,NULL,'Opp Prajay megapolis',500072,'8861656026',NULL,NULL,'7286099654',NULL,'Kiran',NULL,0.00,'kphb@welona.in',1,1,'2024-05-02 11:19:45',0,NULL,'1','122.164.239.93',NULL,NULL,NULL,NULL,NULL,NULL,NULL,NULL,NULL,NULL,NULL);

--
-- Table structure for table `BranchPaymentMode`
--

CREATE TABLE `BranchPaymentMode` (
  `Id` int NOT NULL AUTO_INCREMENT,
  `BranchId` int NOT NULL,
  `PaymentId` int NOT NULL,
  `MappedBranchLedgerId` int NOT NULL,
  `IsActive` int NOT NULL DEFAULT '1',
  `CreatedBy` int NOT NULL DEFAULT '0',
  `CreatedDate` varchar(50) CHARACTER SET utf8mb4 COLLATE utf8mb4_general_ci DEFAULT NULL,
  `ModifiedBy` int NOT NULL DEFAULT '0',
  `ModifiedDate` varchar(50) CHARACTER SET utf8mb4 COLLATE utf8mb4_general_ci DEFAULT NULL,
  `Remarks` varchar(255) CHARACTER SET utf8mb4 COLLATE utf8mb4_general_ci DEFAULT NULL,
  PRIMARY KEY (`Id`)
) ENGINE=InnoDB AUTO_INCREMENT=98 DEFAULT CHARSET=utf8mb4 COLLATE=utf8mb4_general_ci;

--
-- Dumping data for table `BranchPaymentMode`
--

INSERT INTO `BranchPaymentMode` VALUES (1,92,42,10083,0,1,'2024-02-02 14:37:34',0,'2024-05-02 06:05:06',NULL),(2,93,42,10083,1,1,'2024-02-02 14:37:34',0,NULL,NULL),(3,94,49,31,1,1,'2024-02-02 14:46:55',0,NULL,NULL),(4,94,36,38,1,1,'2024-02-02 14:46:55',0,NULL,NULL),(5,95,49,31,0,1,'2024-02-03 16:39:28',0,'2024-02-14 04:48:15',NULL),(6,95,36,38,1,1,'2024-02-03 16:39:28',0,NULL,NULL),(7,95,47,10120,1,1,'2024-02-05 07:37:28',0,NULL,NULL),(8,95,43,10118,1,1,'2024-02-05 07:37:28',0,NULL,NULL),(9,96,42,10083,1,1,'2024-02-05 08:16:26',0,NULL,NULL),(10,97,42,10083,1,1,'2024-02-05 10:01:41',0,NULL,NULL),(11,98,43,10118,1,1,'2024-02-05 10:01:41',0,NULL,NULL),(12,98,39,10120,1,1,'2024-02-05 10:01:41',0,NULL,NULL),(13,99,53,10128,1,1,'2024-02-05 13:42:59',0,NULL,NULL),(14,99,50,10125,1,1,'2024-02-05 13:42:59',0,NULL,NULL),(15,99,46,10118,1,1,'2024-02-06 05:28:05',0,NULL,NULL),(16,99,41,10121,1,1,'2024-02-06 05:28:05',0,NULL,NULL),(17,99,43,10121,1,1,'2024-02-06 05:28:05',0,NULL,NULL),(18,99,40,10118,1,1,'2024-02-06 05:28:05',0,NULL,NULL),(19,98,39,10118,1,1,'2024-02-07 14:04:42',0,NULL,NULL),(20,98,41,10120,1,1,'2024-02-07 14:04:42',0,NULL,NULL),(21,100,42,10083,1,1,'2024-02-09 10:47:23',0,NULL,NULL),(22,100,45,10083,0,1,'2024-02-09 11:47:26',0,'2024-05-02 06:05:06',NULL),(23,100,45,10083,1,1,'2024-02-09 11:58:21',0,NULL,NULL),(24,100,45,10083,1,1,'2024-02-09 12:09:45',0,NULL,NULL),(25,101,30,10122,1,1,'2024-02-09 12:21:58',0,NULL,NULL),(26,101,41,10118,1,1,'2024-02-09 12:21:58',0,NULL,NULL),(27,100,45,10083,1,1,'2024-02-09 12:28:19',0,NULL,NULL),(28,100,45,10083,1,1,'2024-02-09 12:28:19',0,NULL,NULL),(29,101,43,10125,1,1,'2024-02-09 12:37:06',0,NULL,NULL),(30,101,49,10122,1,1,'2024-02-09 12:37:06',0,NULL,NULL),(31,101,40,10118,1,1,'2024-02-09 12:37:06',0,NULL,NULL),(32,101,42,10120,1,1,'2024-02-09 12:37:06',0,NULL,NULL),(33,101,42,10118,1,1,'2024-02-09 12:37:06',0,NULL,NULL),(34,101,39,10120,1,1,'2024-02-09 12:37:06',0,NULL,NULL),(35,101,50,10115,1,1,'2024-02-09 12:37:06',0,NULL,NULL),(36,66,46,10113,1,1,'2024-02-09 12:37:06',0,NULL,NULL),(37,66,46,10121,1,1,'2024-02-09 12:37:06',0,NULL,NULL),(38,102,36,10120,1,1,'2024-02-13 06:31:11',0,NULL,NULL),(39,102,39,10118,1,1,'2024-02-13 06:31:11',0,NULL,NULL),(40,103,42,10083,1,1,'2024-02-13 06:48:11',0,NULL,NULL),(41,104,42,10083,1,1,'2024-02-13 06:48:11',0,NULL,NULL),(43,105,36,10118,0,1,'2024-02-13 12:59:14',0,'2024-02-13 14:51:56',NULL),(44,105,36,10121,0,1,'2024-02-13 12:59:14',0,'2024-02-13 13:59:39',NULL),(45,105,36,10119,0,1,'2024-02-13 13:00:59',0,'2024-02-13 14:52:19',NULL),(46,105,42,10124,0,1,'2024-02-13 13:02:38',0,'2024-02-14 07:45:26',NULL),(47,105,30,10121,0,1,'2024-02-13 13:02:38',0,'2024-02-14 08:02:31',NULL),(48,105,41,10120,0,1,'2024-02-13 13:02:38',0,'2024-02-14 04:42:02',NULL),(49,105,44,10125,1,1,'2024-02-14 04:48:15',0,NULL,NULL),(50,106,46,10120,0,1,'2024-02-14 04:59:26',0,'2024-02-14 05:42:24',NULL),(51,106,36,10118,0,1,'2024-02-14 05:42:24',0,'2024-02-14 06:09:07',NULL),(52,106,39,10116,1,1,'2024-02-14 05:42:24',0,NULL,NULL),(53,104,36,10122,1,1,'2024-02-14 05:49:15',0,NULL,NULL),(54,104,41,10119,1,1,'2024-02-14 05:49:15',0,NULL,NULL),(55,107,41,10115,0,1,'2024-02-14 07:18:36',0,'2024-02-14 07:25:55',NULL),(56,107,54,10128,0,1,'2024-02-14 07:30:43',0,'2024-02-14 07:33:54',NULL),(57,107,51,10127,0,1,'2024-02-14 07:34:09',0,'2024-02-14 07:34:09',NULL),(58,107,50,10128,1,1,'2024-02-14 07:37:12',0,NULL,NULL),(59,105,39,10128,1,1,'2024-02-14 08:04:41',0,NULL,NULL),(60,108,49,10128,1,1,'2024-02-15 06:04:23',0,NULL,NULL),(61,108,49,10128,1,1,'2024-02-15 13:20:13',0,NULL,NULL),(62,109,44,10118,1,1,'2024-02-16 09:44:20',0,NULL,NULL),(65,112,41,10135,1,1,'2024-03-13 20:24:58',0,NULL,NULL),(66,113,43,10135,1,1,'2024-03-13 20:24:58',0,NULL,NULL),(71,114,40,10113,1,1,'2024-03-14 10:15:55',0,NULL,NULL),(72,114,47,10118,1,1,'2024-03-14 10:15:55',0,NULL,NULL),(73,115,40,10118,1,1,'2024-03-14 10:15:55',0,NULL,NULL),(74,115,43,10118,1,1,'2024-03-14 10:15:55',0,NULL,NULL),(75,110,57,10141,1,1,'2024-03-14 13:08:36',0,NULL,NULL),(76,116,49,76,1,1,'2024-03-14 13:08:36',0,NULL,NULL),(90,118,45,10153,1,1,'2024-04-26 07:46:14',0,NULL,NULL),(97,121,50,10153,1,1,'2024-05-02 11:19:45',0,NULL,NULL);

--
-- Table structure for table `CallcenterAnswerQuestion`
--

CREATE TABLE `CallcenterAnswerQuestion` (
  `Id` int NOT NULL AUTO_INCREMENT,
  `QuestionId` int NOT NULL,
  `OptionId` int NOT NULL,
  `CustomerId` int NOT NULL,
  `OptionValue` varchar(22) COLLATE utf8mb4_general_ci DEFAULT NULL,
  `FeedbackId` int NOT NULL,
  `CreatedBy` int NOT NULL,
  `CreatedDate` varchar(19) COLLATE utf8mb4_general_ci NOT NULL,
  PRIMARY KEY (`Id`)
) ENGINE=InnoDB AUTO_INCREMENT=101 DEFAULT CHARSET=utf8mb4 COLLATE=utf8mb4_general_ci;

--
-- Dumping data for table `CallcenterAnswerQuestion`
--

INSERT INTO `CallcenterAnswerQuestion` VALUES (1,11,39,436,NULL,1,1,'2015-07-10 00:00:00'),(2,12,40,436,NULL,1,1,'2015-07-10 00:00:00'),(3,13,47,436,NULL,1,1,'2015-07-10 00:00:00'),(4,14,51,436,NULL,1,1,'2015-07-10 00:00:00'),(5,15,54,436,NULL,1,1,'2015-07-10 00:00:00'),(6,16,59,436,NULL,1,1,'2015-07-10 00:00:00'),(7,17,62,436,NULL,1,1,'2015-07-10 00:00:00'),(8,18,65,436,NULL,1,1,'2015-07-10 00:00:00'),(9,19,67,436,NULL,1,1,'2015-07-10 00:00:00'),(10,20,70,436,NULL,1,1,'2015-07-10 00:00:00'),(11,21,75,436,NULL,1,1,'2015-07-10 00:00:00'),(12,22,0,436,'85',1,1,'2015-07-10 00:00:00'),(13,23,0,436,'provided best services',1,1,'2015-07-10 00:00:00'),(14,11,39,436,NULL,2,1,'2015-07-13 00:00:00'),(15,12,41,436,NULL,2,1,'2015-07-13 00:00:00'),(16,1,5,450,NULL,3,81,'2015-07-20 00:00:00'),(17,3,7,450,NULL,3,81,'2015-07-20 00:00:00'),(18,4,14,450,NULL,3,81,'2015-07-20 00:00:00'),(19,5,16,450,NULL,3,81,'2015-07-20 00:00:00'),(20,6,21,450,NULL,3,81,'2015-07-20 00:00:00'),(21,7,25,450,NULL,3,81,'2015-07-20 00:00:00'),(22,8,28,450,NULL,3,81,'2015-07-20 00:00:00'),(23,9,33,450,NULL,3,81,'2015-07-20 00:00:00'),(24,10,0,450,'24',3,81,'2015-07-20 00:00:00'),(25,24,0,450,'not intrested',3,81,'2015-07-20 00:00:00'),(26,11,39,442,NULL,4,81,'2015-07-20 00:00:00'),(27,12,40,442,NULL,4,81,'2015-07-20 00:00:00'),(28,13,47,442,NULL,4,81,'2015-07-20 00:00:00'),(29,14,52,442,NULL,4,81,'2015-07-20 00:00:00'),(30,15,53,442,NULL,4,81,'2015-07-20 00:00:00'),(31,16,60,442,NULL,4,81,'2015-07-20 00:00:00'),(32,17,61,442,NULL,4,81,'2015-07-20 00:00:00'),(33,18,64,442,NULL,4,81,'2015-07-20 00:00:00'),(34,19,67,442,NULL,4,81,'2015-07-20 00:00:00'),(35,20,70,442,NULL,4,81,'2015-07-20 00:00:00'),(36,22,0,442,'49',4,81,'2015-07-20 00:00:00'),(37,23,0,442,'idont wont to visite',4,81,'2015-07-20 00:00:00'),(38,11,39,442,NULL,5,81,'2015-07-20 00:00:00'),(39,12,40,442,NULL,5,81,'2015-07-20 00:00:00'),(40,13,47,442,NULL,5,81,'2015-07-20 00:00:00'),(41,14,52,442,NULL,5,81,'2015-07-20 00:00:00'),(42,15,53,442,NULL,5,81,'2015-07-20 00:00:00'),(43,16,60,442,NULL,5,81,'2015-07-20 00:00:00'),(44,17,61,442,NULL,5,81,'2015-07-20 00:00:00'),(45,18,64,442,NULL,5,81,'2015-07-20 00:00:00'),(46,19,67,442,NULL,5,81,'2015-07-20 00:00:00'),(47,20,70,442,NULL,5,81,'2015-07-20 00:00:00'),(48,22,0,442,'49',5,81,'2015-07-20 00:00:00'),(49,23,0,442,'idont wont to visite',5,81,'2015-07-20 00:00:00'),(50,1,4,450,NULL,6,81,'2015-07-20 00:00:00'),(51,3,7,450,NULL,6,81,'2015-07-20 00:00:00'),(52,4,14,450,NULL,6,81,'2015-07-20 00:00:00'),(53,5,17,450,NULL,6,81,'2015-07-20 00:00:00'),(54,6,22,450,NULL,6,81,'2015-07-20 00:00:00'),(55,7,25,450,NULL,6,81,'2015-07-20 00:00:00'),(56,8,27,450,NULL,6,81,'2015-07-20 00:00:00'),(57,9,33,450,NULL,6,81,'2015-07-20 00:00:00'),(58,10,0,450,'37',6,81,'2015-07-20 00:00:00'),(59,24,0,450,'aaaassssddd',6,81,'2015-07-20 00:00:00'),(60,11,38,442,NULL,7,81,'2015-07-20 00:00:00'),(61,12,41,442,NULL,7,81,'2015-07-20 00:00:00'),(62,13,47,442,NULL,7,81,'2015-07-20 00:00:00'),(63,14,52,442,NULL,7,81,'2015-07-20 00:00:00'),(64,16,60,442,NULL,7,81,'2015-07-20 00:00:00'),(65,17,61,442,NULL,7,81,'2015-07-20 00:00:00'),(66,18,65,442,NULL,7,81,'2015-07-20 00:00:00'),(67,20,71,442,NULL,7,81,'2015-07-20 00:00:00'),(68,21,76,442,NULL,7,81,'2015-07-20 00:00:00'),(69,22,0,442,'85',7,81,'2015-07-20 00:00:00'),(70,23,0,442,'dsadsa',7,81,'2015-07-20 00:00:00'),(71,11,39,442,NULL,8,81,'2015-07-20 00:00:00'),(72,12,40,442,NULL,8,81,'2015-07-20 00:00:00'),(73,13,46,442,NULL,8,81,'2015-07-20 00:00:00'),(74,14,51,442,NULL,8,81,'2015-07-20 00:00:00'),(75,15,54,442,NULL,8,81,'2015-07-20 00:00:00'),(76,16,59,442,NULL,8,81,'2015-07-20 00:00:00'),(77,17,61,442,NULL,8,81,'2015-07-20 00:00:00'),(78,18,64,442,NULL,8,81,'2015-07-20 00:00:00'),(79,19,68,442,NULL,8,81,'2015-07-20 00:00:00'),(80,20,71,442,NULL,8,81,'2015-07-20 00:00:00'),(81,21,77,442,NULL,8,81,'2015-07-20 00:00:00'),(82,22,0,442,'24',8,81,'2015-07-20 00:00:00'),(83,11,39,442,NULL,9,81,'2015-07-20 00:00:00'),(84,12,40,442,NULL,9,81,'2015-07-20 00:00:00'),(85,13,46,442,NULL,9,81,'2015-07-20 00:00:00'),(86,14,51,442,NULL,9,81,'2015-07-20 00:00:00'),(87,15,54,442,NULL,9,81,'2015-07-20 00:00:00'),(88,16,59,442,NULL,9,81,'2015-07-20 00:00:00'),(89,17,61,442,NULL,9,81,'2015-07-20 00:00:00'),(90,18,64,442,NULL,9,81,'2015-07-20 00:00:00'),(91,19,68,442,NULL,9,81,'2015-07-20 00:00:00'),(92,20,71,442,NULL,9,81,'2015-07-20 00:00:00'),(93,21,77,442,NULL,9,81,'2015-07-20 00:00:00'),(94,22,0,442,'24',9,81,'2015-07-20 00:00:00'),(95,11,38,436,NULL,10,81,'2015-07-20 00:00:00'),(96,11,39,436,NULL,12,81,'2015-07-20 00:00:00'),(97,12,40,436,NULL,12,81,'2015-07-20 00:00:00'),(98,13,47,436,NULL,12,81,'2015-07-20 00:00:00'),(99,11,38,436,NULL,19,81,'2015-07-20 00:00:00'),(100,12,41,436,NULL,19,81,'2015-07-20 00:00:00');

--
-- Table structure for table `CallcenterFavoriteEmployee`
--

CREATE TABLE `CallcenterFavoriteEmployee` (
  `Id` int NOT NULL AUTO_INCREMENT,
  `FeedbackId` varchar(30) COLLATE utf8mb4_general_ci DEFAULT NULL,
  `employeeId` varchar(30) COLLATE utf8mb4_general_ci DEFAULT NULL,
  `CustomerId` varchar(30) COLLATE utf8mb4_general_ci DEFAULT NULL,
  `BranchId` varchar(30) COLLATE utf8mb4_general_ci DEFAULT NULL,
  `CreatedBy` varchar(30) COLLATE utf8mb4_general_ci DEFAULT NULL,
  `CreatedDate` varchar(30) COLLATE utf8mb4_general_ci DEFAULT NULL,
  PRIMARY KEY (`Id`)
) ENGINE=InnoDB DEFAULT CHARSET=utf8mb4 COLLATE=utf8mb4_general_ci;

--
-- Dumping data for table `CallcenterFavoriteEmployee`
--


--
-- Table structure for table `CallcenterFeedbackQuestionDetails`
--

CREATE TABLE `CallcenterFeedbackQuestionDetails` (
  `Id` int NOT NULL AUTO_INCREMENT,
  `PackageName` varchar(38) COLLATE utf8mb4_general_ci NOT NULL,
  `Code` varchar(16) COLLATE utf8mb4_general_ci NOT NULL,
  `Amount` decimal(10,2) NOT NULL,
  `FrontImage` varchar(67) COLLATE utf8mb4_general_ci DEFAULT NULL,
  `BackImage` varchar(36) COLLATE utf8mb4_general_ci DEFAULT NULL,
  `Remarks` varchar(174) COLLATE utf8mb4_general_ci DEFAULT NULL,
  `PackageFromDate` varchar(19) COLLATE utf8mb4_general_ci NOT NULL,
  `PackageToDate` varchar(19) COLLATE utf8mb4_general_ci NOT NULL,
  `CreatedBy` bit(1) NOT NULL,
  `CreatedDate` varchar(19) COLLATE utf8mb4_general_ci NOT NULL,
  `ModifiedBy` bit(1) NOT NULL,
  `ModifiedDate` varchar(19) COLLATE utf8mb4_general_ci NOT NULL,
  `IsActive` bit(1) NOT NULL,
  `MaxAmount` int DEFAULT NULL,
  PRIMARY KEY (`Id`)
) ENGINE=InnoDB AUTO_INCREMENT=97 DEFAULT CHARSET=utf8mb4 COLLATE=utf8mb4_general_ci;

--
-- Dumping data for table `CallcenterFeedbackQuestionDetails`
--

INSERT INTO `CallcenterFeedbackQuestionDetails` VALUES (15,'charan.m','0045',10000.00,'/Images/PackageImages/Penguins.jpg','/Images/PackageImages/Tulips.jpg',NULL,'2015-07-17 00:00:00','2015-07-31 00:00:00',_binary '','2015-07-06 00:00:00',_binary '\0','2015-07-06 00:00:00',_binary '\0',NULL),(16,'Rajeshtest','0046',20000.00,'/Images/PackageImages/Penguins.jpg','/Images/PackageImages/Tulips.jpg','sdfsdfsdf','2015-07-06 00:00:00','2015-07-31 00:00:00',_binary '','2015-07-06 00:00:00',_binary '\0','2015-07-06 00:00:00',_binary '\0',NULL),(17,'charantest','23423',20000.00,'/Images/PackageImages/Penguins.jpg','/Images/PackageImages/Tulips.jpg',NULL,'2015-05-06 00:00:00','2015-07-31 00:00:00',_binary '','2015-07-06 00:00:00',_binary '\0','2015-07-06 00:00:00',_binary '\0',NULL),(18,'abcd1','0078',100000.00,'/Images/PackageImages/Penguins.jpg','/Images/PackageImages/Koala.jpg','fgsfgfgdf','2015-07-07 00:00:00','2015-08-30 00:00:00',_binary '','2015-07-07 00:00:00',_binary '\0','2015-07-07 00:00:00',_binary '\0',NULL),(19,'Tummy+Sclupting','0058',15000.00,'/Images/PackageImages/Chrysanthemum.jpg','/Images/PackageImages/Hydrangeas.jpg','uyuyy','2015-07-14 00:00:00','2015-08-28 00:00:00',_binary '','2015-07-14 00:00:00',_binary '\0','2015-07-14 00:00:00',_binary '\0',NULL),(20,'MDA offer','DSNR SP PKG 01',499.00,NULL,NULL,'One MDA + Cvit mask','2016-02-11 00:00:00','2016-02-11 00:00:00',_binary '','2016-02-11 00:00:00',_binary '\0','2016-02-11 00:00:00',_binary '\0',NULL),(21,'Skin and Hair Mini COMBO','15-30 feb',4999.00,NULL,NULL,'1 Face RF, 1 Hi-Frq, 1 MDA, 1 Hair HFT, 1 PBT + 1 mask 4999','2016-02-15 00:00:00','2016-02-29 00:00:00',_binary '','2016-02-15 00:00:00',_binary '\0','2016-02-15 00:00:00',_binary '\0',NULL),(22,'Combo Offer','15-29 combo',1111.00,NULL,NULL,'2 Face RF, 2 FBT, 2 HFT, 2 HI-FReq face neck, 2 PBT, 2 MDA, 2 C vit amp, 2 Masks, 1 lakme SPF, 1 Annephase shampoo','2016-02-15 00:00:00','2016-02-29 00:00:00',_binary '','2016-02-15 00:00:00',_binary '\0','2016-02-15 00:00:00',_binary '\0',NULL),(23,'SO-FBT-4999','SO-FEB-2016',4999.00,NULL,NULL,'5 FULL BODYOIL AND GEL THERAPY','2016-02-18 00:00:00','2016-02-29 00:00:00',_binary '','2016-02-18 00:00:00',_binary '\0','2016-02-18 00:00:00',_binary '\0',NULL),(24,'SO-TT-2345','SO-FEB-2016',2345.00,NULL,NULL,'5 TUMMY TUCKS GEL AND OIL','2016-02-18 00:00:00','2016-02-29 00:00:00',_binary '','2016-02-18 00:00:00',_binary '\0','2016-02-18 00:00:00',_binary '\0',NULL),(25,'SO-TRF-4999','SO-FEB-2016',4999.00,NULL,NULL,'5 EXTREME TUMMY RF','2016-02-18 00:00:00','2016-02-29 00:00:00',_binary '','2016-02-18 00:00:00',_binary '\0','2016-02-18 00:00:00',_binary '\0',NULL),(26,'SO-THRF-4999','SO-FEB-2016',4999.00,NULL,NULL,'5 EXTREME THIGH RF','2016-02-18 00:00:00','2016-02-29 00:00:00',_binary '','2016-02-18 00:00:00',_binary '\0','2016-02-18 00:00:00',_binary '\0',NULL),(27,'SO-FSTGRF-4444','SO-FEB-2016',4444.00,NULL,NULL,'5 FACE SKIN TIGHT & GLOW SKIN','2016-02-18 00:00:00','2016-02-29 00:00:00',_binary '','2016-02-18 00:00:00',_binary '\0','2016-02-18 00:00:00',_binary '\0',NULL),(28,'SO-DCR-2999','SO-FEB-2016',2999.00,NULL,NULL,'5 DOUBLE CHIN REDUCTION','2016-02-18 00:00:00','2016-02-29 00:00:00',_binary '','2016-02-18 00:00:00',_binary '\0','2016-02-18 00:00:00',_binary '\0',NULL),(29,'SO-FNAAHFT-2999','SO-FEB-2016',2999.00,NULL,NULL,'5 FACE & NECK ANTI AGING HI-FREQ','2016-02-18 00:00:00','2016-02-29 00:00:00',_binary '','2016-02-18 00:00:00',_binary '\0','2016-02-18 00:00:00',_binary '\0',NULL),(30,'SO-ANTI D HFT-2999','SO-FEB-2016',2999.00,NULL,NULL,'5 ANTI DANDRUFF HFT','2016-02-18 00:00:00','2016-02-29 00:00:00',_binary '','2016-02-18 00:00:00',_binary '\0','2016-02-18 00:00:00',_binary '\0',NULL),(31,'SO-HS&HF COMBO-9999','SO-FEB-2016',9999.00,NULL,NULL,'10 ANTI HAIR FALL+10 PBT','2016-02-18 00:00:00','2016-02-29 00:00:00',_binary '','2016-02-18 00:00:00',_binary '\0','2016-02-18 00:00:00',_binary '\0',NULL),(32,'HAIR S & HF COMBO-4999','SO-FEB-2016',4999.00,NULL,NULL,'5 ANTI HAIR FALL HFT+5PBT','2016-02-18 00:00:00','2016-02-29 00:00:00',_binary '','2016-02-18 00:00:00',_binary '\0','2016-02-18 00:00:00',_binary '\0',NULL),(33,'tewt','fgdfg',5000.00,'/Images/PackageImages/images.jpg','/Images/PackageImages/logo.png','gdf','2016-07-07 00:00:00','2016-08-31 00:00:00',_binary '','2016-07-07 00:00:00',_binary '\0','2016-07-07 00:00:00',_binary '\0',NULL),(34,'rajesh test','125863',1000000.00,NULL,NULL,'for all','2017-03-10 00:00:00','2017-12-22 00:00:00',_binary '','2017-03-10 00:00:00',_binary '\0','2017-03-10 00:00:00',_binary '\0',NULL),(35,'testing by bhuvan','LF123',100000.00,'/Images/PackageImages/MCSE+Cloud+Platform+and+Infrastructure-01.png',NULL,'test by bhuvan','2017-06-29 00:00:00','2017-06-30 00:00:00',_binary '','2017-06-29 00:00:00',_binary '\0','2017-06-29 00:00:00',_binary '\0',NULL),(36,'Testing By Bhuvan','Test for Pack',10000.00,'/Images/PackageImages/download.jpg',NULL,'Testing  03','2018-03-02 00:00:00','2018-03-02 00:00:00',_binary '','2018-03-02 00:00:00',_binary '\0','2018-03-02 00:00:00',_binary '\0',NULL),(39,'Offers','JULY!@',222.00,NULL,NULL,'no','2018-07-19 00:00:00','2018-07-20 00:00:00',_binary '','2018-07-18 00:00:00',_binary '\0','2018-07-18 00:00:00',_binary '\0',NULL),(40,'SLIMMING','1234569',25000.00,NULL,NULL,'OK','2018-07-19 00:00:00','2018-08-31 00:00:00',_binary '','2018-07-19 00:00:00',_binary '\0','2018-07-19 00:00:00',_binary '\0',NULL),(41,'SLIMMING','1234569',25000.00,'/Images/PackageImages/Desert.jpg',NULL,'OK','2018-07-19 00:00:00','2018-08-31 00:00:00',_binary '','2018-07-19 00:00:00',_binary '\0','2018-07-19 00:00:00',_binary '\0',NULL),(42,'SLIMMING','1234569',25000.00,'/Images/PackageImages/Desert.jpg',NULL,'OK','2018-07-19 00:00:00','2018-08-31 00:00:00',_binary '','2018-07-19 00:00:00',_binary '\0','2018-07-19 00:00:00',_binary '\0',NULL),(43,'SLIMMING','1234569',25000.00,'/Images/PackageImages/Desert.jpg',NULL,'OK','2018-07-19 00:00:00','2018-08-31 00:00:00',_binary '','2018-07-19 00:00:00',_binary '\0','2018-07-19 00:00:00',_binary '\0',NULL),(44,'SLIMMING','1234569',25000.00,'/Images/PackageImages/Desert.jpg',NULL,'OK','2018-07-19 00:00:00','2018-08-31 00:00:00',_binary '','2018-07-19 00:00:00',_binary '\0','2018-07-19 00:00:00',_binary '\0',NULL),(45,'RAVI','1234569',25000.00,'/Images/PackageImages/Desert.jpg',NULL,'OK','2018-07-19 00:00:00','2018-08-31 00:00:00',_binary '','2018-07-19 00:00:00',_binary '\0','2018-07-19 00:00:00',_binary '\0',NULL),(46,'RAVI','1234569',25000.00,'/Images/PackageImages/Desert.jpg',NULL,'OK','2018-07-19 00:00:00','2018-08-31 00:00:00',_binary '','2018-07-19 00:00:00',_binary '\0','2018-07-19 00:00:00',_binary '\0',NULL),(47,'RAVI','1234569',25000.00,'/Images/PackageImages/Desert.jpg',NULL,'OK','2018-07-19 00:00:00','2018-08-31 00:00:00',_binary '','2018-07-19 00:00:00',_binary '\0','2018-07-19 00:00:00',_binary '\0',NULL),(48,'SURESH','456986',26000.00,'/Images/PackageImages/Tulips.jpg',NULL,'ALL OK','2018-07-19 00:00:00','2018-07-31 00:00:00',_binary '','2018-07-19 00:00:00',_binary '\0','2018-07-19 00:00:00',_binary '\0',NULL),(49,'SURESH','456986',26000.00,'/Images/PackageImages/Tulips.jpg',NULL,'ALL OK','2018-07-19 00:00:00','2018-07-31 00:00:00',_binary '','2018-07-19 00:00:00',_binary '\0','2018-07-19 00:00:00',_binary '\0',NULL),(50,'SURESH','456986',26000.00,'/Images/PackageImages/Tulips.jpg',NULL,'ALL OK','2018-07-19 00:00:00','2018-07-31 00:00:00',_binary '','2018-07-19 00:00:00',_binary '\0','2018-07-19 00:00:00',_binary '\0',NULL),(51,'SURESH','456986',26000.00,'/Images/PackageImages/Tulips.jpg',NULL,'ALL OK','2018-07-19 00:00:00','2018-07-31 00:00:00',_binary '','2018-07-19 00:00:00',_binary '\0','2018-07-19 00:00:00',_binary '\0',NULL),(52,'RAVI','4569',18000.00,'/Images/PackageImages/Koala.jpg',NULL,'ALL','2018-07-20 00:00:00','2018-07-31 00:00:00',_binary '','2018-07-19 00:00:00',_binary '\0','2018-07-19 00:00:00',_binary '\0',NULL),(53,'bhuvan test 121','bhuvan test 121',100000.00,'/Images/PackageImages/kid 1.jpg',NULL,'1lk package including all dkmnscjklnsdcmkscnsdjkncjksdncjksdnjn','2018-07-19 00:00:00','2018-07-20 00:00:00',_binary '','2018-07-19 00:00:00',_binary '\0','2018-07-19 00:00:00',_binary '\0',NULL),(54,'Testing','AUG15',100.00,NULL,NULL,NULL,'2018-08-27 00:00:00','2018-08-27 00:00:00',_binary '','2018-08-27 00:00:00',_binary '\0','2018-08-27 00:00:00',_binary '\0',NULL),(55,'packag ename','package code',1000.00,'/Images/PackageImages/baby pic.jpg',NULL,'tesing ooooooooooooooooooooooooooooooooooooooooooooooooooooooooooooooooooooooooooooooooooooooooooooooooooooooooooooooooooooooooooooooooooooooooooooooooooooooooooooooooooooooo','2018-08-30 00:00:00','2018-08-30 00:00:00',_binary '','2018-08-30 00:00:00',_binary '\0','2018-08-30 00:00:00',_binary '\0',NULL),(56,'SEP','123',200.00,NULL,NULL,NULL,'2018-09-09 00:00:00','2018-09-10 00:00:00',_binary '','2018-09-08 00:00:00',_binary '\0','2018-09-08 00:00:00',_binary '\0',NULL),(80,'test','test',10000.00,NULL,NULL,'test','2019-11-18 00:00:00','2019-11-30 00:00:00',_binary '','2019-11-18 00:00:00',_binary '\0','2020-01-07 19:27:51',_binary '\0',NULL),(81,'test','test',10000.00,NULL,NULL,'test','2019-11-18 00:00:00','2019-11-30 00:00:00',_binary '','2019-11-18 00:00:00',_binary '\0','2019-11-18 00:00:00',_binary '\0',NULL),(82,'test','test',10000.00,NULL,NULL,'test','2019-11-18 00:00:00','2019-11-30 00:00:00',_binary '','2019-11-18 00:00:00',_binary '\0','2019-11-18 00:00:00',_binary '\0',NULL),(90,'test','test',10000.00,NULL,NULL,'test','2019-11-19 00:00:00','2019-11-30 00:00:00',_binary '','2019-11-19 00:00:00',_binary '\0','2019-11-19 00:00:00',_binary '\0',NULL),(91,'test','test',10000.00,NULL,NULL,'test','2019-11-19 00:00:00','2019-11-30 00:00:00',_binary '','2019-11-19 00:00:00',_binary '\0','2019-11-19 00:00:00',_binary '\0',NULL),(92,'LFT-UCP','LFT-UCP',40000.00,NULL,NULL,'test','2019-11-20 00:00:00','2019-11-20 00:00:00',_binary '','2019-11-20 00:00:00',_binary '\0','2019-11-20 00:00:00',_binary '\0',NULL),(93,'DERMA GLOW NEW YEAR OFFER','DG New Year Of',10000.00,NULL,NULL,'SPL FOR ALL BRANCHES for the New Year','2019-12-30 00:00:00','2020-01-05 00:00:00',_binary '','2019-12-30 00:00:00',_binary '\0','2019-12-30 00:00:00',_binary '\0',NULL),(94,'26 FEB OFFER  Hair Transplantation(HT)','26 OFF HT',127118.00,NULL,NULL,'Hair Transplantation offer 2 days only 26th and 27th feb 2020','2020-01-27 00:00:00','2020-01-27 00:00:00',_binary '','2020-01-27 00:00:00',_binary '\0','2020-01-27 13:11:10',_binary '\0',150000),(95,'26 FEB OFFER  Hair Transplantation(HT)','26 FEB 2020 HT',127000.00,NULL,NULL,NULL,'2020-01-27 00:00:00','2020-01-27 00:00:00',_binary '','2020-01-27 00:00:00',_binary '\0','2020-01-27 00:00:00',_binary '\0',150000),(96,'Papaya Gel (Therapy)','Papaya Gel',1270.00,NULL,NULL,'gel therapy on request of client selling under special offer','2020-01-28 00:00:00','2020-01-28 00:00:00',_binary '','2020-01-28 00:00:00',_binary '\0','2020-01-28 00:00:00',_binary '\0',1270);

--
-- Table structure for table `Category`
--

CREATE TABLE `Category` (
  `Id` int NOT NULL AUTO_INCREMENT,
  `CategoryName` varchar(20) CHARACTER SET utf8mb4 COLLATE utf8mb4_general_ci DEFAULT NULL,
  `IsActive` int NOT NULL DEFAULT '1',
  `Remarks` varchar(255) CHARACTER SET utf8mb4 COLLATE utf8mb4_general_ci DEFAULT NULL,
  `category_image` varchar(255) COLLATE utf8mb4_general_ci DEFAULT NULL,
  `search_name` varchar(50) COLLATE utf8mb4_general_ci DEFAULT NULL,
  `CreatedBy` int NOT NULL DEFAULT '0',
  `CreatedDate` varchar(50) CHARACTER SET utf8mb4 COLLATE utf8mb4_general_ci DEFAULT NULL,
  `ModifiedBy` int DEFAULT '0',
  `ModifiedDate` varchar(50) CHARACTER SET utf8mb4 COLLATE utf8mb4_general_ci DEFAULT NULL,
  `CategoryCode` varchar(100) CHARACTER SET utf8mb4 COLLATE utf8mb4_general_ci DEFAULT NULL,
  `HasServiceBy` varchar(100) COLLATE utf8mb4_general_ci DEFAULT NULL,
  `HasIndividualDiscount` varchar(100) COLLATE utf8mb4_general_ci DEFAULT NULL,
  `HasTotalDiscount` varchar(100) COLLATE utf8mb4_general_ci DEFAULT NULL,
  `HasTokenReference` varchar(100) COLLATE utf8mb4_general_ci DEFAULT NULL,
  `HasShareIncentive` varchar(100) COLLATE utf8mb4_general_ci DEFAULT NULL,
  `HasConsultant` varchar(100) COLLATE utf8mb4_general_ci DEFAULT NULL,
  `HasTeleCaller` varchar(100) COLLATE utf8mb4_general_ci DEFAULT NULL,
  `HasMedia` varchar(100) COLLATE utf8mb4_general_ci DEFAULT NULL,
  `HasDirectPayment` varchar(100) COLLATE utf8mb4_general_ci DEFAULT NULL,
  `HasDND` varchar(100) COLLATE utf8mb4_general_ci DEFAULT NULL,
  `HasSession` varchar(100) COLLATE utf8mb4_general_ci DEFAULT NULL,
  `HasRating` varchar(100) COLLATE utf8mb4_general_ci DEFAULT NULL,
  `IsAmountEditable` varchar(100) COLLATE utf8mb4_general_ci DEFAULT NULL,
  `HasQuantity` varchar(100) CHARACTER SET utf8mb4 COLLATE utf8mb4_general_ci DEFAULT NULL,
  `HasDoctor` varchar(100) COLLATE utf8mb4_general_ci DEFAULT NULL,
  `HasValidity` varchar(100) COLLATE utf8mb4_general_ci DEFAULT NULL,
  `IsCombo` varchar(100) COLLATE utf8mb4_general_ci DEFAULT NULL,
  `ServicesInCombo` varchar(100) COLLATE utf8mb4_general_ci DEFAULT NULL,
  `HasAllSessionsLink` varchar(100) COLLATE utf8mb4_general_ci DEFAULT NULL,
  `HasBreakPackage` varchar(100) COLLATE utf8mb4_general_ci DEFAULT NULL,
  `SessionBased` varchar(100) COLLATE utf8mb4_general_ci DEFAULT NULL,
  `TargetWeightBased` varchar(100) COLLATE utf8mb4_general_ci DEFAULT NULL,
  `HasMeasurement` varchar(100) COLLATE utf8mb4_general_ci DEFAULT NULL,
  PRIMARY KEY (`Id`)
) ENGINE=InnoDB AUTO_INCREMENT=65 DEFAULT CHARSET=utf8mb4 COLLATE=utf8mb4_general_ci;

--
-- Dumping data for table `Category`
--

INSERT INTO `Category` VALUES (1,'SLIMMING',0,'Slim category','https://www.welona.in/wp-content/uploads/2021/07/slide2-1.jpg',NULL,1,NULL,NULL,'2017-05-08 14:35:32','SLM','0','0','1','0','1','1','1','1','0','0','1','1','1','1','1','1','0','1','1','1','1','0','0'),(42,'SKIN',1,'SKIN','https://www.welona.in/wp-content/uploads/2021/07/slide2-1.jpg',NULL,1,'2020-08-22 18:06:25',NULL,'2024-02-15 11:46:57','SKIN','0','0','1','0','1','1','1','1','1','1','1','1','1','1','1','1','1','0','1','0','1','1','0'),(43,'LHR',0,'LASER','https://www.welona.in/wp-content/uploads/2021/07/slide3.jpg',NULL,1,'2020-08-22 18:12:04',NULL,'2020-08-22 18:12:04','LASER','0','0','1','0','1','1','1','1','1','1','1','1','1','1','1','1','1','1','1','0','1','0','0'),(44,'SLIMMING',1,'SLIMMING','http://54.83.163.72/categoryImages/face.jpeg',NULL,1,'2020-08-22 18:26:43',NULL,'2024-02-17 04:30:45','SLIMMING','0','0','1','0','1','1','1','1','1','1','1','1','1','1','1','1','1','0','1','0','1','0','0'),(45,'Medical Consultation',0,'MEDICAL/SKIN','https://www.welona.in/wp-content/uploads/2021/07/slide2-1.jpg',NULL,1,'2020-08-22 18:30:14',5,'2024-02-13 06:26:23','MEDICAL/SKIN','0','0','1','0','1','1','1','1','1','1','1','1','1','1','1','1','1','0','1','0','1','0','0'),(46,'HAIR',1,'HAIR TRANSPLANTATION','http://54.83.163.72/categoryImages/giftcard-1709638903416.png',NULL,1,'2020-08-22 18:35:57',NULL,'2024-03-05 11:21:50',' TRANSPLANTATION','0','0','1','0','1','1','1','1','0','1','1','1','1','1','1','1','1','1','1','0','1','0','0'),(47,'goods',1,'goods','http://54.83.163.72/categoryImages/Screenshot-(3)-1710400761574.png',NULL,1,'2020-08-22 18:37:49',1,'2024-03-14 07:18:27','goods','0','0','1','0','1','1','1','1','1','1','1','1','1','1','1','1','1','1','1','0','0','0','0'),(48,'IV DRIPS',0,'GLUTOTHIONE','https://www.welona.in/wp-content/uploads/2021/07/slide1.jpg',NULL,1,'2022-02-21 13:31:02',7,'2024-01-30 06:26:23','IV DRIPS','0','0','1','0','1','1','1','1','1','1','1','1','1','1','1','1','1','1','1','0','1','0','0'),(49,'slimming',0,'Medic',NULL,NULL,7,'2024-01-30 06:26:23',1,'2024-01-30 08:09:55','55',NULL,NULL,NULL,NULL,NULL,NULL,NULL,NULL,NULL,NULL,NULL,NULL,NULL,NULL,NULL,NULL,NULL,NULL,NULL,NULL,NULL,NULL,NULL),(58,'goods',1,'goods','http://54.83.163.72/categoryImages/Screenshot-2024-02-08-120935-1710410487199.png',NULL,0,'2024-03-14 07:19:27',0,'2024-03-14 09:04:14','goods',NULL,NULL,NULL,NULL,NULL,NULL,NULL,NULL,NULL,NULL,NULL,NULL,NULL,NULL,NULL,NULL,NULL,NULL,NULL,NULL,NULL,NULL,NULL),(59,'Laser Hair',1,'selling',NULL,NULL,0,'2024-03-14 09:04:14',0,NULL,'SKIN',NULL,NULL,NULL,NULL,NULL,NULL,NULL,NULL,NULL,NULL,NULL,NULL,NULL,NULL,NULL,NULL,NULL,NULL,NULL,NULL,NULL,NULL,NULL),(60,'Laser Hair',1,'HAIR TRANSPLANTATION','http://54.83.163.72/categoryImages/asd-1710423856636.png',NULL,0,'2024-03-14 13:08:36',0,'2024-03-14 13:08:36','1',NULL,NULL,NULL,NULL,NULL,NULL,NULL,NULL,NULL,NULL,NULL,NULL,NULL,NULL,NULL,NULL,NULL,NULL,NULL,NULL,NULL,NULL,NULL),(61,'Laser Hair',1,'selling','http://54.83.163.72/categoryImages/t-7(!)-1714116773161.PNG',NULL,0,'2024-03-14 13:08:36',0,'2024-04-26 07:30:56','1',NULL,NULL,NULL,NULL,NULL,NULL,NULL,NULL,NULL,NULL,NULL,NULL,NULL,NULL,NULL,NULL,NULL,NULL,NULL,NULL,NULL,NULL,NULL),(62,'goods11',0,'goods',NULL,NULL,0,'2024-03-14 13:08:36',56,'2024-03-14 13:55:13','goods',NULL,NULL,NULL,NULL,NULL,NULL,NULL,NULL,NULL,NULL,NULL,NULL,NULL,NULL,NULL,NULL,NULL,NULL,NULL,NULL,NULL,NULL,NULL),(63,'Laser Hair',0,'selling',NULL,NULL,0,'2024-03-14 13:08:36',56,'2024-03-14 13:55:13','1',NULL,NULL,NULL,NULL,NULL,NULL,NULL,NULL,NULL,NULL,NULL,NULL,NULL,NULL,NULL,NULL,NULL,NULL,NULL,NULL,NULL,NULL,NULL),(64,'Laser Hair',0,'selling',NULL,NULL,0,'2024-03-14 13:55:13',56,'2024-03-14 14:15:39','1',NULL,NULL,NULL,NULL,NULL,NULL,NULL,NULL,NULL,NULL,NULL,NULL,NULL,NULL,NULL,NULL,NULL,NULL,NULL,NULL,NULL,NULL,NULL);

--
-- Table structure for table `CheckList`
--

CREATE TABLE `CheckList` (
  `Id` int NOT NULL AUTO_INCREMENT,
  `CheckListGroupId` bit(1) NOT NULL,
  `CLType` varchar(15) COLLATE utf8mb4_general_ci NOT NULL,
  `Item` varchar(96) COLLATE utf8mb4_general_ci NOT NULL,
  `Status` bit(1) NOT NULL,
  `Remarks` varchar(30) COLLATE utf8mb4_general_ci DEFAULT NULL,
  `HasOpenClose` bit(1) NOT NULL,
  PRIMARY KEY (`Id`)
) ENGINE=InnoDB AUTO_INCREMENT=101 DEFAULT CHARSET=utf8mb4 COLLATE=utf8mb4_general_ci;

--
-- Dumping data for table `CheckList`
--

INSERT INTO `CheckList` VALUES (1,_binary '','Entrance','Signage Board at the entrance is clean, presentable and in working condition',_binary '',NULL,_binary '\0'),(2,_binary '','Entrance','Valet Parking Desk in good condition, not faded or chipped or disfigured and visible to clients',_binary '',NULL,_binary '\0'),(3,_binary '','Entrance','Security Guard/Valet Driver available and well groomed',_binary '',NULL,_binary '\0'),(4,_binary '','Entrance','Access path to Reception from entrance is clean and well maintained',_binary '',NULL,_binary '\0'),(5,_binary '','Entrance','Glass Main door clean without finger prints and working without any friction',_binary '',NULL,_binary '\0'),(6,_binary '','FO','Front office area is presentable  and magazine racks staked well',_binary '',NULL,_binary '\0'),(7,_binary '','FO','FOE/Operation Incharge is available at all times in the reception desk',_binary '',NULL,_binary '\0'),(8,_binary '','FO','FOE is greeting every client on entry and thank them during exit with a warm genuine smile',_binary '',NULL,_binary '\0'),(9,_binary '','FO','FOE is well groomed and in uniform',_binary '',NULL,_binary '\0'),(10,_binary '','FO','Consultation Forms are given to Clients by FOE',_binary '',NULL,_binary '\0'),(11,_binary '','FO','Media & Lead entries are updated daily by FOE',_binary '',NULL,_binary '\0'),(12,_binary '','FO','Television is playing the inhouse Ads and Channel Music is playing',_binary '',NULL,_binary '\0'),(13,_binary '','FO','Telephone lines, Internet connections in working order',_binary '',NULL,_binary '\0'),(14,_binary '','FO','Feedback Poster / Do not get a Bill Posters visible and presentable',_binary '',NULL,_binary '\0'),(15,_binary '','FO','Printer, EDC machines are in working order',_binary '',NULL,_binary '\0'),(16,_binary '','FO','Cash in branch should be tallied with software',_binary '',NULL,_binary '\0'),(17,_binary '','FO','Petty Cash for branch expenses is not more than Rs.2000/-',_binary '',NULL,_binary '\0'),(18,_binary '','FO','Cash  is deposited/collected in the bank everyday',_binary '',NULL,_binary '\0'),(19,_binary '','FO','Client Waiting Area is neatly arranged,  Lights, furniture, Aircondition in good condition',_binary '',NULL,_binary '\0'),(20,_binary '','SkinSection','Skin room is clean, hygenic and presentable to clients',_binary '',NULL,_binary '\0'),(21,_binary '','SkinSection','All cards are entered in the system and updated',_binary '',NULL,_binary '\0'),(22,_binary '','FO','Manual bill book is used as per SOP ?',_binary '',NULL,_binary '\0'),(23,_binary '','FO','Manual BOT and Internet Browser is followed as per SOP ?',_binary '',NULL,_binary '\0'),(24,_binary '','FO','All voucher entries are entered in Software, nothing pending ?',_binary '',NULL,_binary '\0'),(25,_binary '','FO','Staff personal mobile phones are submitted at front desk ?',_binary '',NULL,_binary '\0'),(26,_binary '','FO','Mails/Time-in & out register/Enquiry Register are checked & followed ?',_binary '',NULL,_binary '\0'),(27,_binary '','SkinSection','Client Follow up is being done without any reminders or delays ?',_binary '',NULL,_binary ''),(28,_binary '','SkinSection','Reminder Call & SMS to clients is being followed ?',_binary '',NULL,_binary ''),(29,_binary '','SkinSection','Treatments without appointments are not given ?',_binary '',NULL,_binary ''),(30,_binary '','SkinSection','Appointments are given only Doctors or their assistants ?',_binary '',NULL,_binary ''),(31,_binary '','SkinSection','No expired products in use?',_binary '',NULL,_binary ''),(32,_binary '','SkinSection','All Stocks are available for days use?',_binary '',NULL,_binary ''),(33,_binary '','SkinSection','Equipments are in working condition?',_binary '',NULL,_binary ''),(34,_binary '','SkinSection','IPL ?',_binary '',NULL,_binary ''),(35,_binary '','SkinSection','Centrifuge ?',_binary '',NULL,_binary ''),(36,_binary '','SkinSection','ND YAG LASER ?',_binary '',NULL,_binary ''),(37,_binary '','SkinSection','UPS ?',_binary '',NULL,_binary ''),(38,_binary '','SkinSection','UPS BATTERIES?',_binary '',NULL,_binary ''),(39,_binary '','SkinSection','RF Machine?',_binary '',NULL,_binary ''),(40,_binary '','SkinSection','Electrolysis?',_binary '',NULL,_binary ''),(41,_binary '','SkinSection','MDA ?',_binary '',NULL,_binary ''),(42,_binary '','SkinSection','OXY PEEL MACHINE ?',_binary '',NULL,_binary ''),(43,_binary '','SkinSection','Lavatron ?',_binary '',NULL,_binary ''),(44,_binary '','SkinSection','Wart removal?',_binary '',NULL,_binary ''),(45,_binary '','SkinSection','Hair Scope?',_binary '',NULL,_binary ''),(46,_binary '','SkinSection','Wash Basin is clean and hygenic for treatment purposee?',_binary '',NULL,_binary ''),(47,_binary '','SkinSection','Wash Basin is clean and hygenic for treatment purpose?',_binary '',NULL,_binary ''),(48,_binary '','SkinSection','Aircon, Furnitures and Beds in good condition ?',_binary '',NULL,_binary ''),(49,_binary '','SkinSection','Intercom is in order and working ?',_binary '',NULL,_binary ''),(50,_binary '','SkinSection','Trolley is well equipped and stable?',_binary '',NULL,_binary ''),(51,_binary '','SkinSection','Dustbins are cleared timely and previous day soiled tissues, etc not found?',_binary '',NULL,_binary ''),(52,_binary '','SkinSection','Feedback forms are filled by clients?',_binary '',NULL,_binary ''),(53,_binary '','SkinSection','Maintenance Register is updated  with Complaint Number for every breakdown?',_binary '',NULL,_binary ''),(54,_binary '','SlimmingSection','Computers and printers in working condition?',_binary '',NULL,_binary ''),(55,_binary '','SlimmingSection','Feedback Poster / Do not get a Bill Posters visible and presentable?',_binary '',NULL,_binary ''),(56,_binary '','SlimmingSection','Reminder Call & SMS to clients is being followed?',_binary '',NULL,_binary ''),(57,_binary '','SlimmingSection','Client Follow up is being done without any reminders or delays?',_binary '',NULL,_binary ''),(58,_binary '','SlimmingSection','Treatment  & Appointment registers are followed up to date?',_binary '',NULL,_binary ''),(59,_binary '','SlimmingSection','Treatments without appointments are not given?',_binary '',NULL,_binary ''),(60,_binary '','SlimmingSection','Appointments are given only by Dieticians or Therapists ?',_binary '',NULL,_binary ''),(61,_binary '','SlimmingSection','Weightloss Sms register is being followed ?',_binary '',NULL,_binary ''),(62,_binary '','SlimmingSection','WeightLoss Communication of clients Displayed  ?',_binary '',NULL,_binary ''),(63,_binary '','SlimmingSection','Slimming cards are entered in Software ?',_binary '',NULL,_binary ''),(64,_binary '','SlimmingSection','Diet Diaries are being checked and instructed to clients ?',_binary '',NULL,_binary ''),(65,_binary '','SlimmingSection','Dieticians are confident while communicating with clients and recommend appropriately ?',_binary '',NULL,_binary ''),(66,_binary '','SlimmingSection','Feedbacks forms are being filled by clients ?',_binary '',NULL,_binary ''),(67,_binary '','SlimmingSection','Therapists are well groomed, no body odour, name badges/neat uniforms and serve with a smile ?',_binary '',NULL,_binary ''),(68,_binary '','SlimmingSection','Re-booking is recommended to clients by dieticians and therapists ?',_binary '',NULL,_binary ''),(69,_binary '','SlimmingSection','Sufficient stock of G5 and Tuck Powder available ?',_binary '',NULL,_binary ''),(70,_binary '','SlimmingSection','BCA machine working in good condition ?',_binary '',NULL,_binary ''),(71,_binary '','SlimmingSection','Color BCA availablen ?',_binary '',NULL,_binary ''),(72,_binary '','SlimmingSection','Body Sculpting Machine  ?',_binary '',NULL,_binary ''),(73,_binary '','SlimmingSection','Smoke detectors ?',_binary '',NULL,_binary ''),(74,_binary '','SlimmingSection','Lights and TV with remote ?',_binary '',NULL,_binary ''),(75,_binary '','SlimmingSection','Buzzers?',_binary '',NULL,_binary ''),(76,_binary '','SlimmingSection','G10  & G5?',_binary '',NULL,_binary ''),(77,_binary '','SlimmingSection','Thigh Pads & Tummy Pads generate even heating and working condition?',_binary '',NULL,_binary ''),(78,_binary '','SlimmingSection','Ultrasonic?',_binary '',NULL,_binary ''),(79,_binary '','SlimmingSection','BR?',_binary '',NULL,_binary ''),(80,_binary '','SlimmingSection','Deep Heat?',_binary '',NULL,_binary ''),(81,_binary '','SlimmingSection','EME?',_binary '',NULL,_binary ''),(82,_binary '','SlimmingSection','NMS?',_binary '',NULL,_binary ''),(83,_binary '','SlimmingSection','Emergency Light?',_binary '',NULL,_binary ''),(84,_binary '','SlimmingSection','Weighing Machine?',_binary '',NULL,_binary ''),(85,_binary '','SlimmingSection','Measuring Tape?',_binary '',NULL,_binary ''),(86,_binary '','SlimmingSection','Maintenance Register is updated  with Complaint Number for every breakdown?',_binary '',NULL,_binary ''),(87,_binary '','SlimmingSection','Beds/ towles/Sheets in good condition, not torn, clean, no stain?',_binary '',NULL,_binary ''),(88,_binary '','SlimmingSection','TV with cable channels & remote available and in working condition?',_binary '',NULL,_binary ''),(89,_binary '','SlimmingSection','Deep heat machines and Gel pads are kept safely and neatly when not in use?',_binary '',NULL,_binary ''),(90,_binary '','SlimmingSection','Shelves below beds are neatly stacked, no dust,  no unwanted things like  newspaper etc?',_binary '',NULL,_binary ''),(91,_binary '','SlimmingSection','Room freshners are sprayed before and after use by clients?',_binary '',NULL,_binary ''),(92,_binary '','SlimmingSection','Treatment rooms are not used for anyother purpose like eating/telecalling etc by staffs?',_binary '',NULL,_binary ''),(93,_binary '','SlimmingSection','Exhaust grills are clean with no dust ?',_binary '',NULL,_binary ''),(94,_binary '','SlimmingSection','Walls or partions with laminates are stainfree and presentable for clients to use?',_binary '',NULL,_binary ''),(95,_binary '','SlimmingSection','Door Hangers - He/She/Reserved available and used accordingly?',_binary '',NULL,_binary ''),(96,_binary '','SlimmingSection','TV or music is well within audible limits without disturbing other clients?',_binary '',NULL,_binary ''),(97,_binary '','Management','CCTV is checked randomly during early morning shifts to ascertain effective branch opening?',_binary '',NULL,_binary ''),(98,_binary '','Management','Negative feedback clients are contacted by Branch incharge daily?',_binary '',NULL,_binary ''),(99,_binary '','Management','Client feedback is discussed  and updated to concerned department for improvement?',_binary '',NULL,_binary ''),(100,_binary '','Management','Daily Briefing with department heads - concerns/appreciations/?',_binary '',NULL,_binary '');

--
-- Table structure for table `CheckListBranch`
--

CREATE TABLE `CheckListBranch` (
  `Id` int NOT NULL AUTO_INCREMENT,
  `BranchId` int NOT NULL,
  `CreatedBy` int NOT NULL,
  `CreatedDate` varchar(19) COLLATE utf8mb4_general_ci NOT NULL,
  `ModifiedBy` varchar(30) COLLATE utf8mb4_general_ci DEFAULT NULL,
  `ModifiedDate` varchar(30) COLLATE utf8mb4_general_ci DEFAULT NULL,
  PRIMARY KEY (`Id`)
) ENGINE=InnoDB AUTO_INCREMENT=9 DEFAULT CHARSET=utf8mb4 COLLATE=utf8mb4_general_ci;

--
-- Dumping data for table `CheckListBranch`
--

INSERT INTO `CheckListBranch` VALUES (1,2,6,'2015-05-14 12:23:55',NULL,NULL),(2,2,6,'2015-05-15 00:29:30',NULL,NULL),(3,51,91,'2016-02-09 14:33:30',NULL,NULL),(4,51,91,'2016-02-09 14:33:59',NULL,NULL),(5,54,97,'2016-05-08 11:00:16',NULL,NULL),(6,52,86,'2016-05-24 15:34:31',NULL,NULL),(7,52,86,'2016-05-24 15:37:51',NULL,NULL),(8,52,86,'2016-05-28 16:33:53',NULL,NULL);

--
-- Table structure for table `CheckListBranchWise`
--

CREATE TABLE `CheckListBranchWise` (
  `Id` int NOT NULL AUTO_INCREMENT,
  `ItemId` int NOT NULL,
  `BranchId` int NOT NULL,
  `OpenCloseType` int DEFAULT NULL,
  `Status` bit(1) NOT NULL,
  `TransactionId` varchar(36) COLLATE utf8mb4_general_ci NOT NULL,
  `IsActive` bit(1) NOT NULL,
  `CreatedBy` int NOT NULL,
  `CreatedDate` varchar(19) COLLATE utf8mb4_general_ci NOT NULL,
  `ModifiedBy` varchar(30) COLLATE utf8mb4_general_ci DEFAULT NULL,
  `ModifiedDate` varchar(30) COLLATE utf8mb4_general_ci DEFAULT NULL,
  `Remarks` varchar(16) COLLATE utf8mb4_general_ci DEFAULT NULL,
  `CheckListId` int NOT NULL,
  `OStatus` bit(1) NOT NULL,
  `ORemarks` varchar(3) COLLATE utf8mb4_general_ci DEFAULT NULL,
  `CStatus` bit(1) NOT NULL,
  `CRemarks` varchar(3) COLLATE utf8mb4_general_ci DEFAULT NULL,
  PRIMARY KEY (`Id`)
) ENGINE=InnoDB AUTO_INCREMENT=62 DEFAULT CHARSET=utf8mb4 COLLATE=utf8mb4_general_ci;

--
-- Dumping data for table `CheckListBranchWise`
--

INSERT INTO `CheckListBranchWise` VALUES (1,143,2,NULL,_binary '\0','f20ca889-6f56-4717-8d34-744c7d5f73cf',_binary '',6,'2015-05-15 00:29:30',NULL,NULL,NULL,2,_binary '\0','rew',_binary '\0','rew'),(2,144,2,NULL,_binary '\0','f20ca889-6f56-4717-8d34-744c7d5f73cf',_binary '',6,'2015-05-15 00:29:30',NULL,NULL,NULL,2,_binary '\0','rew',_binary '\0','rwe'),(3,145,2,NULL,_binary '\0','f20ca889-6f56-4717-8d34-744c7d5f73cf',_binary '',6,'2015-05-15 00:29:31',NULL,NULL,NULL,2,_binary '\0','rew',_binary '\0','rw'),(4,1,51,51,_binary '','14d3e69e-513d-4d9a-9796-c9c352e366b1',_binary '',91,'2016-02-09 14:33:30',NULL,NULL,NULL,3,_binary '\0',NULL,_binary '\0',NULL),(5,2,51,51,_binary '','14d3e69e-513d-4d9a-9796-c9c352e366b1',_binary '',91,'2016-02-09 14:33:30',NULL,NULL,NULL,3,_binary '\0',NULL,_binary '\0',NULL),(6,3,51,51,_binary '','14d3e69e-513d-4d9a-9796-c9c352e366b1',_binary '',91,'2016-02-09 14:33:30',NULL,NULL,NULL,3,_binary '\0',NULL,_binary '\0',NULL),(7,4,51,51,_binary '','14d3e69e-513d-4d9a-9796-c9c352e366b1',_binary '',91,'2016-02-09 14:33:30',NULL,NULL,NULL,3,_binary '\0',NULL,_binary '\0',NULL),(8,5,51,51,_binary '\0','14d3e69e-513d-4d9a-9796-c9c352e366b1',_binary '',91,'2016-02-09 14:33:30',NULL,NULL,'no action taken',3,_binary '\0',NULL,_binary '\0',NULL),(9,1,51,51,_binary '\0','28e01d4d-7e27-44c9-aa50-efd11d24b4fd',_binary '',91,'2016-02-09 14:33:59',NULL,NULL,'test',4,_binary '\0',NULL,_binary '\0',NULL),(10,2,51,51,_binary '\0','28e01d4d-7e27-44c9-aa50-efd11d24b4fd',_binary '',91,'2016-02-09 14:33:59',NULL,NULL,'test',4,_binary '\0',NULL,_binary '\0',NULL),(11,3,51,51,_binary '\0','28e01d4d-7e27-44c9-aa50-efd11d24b4fd',_binary '',91,'2016-02-09 14:33:59',NULL,NULL,'test',4,_binary '\0',NULL,_binary '\0',NULL),(12,4,51,51,_binary '\0','28e01d4d-7e27-44c9-aa50-efd11d24b4fd',_binary '',91,'2016-02-09 14:33:59',NULL,NULL,'test',4,_binary '\0',NULL,_binary '\0',NULL),(13,5,51,51,_binary '\0','28e01d4d-7e27-44c9-aa50-efd11d24b4fd',_binary '',91,'2016-02-09 14:33:59',NULL,NULL,'test',4,_binary '\0',NULL,_binary '\0',NULL),(14,6,54,51,_binary '','a4505818-a39d-4c78-8089-04f30ec9f4ad',_binary '',97,'2016-05-08 11:00:16',NULL,NULL,NULL,5,_binary '\0',NULL,_binary '\0',NULL),(15,7,54,51,_binary '','a4505818-a39d-4c78-8089-04f30ec9f4ad',_binary '',97,'2016-05-08 11:00:16',NULL,NULL,NULL,5,_binary '\0',NULL,_binary '\0',NULL),(16,8,54,51,_binary '','a4505818-a39d-4c78-8089-04f30ec9f4ad',_binary '',97,'2016-05-08 11:00:16',NULL,NULL,NULL,5,_binary '\0',NULL,_binary '\0',NULL),(17,9,54,51,_binary '','a4505818-a39d-4c78-8089-04f30ec9f4ad',_binary '',97,'2016-05-08 11:00:16',NULL,NULL,NULL,5,_binary '\0',NULL,_binary '\0',NULL),(18,10,54,51,_binary '','a4505818-a39d-4c78-8089-04f30ec9f4ad',_binary '',97,'2016-05-08 11:00:16',NULL,NULL,NULL,5,_binary '\0',NULL,_binary '\0',NULL),(19,11,54,51,_binary '','a4505818-a39d-4c78-8089-04f30ec9f4ad',_binary '',97,'2016-05-08 11:00:16',NULL,NULL,NULL,5,_binary '\0',NULL,_binary '\0',NULL),(20,12,54,51,_binary '','a4505818-a39d-4c78-8089-04f30ec9f4ad',_binary '',97,'2016-05-08 11:00:16',NULL,NULL,NULL,5,_binary '\0',NULL,_binary '\0',NULL),(21,13,54,51,_binary '','a4505818-a39d-4c78-8089-04f30ec9f4ad',_binary '',97,'2016-05-08 11:00:16',NULL,NULL,NULL,5,_binary '\0',NULL,_binary '\0',NULL),(22,14,54,51,_binary '','a4505818-a39d-4c78-8089-04f30ec9f4ad',_binary '',97,'2016-05-08 11:00:16',NULL,NULL,NULL,5,_binary '\0',NULL,_binary '\0',NULL),(23,15,54,51,_binary '','a4505818-a39d-4c78-8089-04f30ec9f4ad',_binary '',97,'2016-05-08 11:00:16',NULL,NULL,NULL,5,_binary '\0',NULL,_binary '\0',NULL),(24,16,54,51,_binary '','a4505818-a39d-4c78-8089-04f30ec9f4ad',_binary '',97,'2016-05-08 11:00:16',NULL,NULL,NULL,5,_binary '\0',NULL,_binary '\0',NULL),(25,17,54,51,_binary '','a4505818-a39d-4c78-8089-04f30ec9f4ad',_binary '',97,'2016-05-08 11:00:16',NULL,NULL,NULL,5,_binary '\0',NULL,_binary '\0',NULL),(26,18,54,51,_binary '','a4505818-a39d-4c78-8089-04f30ec9f4ad',_binary '',97,'2016-05-08 11:00:16',NULL,NULL,NULL,5,_binary '\0',NULL,_binary '\0',NULL),(27,19,54,51,_binary '','a4505818-a39d-4c78-8089-04f30ec9f4ad',_binary '',97,'2016-05-08 11:00:16',NULL,NULL,NULL,5,_binary '\0',NULL,_binary '\0',NULL),(28,22,54,51,_binary '','a4505818-a39d-4c78-8089-04f30ec9f4ad',_binary '',97,'2016-05-08 11:00:16',NULL,NULL,NULL,5,_binary '\0',NULL,_binary '\0',NULL),(29,23,54,51,_binary '','a4505818-a39d-4c78-8089-04f30ec9f4ad',_binary '',97,'2016-05-08 11:00:16',NULL,NULL,NULL,5,_binary '\0',NULL,_binary '\0',NULL),(30,24,54,51,_binary '','a4505818-a39d-4c78-8089-04f30ec9f4ad',_binary '',97,'2016-05-08 11:00:16',NULL,NULL,NULL,5,_binary '\0',NULL,_binary '\0',NULL),(31,25,54,51,_binary '','a4505818-a39d-4c78-8089-04f30ec9f4ad',_binary '',97,'2016-05-08 11:00:16',NULL,NULL,NULL,5,_binary '\0',NULL,_binary '\0',NULL),(32,26,54,51,_binary '','a4505818-a39d-4c78-8089-04f30ec9f4ad',_binary '',97,'2016-05-08 11:00:16',NULL,NULL,NULL,5,_binary '\0',NULL,_binary '\0',NULL),(33,6,52,51,_binary '','197c4ab3-3de0-4fed-bb04-9737cd105d3d',_binary '',86,'2016-05-24 15:34:31',NULL,NULL,NULL,6,_binary '\0',NULL,_binary '\0',NULL),(34,7,52,51,_binary '','197c4ab3-3de0-4fed-bb04-9737cd105d3d',_binary '',86,'2016-05-24 15:34:31',NULL,NULL,NULL,6,_binary '\0',NULL,_binary '\0',NULL),(35,8,52,51,_binary '','197c4ab3-3de0-4fed-bb04-9737cd105d3d',_binary '',86,'2016-05-24 15:34:31',NULL,NULL,NULL,6,_binary '\0',NULL,_binary '\0',NULL),(36,9,52,51,_binary '','197c4ab3-3de0-4fed-bb04-9737cd105d3d',_binary '',86,'2016-05-24 15:34:31',NULL,NULL,NULL,6,_binary '\0',NULL,_binary '\0',NULL),(37,10,52,51,_binary '','197c4ab3-3de0-4fed-bb04-9737cd105d3d',_binary '',86,'2016-05-24 15:34:31',NULL,NULL,NULL,6,_binary '\0',NULL,_binary '\0',NULL),(38,11,52,51,_binary '','197c4ab3-3de0-4fed-bb04-9737cd105d3d',_binary '',86,'2016-05-24 15:34:31',NULL,NULL,NULL,6,_binary '\0',NULL,_binary '\0',NULL),(39,12,52,51,_binary '','197c4ab3-3de0-4fed-bb04-9737cd105d3d',_binary '',86,'2016-05-24 15:34:31',NULL,NULL,NULL,6,_binary '\0',NULL,_binary '\0',NULL),(40,13,52,51,_binary '','197c4ab3-3de0-4fed-bb04-9737cd105d3d',_binary '',86,'2016-05-24 15:34:31',NULL,NULL,NULL,6,_binary '\0',NULL,_binary '\0',NULL),(41,14,52,51,_binary '','197c4ab3-3de0-4fed-bb04-9737cd105d3d',_binary '',86,'2016-05-24 15:34:31',NULL,NULL,NULL,6,_binary '\0',NULL,_binary '\0',NULL),(42,15,52,51,_binary '','197c4ab3-3de0-4fed-bb04-9737cd105d3d',_binary '',86,'2016-05-24 15:34:31',NULL,NULL,NULL,6,_binary '\0',NULL,_binary '\0',NULL),(43,16,52,51,_binary '','197c4ab3-3de0-4fed-bb04-9737cd105d3d',_binary '',86,'2016-05-24 15:34:31',NULL,NULL,NULL,6,_binary '\0',NULL,_binary '\0',NULL),(44,17,52,51,_binary '','197c4ab3-3de0-4fed-bb04-9737cd105d3d',_binary '',86,'2016-05-24 15:34:31',NULL,NULL,NULL,6,_binary '\0',NULL,_binary '\0',NULL),(45,18,52,51,_binary '','197c4ab3-3de0-4fed-bb04-9737cd105d3d',_binary '',86,'2016-05-24 15:34:31',NULL,NULL,NULL,6,_binary '\0',NULL,_binary '\0',NULL),(46,19,52,51,_binary '','197c4ab3-3de0-4fed-bb04-9737cd105d3d',_binary '',86,'2016-05-24 15:34:31',NULL,NULL,NULL,6,_binary '\0',NULL,_binary '\0',NULL),(47,22,52,51,_binary '','197c4ab3-3de0-4fed-bb04-9737cd105d3d',_binary '',86,'2016-05-24 15:34:31',NULL,NULL,NULL,6,_binary '\0',NULL,_binary '\0',NULL),(48,23,52,51,_binary '','197c4ab3-3de0-4fed-bb04-9737cd105d3d',_binary '',86,'2016-05-24 15:34:31',NULL,NULL,NULL,6,_binary '\0',NULL,_binary '\0',NULL),(49,24,52,51,_binary '','197c4ab3-3de0-4fed-bb04-9737cd105d3d',_binary '',86,'2016-05-24 15:34:31',NULL,NULL,NULL,6,_binary '\0',NULL,_binary '\0',NULL),(50,25,52,51,_binary '','197c4ab3-3de0-4fed-bb04-9737cd105d3d',_binary '',86,'2016-05-24 15:34:31',NULL,NULL,NULL,6,_binary '\0',NULL,_binary '\0',NULL),(51,26,52,51,_binary '','197c4ab3-3de0-4fed-bb04-9737cd105d3d',_binary '',86,'2016-05-24 15:34:31',NULL,NULL,NULL,6,_binary '\0',NULL,_binary '\0',NULL),(52,1,52,51,_binary '','2563875f-d0e5-4419-b362-424e5b628408',_binary '',86,'2016-05-24 15:37:51',NULL,NULL,NULL,7,_binary '\0',NULL,_binary '\0',NULL),(53,2,52,51,_binary '','2563875f-d0e5-4419-b362-424e5b628408',_binary '',86,'2016-05-24 15:37:51',NULL,NULL,NULL,7,_binary '\0',NULL,_binary '\0',NULL),(54,3,52,51,_binary '','2563875f-d0e5-4419-b362-424e5b628408',_binary '',86,'2016-05-24 15:37:51',NULL,NULL,NULL,7,_binary '\0',NULL,_binary '\0',NULL),(55,4,52,51,_binary '','2563875f-d0e5-4419-b362-424e5b628408',_binary '',86,'2016-05-24 15:37:51',NULL,NULL,NULL,7,_binary '\0',NULL,_binary '\0',NULL),(56,5,52,51,_binary '','2563875f-d0e5-4419-b362-424e5b628408',_binary '',86,'2016-05-24 15:37:51',NULL,NULL,NULL,7,_binary '\0',NULL,_binary '\0',NULL),(57,1,52,51,_binary '','6f1d7205-e203-44b0-b23a-8d04809d364d',_binary '',86,'2016-05-28 16:33:53',NULL,NULL,NULL,8,_binary '\0',NULL,_binary '\0',NULL),(58,2,52,51,_binary '','6f1d7205-e203-44b0-b23a-8d04809d364d',_binary '',86,'2016-05-28 16:33:53',NULL,NULL,NULL,8,_binary '\0',NULL,_binary '\0',NULL),(59,3,52,51,_binary '','6f1d7205-e203-44b0-b23a-8d04809d364d',_binary '',86,'2016-05-28 16:33:53',NULL,NULL,NULL,8,_binary '\0',NULL,_binary '\0',NULL),(60,4,52,51,_binary '','6f1d7205-e203-44b0-b23a-8d04809d364d',_binary '',86,'2016-05-28 16:33:53',NULL,NULL,NULL,8,_binary '\0',NULL,_binary '\0',NULL),(61,5,52,51,_binary '','6f1d7205-e203-44b0-b23a-8d04809d364d',_binary '',86,'2016-05-28 16:33:53',NULL,NULL,NULL,8,_binary '\0',NULL,_binary '\0',NULL);

--
-- Table structure for table `CheckListGroup`
--

CREATE TABLE `CheckListGroup` (
  `Id` int NOT NULL AUTO_INCREMENT,
  `GroupName` varchar(28) COLLATE utf8mb4_general_ci NOT NULL,
  `IsActive` bit(1) NOT NULL,
  `CreatedBy` bit(1) NOT NULL,
  `CreatedDate` varchar(30) COLLATE utf8mb4_general_ci DEFAULT NULL,
  `Remarks` varchar(30) COLLATE utf8mb4_general_ci DEFAULT NULL,
  PRIMARY KEY (`Id`)
) ENGINE=InnoDB AUTO_INCREMENT=4 DEFAULT CHARSET=utf8mb4 COLLATE=utf8mb4_general_ci;

--
-- Dumping data for table `CheckListGroup`
--

INSERT INTO `CheckListGroup` VALUES (1,'Entrance',_binary '',_binary '',NULL,NULL),(2,'Front office/Reception Area',_binary '',_binary '',NULL,NULL),(3,'Skin Section',_binary '',_binary '',NULL,NULL);

--
-- Table structure for table `Cities`
--

CREATE TABLE `Cities` (
  `Id` int NOT NULL AUTO_INCREMENT,
  `CountryId` bit(1) NOT NULL,
  `StateId` int NOT NULL,
  `CityName` varchar(11) COLLATE utf8mb4_general_ci NOT NULL,
  `Status` bit(1) NOT NULL,
  `CreatedBy` bit(1) NOT NULL,
  `CreatedDate` varchar(19) COLLATE utf8mb4_general_ci NOT NULL,
  `ModifiedBy` bit(1) DEFAULT NULL,
  `ModifiedDate` varchar(19) COLLATE utf8mb4_general_ci DEFAULT NULL,
  `ISACTIVE` varchar(9) COLLATE utf8mb4_general_ci NOT NULL,
  `IPAddress` varchar(15) COLLATE utf8mb4_general_ci NOT NULL,
  `Remarks` varchar(5) COLLATE utf8mb4_general_ci DEFAULT NULL,
  `District` int NOT NULL,
  PRIMARY KEY (`Id`)
) ENGINE=InnoDB AUTO_INCREMENT=18 DEFAULT CHARSET=utf8mb4 COLLATE=utf8mb4_general_ci;

--
-- Dumping data for table `Cities`
--

INSERT INTO `Cities` VALUES (1,_binary '',2,'Khothagudem',_binary '\0',_binary '','2015-02-10 14:40:00',_binary '','2015-02-10 14:52:00','NotActive','122.169.136.208','ff',1),(2,_binary '',2,'kothagudem',_binary '\0',_binary '','2015-02-10 14:53:00',NULL,NULL,'NotActive','122.169.136.208','mnbm',1),(3,_binary '',2,'yrtyt',_binary '\0',_binary '','2015-02-10 14:54:00',NULL,NULL,'NotActive','122.169.136.208','rtyrt',2),(4,_binary '',2,'kothagudem',_binary '\0',_binary '','2015-02-10 15:02:00',_binary '','2015-02-10 15:02:00','NotActive','122.169.136.208','fggd',1),(5,_binary '',2,'fdf',_binary '\0',_binary '','2015-02-10 15:13:00',NULL,NULL,'NotActive','122.169.136.208','gdfg',2),(6,_binary '',2,'erewr',_binary '\0',_binary '','2015-02-10 15:23:00',NULL,NULL,'NotActive','122.169.136.208','rer',2),(7,_binary '',2,'fgfg',_binary '\0',_binary '','2015-02-10 15:25:00',NULL,NULL,'NotActive','122.169.136.208','gdfg',2),(8,_binary '',2,'dftty',_binary '\0',_binary '','2015-02-10 15:32:00',NULL,NULL,'NotActive','122.169.136.208','yrtu',2),(9,_binary '',3,'fgffg',_binary '\0',_binary '','2015-02-10 15:34:00',NULL,NULL,'NotActive','122.169.136.208','fg',4),(10,_binary '',3,'gnvn',_binary '\0',_binary '','2015-02-10 15:40:00',NULL,NULL,'NotActive','122.169.136.208','ngv',4),(11,_binary '',2,'gg',_binary '\0',_binary '','2015-02-10 15:58:00',NULL,NULL,'NotActive','122.169.136.208','gdfg',2),(12,_binary '',2,'erer',_binary '\0',_binary '','2015-02-10 15:59:00',NULL,NULL,'NotActive','122.169.136.208','rewr',2),(13,_binary '',2,'dftty',_binary '\0',_binary '','2015-02-10 16:03:00',NULL,NULL,'NotActive','122.169.136.208','yuty',2),(14,_binary '',3,'yutyu',_binary '\0',_binary '','2015-02-10 16:04:00',NULL,NULL,'NotActive','122.169.136.208','yutyu',4),(15,_binary '',2,'tyryrhhhh',_binary '\0',_binary '','2015-02-10 16:04:00',_binary '','2015-02-10 16:05:00','NotActive','122.169.136.208','ghfj',2),(16,_binary '',2,'Basar',_binary '',_binary '','2015-02-10 16:06:00',_binary '','2015-02-10 16:09:00','NotActive','122.169.136.208',NULL,2),(17,_binary '',3,'madikeri',_binary '',_binary '','2015-02-11 16:49:00',NULL,NULL,'NotActive','122.169.131.209',NULL,4);

--
-- Table structure for table `ClientFeedback`
--

CREATE TABLE `ClientFeedback` (
  `Id` int NOT NULL AUTO_INCREMENT,
  `CategoryId` int NOT NULL,
  `PackageId` bit(1) NOT NULL,
  `FeedbackGivenby` int NOT NULL,
  `CustomerId` int NOT NULL,
  `Remarks` varchar(115) COLLATE utf8mb4_general_ci DEFAULT NULL,
  `CreatedDate` varchar(19) COLLATE utf8mb4_general_ci NOT NULL,
  `ModifiedDate` varchar(19) COLLATE utf8mb4_general_ci NOT NULL,
  `FeedBackStatus` varchar(7) COLLATE utf8mb4_general_ci DEFAULT NULL,
  `IsActive` bit(1) NOT NULL,
  `BranchId` int NOT NULL,
  PRIMARY KEY (`Id`)
) ENGINE=InnoDB AUTO_INCREMENT=101 DEFAULT CHARSET=utf8mb4 COLLATE=utf8mb4_general_ci;

--
-- Dumping data for table `ClientFeedback`
--

INSERT INTO `ClientFeedback` VALUES (1,1,_binary '\0',127,12405,'client gives average rating','2016-07-07 12:29:22','2016-07-07 12:29:22','Average',_binary '',61),(2,2,_binary '\0',127,23483,'B if vu chichgg','2016-07-07 15:48:31','2016-07-07 15:48:31','Average',_binary '',61),(3,1,_binary '\0',310,740,'bhuvan sir test done','2016-07-08 13:52:47','2016-07-08 13:52:47','Average',_binary '',54),(4,1,_binary '\0',310,23925,'test venu','2016-07-08 14:07:05','2016-07-08 14:07:05','Average',_binary '',61),(5,1,_binary '\0',137,23195,'good','2016-07-08 14:39:56','2016-07-08 14:39:56','Good',_binary '',52),(6,1,_binary '\0',113,933,NULL,'2016-07-10 17:37:35','2016-07-10 17:37:35','Average',_binary '',52),(7,1,_binary '\0',128,23695,'SATISFIED WITH THE TREATMENT, ALL ARE RECIEVING GOOD AND WELL, CLINIC IS HYGENIC AND CLEANED.','2016-07-18 14:36:45','2016-07-18 14:36:45','Good',_binary '',54),(8,1,_binary '\0',313,1734,'SATISFIED WITH THE TREATMENT AND HAPPY','2016-07-18 14:41:36','2016-07-18 14:41:36','Good',_binary '',54),(9,1,_binary '\0',313,1734,'SATISFIED WITH THE TREATMENT AND HAPPY','2016-07-18 14:42:15','2016-07-18 14:42:15','Good',_binary '',54),(10,1,_binary '\0',123,1470,'good result for every section','2016-10-03 12:47:26','2016-10-03 12:47:26','Good',_binary '',54),(11,3,_binary '\0',137,24158,'good','2016-10-03 13:09:05','2016-10-03 13:09:05','Good',_binary '',52),(12,1,_binary '\0',137,2132,'very good','2016-10-03 13:12:35','2016-10-03 13:12:35','Good',_binary '',52),(13,1,_binary '\0',137,23813,'very good','2016-10-03 13:14:27','2016-10-03 13:14:27','Good',_binary '',52),(14,1,_binary '\0',123,742,'satisfied','2016-10-03 13:16:31','2016-10-03 13:16:31','Good',_binary '',54),(15,1,_binary '\0',137,24231,'good','2016-10-17 07:12:18','2016-10-17 07:12:18','Good',_binary '',52),(16,1,_binary '\0',137,13144,NULL,'2016-10-21 15:00:17','2016-10-21 15:00:17','Good',_binary '',52),(17,1,_binary '\0',294,34867,'very happy with the treatment','2016-11-17 11:04:32','2016-11-17 11:04:32','Good',_binary '',54),(18,1,_binary '\0',184,45012,NULL,'2017-04-05 16:35:55','2017-04-05 16:35:55','Good',_binary '',51),(19,1,_binary '\0',10501,34889,'test by bhuvan sir','2017-12-26 16:21:44','2017-12-26 16:21:44','Good',_binary '',54),(20,3,_binary '\0',10431,78907,'very good','2017-12-28 14:25:29','2017-12-28 14:25:29','Good',_binary '',56),(21,1,_binary '\0',10431,78225,'Good','2017-12-28 14:28:10','2017-12-28 14:28:10','Good',_binary '',56),(22,3,_binary '\0',10431,79343,'VERY GOOD','2017-12-28 15:34:19','2017-12-28 15:34:19','Good',_binary '',56),(23,1,_binary '\0',10431,66844,'GOOD','2017-12-28 17:43:00','2017-12-28 17:43:00','Good',_binary '',56),(24,1,_binary '\0',288,77765,'very good treatment\r\nservices are nice','2017-12-29 13:04:52','2017-12-29 13:04:52','Good',_binary '',55),(25,1,_binary '\0',288,77947,'i am very happy with life treatment','2017-12-29 13:05:58','2017-12-29 13:05:58','Good',_binary '',55),(26,1,_binary '\0',288,34866,'good treatment. satisfied','2017-12-29 13:07:41','2017-12-29 13:07:41','Good',_binary '',55),(27,1,_binary '\0',288,66702,'life providing excellent treatment for us.if you have any exercise equipment in your life style please provide us','2017-12-29 13:10:51','2017-12-29 13:10:51','Good',_binary '',55),(28,1,_binary '\0',288,66567,'good','2017-12-29 13:11:37','2017-12-29 13:11:37','Good',_binary '',55),(29,1,_binary '\0',288,66943,'good','2017-12-29 13:12:48','2017-12-29 13:12:48','Good',_binary '',55),(30,1,_binary '\0',288,66675,'good','2017-12-29 13:13:36','2017-12-29 13:13:36','Good',_binary '',55),(31,1,_binary '\0',288,77600,'i feel light and energetic than before which gave me a positive lifestyle and improved my confidence','2017-12-29 13:15:53','2017-12-29 13:15:53','Good',_binary '',55),(32,1,_binary '\0',288,66958,'good treatment','2017-12-29 13:17:41','2017-12-29 13:17:41','Good',_binary '',55),(33,1,_binary '\0',288,23641,'everything is fine and good','2017-12-29 13:50:04','2017-12-29 13:50:04','Good',_binary '',55),(34,1,_binary '\0',10486,79116,'NILL','2017-12-29 17:22:34','2017-12-29 17:22:34','Good',_binary '',59),(35,1,_binary '\0',10486,77473,'NILL','2017-12-29 17:23:45','2017-12-29 17:23:45','Good',_binary '',59),(36,1,_binary '\0',10486,78709,'NILL','2017-12-29 17:24:42','2017-12-29 17:24:42','Good',_binary '',59),(37,3,_binary '\0',10431,79585,'excellent','2017-12-29 17:41:13','2017-12-29 17:41:13','Good',_binary '',56),(38,1,_binary '\0',10431,66520,'Good','2017-12-29 17:43:18','2017-12-29 17:43:18','Good',_binary '',56),(39,1,_binary '\0',10431,78379,'good','2017-12-29 17:48:10','2017-12-29 17:48:10','Good',_binary '',56),(40,1,_binary '\0',10431,66694,'nice','2017-12-29 17:49:01','2017-12-29 17:49:01','Good',_binary '',56),(41,1,_binary '\0',10431,79309,'good','2017-12-29 18:02:00','2017-12-29 18:02:00','Good',_binary '',56),(42,1,_binary '\0',10479,34530,'satisfied with  treatment ... happy about results..re booked also..','2017-12-30 09:24:36','2017-12-30 09:24:36','Good',_binary '',52),(43,1,_binary '\0',10478,77520,'i am happy staff is good n coperative','2017-12-30 09:30:14','2017-12-30 09:30:14','Good',_binary '',52),(44,1,_binary '\0',10478,78168,'treatment is good . staff is cooperative  results are very good .but only toilet is not very clean just chek.','2017-12-30 09:44:32','2017-12-30 09:44:32','Good',_binary '',52),(45,1,_binary '\0',10431,78634,'awesome*','2017-12-30 12:46:25','2017-12-30 12:46:25','Good',_binary '',56),(46,1,_binary '\0',10485,79126,'nill','2017-12-30 15:12:20','2017-12-30 15:12:20','Good',_binary '',59),(47,1,_binary '\0',10527,56384,'nill','2017-12-30 15:16:17','2017-12-30 15:16:17','Good',_binary '',59),(48,1,_binary '\0',10527,78712,'no from my end','2017-12-30 15:17:31','2017-12-30 15:17:31','Good',_binary '',59),(49,1,_binary '\0',10486,34695,'VERY GOOD','2017-12-30 15:38:13','2017-12-30 15:38:13','Good',_binary '',59),(50,1,_binary '\0',10431,77784,'good','2017-12-31 13:00:48','2017-12-31 13:00:48','Good',_binary '',56),(51,3,_binary '\0',10431,78829,'GOOD','2017-12-31 13:04:53','2017-12-31 13:04:53','Good',_binary '',56),(52,1,_binary '\0',10431,77970,'good','2017-12-31 13:06:04','2017-12-31 13:06:04','Good',_binary '',56),(53,1,_binary '\0',10533,77292,'treament is is good','2017-12-31 15:06:19','2017-12-31 15:06:19','Good',_binary '',53),(54,1,_binary '\0',10533,79097,'TREATMENT IS GOOD','2017-12-31 17:14:49','2017-12-31 17:14:49','Good',_binary '',53),(55,1,_binary '\0',10533,78832,'TREATMENT IS GOOD','2017-12-31 17:22:07','2017-12-31 17:22:07','Good',_binary '',53),(56,1,_binary '\0',10533,67229,'TREATMENT IS GOOD','2017-12-31 17:28:07','2017-12-31 17:28:07','Good',_binary '',53),(57,1,_binary '\0',10533,79340,'TREATMENT IS VERY GOOD','2017-12-31 17:31:23','2017-12-31 17:31:23',NULL,_binary '',53),(58,1,_binary '\0',10533,79449,'TRATMENT IS GOOD','2017-12-31 17:38:29','2017-12-31 17:38:29',NULL,_binary '',53),(59,1,_binary '\0',10533,77693,'TREATMENT IS GOOD','2017-12-31 17:50:51','2017-12-31 17:50:51','Good',_binary '',53),(60,1,_binary '\0',288,77897,'the treatment is good.getting the results','2018-01-01 11:25:07','2018-01-01 11:25:07','Good',_binary '',55),(61,1,_binary '\0',288,79300,'good staff. very caring and concerned treatment. i\'d recommend anyone to this clinic','2018-01-01 11:27:16','2018-01-01 11:27:16','Good',_binary '',55),(62,1,_binary '\0',288,79577,'everything is good','2018-01-01 11:28:15','2018-01-01 11:28:15','Good',_binary '',55),(63,1,_binary '\0',288,77621,'good','2018-01-01 11:29:17','2018-01-01 11:29:17','Good',_binary '',55),(64,1,_binary '\0',288,55977,'the service is good and my calls are being taken with good response','2018-01-01 11:33:48','2018-01-01 11:33:48','Good',_binary '',55),(65,1,_binary '\0',288,56063,'i feel good with the service','2018-01-01 11:34:38','2018-01-01 11:34:38','Good',_binary '',55),(66,1,_binary '\0',288,79633,'hospitality is good','2018-01-01 11:37:42','2018-01-01 11:37:42','Good',_binary '',55),(67,1,_binary '\0',288,12303,'HAVE DOUBTS ON VARTIATIONS OF WEIGHT WHICH WERE NEVER CLARIFIED TO MY SATISFACTION.WASHROOM STINKS.POOR MAINTENANCE','2018-01-01 13:45:05','2018-01-01 13:45:05','Average',_binary '',55),(68,1,_binary '\0',288,55571,'FOR PROFESSIONALS WHO ARE WORKING WEDNESDAY AND FRIDAY MORNINGS NEEDED','2018-01-01 13:47:06','2018-01-01 13:47:06','Good',_binary '',55),(69,1,_binary '\0',288,78578,'TREATMENT-V.GOOD\r\nWATER PROBLEM IN WASHROOMS','2018-01-01 13:48:30','2018-01-01 13:48:30','Good',_binary '',55),(70,1,_binary '\0',118,79134,'reduced 3kgs in 1month','2018-01-02 14:37:30','2018-01-02 14:37:30','Good',_binary '',54),(71,1,_binary '\0',10533,78340,'TREATMENT IS GOOD','2018-01-02 15:53:32','2018-01-02 15:53:32','Good',_binary '',53),(72,1,_binary '\0',10533,79599,'TREATMENT IS GOOD','2018-01-02 16:01:23','2018-01-02 16:01:23','Good',_binary '',53),(73,1,_binary '\0',10533,79476,'TREATMENT IS GOOD','2018-01-02 16:13:49','2018-01-02 16:13:49','Good',_binary '',53),(74,1,_binary '\0',10533,77968,'TREATMENT IS GOOD','2018-01-02 16:16:18','2018-01-02 16:16:18','Good',_binary '',53),(75,1,_binary '\0',10533,79121,'TREATMENT IS GOOD','2018-01-02 16:19:56','2018-01-02 16:19:56','Good',_binary '',53),(76,1,_binary '\0',10533,79388,'TREATMENT IS GOOD','2018-01-02 17:40:35','2018-01-02 17:40:35','Good',_binary '',53),(77,1,_binary '\0',10533,79354,'TREATMENT IS GOOD','2018-01-02 17:52:38','2018-01-02 17:52:38','Good',_binary '',53),(78,1,_binary '\0',10533,77876,'TREATMENT IS GOOD','2018-01-02 18:01:49','2018-01-02 18:01:49','Good',_binary '',53),(79,1,_binary '\0',10533,78832,'TREATMENT IS GOOD','2018-01-02 18:20:18','2018-01-02 18:20:18','Good',_binary '',53),(80,1,_binary '\0',10533,79644,'TREATMENT IS GOOD','2018-01-02 18:23:57','2018-01-02 18:23:57','Good',_binary '',53),(81,1,_binary '\0',10533,55430,'TREATMENT IS GOOD','2018-01-02 18:29:00','2018-01-02 18:29:00','Good',_binary '',53),(82,1,_binary '\0',10533,12770,'TREATMENT IS GOOD','2018-01-02 18:39:48','2018-01-02 18:39:48','Good',_binary '',53),(83,1,_binary '\0',10533,79279,'TREATMENT IS VERY GOOD','2018-01-02 18:44:17','2018-01-02 18:44:17','Good',_binary '',53),(84,1,_binary '\0',10533,79097,'TREATMENT IS GOOD','2018-01-03 15:30:51','2018-01-03 15:30:51','Good',_binary '',53),(85,1,_binary '\0',10533,55723,'TREATMENT IS GOOD','2018-01-03 15:36:36','2018-01-03 15:36:36','Good',_binary '',53),(86,1,_binary '\0',10533,79001,'TREATMENT IS GOOD','2018-01-03 15:41:17','2018-01-03 15:41:17','Good',_binary '',53),(87,1,_binary '\0',10533,66916,'TREATMENT IS GOOD','2018-01-03 15:46:27','2018-01-03 15:46:27','Good',_binary '',53),(88,1,_binary '\0',10533,67171,'treatment is good','2018-01-03 15:57:42','2018-01-03 15:57:42','Good',_binary '',53),(89,3,_binary '\0',10431,78658,'very good...............','2018-01-03 16:08:21','2018-01-03 16:08:21','Good',_binary '',56),(90,1,_binary '\0',10533,79741,'treatment is good','2018-01-03 16:30:02','2018-01-03 16:30:02','Good',_binary '',53),(91,1,_binary '\0',10533,78556,'treatment is ecellent','2018-01-03 16:52:54','2018-01-03 16:52:54',NULL,_binary '',53),(92,1,_binary '\0',10533,78618,'treatment is good','2018-01-03 17:16:35','2018-01-03 17:16:35','Good',_binary '',53),(93,1,_binary '\0',10533,79175,'treatment is good','2018-01-03 17:44:57','2018-01-03 17:44:57','Good',_binary '',53),(94,1,_binary '\0',10533,78769,'treatment is very very good','2018-01-03 17:51:01','2018-01-03 17:51:01',NULL,_binary '',53),(95,1,_binary '\0',10533,79599,'TREATMENT IS GOOD','2018-01-04 14:53:04','2018-01-04 14:53:04','Good',_binary '',53),(96,1,_binary '\0',10533,78448,'TREWATMENT IS GOOD','2018-01-04 16:28:46','2018-01-04 16:28:46','Good',_binary '',53),(97,1,_binary '\0',10533,79625,'TREATMENT IS GOOD','2018-01-04 16:35:33','2018-01-04 16:35:33','Good',_binary '',53),(98,1,_binary '\0',10533,79042,'TREATMENT IS GOOD','2018-01-04 16:40:37','2018-01-04 16:40:37','Good',_binary '',53),(99,1,_binary '\0',10533,79354,'TREATMENT IS GOOD','2018-01-04 16:44:09','2018-01-04 16:44:09','Good',_binary '',53),(100,1,_binary '\0',10533,79476,'TREATMENT I GOOD','2018-01-04 16:46:36','2018-01-04 16:46:36','Good',_binary '',53);

--
-- Table structure for table `Country`
--

CREATE TABLE `Country` (
  `Id` int NOT NULL AUTO_INCREMENT,
  `CountryName` varchar(11) COLLATE utf8mb4_general_ci NOT NULL,
  `CreatedBy` bit(1) NOT NULL,
  `CreatedDate` varchar(19) COLLATE utf8mb4_general_ci NOT NULL,
  `ModifiedBy` bit(1) DEFAULT NULL,
  `ModifiedDate` varchar(19) COLLATE utf8mb4_general_ci DEFAULT NULL,
  `Status` bit(1) NOT NULL,
  `ISACTIVE` varchar(9) COLLATE utf8mb4_general_ci NOT NULL,
  `IPAddress` varchar(15) COLLATE utf8mb4_general_ci NOT NULL,
  `Remarks` varchar(14) COLLATE utf8mb4_general_ci NOT NULL,
  PRIMARY KEY (`Id`)
) ENGINE=InnoDB AUTO_INCREMENT=10 DEFAULT CHARSET=utf8mb4 COLLATE=utf8mb4_general_ci;

--
-- Dumping data for table `Country`
--

INSERT INTO `Country` VALUES (1,'India',_binary '','2015-02-10 12:12:00',_binary '','2015-02-13 16:59:00',_binary '','NotActive','122.169.177.247','Indian'),(2,'Astrelia',_binary '','2015-02-10 12:13:00',_binary '','2015-02-10 12:13:00',_binary '\0','NotActive','122.169.136.208','nthg'),(3,'USA',_binary '','2015-02-10 14:33:00',NULL,NULL,_binary '\0','NotActive','122.169.136.208','jghj'),(4,'UK',_binary '','2015-02-13 23:25:00',_binary '','2015-02-18 17:54:00',_binary '\0','NotActive','122.169.129.161','Nthg'),(5,'Egypt',_binary '','2015-02-19 16:18:00',_binary '','2015-02-19 16:18:00',_binary '\0','NotActive','122.169.170.247','cairo'),(6,'testcountry',_binary '','2015-02-24 16:54:00',_binary '','2015-02-24 16:54:00',_binary '\0','NotActive','122.169.146.193','testcountry1'),(7,'NZLL',_binary '','2015-02-27 12:02:00',_binary '','2015-02-27 12:02:00',_binary '\0','NotActive','122.169.167.236','GHGH'),(8,'Testing',_binary '','2015-02-27 12:20:00',_binary '','2015-02-27 12:21:00',_binary '\0','NotActive','122.169.167.236','test'),(9,'tesssssss',_binary '','2015-02-27 13:46:00',_binary '','2015-02-27 13:49:00',_binary '\0','NotActive','122.169.167.236','fdsafassssss22');

--
-- Table structure for table `CreditNoteTable`
--

CREATE TABLE `CreditNoteTable` (
  `Id` int NOT NULL AUTO_INCREMENT,
  `CustomerId` int NOT NULL,
  `PackageId` int NOT NULL,
  `CreditnoteAmt` decimal(8,2) NOT NULL,
  `AmountUsed` decimal(6,2) NOT NULL,
  `BranchId` int NOT NULL,
  `CreatedBy` int NOT NULL,
  `CreatedDate` varchar(19) COLLATE utf8mb4_general_ci NOT NULL,
  `ModifiedBy` bit(1) NOT NULL,
  `ModifiedDate` varchar(19) COLLATE utf8mb4_general_ci NOT NULL,
  `IsActive` bit(1) NOT NULL,
  `Remarks` varchar(30) COLLATE utf8mb4_general_ci DEFAULT NULL,
  PRIMARY KEY (`Id`)
) ENGINE=InnoDB AUTO_INCREMENT=12 DEFAULT CHARSET=utf8mb4 COLLATE=utf8mb4_general_ci;

--
-- Dumping data for table `CreditNoteTable`
--

INSERT INTO `CreditNoteTable` VALUES (1,436,1264,100.00,100.00,2,6,'2015-05-18 13:01:25',_binary '\0','2015-05-18 13:01:25',_binary '',NULL),(2,436,1256,600.00,600.00,2,6,'2015-05-18 13:04:40',_binary '\0','2015-05-18 13:04:40',_binary '',NULL),(3,437,1245,13911.00,0.00,2,6,'2015-05-20 12:52:01',_binary '\0','2015-05-20 12:52:01',_binary '',NULL),(4,436,1242,1000.00,0.00,2,6,'2015-06-10 21:44:47',_binary '\0','2015-06-10 21:44:47',_binary '',NULL),(5,66916,97238,1.00,0.00,53,125,'2018-02-07 18:50:42',_binary '\0','2018-02-07 18:50:42',_binary '',NULL),(6,90540,107669,0.00,0.00,56,115,'2018-05-15 14:05:23',_binary '\0','2018-05-15 14:05:23',_binary '',NULL),(7,90422,107512,0.00,0.00,56,115,'2018-05-16 13:47:33',_binary '\0','2018-05-16 13:47:33',_binary '',NULL),(8,79896,96778,0.00,0.00,56,115,'2018-06-05 12:43:00',_binary '\0','2018-06-05 12:43:00',_binary '',NULL),(9,102707,120946,0.00,0.00,57,111,'2018-07-28 19:22:26',_binary '\0','2018-07-28 19:22:26',_binary '',NULL),(10,114678,134359,10090.00,0.00,64,143,'2018-12-09 14:03:01',_binary '\0','2018-12-09 14:03:01',_binary '',NULL),(11,1965,138208,0.00,0.00,56,115,'2019-09-05 11:17:44',_binary '\0','2019-09-05 11:17:44',_binary '\0',NULL);

--
-- Table structure for table `Customer`
--

CREATE TABLE `Customer` (
  `Id` int NOT NULL AUTO_INCREMENT,
  `Name` varchar(100) CHARACTER SET utf8mb4 COLLATE utf8mb4_general_ci DEFAULT NULL,
  `Gender` varchar(8) CHARACTER SET utf8mb4 COLLATE utf8mb4_general_ci DEFAULT NULL,
  `MobileNo` varchar(15) COLLATE utf8mb4_general_ci NOT NULL,
  `PhoneNo` varchar(12) CHARACTER SET utf8mb4 COLLATE utf8mb4_general_ci DEFAULT NULL,
  `DOB` varchar(30) COLLATE utf8mb4_general_ci DEFAULT NULL,
  `Email` varchar(80) CHARACTER SET utf8mb4 COLLATE utf8mb4_general_ci DEFAULT NULL,
  `BranchId` int DEFAULT NULL,
  `IsActive` int DEFAULT '0',
  `CreatedBy` int DEFAULT NULL,
  `CreatedDate` varchar(50) CHARACTER SET utf8mb4 COLLATE utf8mb4_general_ci DEFAULT NULL,
  `ModifiedBy` int DEFAULT '0',
  `ModifiedDate` varchar(50) CHARACTER SET utf8mb4 COLLATE utf8mb4_general_ci DEFAULT NULL,
  `Remarks` varchar(255) CHARACTER SET utf8mb4 COLLATE utf8mb4_general_ci DEFAULT NULL,
  `IPAddress` varchar(20) CHARACTER SET utf8mb4 COLLATE utf8mb4_general_ci DEFAULT NULL,
  `ProfilePic` varchar(255) CHARACTER SET utf8mb4 COLLATE utf8mb4_general_ci DEFAULT NULL,
  `DND` int DEFAULT '0',
  `EnquiryId` int DEFAULT '0',
  `PreviousBranchId` varchar(30) COLLATE utf8mb4_general_ci DEFAULT NULL,
  `GSTNO` varchar(20) CHARACTER SET utf8mb4 COLLATE utf8mb4_general_ci DEFAULT NULL,
  `Address` varchar(255) CHARACTER SET utf8mb4 COLLATE utf8mb4_general_ci DEFAULT NULL,
  `MediaId` varchar(255) CHARACTER SET utf8mb4 COLLATE utf8mb4_general_ci DEFAULT NULL,
  `refcode` varchar(100) COLLATE utf8mb4_general_ci DEFAULT NULL,
  `sponcerCode` varchar(100) COLLATE utf8mb4_general_ci DEFAULT NULL,
  `latitude` varchar(100) CHARACTER SET utf8mb4 COLLATE utf8mb4_general_ci DEFAULT NULL,
  `longitude` varchar(100) CHARACTER SET utf8mb4 COLLATE utf8mb4_general_ci DEFAULT NULL,
  `fcm_id` varchar(255) COLLATE utf8mb4_general_ci DEFAULT NULL,
  PRIMARY KEY (`Id`),
  UNIQUE KEY `MobileNo` (`MobileNo`)
) ENGINE=InnoDB AUTO_INCREMENT=35 DEFAULT CHARSET=utf8mb4 COLLATE=utf8mb4_general_ci;

--
-- Dumping data for table `Customer`
--

INSERT INTO `Customer` VALUES (1,NULL,NULL,'8861656026',NULL,NULL,NULL,NULL,1,NULL,'2024-02-04 10:13:44',0,NULL,NULL,'122.171.116.25',NULL,0,0,NULL,NULL,'undefined','1','ctvo3d','vab0001','undefined','undefined','cG01obfmQV-jJSMhi9MP1k:APA91bGjX1GoQRZVhX28MYGoAaSeI0dscqmgwK1YoXNzeVYk1wFz79Gtn3OvrbcCybLy8_kVUIxJVbJRNkk5t1yd9BZmY8xAoIbDwstD6TcYicYBSuGBRV0GZqrGtggK5zznIev4iogm'),(4,'Ganesh Yemekar','Male','7744966820',NULL,'null','null',NULL,1,NULL,'2024-02-05 03:08:39',0,NULL,NULL,'152.59.196.61','http://54.83.163.72/userProfile/undefined.jpg',0,0,NULL,NULL,'undefined','done','yzd7n5','vab0001','undefined','undefined','eVKlqOL5RMinxCLTrTv7CM:APA91bERMa5zVVX6onYYNexjSh3hueGV9gU_COfKTaYPQOhwW6dT9yyIfVgkbOkQaZ7-nsfx55byxyUjazePXOxoFkoFrTuc9lJVvJEn0xo0eGg4yYfQP2dZIr3HnpkpNb5bxmr8_Lik'),(5,NULL,NULL,'7993761797',NULL,NULL,NULL,NULL,1,NULL,'2024-02-05 04:46:03',0,NULL,NULL,'122.175.99.147',NULL,0,0,NULL,NULL,'4GW9+7W Guntupalli, Andhra Pradesh, India','1','2unh1s','vab0001','15.1456566','79.5197695','null'),(7,NULL,NULL,'8328628187',NULL,NULL,NULL,NULL,1,NULL,'2024-02-05 05:27:16',0,NULL,NULL,'122.175.99.147',NULL,0,0,NULL,NULL,'undefined','1','bxu361','vab0001','undefined','undefined','null'),(8,NULL,NULL,'7286099654',NULL,NULL,NULL,NULL,0,NULL,'2024-02-05 05:35:11',0,NULL,NULL,'122.175.99.147',NULL,0,0,NULL,NULL,'1098, 13th Phase Rd, Kukatpally Housing Board Colony, Kukatpally, Hyderabad, Telangana 500085, India','1','waijam','vab0001','17.4811221','78.3793714','null'),(10,NULL,NULL,'7200012989',NULL,NULL,NULL,NULL,1,NULL,'2024-02-05 06:10:02',0,NULL,NULL,'122.175.99.147',NULL,0,0,NULL,NULL,'undefined','1','ekepx2','vab0001','undefined','undefined','fwXuNUslRMKj5tBSRQnQtH:APA91bFx6XLmR51lDTg8gOxfVt4lc4z2H3clCrTeaP7yDir4DSOn3BbkA0ArlwbLhrAqwn83kQ57mRmI8PBpEicQLiseE4H0Je0hCgS4EoVY-8jDr09hVoTJlDgOFMky46iGLzVdgk1M'),(12,NULL,NULL,'9100368979',NULL,NULL,NULL,NULL,1,NULL,'2024-02-05 06:51:25',0,NULL,NULL,'122.175.99.147',NULL,0,0,NULL,NULL,'Hno 12-6/191/S Building, Flat No 34 Viveka Nagar, Kukatpally Rangareddy, Habeeb Nagar, Moosapet, Hyderabad, Telangana 500072, India','1','ucjkp3','vab0001','17.4801969','78.4171028','null'),(13,NULL,NULL,'7993350553',NULL,NULL,NULL,NULL,0,NULL,'2024-02-05 07:24:03',0,NULL,NULL,'122.175.99.147',NULL,0,0,NULL,NULL,'undefined','1','k9izo4','vab9938','38399','383893','undefined'),(14,NULL,NULL,'0987576564',NULL,NULL,NULL,NULL,0,NULL,'2024-02-17 03:14:11',0,NULL,NULL,'152.58.197.177',NULL,0,0,NULL,NULL,'CJFX+RMF Venkatapur mandalam park, Vaibhav Colony, Pocharam, Hyderabad, Telangana 500088, India','1','to9syy','vab0001','17.424612','78.6490837','null'),(15,NULL,NULL,'0000000000',NULL,NULL,NULL,NULL,0,NULL,'2024-02-17 03:33:16',0,NULL,NULL,'152.58.197.177',NULL,0,0,NULL,NULL,'CJFX+RMF Venkatapur mandalam park, Vaibhav Colony, Pocharam, Hyderabad, Telangana 500088, India','1','qedqgc','vab0001','17.4248003','78.6494996','null'),(16,NULL,NULL,'7745966820',NULL,NULL,NULL,NULL,0,NULL,'2024-02-18 12:44:10',0,NULL,NULL,'152.58.196.110',NULL,0,0,NULL,NULL,'undefined','1','2s9xbe','vab0001','undefined','undefined','null'),(17,NULL,NULL,'9949901602',NULL,NULL,NULL,NULL,1,NULL,'2024-02-19 06:08:18',0,NULL,NULL,'122.174.141.187',NULL,0,0,NULL,NULL,'undefined','1','48x0zs','vab0001','undefined','undefined','dE97WKXTQc2fE3PjoA5M_P:APA91bGYT8-f0Lr3cCYH1cRVs0bSKFg-Pqui-fKc73wNQlmaZmvvgx583kO3ApwNlleUjZOqqCxnLEKEgSQE-DxiIno0BgwGn4i4hQGxUHxdgakjSmugtYusQsIRyvmM8AEzboVz3sff'),(18,'Test','Male','8801111107',NULL,'2000-05-08','null',NULL,1,NULL,'2024-02-19 06:30:07',0,NULL,NULL,'49.43.216.3','http://54.83.163.72/userProfile/profile0n7itfht77.jpg',0,0,NULL,NULL,'undefined','1','zxukwn','vab0001','undefined','undefined','ev6f5WHCTVuAqoqz6b2cEJ:APA91bEI4ctRQFCblTvDW1UtX2bdjNSY4glaBjanx9IS8YIbn0mj5UzC765l7zcx3MZa5mwJBa8FoWx89h0stCTwU3AvozaVO8qXfOSYnpSWR1u214cnJVaGyoLQCJQ7w-exwb_eprj1'),(19,NULL,NULL,'9940491067',NULL,NULL,NULL,NULL,1,NULL,'2024-02-19 15:10:15',0,NULL,NULL,'122.174.141.187',NULL,0,0,NULL,NULL,'1098, 13th Phase Rd, Kukatpally Housing Board Colony, Kukatpally, Hyderabad, Telangana 500085, India','1','ip2z7b','vab0001','17.4811418','78.3793889','null'),(20,NULL,NULL,'9941136136',NULL,NULL,NULL,NULL,1,NULL,'2024-02-21 14:14:19',0,NULL,NULL,'122.179.38.141',NULL,0,0,NULL,NULL,'1098, 13th Phase Rd, Kukatpally Housing Board Colony, Kukatpally, Hyderabad, Telangana 500085, India','1','e6yydy','vab0001','17.4810529','78.3793081','null'),(21,'PREETHI','Female','8925410480',NULL,'2008-02-27','desai@gmail.com',NULL,1,NULL,'2024-02-21 14:49:47',0,NULL,NULL,'122.179.38.141','http://54.83.163.72/userProfile/profilet4cvx3hvqz.jpg',0,0,NULL,NULL,'35-80/4/7, GK Residency, Saptagiri Colony, Sainikpuri, Secunderabad, Telangana 500056, India','1','8p6v4y','vab0001','17.4835167','78.5336495','null'),(22,NULL,NULL,'9940215159',NULL,NULL,NULL,NULL,1,NULL,'2024-02-22 10:39:02',0,NULL,NULL,'122.179.38.141',NULL,0,0,NULL,NULL,'3-27/8/1, Hanumasai Nagar, Vijayapuri Colony, Uppal, Secunderabad, Hyderabad, Telangana 500039, India','1','wfc6zt','vab0001','17.399808','78.5678336','null'),(23,NULL,NULL,'9849689052',NULL,NULL,NULL,NULL,0,NULL,'2024-02-22 12:47:57',0,NULL,NULL,'49.43.217.67',NULL,0,0,NULL,NULL,'undefined','1','fo59fz','vab0001','undefined','undefined','null'),(24,NULL,NULL,'9789504780',NULL,NULL,NULL,NULL,1,NULL,'2024-02-22 14:40:28',0,NULL,NULL,'122.179.38.141',NULL,0,0,NULL,NULL,'UNIT-12, VASANTHA CITY, Bikshapathi Nagar, Hafeezpet, Hyderabad, Telangana 500084, India','1','mnclfh','vab0001','17.4796135','78.3728345','null'),(25,NULL,NULL,'8939900410',NULL,NULL,NULL,NULL,1,NULL,'2024-02-29 06:16:38',0,NULL,NULL,'122.183.155.30',NULL,0,0,NULL,NULL,'1098, 13th Phase Rd, Kukatpally Housing Board Colony, Kukatpally, Hyderabad, Telangana 500085, India','1','6dz4ax','vab0001','17.4812068','78.3794562','null'),(26,NULL,NULL,'7639533010',NULL,NULL,NULL,NULL,1,NULL,'2024-02-29 14:37:52',0,NULL,NULL,'122.183.155.30',NULL,0,0,NULL,NULL,'1098, 13th Phase Rd, Kukatpally Housing Board Colony, Kukatpally, Hyderabad, Telangana 500085, India','1','muoee7','vab0001','17.481194','78.3794574','null'),(30,'Test 1','Male','0000098765',NULL,'1986-01-28','null',NULL,1,NULL,'2024-03-03 19:04:45',0,NULL,NULL,'152.59.198.109','http://54.83.163.72/userProfile/undefined.jpg',0,0,NULL,NULL,'1098, 13th Phase Rd, Kukatpally Housing Board Colony, Kukatpally, Hyderabad, Telangana 500085, India','1','c40w2l','ctvo3d','17.4811932','78.3794513','null'),(31,NULL,NULL,'0000098989',NULL,NULL,NULL,NULL,1,NULL,'2024-03-04 06:01:01',0,NULL,NULL,'171.49.250.133',NULL,0,0,NULL,NULL,'1098, 13th Phase Rd, Kukatpally Housing Board Colony, Kukatpally, Hyderabad, Telangana 500085, India','1','y9s58k','0','17.4812553','78.3794591','null'),(32,NULL,NULL,'7744966280',NULL,NULL,NULL,NULL,1,NULL,'2024-03-13 05:55:39',0,NULL,NULL,'152.59.197.123',NULL,0,0,NULL,NULL,'CJFX+RMF Venkatapur mandalam park, Vaibhav Colony, Pocharam, Hyderabad, Telangana 500088, India','1','ei8d3n','yzd7n5','17.4246156','78.6489858','null'),(33,NULL,NULL,'9566423831',NULL,NULL,NULL,NULL,1,NULL,'2024-03-13 15:25:05',0,NULL,NULL,'152.59.194.15',NULL,0,0,NULL,NULL,'CJFX+RMF Venkatapur mandalam park, Vaibhav Colony, Pocharam, Hyderabad, Telangana 500088, India','1','azghh1','0','17.4245057','78.6489783','null'),(34,NULL,NULL,'7660929353',NULL,NULL,NULL,NULL,0,NULL,'2024-04-07 06:47:14',0,NULL,NULL,'183.83.254.31',NULL,0,0,NULL,NULL,'undefined','1','z85q03','0','undefined','undefined','null');

--
-- Table structure for table `CustomerBreaksDetails`
--

CREATE TABLE `CustomerBreaksDetails` (
  `Id` int NOT NULL AUTO_INCREMENT,
  `CustomerID` varchar(30) COLLATE utf8mb4_general_ci DEFAULT NULL,
  `ServiceId` varchar(30) COLLATE utf8mb4_general_ci DEFAULT NULL,
  `PackageId` varchar(30) COLLATE utf8mb4_general_ci DEFAULT NULL,
  `BeforeWT` varchar(30) COLLATE utf8mb4_general_ci DEFAULT NULL,
  `AfterWT` varchar(30) COLLATE utf8mb4_general_ci DEFAULT NULL,
  `Reduced` varchar(30) COLLATE utf8mb4_general_ci DEFAULT NULL,
  `BreakFrom` varchar(30) COLLATE utf8mb4_general_ci DEFAULT NULL,
  `BreakTO` varchar(30) COLLATE utf8mb4_general_ci DEFAULT NULL,
  `CreatedDate` varchar(30) COLLATE utf8mb4_general_ci DEFAULT NULL,
  `CreatedBy` varchar(30) COLLATE utf8mb4_general_ci DEFAULT NULL,
  `ModifiedBy` varchar(30) COLLATE utf8mb4_general_ci DEFAULT NULL,
  `ModifiedDate` varchar(30) COLLATE utf8mb4_general_ci DEFAULT NULL,
  PRIMARY KEY (`Id`)
) ENGINE=InnoDB DEFAULT CHARSET=utf8mb4 COLLATE=utf8mb4_general_ci;

--
-- Dumping data for table `CustomerBreaksDetails`
--


--
-- Table structure for table `CustomerCareZeroSessionRemarks`
--

CREATE TABLE `CustomerCareZeroSessionRemarks` (
  `Id` int NOT NULL AUTO_INCREMENT,
  `CustomerId` varchar(10) COLLATE utf8mb4_general_ci DEFAULT NULL,
  `BillingId` varchar(10) COLLATE utf8mb4_general_ci DEFAULT NULL,
  `Remarks` varchar(10) COLLATE utf8mb4_general_ci DEFAULT NULL,
  `IsActive` varchar(10) COLLATE utf8mb4_general_ci DEFAULT NULL,
  `CreatedBy` varchar(10) COLLATE utf8mb4_general_ci DEFAULT NULL,
  `CreatedDate` varchar(10) COLLATE utf8mb4_general_ci DEFAULT NULL,
  `BranchId` varchar(10) COLLATE utf8mb4_general_ci DEFAULT NULL,
  `FeedbackStatus` varchar(10) COLLATE utf8mb4_general_ci DEFAULT NULL,
  PRIMARY KEY (`Id`)
) ENGINE=InnoDB DEFAULT CHARSET=utf8mb4 COLLATE=utf8mb4_general_ci;

--
-- Dumping data for table `CustomerCareZeroSessionRemarks`
--


--
-- Table structure for table `CustomerFeedbackStatus`
--

CREATE TABLE `CustomerFeedbackStatus` (
  `Id` int NOT NULL AUTO_INCREMENT,
  `FeedbackStatus` varchar(10) COLLATE utf8mb4_general_ci DEFAULT NULL,
  `FromName` varchar(10) COLLATE utf8mb4_general_ci DEFAULT NULL,
  `IsActive` varchar(10) COLLATE utf8mb4_general_ci DEFAULT NULL,
  `FeedbackId` varchar(10) COLLATE utf8mb4_general_ci DEFAULT NULL,
  `OrderNo` varchar(10) COLLATE utf8mb4_general_ci DEFAULT NULL,
  `HasQuestions` varchar(10) COLLATE utf8mb4_general_ci DEFAULT NULL,
  PRIMARY KEY (`Id`)
) ENGINE=InnoDB DEFAULT CHARSET=utf8mb4 COLLATE=utf8mb4_general_ci;

--
-- Dumping data for table `CustomerFeedbackStatus`
--


--
-- Table structure for table `CustomerFollowUps`
--

CREATE TABLE `CustomerFollowUps` (
  `Id` int NOT NULL AUTO_INCREMENT,
  `BranchId` double DEFAULT NULL,
  `CustomerId` double DEFAULT NULL,
  `Remarks` varchar(255) COLLATE utf8mb4_general_ci DEFAULT NULL,
  `NextFollowUpDate` varchar(50) COLLATE utf8mb4_general_ci DEFAULT NULL,
  `CreatedDate` varchar(50) COLLATE utf8mb4_general_ci DEFAULT NULL,
  `CreatedBy` double DEFAULT NULL,
  `ModifiedDate` varchar(50) COLLATE utf8mb4_general_ci DEFAULT NULL,
  `ModifiedBy` double DEFAULT NULL,
  `IsActive` double DEFAULT NULL,
  `CategoryId` varchar(10) COLLATE utf8mb4_general_ci DEFAULT NULL,
  `FollowupBy` varchar(10) COLLATE utf8mb4_general_ci DEFAULT NULL,
  PRIMARY KEY (`Id`)
) ENGINE=InnoDB AUTO_INCREMENT=101 DEFAULT CHARSET=utf8mb4 COLLATE=utf8mb4_general_ci;

--
